03-13 10:00:05.260 20010 4538 E gralloc4: Empty SMPTE 2094-40 data
03-13 10:00:05.264 4700 4700 W FreeFire: invalid gameObjectName!
03-13 10:00:05.265 4700 4700 D FramePredict: FramePredict init: false
03-13 10:00:05.269 20197 20209 D GamesConnectService: bound by: GetServiceRequest{serviceId=GAMES, gmsVersion=12451000, packageName='com.dts.freefiremax', extras=Bundle[{com.google.android.gms.games.key.gamePackageName=com.dts.freefiremax , com.google.android.gms.games.key.API_VERSION=9}]}
03-13 10:00:05.270 20010 4538 E gralloc4: Empty SMPTE 2094-40 data
03-13 10:00:05.274 4700 4700 D BufferQueueConsumer: [](id:125c00000000,api:0,p:- 1,c:4700) connect: controlledByApp=false
03-13 10:00:05.277 4700 4806 D libMEOW : meow new tls: 0x74b83ccc00
03-13 10:00:05.277 4700 4806 D libMEOW : applied 1 plugins for [com.dts.freefiremax]:
03-13 10:00:05.277 4700 4806 D libMEOW : plugin 1: [libMEOW_gift.so]:
03-13 10:00:05.281 4700 4700 D VRI[FFMainActivity]: vri.reportNextDraw android.view.ViewRootImpl.performTraversals:3953 android.view.ViewRootImpl.doTraversal:2674 android.view.ViewRootImpl$TraversalRunnable.run:9867 android.view.Choreographer$CallbackRecord.run:1431 android.view.Choreographer$CallbackRecord.run:1439
03-13 10:00:05.281 4700 4700 D SurfaceView: UPDATE null, mIsCastMode = false
03-13 10:00:05.281 20010 4538 E gralloc4: Empty SMPTE 2094-40 data
03-13 10:00:05.283 4700 4700 D BufferQueueConsumer: [](id:125c00000001,api:0,p:- 1,c:4700) connect: controlledByApp=false
03-13 10:00:05.284 4700 4700 D VRI[FFMainActivity]: vri.Setup new sync id=0 syncSeqId=0
03-13 10:00:05.284 4700 4700 E SurfaceSyncer: Failed to find sync for id=0
03-13 10:00:05.291 20010 4538 E gralloc4: Empty SMPTE 2094-40 data
03-13 10:00:05.292 4700 4806 W libc : Access denied finding property "vendor.migl.debug"
03-13 10:00:05.292 4700 4806 E libMiGL : libmigl:This GPU version is note support Variable Shading Rate
03-13 10:00:05.293 20197 20209 D GamesConnectService: signIn(GamesSignInRequest[signInType=1])
03-13 10:00:05.295 4700 4806 E libEGL : pre_cache appList: com.android.calendar,com.android.contacts,com.android.fileexplorer,com.android.mms, com.android.settings,com.android.thememanager,com.miui.gallery,com.miui.notes,com.m iui.player,com.miui.securitycenter,com.miui.video,com.miui.weather2
03-13 10:00:05.301 4700 4806 D .secretspace:p1: MiuiProcessManagerServiceStub setSchedFifo
03-13 10:00:05.301 4700 4806 I MiuiProcessManagerImpl: setSchedFifo pid:4700, mode:3
03-13 10:00:05.302 4700 4806 W libc : Access denied finding property "ro.vendor.magt.mtk_magt_support"
03-13 10:00:05.304 20010 4538 E gralloc4: Empty SMPTE 2094-40 data
03-13 10:00:05.306 4700 4806 D hw-ProcessState: Binder ioctl to enable oneway spam detection failed: Invalid argument
03-13 10:00:05.308 4700 4806 W libc : Access denied finding property "ro.vendor.display.iris_x7.support"
03-13 10:00:05.312 4700 4806 E .secretspace:p1: FI open fail: No such file or directory
03-13 10:00:05.312 4700 4806 W libc : Access denied finding property "ro.vendor.display.iris_x7.support"
03-13 10:00:05.312 4700 4806 E gralloc4: Empty SMPTE 2094-40 data
03-13 10:00:05.312 4700 4806 W libc : Access denied finding property "ro.vendor.display.iris_x7.support"
03-13 10:00:05.312 4700 4806 D BLASTBufferQueue: [VRI[FFMainActivity]#0](f:0,a:1) acquireNextBufferLocked size=2400x1080 mFrameNumber=1 applyTransaction=true mTimestamp=6328695228837(auto) mPendingTransactions.size=0 graphicBufferId=20186346291200 transform=4
03-13 10:00:05.314 4700 4806 W Parcel : Expecting binder but got null!
03-13 10:00:05.314 20010 4538 E gralloc4: Empty SMPTE 2094-40 data
03-13 10:00:05.315 4700 4700 D VRI[FFMainActivity]: vri.reportDrawFinished syncSeqId=0 android.view.ViewRootImpl.lambda$createSyncIfNeeded$4$android-view- ViewRootImpl:4021 android.view.ViewRootImpl$$ExternalSyntheticLambda1.run:6 android.os.Handler.handleCallback:942 android.os.Handler.dispatchMessage:99 android.os.Looper.loopOnce:211
03-13 10:00:05.315 4700 4700 D SurfaceView: UPDATE Surface(name=SurfaceView[com.dts.freefiremax/com.dts.freefireth.FFMainActivity])/ @0x5c08a8b, mIsProjectionMode = false
03-13 10:00:05.318 4700 4700 D VRI[FFMainActivity]: vri.reportNextDraw android.view.ViewRootImpl.handleResized:2047 android.view.ViewRootImpl.-$ $Nest$mhandleResized:0 android.view.ViewRootImpl$ViewRootHandler.handleMessageImpl:6120 android.view.ViewRootImpl$ViewRootHandler.handleMessage:6084 android.os.Handler.dispatchMessage:106
03-13 10:00:05.322 4700 4700 D VRI[FFMainActivity]: vri.Setup new sync id=1 syncSeqId=0
03-13 10:00:05.322 4700 4700 E SurfaceSyncer: Failed to find sync for id=0
03-13 10:00:05.324 4700 4806 E gralloc4: Empty SMPTE 2094-40 data
03-13 10:00:05.324 4700 4700 D VRI[FFMainActivity]: vri.reportDrawFinished syncSeqId=0 android.view.ViewRootImpl.lambda$createSyncIfNeeded$4$android-view- ViewRootImpl:4021 android.view.ViewRootImpl$$ExternalSyntheticLambda1.run:6 android.os.Handler.handleCallback:942 android.os.Handler.dispatchMessage:99 android.os.Looper.loopOnce:211
03-13 10:00:05.336 20010 20010 D BLASTBufferQueue: [VRI[ADLauncherActivity]#8] (f:0,a:1) destructor()
03-13 10:00:05.336 20010 20010 D BufferQueueConsumer: [VRI[ADLauncherActivity]#8(BLAST Consumer)8](id:4e2a00000008,api:0,p:-1,c:20010) disconnect
03-13 10:00:05.339 20010 20010 D View : [Warning] assignParent to null: this = DecorView@5bd08b8[ADLauncherActivity]
03-13 10:00:05.340 4700 4700 D DecorView[]: onWindowFocusChanged hasWindowFocus true
03-13 10:00:05.340 4700 4700 I HandWritingStubImpl: refreshLastKeyboardType: 1
03-13 10:00:05.340 4700 4700 I HandWritingStubImpl: getCurrentKeyboardType: 1
03-13 10:00:05.347 4700 4800 I Unity : @MemMgr CurSdk[33] MinSDK[30]
03-13 10:00:05.347 4700 4800 I Unity : @MemMgr openDynamicAllocator[1] useDynamicHeapAllocator[1]
03-13 10:00:05.360 20197 20204 W .secretspace:p0: Reducing the number of considered missed Gc histogram windows from 409 to 100
03-13 10:00:05.360 20197 20206 W System : A resource failed to call ContentProviderClient.close.
03-13 10:00:05.377 4700 4700 I HandWritingStubImpl: getCurrentKeyboardType: 1
03-13 10:00:05.385 4700 4800 I Unity : DetermineApplicationOpt 0 0 0 4 0
03-13 10:00:05.385 4700 4800 I Unity : VersionCode Updated
03-13 10:00:05.385 4700 4800 I Unity : Using Original Engine Init
03-13 10:00:05.389 4700 4800 I Unity : SystemInfo CPU = ARM64 FP ASIMD AES, Cores = 8, Memory = 7633mb
03-13 10:00:05.389 4700 4800 I Unity : SystemInfo ARM big.LITTLE configuration: 2 big (mask: 0xc0), 6 little (mask: 0x3f)
03-13 10:00:05.389 4700 4800 I Unity : SystemInfo ARM JOB_SCHEDULER_MAX_THREADS: 2
03-13 10:00:05.389 4700 4800 I Unity : ApplicationInfo com.dts.freefiremax version 2.109.1 build db162b8e-32b4-41ca-afcc-51a07cf50ee3
03-13 10:00:05.389 4700 4800 I Unity : Built from '' branch, Version '2018.4.11f1 (0)', Build type 'Release', Scripting Backend 'il2cpp', CPU 'arm64- v8a'
03-13 10:00:05.389 4700 4800 I Unity : OptPathNameMgrMem disabled
03-13 10:00:05.406 4700 4806 W libc : Access denied finding property "ro.vendor.display.iris_x7.support"
03-13 10:00:05.408 4700 4806 E gralloc4: Empty SMPTE 2094-40 data
03-13 10:00:05.411 4700 4700 D DecorView[]: getWindowModeFromSystem windowmode is 1
03-13 10:00:05.411 4700 4700 D DecorView[]: updateDecorCaptionStatus windowMode is 1
03-13 10:00:05.415 20197 20197 D CompatibilityChangeReporter: Compat change id reported: 160794467; UID 10001; state: DISABLED
03-13 10:00:05.429 4700 4800 I Unity : @GGMgr State To InInit
03-13 10:00:05.447 4700 4800 I Unity : @GGMgr InInit externalsCount:31680 Begin
03-13 10:00:05.448 4700 4800 I Unity : @GGMgr ResultCloseCache:0 CloseByPlayerPrefs:0 CloseByEngineSwitch:0
03-13 10:00:05.448 4700 4800 I Unity : @GGMgr Open Cache
03-13 10:00:05.448 4700 4800 I Unity : @GGMgr UseApplicationInitOpt close
03-13 10:00:05.448 4700 4800 I Unity : @GGMgr toLoadExternal:1
03-13 10:00:05.448 4700 4800 I Unity : @GGMgr Max Path:globalgamemanagers.assets theSize:25 maxSize:0
03-13 10:00:05.448 4700 4800 I Unity : @GGMgr Max Path:library/unity default resources theSize:31 maxSize:25
03-13 10:00:05.448 4700 4800 I Unity : @GGMgr Max Path:0000000000000000f000000000000000 theSize:32 maxSize:31
03-13 10:00:05.504 4700 4800 I Unity : @GGMgr Save Cache maxPath:32
03-13 10:00:05.510 4700 4800 I Unity : @GGMgr InInit externalsCount End
03-13 10:00:05.510 4700 4800 I Unity : @GGMgr State To Inited
03-13 10:00:05.806 4700 4800 D .secretspace:p1: PlayerBase::PlayerBase()
03-13 10:00:05.806 4700 4800 D .secretspace:p1: TrackPlayerBase::TrackPlayerBase()
03-13 10:00:05.806 4700 4800 I libOpenSLES: Emulating old channel mask behavior (ignoring positional mask 0x3, using default mask 0x3 based on channel count of 2)
03-13 10:00:05.806 4700 4800 D AudioTrack: INSP: type=audio,case=1,set=0x754e816a00,stream_type=3,sample_rate=48000,format=0x1,chann el_mask=0x3,frame_count=0,flags=0x104,notification_frames=- 8,session_id=3201,transfer_type=0,uid=-1,pid=-1
03-13 10:00:05.806 4700 4800 D AudioTrack: getCallingPackageName packagename_processed is com.dts.freefiremax
03-13 10:00:05.807 4700 4800 D AudioTrack: set: mPowerTrackStatus=0
03-13 10:00:05.820 4700 4800 I AudioTrack: createTrack_l(0): AUDIO_OUTPUT_FLAG_FAST successful; frameCount 0 -> 2048
03-13 10:00:05.820 4700 4800 D AudioTrack: createTrack_l(421): 0x754e816a00, mCblk = 0x75f8136000, mLatency = 84, mAfLatency = 42, frameCount = 2048, mSampleRate = 48000, mFlags = 0x4, mReqFrameCount = 2048, mNotificationFramesAct = 256
03-13 10:00:05.821 4700 4800 W libc : Access denied finding property "vendor.audio.cpu.sched"
03-13 10:00:05.821 4700 4800 W libc : Access denied finding property "vendor.audio.rt.mode"
03-13 10:00:05.821 4700 4800 W libc : Access denied finding property "vendor.audio.freeze.uid.enable"
03-13 10:00:05.825 4700 4800 D AudioTrack: start(421): 0x754e816a00, prior state:STATE_STOPPED
03-13 10:00:05.855 4700 4800 D libMEOW : meow new tls: 0x7471662340
03-13 10:00:05.855 4700 4800 D libMEOW : applied 1 plugins for [com.dts.freefiremax]:
03-13 10:00:05.855 4700 4800 D libMEOW : plugin 1: [libMEOW_gift.so]:
03-13 10:00:05.870 4700 4800 D Unity : GL_EXT_debug_marker GL_ARM_rgba8 GL_ARM_mali_shader_binary GL_OES_depth24 GL_OES_depth_texture GL_OES_depth_texture_cube_map GL_OES_packed_depth_stencil GL_OES_rgb8_rgba8 GL_EXT_read_format_bgra GL_OES_compressed_paletted_texture GL_OES_compressed_ETC1_RGB8_texture GL_OES_standard_derivatives GL_OES_EGL_image GL_OES_EGL_image_external GL_OES_EGL_image_external_essl3 GL_OES_EGL_sync GL_OES_texture_npot GL_OES_vertex_half_float GL_OES_required_internalformat GL_OES_vertex_array_object GL_OES_mapbuffer GL_EXT_texture_format_BGRA8888 GL_EXT_texture_rg GL_EXT_texture_type_2_10_10_10_REV GL_OES_fbo_render_mipmap GL_OES_element_index_uint GL_EXT_shadow_samplers GL_OES_texture_compression_astc GL_KHR_texture_compression_astc_ldr GL_KHR_texture_compression_astc_hdr GL_KHR_texture_compression_astc_sliced_3d GL_EXT_texture_compression_astc_decode_mode GL_EXT_texture_compression_astc_decode_mode_rgb9e5 GL_KHR_debug GL_EXT_occlusion_query_boolean GL_EXT_disjoint_timer_query GL_EXT_blend_minmax GL_EXT_discard_framebuffer
03-13 10:00:05.870 4700 4800 D Unity : GL_OES_get_program_binary GL_OES_texture_3D GL_EXT_texture_storage GL_EXT_multisampled_render_to_texture GL_EXT_multisampled_render_to_texture2 GL_OES_surfaceless_context GL_OES_texture_stencil8 GL_EXT_shader_pixel_local_storage GL_ARM_shader_framebuffer_fetch GL_ARM_shader_framebuffer_fetch_depth_stencil GL_ARM_mali_program_binary GL_EXT_sRGB GL_EXT_sRGB_write_control GL_EXT_texture_sRGB_decode GL_EXT_texture_sRGB_R8 GL_EXT_texture_sRGB_RG8 GL_KHR_blend_equation_advanced GL_KHR_blend_equation_advanced_coherent GL_OES_texture_storage_multisample_2d_array GL_OES_shader_image_atomic GL_EXT_robustness GL_EXT_draw_buffers_indexed GL_OES_draw_buffers_indexed GL_EXT_texture_border_clamp GL_OES_texture_border_clamp GL_EXT_texture_cube_map_array GL_OES_texture_cube_map_array GL_OES_sample_variables GL_OES_sample_shading GL_OES_shader_multisample_interpolation GL_EXT_shader_io_blocks GL_OES_shader_io_blocks GL_EXT_tessellation_shader GL_OES_tessellation_shader GL_EXT_primitive_bounding_box GL_OES_primitive_bounding_
03-13 10:00:05.870 4700 4800 D Unity : box GL_EXT_geometry_shader GL_OES_geometry_shader GL_ANDROID_extension_pack_es31a GL_EXT_gpu_shader5 GL_OES_gpu_shader5 GL_EXT_texture_buffer GL_OES_texture_buffer GL_EXT_copy_image GL_OES_copy_image GL_EXT_shader_non_constant_global_initializers GL_EXT_color_buffer_half_float GL_EXT_unpack_subimage GL_EXT_color_buffer_float GL_EXT_float_blend GL_EXT_YUV_target GL_OVR_multiview GL_OVR_multiview2 GL_OVR_multiview_multisampled_render_to_texture GL_KHR_robustness GL_KHR_robust_buffer_access_behavior GL_EXT_draw_elements_base_vertex GL_OES_draw_elements_base_vertex GL_EXT_protected_textures GL_EXT_buffer_storage GL_EXT_external_buffer GL_EXT_EGL_image_array GL_EXT_texture_filter_anisotropic GL_OES_texture_float_linear GL_ARM_texture_unnormalized_coordinates GL_EXT_shader_framebuffer_fetch
03-13 10:00:05.886 4700 4849 D libMEOW : meow new tls: 0x748821ee00
03-13 10:00:05.886 4700 4849 D libMEOW : applied 1 plugins for [com.dts.freefiremax]:
03-13 10:00:05.887 4700 4849 D libMEOW : plugin 1: [libMEOW_gift.so]:
03-13 10:00:05.916 4700 4800 I Unity : Freefireth Engine Ver NO.27544
03-13 10:00:05.916 4700 4800 I Unity :
03-13 10:00:05.916 4700 4800 I Unity : (Filename: Line: 1033)
03-13 10:00:05.916 4700 4800 I Unity :
03-13 10:00:05.943 4700 4849 E libEGL : pre_cache appList: com.android.calendar,com.android.contacts,com.android.fileexplorer,com.android.mms, com.android.settings,com.android.thememanager,com.miui.gallery,com.miui.notes,com.m iui.player,com.miui.securitycenter,com.miui.video,com.miui.weather2
03-13 10:00:05.979 4700 4849 E gralloc4: Empty SMPTE 2094-40 data
03-13 10:00:05.979 4700 4849 D BLASTBufferQueue: [SurfaceView[com.dts.freefiremax/com.dts.freefireth.FFMainActivity]#1](f:0,a:1) acquireNextBufferLocked size=2400x1080 mFrameNumber=1 applyTransaction=true mTimestamp=6329362378914(auto) mPendingTransactions.size=0 graphicBufferId=20186346291202 transform=4
03-13 10:00:05.982 4700 4849 E gralloc4: Empty SMPTE 2094-40 data
03-13 10:00:05.987 4700 4849 E gralloc4: Empty SMPTE 2094-40 data
03-13 10:00:05.998 4700 4806 E gralloc4: Empty SMPTE 2094-40 data
03-13 10:00:06.000 4700 4849 E gralloc4: Empty SMPTE 2094-40 data
03-13 10:00:06.012 4700 4849 E gralloc4: Empty SMPTE 2094-40 data
03-13 10:00:06.023 4700 4849 E gralloc4: Empty SMPTE 2094-40 data
03-13 10:00:06.033 4700 4849 E gralloc4: Empty SMPTE 2094-40 data
03-13 10:00:06.043 4700 4849 E gralloc4: Empty SMPTE 2094-40 data
03-13 10:00:06.055 4700 4849 E gralloc4: Empty SMPTE 2094-40 data
03-13 10:00:06.065 4700 4849 E gralloc4: Empty SMPTE 2094-40 data
03-13 10:00:06.079 4700 4849 E gralloc4: Empty SMPTE 2094-40 data
03-13 10:00:06.089 4700 4849 E gralloc4: Empty SMPTE 2094-40 data
03-13 10:00:06.099 4700 4849 E gralloc4: Empty SMPTE 2094-40 data
03-13 10:00:06.112 4700 4849 E gralloc4: Empty SMPTE 2094-40 data
03-13 10:00:06.123 4700 4849 E gralloc4: Empty SMPTE 2094-40 data
03-13 10:00:06.133 4700 4849 E gralloc4: Empty SMPTE 2094-40 data
03-13 10:00:06.145 4700 4849 E gralloc4: Empty SMPTE 2094-40 data
03-13 10:00:06.157 4700 4849 E gralloc4: Empty SMPTE 2094-40 data
03-13 10:00:06.166 4700 4849 E gralloc4: Empty SMPTE 2094-40 data
03-13 10:00:06.180 4700 4849 E gralloc4: Empty SMPTE 2094-40 data
03-13 10:00:06.190 4700 4849 E gralloc4: Empty SMPTE 2094-40 data
03-13 10:00:06.199 4700 4849 E gralloc4: Empty SMPTE 2094-40 data
03-13 10:00:06.201 4700 4700 W UnityMain: type=1400 audit(0.0:13477): avc: granted { execute } for path="/data/data/com.hello.miheapp.secretspace/sandbox/data/app/com.dts.freefiremax /lib/libil2cpp.so" dev="dm-41" ino=1024366 scontext=u:r:untrusted_app:s0:c57,c258,c512,c768 tcontext=u:object_r:app_data_file:s0:c57,c258,c512,c768 tclass=file app=com.hello.miheapp.secretspace
03-13 10:00:06.205 4700 4700 W UnityMain: type=1400 audit(0.0:13478): avc: granted { execute } for path="/data/data/com.hello.miheapp.secretspace/sandbox/data/app/com.dts.freefiremax /lib/libil2cpp.so" dev="dm-41" ino=1024366 scontext=u:r:untrusted_app:s0:c57,c258,c512,c768 tcontext=u:object_r:app_data_file:s0:c57,c258,c512,c768 tclass=file app=com.hello.miheapp.secretspace
03-13 10:00:06.213 4700 4849 E gralloc4: Empty SMPTE 2094-40 data
03-13 10:00:06.301 4700 4700 W UnityMain: type=1400 audit(0.0:13479): avc: granted { execute } for path="/data/data/com.hello.miheapp.secretspace/sandbox/data/app/com.dts.freefiremax /lib/libil2cpp.so" dev="dm-41" ino=1024366 scontext=u:r:untrusted_app:s0:c57,c258,c512,c768 tcontext=u:object_r:app_data_file:s0:c57,c258,c512,c768 tclass=file app=com.hello.miheapp.secretspace
03-13 10:00:06.309 4700 4700 W UnityMain: type=1400 audit(0.0:13480): avc: granted { execute } for path="/data/data/com.hello.miheapp.secretspace/sandbox/data/app/com.dts.freefiremax /lib/libil2cpp.so" dev="dm-41" ino=1024366 scontext=u:r:untrusted_app:s0:c57,c258,c512,c768 tcontext=u:object_r:app_data_file:s0:c57,c258,c512,c768 tclass=file app=com.hello.miheapp.secretspace
03-13 10:00:06.313 4700 4700 W UnityMain: type=1400 audit(0.0:13481): avc: granted { execute } for path="/data/data/com.hello.miheapp.secretspace/sandbox/data/app/com.dts.freefiremax /lib/libil2cpp.so" dev="dm-41" ino=1024366 scontext=u:r:untrusted_app:s0:c57,c258,c512,c768 tcontext=u:object_r:app_data_file:s0:c57,c258,c512,c768 tclass=file app=com.hello.miheapp.secretspace
03-13 10:00:06.854 4700 4845 D AudioTrack: [audioTrackData][mute] 1s(f:0 m:1004 s:0 k:1004 sk:0 cm:1004 cs:0) : pid 4700 uid 10569 sessionId 3201 sr 48000 ch 2 fmt 1
03-13 10:00:06.943 20010 4555 I FA : Application backgrounded at: timestamp_millis: 1741840204942
03-13 10:00:06.983 4700 4800 I Il2CPPSwitch: 0
03-13 10:00:07.384 4700 4800 I Unity : @ResMgr ResultCloseCache:0 CloseByPlayerPrefs:0 CloseByEngineSwitch:0
03-13 10:00:07.384 4700 4800 I Unity :
03-13 10:00:07.384 4700 4800 I Unity : (Filename: Line: 1607)
03-13 10:00:07.384 4700 4800 I Unity :
03-13 10:00:07.385 4700 4800 I Unity : @ResMgr Open Cache
03-13 10:00:07.385 4700 4800 I Unity :
03-13 10:00:07.385 4700 4800 I Unity : (Filename: Line: 1733)
03-13 10:00:07.385 4700 4800 I Unity :
03-13 10:00:07.385 4700 4800 I Unity : @ResMgr UseApplicationInitOpt close
03-13 10:00:07.385 4700 4800 I Unity :
03-13 10:00:07.385 4700 4800 I Unity : (Filename: Line: 1746)
03-13 10:00:07.385 4700 4800 I Unity :
03-13 10:00:07.385 4700 4800 I Unity : @ResMgr RemapperFingerPrint:32000_250000_28272_0_0_0_0_28272
03-13 10:00:07.385 4700 4800 I Unity :
03-13 10:00:07.385 4700 4800 I Unity : (Filename: Line: 1713)
03-13 10:00:07.385 4700 4800 I Unity :
03-13 10:00:07.853 4700 4845 D AudioTrack: [audioTrackData][mute] 2s(f:0 m:2003 s:0 k:2003 sk:0 cm:2003 cs:0) : pid 4700 uid 10569 sessionId 3201 sr 48000 ch 2 fmt 1
03-13 10:00:07.964 4700 4800 I Unity : @ResMgr Save Cache
03-13 10:00:07.964 4700 4800 I Unity :
03-13 10:00:07.964 4700 4800 I Unity : (Filename: Line: 1858)
03-13 10:00:07.964 4700 4800 I Unity :
03-13 10:00:08.016 4700 4800 I Unity : @ResMgr Write m_SerializedObjToInstVec Count1:32000 Count2:498258 Bytes:1993032
03-13 10:00:08.016 4700 4800 I Unity :
03-13 10:00:08.016 4700 4800 I Unity : (Filename: Line: 993)
03-13 10:00:08.016 4700 4800 I Unity :
03-13 10:00:08.020 4700 4800 I Unity : @ResMgr Write m_InstanceToSerializeVec Count:250000 Bytes:6000000
03-13 10:00:08.020 4700 4800 I Unity :
03-13 10:00:08.020 4700 4800 I Unity : (Filename: Line: 1000)
03-13 10:00:08.020 4700 4800 I Unity :
03-13 10:00:08.020 4700 4800 I Unity : @ResMgr Write m_InstanceIDFileIds Count:0 Bytes:0
03-13 10:00:08.020 4700 4800 I Unity :
03-13 10:00:08.020 4700 4800 I Unity : (Filename: Line: 1020)
03-13 10:00:08.020 4700 4800 I Unity :
03-13 10:00:08.020 4700 4800 I Unity : @ResMgr Write Members Bytes:56
03-13 10:00:08.020 4700 4800 I Unity :
03-13 10:00:08.020 4700 4800 I Unity : (Filename: Line: 1033)
03-13 10:00:08.020 4700 4800 I Unity :
03-13 10:00:08.855 4700 4845 D AudioTrack: [audioTrackData][mute] 3s(f:0 m:3005 s:0 k:3005 sk:0 cm:3005 cs:0) : pid 4700 uid 10569 sessionId 3201 sr 48000 ch 2 fmt 1
03-13 10:00:09.045 4700 4800 V MediaRouter: Selecting route: RouteInfo{ name=Phone, description=null, status=null, category=RouteCategory{ name=System types=ROUTE_TYPE_LIVE_AUDIO ROUTE_TYPE_LIVE_VIDEO groupable=false }, supportedTypes=ROUTE_TYPE_LIVE_AUDIO ROUTE_TYPE_LIVE_VIDEO , presentationDisplay=null }
03-13 10:00:09.045 4700 4800 I MediaRouter: Skip setBluetoothA2dpOn(): types=8388615, isPlaybackActive()=true, BT route=null
03-13 10:00:09.046 4700 4800 I Unity : From UnityInitApplication to DelayedSyncWorks end usetime = 3.706140l
03-13 10:00:09.046 4700 4800 I Unity :
03-13 10:00:09.046 4700 4800 I Unity : (Filename: Line: 1128)
03-13 10:00:09.046 4700 4800 I Unity :
03-13 10:00:09.050 4700 4849 E gralloc4: Empty SMPTE 2094-40 data
03-13 10:00:09.055 4700 4849 E gralloc4: Empty SMPTE 2094-40 data
03-13 10:00:09.062 4700 4849 E gralloc4: Empty SMPTE 2094-40 data
03-13 10:00:09.072 4700 4849 E gralloc4: Empty SMPTE 2094-40 data
03-13 10:00:09.080 4700 4849 E gralloc4: Empty SMPTE 2094-40 data
03-13 10:00:09.085 4700 4700 W MirrorManager: this model don't Support
03-13 10:00:09.090 4700 4849 E gralloc4: Empty SMPTE 2094-40 data
03-13 10:00:09.102 4700 4849 E gralloc4: Empty SMPTE 2094-40 data
03-13 10:00:09.112 4700 4849 E gralloc4: Empty SMPTE 2094-40 data
03-13 10:00:09.124 4700 4849 E gralloc4: Empty SMPTE 2094-40 data
03-13 10:00:09.135 4700 4849 E gralloc4: Empty SMPTE 2094-40 data
03-13 10:00:09.146 4700 4849 E gralloc4: Empty SMPTE 2094-40 data
03-13 10:00:09.157 4700 4849 E gralloc4: Empty SMPTE 2094-40 data
03-13 10:00:09.168 4700 4849 E gralloc4: Empty SMPTE 2094-40 data
03-13 10:00:09.179 4700 4849 E gralloc4: Empty SMPTE 2094-40 data
03-13 10:00:09.190 4700 4849 E gralloc4: Empty SMPTE 2094-40 data
03-13 10:00:09.201 4700 4849 E gralloc4: Empty SMPTE 2094-40 data
03-13 10:00:09.212 4700 4849 E gralloc4: Empty SMPTE 2094-40 data
03-13 10:00:09.223 4700 4849 E gralloc4: Empty SMPTE 2094-40 data
03-13 10:00:09.234 4700 4849 E gralloc4: Empty SMPTE 2094-40 data
03-13 10:00:09.245 4700 4849 E gralloc4: Empty SMPTE 2094-40 data
03-13 10:00:09.257 4700 4849 E gralloc4: Empty SMPTE 2094-40 data
03-13 10:00:09.267 4700 4849 E gralloc4: Empty SMPTE 2094-40 data
03-13 10:00:09.279 4700 4849 E gralloc4: Empty SMPTE 2094-40 data
03-13 10:00:09.290 4700 4849 E gralloc4: Empty SMPTE 2094-40 data
03-13 10:00:09.301 4700 4849 E gralloc4: Empty SMPTE 2094-40 data
03-13 10:00:09.312 4700 4849 E gralloc4: Empty SMPTE 2094-40 data
03-13 10:00:09.323 4700 4849 E gralloc4: Empty SMPTE 2094-40 data
03-13 10:00:09.325 4700 4800 I Unity : Game Start up
03-13 10:00:09.325 4700 4800 I Unity : COW.GameStartup:Awake()
03-13 10:00:09.325 4700 4800 I Unity :
03-13 10:00:09.325 4700 4800 I Unity : (Filename: .\Runtime/Export/Debug.bindings.h Line: 45)
03-13 10:00:09.325 4700 4800 I Unity :
03-13 10:00:09.356 4700 4806 E gralloc4: Empty SMPTE 2094-40 data
03-13 10:00:09.408 4868 4868 I libc : SetHeapTaggingLevel: tag level set to 0
03-13 10:00:09.413 4868 4868 I .secretspace:p2: Using CollectorTypeCC GC.
03-13 10:00:09.416 4868 4868 E .secretspace:p2: Not starting debugger since process cannot load the jdwp agent.
03-13 10:00:09.418 4868 4868 D nativeloader: Load libframework-connectivity- tiramisu-jni.so using APEX ns com_android_tethering for caller /apex/com.android.tethering/javalib/framework-connectivity-t.jar: ok
03-13 10:00:09.420 4868 4868 W System.err: android.system.ErrnoException: open failed: ENOENT (No such file or directory)
03-13 10:00:09.420 4868 4868 W System.err: at libcore.io.Linux.open(Native Method)
03-13 10:00:09.421 4868 4868 W System.err: at libcore.io.ForwardingOs.open(ForwardingOs.java:563)
03-13 10:00:09.421 4868 4868 W System.err: at libcore.io.BlockGuardOs.open(BlockGuardOs.java:274)
03-13 10:00:09.421 4868 4868 W System.err: at libcore.io.ForwardingOs.open(ForwardingOs.java:563)
03-13 10:00:09.421 4868 4868 W System.err: at android.app.ActivityThread$AndroidOs.open(ActivityThread.java:8224)
03-13 10:00:09.421 4868 4868 W System.err: at android.system.Os.open(Os.java:494)
03-13 10:00:09.421 4868 4868 W System.err: at android.os.perfdebug.PerfDebugMonitorImpl.monitorVersionControl(PerfDebugMonitorImp l.java:206)
03-13 10:00:09.421 4868 4868 W System.err: at android.os.perfdebug.PerfDebugMonitorImpl.prepareMonitor(PerfDebugMonitorImpl.java: 187)
03-13 10:00:09.421 4868 4868 W System.err: at android.app.ActivityThread.main(ActivityThread.java:8311)
03-13 10:00:09.421 4868 4868 W System.err: at java.lang.reflect.Method.invoke(Native Method)
03-13 10:00:09.421 4868 4868 W System.err: at com.android.internal.os.RuntimeInit$MethodAndArgsCaller.run(RuntimeInit.java:582)
03-13 10:00:09.421 4868 4868 W System.err: at com.android.internal.os.ZygoteInit.main(ZygoteInit.java:1028)
03-13 10:00:09.421 4868 4868 I MessageMonitor: Load libmiui_runtime
03-13 10:00:09.428 4868 4868 D CompatibilityChangeReporter: Compat change id reported: 171979766; UID 10569; state: ENABLED
03-13 10:00:09.438 4868 4868 D ApplicationLoaders: Returning zygote-cached class loader: /system/framework/android.test.base.jar
03-13 10:00:09.440 4868 4868 D nativeloader: Configuring clns-4 for other apk /system/framework/org.apache.http.legacy.jar. target_sdk_version=34, uses_libraries=ALL, library_path=/data/app/~~1Bk6MROiQfGvVpSFz9OLnQ==/com.hello.miheapp.secretspace- JmIjTfn7MY8hPq_HPSN-Qg==/lib/arm64:/data/app/~~1Bk6MROiQfGvVpSFz9OLnQ==/ com.hello.miheapp.secretspace-JmIjTfn7MY8hPq_HPSN-Qg==/base.apk!/lib/arm64-v8a:/ data/app/~~1Bk6MROiQfGvVpSFz9OLnQ==/com.hello.miheapp.secretspace- JmIjTfn7MY8hPq_HPSN-Qg==/split_config.arm64_v8a.apk!/lib/arm64-v8a:/data/app/ ~~1Bk6MROiQfGvVpSFz9OLnQ==/com.hello.miheapp.secretspace-JmIjTfn7MY8hPq_HPSN-Qg==/ split_config.bn.apk!/lib/arm64-v8a:/data/app/~~1Bk6MROiQfGvVpSFz9OLnQ==/ com.hello.miheapp.secretspace-JmIjTfn7MY8hPq_HPSN-Qg==/split_config.en.apk!/lib/ arm64-v8a:/data/app/~~1Bk6MROiQfGvVpSFz9OLnQ==/com.hello.miheapp.secretspace- JmIjTfn7MY8hPq_HPSN-Qg==/split_config.gu.apk!/lib/arm64-v8a:/data/app/ ~~1Bk6MROiQfGvVpSFz9OLnQ==/com.hello.miheapp.secretspace-JmIjTfn7MY8hPq_HPSN-Qg==/ split_config.hi.apk!/lib/arm64-v8a:/data/app/~~1Bk6MROiQfGvVpSF
03-13 10:00:09.440 4868 4868 D nativeloader: Extending system_exposed_libraries: libapuwareapusys.mtk.so:libapuwareapusys_v2.mtk.so:libapuwarexrp.mtk.so:libapuwarex rp_v2.mtk.so:libapuwareutils.mtk.so:libapuwareutils_v2.mtk.so:libapuwarehmp.mtk.so: libmcv_runtime_usdk.mtk.so:libneuron_graph_delegate.mtk.so:libneuronusdk_adapter.mt k.so:libtflite_mtk.mtk.so:libarmnn_ndk.mtk.so:libcmdl_ndk.mtk.so:libnir_neon_driver _ndk.mtk.so:libmvpu_runtime.mtk.so:libmvpu_runtime_pub.mtk.so:libmvpu_engine_pub.mt k.so:libmvpu_pattern_pub.mtk.so:libmvpuop_mtk_cv.mtk.so:libmvpuop_mtk_nn.mtk.so:lib teeservice_client.trustonic.so:libmisys_jni.xiaomi.so
03-13 10:00:09.447 4868 4868 W ziparchive: Unable to open '/data/app/~~1Bk6MROiQfGvVpSFz9OLnQ==/com.hello.miheapp.secretspace- JmIjTfn7MY8hPq_HPSN-Qg==/split_config.arm64_v8a.dm': No such file or directory
03-13 10:00:09.447 4868 4868 W ziparchive: Unable to open '/data/app/~~1Bk6MROiQfGvVpSFz9OLnQ==/com.hello.miheapp.secretspace- JmIjTfn7MY8hPq_HPSN-Qg==/split_config.arm64_v8a.dm': No such file or directory
03-13 10:00:09.447 4868 4868 W .secretspace:p2: Entry not found
03-13 10:00:09.447 4868 4868 W ziparchive: Unable to open '/data/app/~~1Bk6MROiQfGvVpSFz9OLnQ==/com.hello.miheapp.secretspace- JmIjTfn7MY8hPq_HPSN-Qg==/split_config.bn.dm': No such file or directory
03-13 10:00:09.447 4868 4868 W ziparchive: Unable to open '/data/app/~~1Bk6MROiQfGvVpSFz9OLnQ==/com.hello.miheapp.secretspace- JmIjTfn7MY8hPq_HPSN-Qg==/split_config.bn.dm': No such file or directory
03-13 10:00:09.447 4868 4868 W .secretspace:p2: Entry not found
03-13 10:00:09.447 4868 4868 W ziparchive: Unable to open '/data/app/~~1Bk6MROiQfGvVpSFz9OLnQ==/com.hello.miheapp.secretspace- JmIjTfn7MY8hPq_HPSN-Qg==/split_config.en.dm': No such file or directory
03-13 10:00:09.447 4868 4868 W ziparchive: Unable to open '/data/app/~~1Bk6MROiQfGvVpSFz9OLnQ==/com.hello.miheapp.secretspace- JmIjTfn7MY8hPq_HPSN-Qg==/split_config.en.dm': No such file or directory
03-13 10:00:09.448 4868 4868 W .secretspace:p2: Entry not found
03-13 10:00:09.448 4868 4868 W ziparchive: Unable to open '/data/app/~~1Bk6MROiQfGvVpSFz9OLnQ==/com.hello.miheapp.secretspace- JmIjTfn7MY8hPq_HPSN-Qg==/split_config.gu.dm': No such file or directory
03-13 10:00:09.448 4868 4868 W ziparchive: Unable to open '/data/app/~~1Bk6MROiQfGvVpSFz9OLnQ==/com.hello.miheapp.secretspace- JmIjTfn7MY8hPq_HPSN-Qg==/split_config.gu.dm': No such file or directory
03-13 10:00:09.448 4868 4868 W .secretspace:p2: Entry not found
03-13 10:00:09.448 4868 4868 W ziparchive: Unable to open '/data/app/~~1Bk6MROiQfGvVpSFz9OLnQ==/com.hello.miheapp.secretspace- JmIjTfn7MY8hPq_HPSN-Qg==/split_config.hi.dm': No such file or directory
03-13 10:00:09.448 4868 4868 W ziparchive: Unable to open '/data/app/~~1Bk6MROiQfGvVpSFz9OLnQ==/com.hello.miheapp.secretspace- JmIjTfn7MY8hPq_HPSN-Qg==/split_config.hi.dm': No such file or directory
03-13 10:00:09.448 4868 4868 W .secretspace:p2: Entry not found
03-13 10:00:09.448 4868 4868 W ziparchive: Unable to open '/data/app/~~1Bk6MROiQfGvVpSFz9OLnQ==/com.hello.miheapp.secretspace- JmIjTfn7MY8hPq_HPSN-Qg==/split_config.kn.dm': No such file or directory
03-13 10:00:09.448 4868 4868 W ziparchive: Unable to open '/data/app/~~1Bk6MROiQfGvVpSFz9OLnQ==/com.hello.miheapp.secretspace- JmIjTfn7MY8hPq_HPSN-Qg==/split_config.kn.dm': No such file or directory
03-13 10:00:09.449 4868 4868 W .secretspace:p2: Entry not found
03-13 10:00:09.449 4868 4868 W ziparchive: Unable to open '/data/app/~~1Bk6MROiQfGvVpSFz9OLnQ==/com.hello.miheapp.secretspace- JmIjTfn7MY8hPq_HPSN-Qg==/split_config.mr.dm': No such file or directory
03-13 10:00:09.449 4868 4868 W ziparchive: Unable to open '/data/app/~~1Bk6MROiQfGvVpSFz9OLnQ==/com.hello.miheapp.secretspace- JmIjTfn7MY8hPq_HPSN-Qg==/split_config.mr.dm': No such file or directory
03-13 10:00:09.449 4868 4868 W .secretspace:p2: Entry not found
03-13 10:00:09.449 4868 4868 W ziparchive: Unable to open '/data/app/~~1Bk6MROiQfGvVpSFz9OLnQ==/com.hello.miheapp.secretspace- JmIjTfn7MY8hPq_HPSN-Qg==/split_config.ta.dm': No such file or directory
03-13 10:00:09.449 4868 4868 W ziparchive: Unable to open '/data/app/~~1Bk6MROiQfGvVpSFz9OLnQ==/com.hello.miheapp.secretspace- JmIjTfn7MY8hPq_HPSN-Qg==/split_config.ta.dm': No such file or directory
03-13 10:00:09.449 4868 4868 W .secretspace:p2: Entry not found
03-13 10:00:09.449 4868 4868 W ziparchive: Unable to open '/data/app/~~1Bk6MROiQfGvVpSFz9OLnQ==/com.hello.miheapp.secretspace- JmIjTfn7MY8hPq_HPSN-Qg==/split_config.te.dm': No such file or directory
03-13 10:00:09.449 4868 4868 W ziparchive: Unable to open '/data/app/~~1Bk6MROiQfGvVpSFz9OLnQ==/com.hello.miheapp.secretspace- JmIjTfn7MY8hPq_HPSN-Qg==/split_config.te.dm': No such file or directory
03-13 10:00:09.450 4868 4868 W .secretspace:p2: Entry not found
03-13 10:00:09.450 4868 4868 W ziparchive: Unable to open '/data/app/~~1Bk6MROiQfGvVpSFz9OLnQ==/com.hello.miheapp.secretspace- JmIjTfn7MY8hPq_HPSN-Qg==/split_config.xxhdpi.dm': No such file or directory
03-13 10:00:09.450 4868 4868 W ziparchive: Unable to open '/data/app/~~1Bk6MROiQfGvVpSFz9OLnQ==/com.hello.miheapp.secretspace- JmIjTfn7MY8hPq_HPSN-Qg==/split_config.xxhdpi.dm': No such file or directory
03-13 10:00:09.450 4868 4868 W .secretspace:p2: Entry not found
03-13 10:00:09.450 4868 4868 D nativeloader: Configuring clns-5 for other apk /data/app/~~1Bk6MROiQfGvVpSFz9OLnQ==/com.hello.miheapp.secretspace- JmIjTfn7MY8hPq_HPSN-Qg==/base.apk:/data/app/~~1Bk6MROiQfGvVpSFz9OLnQ==/ com.hello.miheapp.secretspace-JmIjTfn7MY8hPq_HPSN-Qg==/ split_config.arm64_v8a.apk:/data/app/~~1Bk6MROiQfGvVpSFz9OLnQ==/ com.hello.miheapp.secretspace-JmIjTfn7MY8hPq_HPSN-Qg==/split_config.bn.apk:/data/ app/~~1Bk6MROiQfGvVpSFz9OLnQ==/com.hello.miheapp.secretspace-JmIjTfn7MY8hPq_HPSN- Qg==/split_config.en.apk:/data/app/~~1Bk6MROiQfGvVpSFz9OLnQ==/ com.hello.miheapp.secretspace-JmIjTfn7MY8hPq_HPSN-Qg==/split_config.gu.apk:/data/ app/~~1Bk6MROiQfGvVpSFz9OLnQ==/com.hello.miheapp.secretspace-JmIjTfn7MY8hPq_HPSN- Qg==/split_config.hi.apk:/data/app/~~1Bk6MROiQfGvVpSFz9OLnQ==/ com.hello.miheapp.secretspace-JmIjTfn7MY8hPq_HPSN-Qg==/split_config.kn.apk:/data/ app/~~1Bk6MROiQfGvVpSFz9OLnQ==/com.hello.miheapp.secretspace-JmIjTfn7MY8hPq_HPSN- Qg==/split_config.mr.apk:/data/app/~~1Bk6MROiQfGvVpSFz9OLnQ==/ com.hello.miheapp.secretspace-JmIjTfn7MY8hPq_HPSN-Qg==/split_
03-13 10:00:09.457 4868 4868 D nativeloader: Load libframework-connectivity- jni.so using APEX ns com_android_tethering for caller /apex/com.android.tethering/javalib/framework-connectivity.jar: ok
03-13 10:00:09.458 4868 4868 V GraphicsEnvironment: ANGLE Developer option for 'com.hello.miheapp.secretspace' set to: 'default'
03-13 10:00:09.458 4868 4868 V GraphicsEnvironment: ANGLE GameManagerService for com.hello.miheapp.secretspace: false
03-13 10:00:09.458 4868 4868 V GraphicsEnvironment: App is not on the allowlist for updatable production driver.
03-13 10:00:09.462 4868 4868 I ForceDarkHelperStubImpl: initialize for com.hello.miheapp.secretspace , ForceDarkAppConfig: null
03-13 10:00:09.463 4868 4868 D nativeloader: Load libforcedarkimpl.so using system ns (caller=/system_ext/framework/miui-framework.jar): ok
03-13 10:00:09.463 4868 4868 D .secretspace:p2: JNI_OnLoad success
03-13 10:00:09.463 4868 4868 I MiuiForceDarkConfig: setConfig density:2.750000, mainRule:0, secondaryRule:0, tertiaryRule:0
03-13 10:00:09.464 4868 4868 D NetworkSecurityConfig: Using Network Security Config from resource network_security_config debugBuild: false
03-13 10:00:09.464 4868 4868 D NetworkSecurityConfig: Using Network Security Config from resource network_security_config debugBuild: false
03-13 10:00:09.468 4868 4868 D nativeloader: Load /data/app/~~1Bk6MROiQfGvVpSFz9OLnQ==/com.hello.miheapp.secretspace- JmIjTfn7MY8hPq_HPSN-Qg==/split_config.arm64_v8a.apk!/lib/arm64-v8a/librepublic.so using ns clns-5 from class loader (caller=base.apk): ok
03-13 10:00:09.528 4868 4868 W Glide : Failed to find GeneratedAppGlideModule. You should include an annotationProcessor compile dependency on com.github.bumptech.glide:compiler in your application and a @GlideModule annotated AppGlideModule implementation or LibraryGlideModules will be silently ignored
03-13 10:00:09.532 4868 4868 D CompatibilityChangeReporter: Compat change id reported: 183155436; UID 10569; state: ENABLED
03-13 10:00:09.533 4868 4868 D SessionsDependencies: Dependency to CRASHLYTICS added.
03-13 10:00:09.534 4868 4868 I FirebaseApp: Device unlocked: initializing all Firebase APIs for app [DEFAULT]
03-13 10:00:09.534 4868 4868 I FirebaseCrashlytics: Initializing Firebase Crashlytics 18.6.2 for com.hello.miheapp.secretspace
03-13 10:00:09.545 4868 4868 D SessionsDependencies: Subscriber CRASHLYTICS registered.
03-13 10:00:09.547 4700 4800 W Unity : DontDestroyOnLoad only work for root GameObjects or components on root GameObjects.
03-13 10:00:09.547 4700 4800 W Unity :
03-13 10:00:09.547 4700 4800 W Unity : (Filename: Line: 648)
03-13 10:00:09.547 4700 4800 W Unity :
03-13 10:00:09.550 4700 4863 E ActivityThread: Failed to find provider info for com.instagram.contentprovider.InstallReferrerProvider
03-13 10:00:09.557 4700 4888 W ContextImpl: Failed to ensure /data/user/0/com.hello.miheapp.secretspace/sandbox/data/user/0/com.dts.freefiremax/ code_cache: chown failed: EPERM (Operation not permitted)
03-13 10:00:09.575 4868 4868 D FirebaseSessions: Initializing Firebase Sessions SDK.
03-13 10:00:09.576 20197 20209 D ChimeraServiceProvider: query: content://com.google.android.gms.chimera/api_force_staging/com.google.android.gms.m easurement.dynamite?requestStartTime=7474382
03-13 10:00:09.577 4868 4886 W DynamiteModule: Failed to retrieve remote module version.
03-13 10:00:09.577 4868 4868 I FirebaseApp: FirebaseApp initialization successful
03-13 10:00:09.577 4700 4849 E gralloc4: Empty SMPTE 2094-40 data
03-13 10:00:09.579 4868 4890 D SessionConfigFetcher: Fetching settings from server.
03-13 10:00:09.586 4868 4886 D nativeloader: Configuring clns-6 for other apk /system/framework/com.android.location.provider.jar. target_sdk_version=29, uses_libraries=ALL, library_path=/data/user/0/com.hello.miheapp.secretspace/sandbox/data/app/ com.google.android.gms/lib:/data/user/0/com.hello.miheapp.secretspace/sandbox/ data/app/com.google.android.gms/base.apk!/lib/arm64-v8a, permitted_path=/data:/mnt/expand:/data/user/0/com.hello.miheapp.secretspace/ sandbox/data/user/0/com.google.android.gms
03-13 10:00:09.586 4868 4886 D nativeloader: Extending system_exposed_libraries: libapuwareapusys.mtk.so:libapuwareapusys_v2.mtk.so:libapuwarexrp.mtk.so:libapuwarex rp_v2.mtk.so:libapuwareutils.mtk.so:libapuwareutils_v2.mtk.so:libapuwarehmp.mtk.so: libmcv_runtime_usdk.mtk.so:libneuron_graph_delegate.mtk.so:libneuronusdk_adapter.mt k.so:libtflite_mtk.mtk.so:libarmnn_ndk.mtk.so:libcmdl_ndk.mtk.so:libnir_neon_driver _ndk.mtk.so:libmvpu_runtime.mtk.so:libmvpu_runtime_pub.mtk.so:libmvpu_engine_pub.mt k.so:libmvpu_pattern_pub.mtk.so:libmvpuop_mtk_cv.mtk.so:libmvpuop_mtk_nn.mtk.so:lib teeservice_client.trustonic.so:libmisys_jni.xiaomi.so
03-13 10:00:09.588 4868 4886 D nativeloader: Configuring clns-7 for other apk /data/user/0/com.hello.miheapp.secretspace/sandbox/data/app/com.google.android.gms/ base.apk. target_sdk_version=29, uses_libraries=, library_path=/data/user/0/com.hello.miheapp.secretspace/sandbox/data/app/ com.google.android.gms/lib:/data/user/0/com.hello.miheapp.secretspace/sandbox/ data/app/com.google.android.gms/base.apk!/lib/arm64-v8a, permitted_path=/data:/mnt/expand:/data/user/0/com.hello.miheapp.secretspace/ sandbox/data/user/0/com.google.android.gms
03-13 10:00:09.588 4868 4886 D nativeloader: Extending system_exposed_libraries: libapuwareapusys.mtk.so:libapuwareapusys_v2.mtk.so:libapuwarexrp.mtk.so:libapuwarex rp_v2.mtk.so:libapuwareutils.mtk.so:libapuwareutils_v2.mtk.so:libapuwarehmp.mtk.so: libmcv_runtime_usdk.mtk.so:libneuron_graph_delegate.mtk.so:libneuronusdk_adapter.mt k.so:libtflite_mtk.mtk.so:libarmnn_ndk.mtk.so:libcmdl_ndk.mtk.so:libnir_neon_driver _ndk.mtk.so:libmvpu_runtime.mtk.so:libmvpu_runtime_pub.mtk.so:libmvpu_engine_pub.mt k.so:libmvpu_pattern_pub.mtk.so:libmvpuop_mtk_cv.mtk.so:libmvpuop_mtk_nn.mtk.so:lib teeservice_client.trustonic.so:libmisys_jni.xiaomi.so
03-13 10:00:09.590 4868 4886 W DynamiteModule: IDynamite loader version = 2, no high precision latency measurement.
03-13 10:00:09.590 4868 4886 I DynamiteModule: Considering local module com.google.android.gms.measurement.dynamite:100 and remote module com.google.android.gms.measurement.dynamite:98
03-13 10:00:09.590 4868 4886 I DynamiteModule: Selected local version of com.google.android.gms.measurement.dynamite
03-13 10:00:09.590 4868 4886 W DynamiteModule: IDynamite loader version = 2, no high precision latency measurement.
03-13 10:00:09.603 4868 4914 I FA : App measurement initialized, version: 84002
03-13 10:00:09.603 4868 4914 I FA : To enable debug logging run: adb shell setprop log.tag.FA VERBOSE
03-13 10:00:09.603 4868 4914 I FA : To enable faster debug mode event logging run:
03-13 10:00:09.603 4868 4914 I FA : adb shell setprop debug.firebase.analytics.app com.hello.miheapp.secretspace
03-13 10:00:09.618 4868 4914 W FA : Table has extra columns. table, columns: messages, app_version, app_version_int
03-13 10:00:09.623 4868 4868 D nativeloader: Load /data/app/~~1Bk6MROiQfGvVpSFz9OLnQ==/com.hello.miheapp.secretspace- JmIjTfn7MY8hPq_HPSN-Qg==/split_config.arm64_v8a.apk!/lib/arm64-v8a/libsandbox.so using ns clns-5 from class loader (caller=base.apk): ok
03-13 10:00:09.623 4868 4868 D NativeCore: NativeCore init.
03-13 10:00:09.623 4868 4868 D NativeCore: found art method entrypoint jni offset: 2
03-13 10:00:09.623 4868 4868 D NativeCore: not found art method match access flags offset , use default: 4
03-13 10:00:09.634 4868 4914 D CompatibilityChangeReporter: Compat change id reported: 183155436; UID 10569; state: ENABLED
03-13 10:00:09.656 4868 4868 E NativeCore: not native method
03-13 10:00:09.656 4868 4868 E NativeCore: check flags error. class:java/io/UnixFileSystem, method:canonicalize0
03-13 10:00:09.656 4868 4868 D NativeCore: register class:java/io/UnixFileSystem, method:getBooleanAttributes0 success!
03-13 10:00:09.656 4868 4868 D NativeCore: register class:java/io/UnixFileSystem, method:getLastModifiedTime0 success!
03-13 10:00:09.656 4868 4868 D NativeCore: register class:java/io/UnixFileSystem, method:setPermission0 success!
03-13 10:00:09.656 4868 4868 D NativeCore: register class:java/io/UnixFileSystem, method:createFileExclusively0 success!
03-13 10:00:09.656 4868 4868 D NativeCore: register class:java/io/UnixFileSystem, method:list0 success!
03-13 10:00:09.656 4868 4868 D NativeCore: register class:java/io/UnixFileSystem, method:createDirectory0 success!
03-13 10:00:09.656 4868 4868 D NativeCore: register class:java/io/UnixFileSystem, method:setLastModifiedTime0 success!
03-13 10:00:09.656 4868 4868 D NativeCore: register class:java/io/UnixFileSystem, method:setReadOnly0 success!
03-13 10:00:09.656 4868 4868 D NativeCore: register class:java/io/UnixFileSystem, method:getSpace0 success!
03-13 10:00:09.656 4868 4868 D NativeCore: register class:java/lang/VMClassLoader, method:findLoadedClass success!
03-13 10:00:09.656 4868 4868 D NativeCore: register class:android/os/Binder, method:getCallingUid success!
03-13 10:00:09.656 4868 4868 D NativeCore: register class:dalvik/system/VMRuntime, method:setHiddenApiExemptions success!
03-13 10:00:09.662 4868 4868 W ziparchive: Unable to open '/data/user/0/com.hello.miheapp.secretspace/sandbox/data/app/com.android.vending/ base.dm': No such file or directory
03-13 10:00:09.682 4700 4800 D .secretspace:p1: PlayerBase::stop() from IPlayer
03-13 10:00:09.682 4700 4800 D AudioTrack: stop(421): 0x754e816a00, prior state:STATE_ACTIVE
03-13 10:00:09.682 4700 4800 D AudioTrackShared: this(0x74a5702ce0), mCblk(0x75f8136000), front(179456), mIsOut 1, interrupt() FUTEX_WAKE
03-13 10:00:09.683 4700 4800 D AudioTrack: stop(421): 0x754e816a00 stop done
03-13 10:00:09.684 20197 20209 D MeasurementService: sendCurrentScreen(0, null, null, com.dts.freefiremax)
03-13 10:00:09.708 4700 4924 D libMEOW : meow new tls: 0x7458823540
03-13 10:00:09.708 4700 4924 D libMEOW : applied 1 plugins for [com.dts.freefiremax]:
03-13 10:00:09.708 4700 4924 D libMEOW : plugin 1: [libMEOW_gift.so]:
03-13 10:00:09.709 4700 4924 D libMEOW : meow delete tls: 0x7458823540
03-13 10:00:09.723 4700 4700 I IconCustomizer: com.dts.freefiremax.png adaptiveIcon2Drawable size 132
03-13 10:00:09.724 4868 4868 D nativeloader: Configuring clns-8 for other apk /data/user/0/com.hello.miheapp.secretspace/sandbox/data/app/com.android.vending/ base.apk. target_sdk_version=29, uses_libraries=, library_path=/data/user/0/com.hello.miheapp.secretspace/sandbox/data/app/ com.android.vending/lib:/data/user/0/com.hello.miheapp.secretspace/sandbox/data/ app/com.android.vending/base.apk!/lib/arm64-v8a, permitted_path=/data:/mnt/expand:/data/user/0/com.hello.miheapp.secretspace/ sandbox/data/user/0/com.android.vending
03-13 10:00:09.724 4868 4868 D nativeloader: Extending system_exposed_libraries: libapuwareapusys.mtk.so:libapuwareapusys_v2.mtk.so:libapuwarexrp.mtk.so:libapuwarex rp_v2.mtk.so:libapuwareutils.mtk.so:libapuwareutils_v2.mtk.so:libapuwarehmp.mtk.so: libmcv_runtime_usdk.mtk.so:libneuron_graph_delegate.mtk.so:libneuronusdk_adapter.mt k.so:libtflite_mtk.mtk.so:libarmnn_ndk.mtk.so:libcmdl_ndk.mtk.so:libnir_neon_driver _ndk.mtk.so:libmvpu_runtime.mtk.so:libmvpu_runtime_pub.mtk.so:libmvpu_engine_pub.mt k.so:libmvpu_pattern_pub.mtk.so:libmvpuop_mtk_cv.mtk.so:libmvpuop_mtk_nn.mtk.so:lib teeservice_client.trustonic.so:libmisys_jni.xiaomi.so
03-13 10:00:09.731 4700 4700 D CompatibilityChangeReporter: Compat change id reported: 160794467; UID 10003; state: DISABLED
03-13 10:00:09.733 4868 4868 D NetworkSecurityConfig: No Network Security Config specified, using platform default
03-13 10:00:09.734 4868 4868 D NetworkSecurityConfig: No Network Security Config specified, using platform default
03-13 10:00:09.749 4700 4700 D IS_CTS_MODE: false
03-13 10:00:09.749 4700 4700 D MULTI_WINDOW_ENABLED: false
03-13 10:00:09.751 4700 4700 D DecorView[]: getWindowModeFromSystem windowmode is 1
03-13 10:00:09.755 4700 4700 D CompatibilityChangeReporter: Compat change id reported: 210923482; UID 10003; state: ENABLED
03-13 10:00:09.777 4868 4868 D CompatibilityChangeReporter: Compat change id reported: 183155436; UID 10002; state: ENABLED
03-13 10:00:09.788 4700 4806 W libc : Access denied finding property "ro.vendor.display.iris_x7.support"
03-13 10:00:09.788 4700 4700 I ForceDarkHelperStubImpl: setViewRootImplForceDark: false for com.unity3d.plugin.downloader.UnityDownloaderActivity@cd8f733, reason: AppDarkModeEnable
03-13 10:00:09.788 4700 4700 D VRI[UnityDownloaderActivity]: hardware acceleration = true, forceHwAccelerated = false
03-13 10:00:09.789 20197 20209 D MeasurementService: sendCurrentScreen(3842639553682995829, null, UnityDownloaderActivity, com.dts.freefiremax)
03-13 10:00:09.793 20197 20209 D MeasurementService: bound by: GetServiceRequest{serviceId=MEASUREMENT, gmsVersion=12451000, packageName='com.hello.miheapp.secretspace', extras=Bundle[{}]}
03-13 10:00:09.801 20197 20209 D SafeParcel: Unknown field id 34 in com.google.android.gms.measurement.internal.AppMetadata, skipping.
03-13 10:00:09.801 20197 20209 D SafeParcel: Unknown field id 35 in com.google.android.gms.measurement.internal.AppMetadata, skipping.
03-13 10:00:09.801 20197 20209 D MeasurementService: sendAppLaunch() for AppMetadata[com.hello.miheapp.secretspace]
03-13 10:00:09.803 4868 4914 W FA : Table has extra columns. table, columns: messages, app_version, app_version_int
03-13 10:00:09.811 4700 4700 D LVLDL : Service Bound
03-13 10:00:09.812 4868 4914 W FA : Table has extra columns. table, columns: messages, app_version, app_version_int
03-13 10:00:09.815 20197 20209 D SafeParcel: Unknown field id 34 in com.google.android.gms.measurement.internal.AppMetadata, skipping.
03-13 10:00:09.815 20197 20209 D SafeParcel: Unknown field id 35 in com.google.android.gms.measurement.internal.AppMetadata, skipping.
03-13 10:00:09.816 20197 20209 D MeasurementService: getAppInstanceId() for AppMetadata[com.hello.miheapp.secretspace]
03-13 10:00:09.817 20197 20209 D SafeParcel: Unknown field id 34 in com.google.android.gms.measurement.internal.AppMetadata, skipping.
03-13 10:00:09.818 20197 20209 D SafeParcel: Unknown field id 35 in com.google.android.gms.measurement.internal.AppMetadata, skipping.
03-13 10:00:09.818 20197 20209 D MeasurementService: sendDefaultEventParameters(Bundle[EMPTY_PARCEL]) for AppMetadata[com.hello.miheapp.secretspace]
03-13 10:00:09.830 4700 4700 D BufferQueueConsumer: [](id:125c00000002,api:0,p:- 1,c:4700) connect: controlledByApp=false
03-13 10:00:09.851 4700 4700 D VRI[UnityDownloaderActivity]: vri.reportNextDraw android.view.ViewRootImpl.performTraversals:3953 android.view.ViewRootImpl.doTraversal:2674 android.view.ViewRootImpl$TraversalRunnable.run:9867 android.view.Choreographer$CallbackRecord.run:1431 android.view.Choreographer$CallbackRecord.run:1439
03-13 10:00:09.851 4700 4700 D VRI[UnityDownloaderActivity]: vri.Setup new sync id=0 syncSeqId=0
03-13 10:00:09.883 4700 4806 E gralloc4: Empty SMPTE 2094-40 data
03-13 10:00:09.883 4700 4806 D BLASTBufferQueue: [VRI[UnityDownloaderActivity]#2] (f:0,a:1) acquireNextBufferLocked size=1080x2400 mFrameNumber=1 applyTransaction=true mTimestamp=6333266110376(auto) mPendingTransactions.size=0 graphicBufferId=20186346291207 transform=0
03-13 10:00:09.890 4700 4806 W Parcel : Expecting binder but got null!
03-13 10:00:09.891 4700 4700 D VRI[UnityDownloaderActivity]: vri.reportDrawFinished syncSeqId=0 android.view.ViewRootImpl.lambda$createSyncIfNeeded$4$android-view- ViewRootImpl:4021 android.view.ViewRootImpl$$ExternalSyntheticLambda1.run:6 android.os.Handler.handleCallback:942 android.os.Handler.dispatchMessage:99 android.os.Looper.loopOnce:211
03-13 10:00:09.891 4700 4700 D DecorView[]: onWindowFocusChanged hasWindowFocus false
03-13 10:00:09.901 4700 4709 W System : A resource failed to call CursorWindow.close.
03-13 10:00:09.901 4700 4709 W System : A resource failed to call AbstractCursor.close.
03-13 10:00:09.922 4700 4700 I LicenseChecker: Binding to licensing service.
03-13 10:00:09.934 4700 4700 I InsetsControllerImpl: change fadeInDuration from 500ms to 750ms for the lowmem and middle device
03-13 10:00:09.935 4700 4806 E gralloc4: Empty SMPTE 2094-40 data
03-13 10:00:09.935 4700 4700 D VRI[UnityDownloaderActivity]: vri.reportNextDraw android.view.ViewRootImpl.handleResized:2047 android.view.ViewRootImpl.-$ $Nest$mhandleResized:0 android.view.ViewRootImpl$ViewRootHandler.handleMessageImpl:6120 android.view.ViewRootImpl$ViewRootHandler.handleMessage:6084 android.os.Handler.dispatchMessage:106
03-13 10:00:09.935 4700 4700 D DecorView[]: onWindowFocusChanged hasWindowFocus true
03-13 10:00:09.936 4700 4700 I HandWritingStubImpl: refreshLastKeyboardType: 1
03-13 10:00:09.936 4700 4700 I HandWritingStubImpl: getCurrentKeyboardType: 1
03-13 10:00:09.942 4700 4700 D VRI[UnityDownloaderActivity]: vri.Setup new sync id=1 syncSeqId=0
03-13 10:00:09.945 4700 4806 E gralloc4: Empty SMPTE 2094-40 data
