03-13 10:00:09.946 4700 4700 D VRI[UnityDownloaderActivity]: vri.reportDrawFinished syncSeqId=0 android.view.ViewRootImpl.lambda$createSyncIfNeeded$4$android-view- ViewRootImpl:4021 android.view.ViewRootImpl$$ExternalSyntheticLambda1.run:6 android.os.Handler.handleCallback:942 android.os.Handler.dispatchMessage:99 android.os.Looper.loopOnce:211
03-13 10:00:09.958 4700 4806 E gralloc4: Empty SMPTE 2094-40 data
03-13 10:00:09.968 4700 4806 E gralloc4: Empty SMPTE 2094-40 data
03-13 10:00:09.977 4700 4806 E gralloc4: Empty SMPTE 2094-40 data
03-13 10:00:09.989 4700 4806 E gralloc4: Empty SMPTE 2094-40 data
03-13 10:00:09.999 4700 4806 E gralloc4: Empty SMPTE 2094-40 data
03-13 10:00:10.011 4700 4806 E gralloc4: Empty SMPTE 2094-40 data
03-13 10:00:10.021 4700 4806 E gralloc4: Empty SMPTE 2094-40 data
03-13 10:00:10.033 4700 4806 E gralloc4: Empty SMPTE 2094-40 data
03-13 10:00:10.045 4700 4806 E gralloc4: Empty SMPTE 2094-40 data
03-13 10:00:10.056 4700 4806 E gralloc4: Empty SMPTE 2094-40 data
03-13 10:00:10.068 4700 4806 E gralloc4: Empty SMPTE 2094-40 data
03-13 10:00:10.078 4700 4806 E gralloc4: Empty SMPTE 2094-40 data
03-13 10:00:10.084 4700 4700 I LicenseChecker: Calling checkLicense on service for com.dts.freefiremax
03-13 10:00:10.084 4700 4700 I LicenseChecker: Start monitoring timeout.
03-13 10:00:10.086 4868 4885 V FakeLicenseService: checkLicense(-2058319853, com.dts.freefiremax)
03-13 10:00:10.089 4700 4806 E gralloc4: Empty SMPTE 2094-40 data
03-13 10:00:10.101 4700 4806 E gralloc4: Empty SMPTE 2094-40 data
03-13 10:00:10.109 4868 4885 D FakeLicenseService: not checking license, as it is disabled by user
03-13 10:00:10.111 4700 4806 E gralloc4: Empty SMPTE 2094-40 data
03-13 10:00:10.122 4700 4806 E gralloc4: Empty SMPTE 2094-40 data
03-13 10:00:10.133 4700 4806 E gralloc4: Empty SMPTE 2094-40 data
03-13 10:00:10.144 4700 4806 E gralloc4: Empty SMPTE 2094-40 data
03-13 10:00:10.154 4700 4806 E gralloc4: Empty SMPTE 2094-40 data
03-13 10:00:10.166 4700 4806 E gralloc4: Empty SMPTE 2094-40 data
03-13 10:00:10.178 4700 4806 E gralloc4: Empty SMPTE 2094-40 data
03-13 10:00:10.188 4700 4806 E gralloc4: Empty SMPTE 2094-40 data
03-13 10:00:10.196 4868 4887 I FirebaseCrashlytics: No version control information found
03-13 10:00:10.200 4700 4806 E gralloc4: Empty SMPTE 2094-40 data
03-13 10:00:10.210 4700 4806 E gralloc4: Empty SMPTE 2094-40 data
03-13 10:00:10.221 4700 4806 E gralloc4: Empty SMPTE 2094-40 data
03-13 10:00:10.233 4700 4806 E gralloc4: Empty SMPTE 2094-40 data
03-13 10:00:10.244 4700 4806 E gralloc4: Empty SMPTE 2094-40 data
03-13 10:00:10.254 4700 4806 E gralloc4: Empty SMPTE 2094-40 data
03-13 10:00:10.266 4700 4806 E gralloc4: Empty SMPTE 2094-40 data
03-13 10:00:10.276 4700 4806 E gralloc4: Empty SMPTE 2094-40 data
03-13 10:00:10.288 4700 4806 E gralloc4: Empty SMPTE 2094-40 data
03-13 10:00:10.299 4700 4806 E gralloc4: Empty SMPTE 2094-40 data
03-13 10:00:10.309 4700 4806 E gralloc4: Empty SMPTE 2094-40 data
03-13 10:00:10.320 4700 4806 E gralloc4: Empty SMPTE 2094-40 data
03-13 10:00:10.331 4700 4806 E gralloc4: Empty SMPTE 2094-40 data
03-13 10:00:10.343 4700 4806 E gralloc4: Empty SMPTE 2094-40 data
03-13 10:00:10.354 4700 4806 E gralloc4: Empty SMPTE 2094-40 data
03-13 10:00:10.365 4700 4806 E gralloc4: Empty SMPTE 2094-40 data
03-13 10:00:10.376 4700 4806 E gralloc4: Empty SMPTE 2094-40 data
03-13 10:00:10.388 4700 4806 E gralloc4: Empty SMPTE 2094-40 data
03-13 10:00:10.399 4700 4806 E gralloc4: Empty SMPTE 2094-40 data
03-13 10:00:10.410 4700 4806 E gralloc4: Empty SMPTE 2094-40 data
03-13 10:00:10.417 4700 4700 D BLASTBufferQueue: [SurfaceView[com.dts.freefiremax/com.dts.freefireth.FFMainActivity]#1](f:0,a:1) destructor()
03-13 10:00:10.417 4700 4700 D BufferQueueConsumer: [SurfaceView[com.dts.freefiremax/com.dts.freefireth.FFMainActivity]#1(BLAST Consumer)1](id:125c00000001,api:0,p:-1,c:4700) disconnect
03-13 10:00:10.420 4700 4806 E gralloc4: Empty SMPTE 2094-40 data
03-13 10:00:10.437 4700 4806 E gralloc4: Empty SMPTE 2094-40 data
03-13 10:00:10.443 4700 4806 E gralloc4: Empty SMPTE 2094-40 data
03-13 10:00:10.444 4868 4898 D SessionConfigFetcher: Fetched settings: {"settings_version":3,"cache_duration":180143,"features": {"collect_logged_exceptions":true,"collect_reports":true,"collect_analytics":false, "prompt_enabled":false,"push_enabled":false,"firebase_crashlytics_enabled":false,"c ollect_anrs":true,"collect_metric_kit":false,"collect_build_ids":true},"app": {"status":"activated","update_required":false,"report_upload_variant":2,"native_rep ort_upload_variant":2},"fabric": {"org_id":"65f00c8a567bf1f0daf09834","bundle_id":"com.hello.miheapp.secretspace"}," on_demand_upload_rate_per_minute":10,"on_demand_backoff_base":1.2,"on_demand_backof f_step_duration_seconds":60,"app_quality": {"sessions_enabled":true,"sampling_rate":1,"session_timeout_seconds":1800},"on_dema nd_thread_recording_suspension_enabled":true}
03-13 10:00:10.459 4700 4806 E gralloc4: Empty SMPTE 2094-40 data
03-13 10:00:10.467 4700 4806 E gralloc4: Empty SMPTE 2094-40 data
03-13 10:00:10.478 4700 4806 E gralloc4: Empty SMPTE 2094-40 data
03-13 10:00:10.487 4700 4806 E gralloc4: Empty SMPTE 2094-40 data
03-13 10:00:10.489 4868 4890 D LifecycleServiceBinder: Binding service to application.
03-13 10:00:10.499 4700 4806 E gralloc4: Empty SMPTE 2094-40 data
03-13 10:00:10.503 4700 4700 D BLASTBufferQueue: [VRI[FFMainActivity]#0](f:0,a:1) destructor()
03-13 10:00:10.504 4700 4700 D BufferQueueConsumer: [VRI[FFMainActivity]#0(BLAST Consumer)0](id:125c00000000,api:0,p:-1,c:4700) disconnect
03-13 10:00:10.510 4700 4806 E gralloc4: Empty SMPTE 2094-40 data
03-13 10:00:10.523 4700 4806 E gralloc4: Empty SMPTE 2094-40 data
03-13 10:00:10.535 4700 4806 E gralloc4: Empty SMPTE 2094-40 data
03-13 10:00:10.535 4700 4806 D BLASTBufferQueue: [VRI[UnityDownloaderActivity]#2] (f:0,a:3) producer disconnected before acquireNextBufferLocked
03-13 10:00:10.544 4700 4806 E gralloc4: Empty SMPTE 2094-40 data
03-13 10:00:10.562 4700 4806 E gralloc4: Empty SMPTE 2094-40 data
03-13 10:00:10.567 4700 4806 E gralloc4: Empty SMPTE 2094-40 data
03-13 10:00:10.579 4700 4806 E gralloc4: Empty SMPTE 2094-40 data
03-13 10:00:10.590 4700 4806 E gralloc4: Empty SMPTE 2094-40 data
03-13 10:00:10.599 4700 4806 E gralloc4: Empty SMPTE 2094-40 data
03-13 10:00:10.599 4700 4806 W RenderInspector: DequeueBuffer time out on com.dts.freefiremax/com.unity3d.plugin.downloader.UnityDownloaderActivity, count=1, avg=12 ms, max=12 ms.
03-13 10:00:10.611 4700 4806 E gralloc4: Empty SMPTE 2094-40 data
03-13 10:00:10.621 4700 4806 E gralloc4: Empty SMPTE 2094-40 data
03-13 10:00:10.631 4700 4806 E gralloc4: Empty SMPTE 2094-40 data
03-13 10:00:10.643 4700 4806 E gralloc4: Empty SMPTE 2094-40 data
03-13 10:00:10.653 4700 4806 E gralloc4: Empty SMPTE 2094-40 data
03-13 10:00:10.665 4700 4806 E gralloc4: Empty SMPTE 2094-40 data
03-13 10:00:10.675 4700 4806 E gralloc4: Empty SMPTE 2094-40 data
03-13 10:00:10.687 4700 4806 E gralloc4: Empty SMPTE 2094-40 data
03-13 10:00:10.697 4700 4806 E gralloc4: Empty SMPTE 2094-40 data
03-13 10:00:10.708 4700 4806 E gralloc4: Empty SMPTE 2094-40 data
03-13 10:00:10.720 4700 4806 E gralloc4: Empty SMPTE 2094-40 data
03-13 10:00:10.732 4700 4806 E gralloc4: Empty SMPTE 2094-40 data
03-13 10:00:10.741 4700 4806 E gralloc4: Empty SMPTE 2094-40 data
03-13 10:00:10.753 4700 4806 E gralloc4: Empty SMPTE 2094-40 data
03-13 10:00:10.763 4700 4806 E gralloc4: Empty SMPTE 2094-40 data
03-13 10:00:10.775 4700 4806 E gralloc4: Empty SMPTE 2094-40 data
03-13 10:00:10.785 4700 4806 E gralloc4: Empty SMPTE 2094-40 data
03-13 10:00:10.797 4700 4806 E gralloc4: Empty SMPTE 2094-40 data
03-13 10:00:10.808 4700 4806 E gralloc4: Empty SMPTE 2094-40 data
03-13 10:00:10.821 4700 4806 E gralloc4: Empty SMPTE 2094-40 data
03-13 10:00:10.829 4700 4806 E gralloc4: Empty SMPTE 2094-40 data
03-13 10:00:10.840 4700 4806 E gralloc4: Empty SMPTE 2094-40 data
03-13 10:00:10.851 4700 4806 E gralloc4: Empty SMPTE 2094-40 data
03-13 10:00:10.863 4700 4806 E gralloc4: Empty SMPTE 2094-40 data
03-13 10:00:10.874 4700 4806 E gralloc4: Empty SMPTE 2094-40 data
03-13 10:00:10.885 4700 4806 E gralloc4: Empty SMPTE 2094-40 data
03-13 10:00:10.896 4700 4806 E gralloc4: Empty SMPTE 2094-40 data
03-13 10:00:10.907 4700 4806 E gralloc4: Empty SMPTE 2094-40 data
03-13 10:00:10.918 4700 4806 E gralloc4: Empty SMPTE 2094-40 data
03-13 10:00:10.929 4700 4806 E gralloc4: Empty SMPTE 2094-40 data
03-13 10:00:10.940 4700 4806 E gralloc4: Empty SMPTE 2094-40 data
03-13 10:00:10.951 4700 4806 E gralloc4: Empty SMPTE 2094-40 data
03-13 10:00:10.962 4700 4806 E gralloc4: Empty SMPTE 2094-40 data
03-13 10:00:10.973 4700 4806 E gralloc4: Empty SMPTE 2094-40 data
03-13 10:00:10.986 4700 4806 E gralloc4: Empty SMPTE 2094-40 data
03-13 10:00:10.997 4700 4806 E gralloc4: Empty SMPTE 2094-40 data
03-13 10:00:11.007 4700 4806 E gralloc4: Empty SMPTE 2094-40 data
03-13 10:00:11.018 4700 4806 E gralloc4: Empty SMPTE 2094-40 data
03-13 10:00:11.029 4700 4806 E gralloc4: Empty SMPTE 2094-40 data
03-13 10:00:11.040 4700 4806 E gralloc4: Empty SMPTE 2094-40 data
03-13 10:00:11.051 4700 4806 E gralloc4: Empty SMPTE 2094-40 data
03-13 10:00:11.062 4700 4806 E gralloc4: Empty SMPTE 2094-40 data
03-13 10:00:11.073 4700 4806 E gralloc4: Empty SMPTE 2094-40 data
03-13 10:00:11.084 4700 4806 E gralloc4: Empty SMPTE 2094-40 data
03-13 10:00:11.095 4700 4806 E gralloc4: Empty SMPTE 2094-40 data
03-13 10:00:11.106 4700 4806 E gralloc4: Empty SMPTE 2094-40 data
03-13 10:00:11.118 4700 4806 E gralloc4: Empty SMPTE 2094-40 data
03-13 10:00:11.128 4700 4806 E gralloc4: Empty SMPTE 2094-40 data
03-13 10:00:11.139 4700 4806 E gralloc4: Empty SMPTE 2094-40 data
03-13 10:00:11.150 4700 4806 E gralloc4: Empty SMPTE 2094-40 data
03-13 10:00:11.162 4700 4806 E gralloc4: Empty SMPTE 2094-40 data
03-13 10:00:11.173 4700 4806 E gralloc4: Empty SMPTE 2094-40 data
03-13 10:00:11.183 4700 4806 E gralloc4: Empty SMPTE 2094-40 data
03-13 10:00:11.195 4700 4806 E gralloc4: Empty SMPTE 2094-40 data
03-13 10:00:11.206 4700 4806 E gralloc4: Empty SMPTE 2094-40 data
03-13 10:00:11.217 4700 4806 E gralloc4: Empty SMPTE 2094-40 data
03-13 10:00:11.233 4700 4806 E gralloc4: Empty SMPTE 2094-40 data
03-13 10:00:11.245 4700 4806 E gralloc4: Empty SMPTE 2094-40 data
03-13 10:00:11.255 4700 4806 E gralloc4: Empty SMPTE 2094-40 data
03-13 10:00:11.266 4700 4806 E gralloc4: Empty SMPTE 2094-40 data
03-13 10:00:11.276 4700 4806 E gralloc4: Empty SMPTE 2094-40 data
03-13 10:00:11.289 4700 4806 E gralloc4: Empty SMPTE 2094-40 data
03-13 10:00:11.300 4700 4806 E gralloc4: Empty SMPTE 2094-40 data
03-13 10:00:11.312 4700 4806 E gralloc4: Empty SMPTE 2094-40 data
03-13 10:00:11.319 4700 4806 E gralloc4: Empty SMPTE 2094-40 data
03-13 10:00:11.329 4700 4806 E gralloc4: Empty SMPTE 2094-40 data
03-13 10:00:11.344 4700 4806 E gralloc4: Empty SMPTE 2094-40 data
03-13 10:00:11.351 4700 4806 E gralloc4: Empty SMPTE 2094-40 data
03-13 10:00:11.364 4700 4806 E gralloc4: Empty SMPTE 2094-40 data
03-13 10:00:11.376 4700 4806 E gralloc4: Empty SMPTE 2094-40 data
03-13 10:00:11.387 4700 4806 E gralloc4: Empty SMPTE 2094-40 data
03-13 10:00:11.396 4700 4806 E gralloc4: Empty SMPTE 2094-40 data
03-13 10:00:11.410 4700 4806 E gralloc4: Empty SMPTE 2094-40 data
03-13 10:00:11.420 4700 4806 E gralloc4: Empty SMPTE 2094-40 data
03-13 10:00:11.429 4700 4806 E gralloc4: Empty SMPTE 2094-40 data
03-13 10:00:11.442 4700 4806 E gralloc4: Empty SMPTE 2094-40 data
03-13 10:00:11.455 4700 4806 E gralloc4: Empty SMPTE 2094-40 data
03-13 10:00:11.465 4700 4806 E gralloc4: Empty SMPTE 2094-40 data
03-13 10:00:11.477 4700 4806 E gralloc4: Empty SMPTE 2094-40 data
03-13 10:00:11.484 4700 4806 E gralloc4: Empty SMPTE 2094-40 data
03-13 10:00:11.496 4700 4806 E gralloc4: Empty SMPTE 2094-40 data
03-13 10:00:11.512 4700 4806 E gralloc4: Empty SMPTE 2094-40 data
03-13 10:00:11.519 4700 4806 E gralloc4: Empty SMPTE 2094-40 data
03-13 10:00:11.529 4700 4806 E gralloc4: Empty SMPTE 2094-40 data
03-13 10:00:11.543 4700 4806 E gralloc4: Empty SMPTE 2094-40 data
03-13 10:00:11.550 4700 4806 E gralloc4: Empty SMPTE 2094-40 data
03-13 10:00:11.562 4700 4806 E gralloc4: Empty SMPTE 2094-40 data
03-13 10:00:11.572 4700 4806 E gralloc4: Empty SMPTE 2094-40 data
03-13 10:00:11.584 4700 4806 E gralloc4: Empty SMPTE 2094-40 data
03-13 10:00:11.594 4700 4806 E gralloc4: Empty SMPTE 2094-40 data
03-13 10:00:11.607 4700 4806 E gralloc4: Empty SMPTE 2094-40 data
03-13 10:00:11.620 4700 4806 E gralloc4: Empty SMPTE 2094-40 data
03-13 10:00:11.636 4700 4806 E gralloc4: Empty SMPTE 2094-40 data
03-13 10:00:11.643 4700 4806 E gralloc4: Empty SMPTE 2094-40 data
03-13 10:00:11.653 4700 4806 E gralloc4: Empty SMPTE 2094-40 data
03-13 10:00:11.666 4700 4806 E gralloc4: Empty SMPTE 2094-40 data
03-13 10:00:11.674 4700 4806 E gralloc4: Empty SMPTE 2094-40 data
03-13 10:00:11.686 4700 4806 E gralloc4: Empty SMPTE 2094-40 data
03-13 10:00:11.697 4700 4806 E gralloc4: Empty SMPTE 2094-40 data
03-13 10:00:11.707 4700 4806 E gralloc4: Empty SMPTE 2094-40 data
03-13 10:00:11.721 4700 4806 E gralloc4: Empty SMPTE 2094-40 data
03-13 10:00:11.728 4700 4806 E gralloc4: Empty SMPTE 2094-40 data
03-13 10:00:11.742 4700 4806 E gralloc4: Empty SMPTE 2094-40 data
03-13 10:00:11.751 4700 4806 E gralloc4: Empty SMPTE 2094-40 data
03-13 10:00:11.765 4700 4806 E gralloc4: Empty SMPTE 2094-40 data
03-13 10:00:11.772 4700 4806 E gralloc4: Empty SMPTE 2094-40 data
03-13 10:00:11.783 4700 4806 E gralloc4: Empty SMPTE 2094-40 data
03-13 10:00:11.799 4700 4806 E gralloc4: Empty SMPTE 2094-40 data
03-13 10:00:11.807 4700 4806 E gralloc4: Empty SMPTE 2094-40 data
03-13 10:00:11.820 4700 4806 E gralloc4: Empty SMPTE 2094-40 data
03-13 10:00:11.829 4700 4806 E gralloc4: Empty SMPTE 2094-40 data
03-13 10:00:11.843 4700 4806 E gralloc4: Empty SMPTE 2094-40 data
03-13 10:00:11.849 4700 4806 E gralloc4: Empty SMPTE 2094-40 data
03-13 10:00:11.861 4700 4806 E gralloc4: Empty SMPTE 2094-40 data
03-13 10:00:11.871 4700 4806 E gralloc4: Empty SMPTE 2094-40 data
03-13 10:00:11.882 4700 4806 E gralloc4: Empty SMPTE 2094-40 data
03-13 10:00:11.895 4700 4806 E gralloc4: Empty SMPTE 2094-40 data
03-13 10:00:11.904 4700 4806 E gralloc4: Empty SMPTE 2094-40 data
03-13 10:00:11.916 4700 4806 E gralloc4: Empty SMPTE 2094-40 data
03-13 10:00:11.927 4700 4806 E gralloc4: Empty SMPTE 2094-40 data
03-13 10:00:11.938 4700 4806 E gralloc4: Empty SMPTE 2094-40 data
03-13 10:00:11.950 4700 4806 E gralloc4: Empty SMPTE 2094-40 data
03-13 10:00:11.959 4700 4806 E gralloc4: Empty SMPTE 2094-40 data
03-13 10:00:11.971 4700 4806 E gralloc4: Empty SMPTE 2094-40 data
03-13 10:00:11.981 4700 4806 E gralloc4: Empty SMPTE 2094-40 data
03-13 10:00:11.993 4700 4806 E gralloc4: Empty SMPTE 2094-40 data
03-13 10:00:12.004 4700 4806 E gralloc4: Empty SMPTE 2094-40 data
03-13 10:00:12.015 4700 4806 E gralloc4: Empty SMPTE 2094-40 data
03-13 10:00:12.028 4700 4806 E gralloc4: Empty SMPTE 2094-40 data
03-13 10:00:12.039 4700 4806 E gralloc4: Empty SMPTE 2094-40 data
03-13 10:00:12.048 4700 4806 E gralloc4: Empty SMPTE 2094-40 data
03-13 10:00:12.059 4700 4806 E gralloc4: Empty SMPTE 2094-40 data
03-13 10:00:12.073 4700 4806 E gralloc4: Empty SMPTE 2094-40 data
03-13 10:00:12.082 4700 4806 E gralloc4: Empty SMPTE 2094-40 data
03-13 10:00:12.093 4700 4806 E gralloc4: Empty SMPTE 2094-40 data
03-13 10:00:12.104 4700 4806 E gralloc4: Empty SMPTE 2094-40 data
03-13 10:00:12.116 4700 4806 E gralloc4: Empty SMPTE 2094-40 data
03-13 10:00:12.127 4700 4806 E gralloc4: Empty SMPTE 2094-40 data
03-13 10:00:12.139 4700 4806 E gralloc4: Empty SMPTE 2094-40 data
03-13 10:00:12.149 4700 4806 E gralloc4: Empty SMPTE 2094-40 data
03-13 10:00:12.159 4700 4806 E gralloc4: Empty SMPTE 2094-40 data
03-13 10:00:12.171 4700 4806 E gralloc4: Empty SMPTE 2094-40 data
03-13 10:00:12.182 4700 4806 E gralloc4: Empty SMPTE 2094-40 data
03-13 10:00:12.192 4700 4806 E gralloc4: Empty SMPTE 2094-40 data
03-13 10:00:12.203 4700 4806 E gralloc4: Empty SMPTE 2094-40 data
03-13 10:00:12.215 4700 4806 E gralloc4: Empty SMPTE 2094-40 data
03-13 10:00:12.224 4700 4806 E gralloc4: Empty SMPTE 2094-40 data
03-13 10:00:12.237 4700 4806 E gralloc4: Empty SMPTE 2094-40 data
03-13 10:00:12.247 4700 4806 E gralloc4: Empty SMPTE 2094-40 data
03-13 10:00:12.258 4700 4806 E gralloc4: Empty SMPTE 2094-40 data
03-13 10:00:12.269 4700 4806 E gralloc4: Empty SMPTE 2094-40 data
03-13 10:00:12.280 4700 4806 E gralloc4: Empty SMPTE 2094-40 data
03-13 10:00:12.292 4700 4806 E gralloc4: Empty SMPTE 2094-40 data
03-13 10:00:12.303 4700 4806 E gralloc4: Empty SMPTE 2094-40 data
03-13 10:00:12.314 4700 4806 E gralloc4: Empty SMPTE 2094-40 data
03-13 10:00:12.325 4700 4806 E gralloc4: Empty SMPTE 2094-40 data
03-13 10:00:12.338 4700 4806 E gralloc4: Empty SMPTE 2094-40 data
03-13 10:00:12.349 4700 4806 E gralloc4: Empty SMPTE 2094-40 data
03-13 10:00:12.358 4700 4806 E gralloc4: Empty SMPTE 2094-40 data
03-13 10:00:12.370 4700 4806 E gralloc4: Empty SMPTE 2094-40 data
03-13 10:00:12.380 4700 4806 E gralloc4: Empty SMPTE 2094-40 data
03-13 10:00:12.391 4700 4806 E gralloc4: Empty SMPTE 2094-40 data
03-13 10:00:12.402 4700 4806 E gralloc4: Empty SMPTE 2094-40 data
03-13 10:00:12.413 4700 4806 E gralloc4: Empty SMPTE 2094-40 data
03-13 10:00:12.424 4700 4806 E gralloc4: Empty SMPTE 2094-40 data
03-13 10:00:12.435 4700 4806 E gralloc4: Empty SMPTE 2094-40 data
03-13 10:00:12.446 4700 4806 E gralloc4: Empty SMPTE 2094-40 data
03-13 10:00:12.457 4700 4806 E gralloc4: Empty SMPTE 2094-40 data
03-13 10:00:12.468 4700 4806 E gralloc4: Empty SMPTE 2094-40 data
03-13 10:00:12.479 4700 4806 E gralloc4: Empty SMPTE 2094-40 data
03-13 10:00:12.491 4700 4806 E gralloc4: Empty SMPTE 2094-40 data
03-13 10:00:12.502 4700 4806 E gralloc4: Empty SMPTE 2094-40 data
03-13 10:00:12.516 4700 4806 E gralloc4: Empty SMPTE 2094-40 data
03-13 10:00:12.525 4700 4806 E gralloc4: Empty SMPTE 2094-40 data
03-13 10:00:12.538 4700 4806 E gralloc4: Empty SMPTE 2094-40 data
03-13 10:00:12.550 4700 4806 E gralloc4: Empty SMPTE 2094-40 data
03-13 10:00:12.559 4700 4806 E gralloc4: Empty SMPTE 2094-40 data
03-13 10:00:12.571 4700 4806 E gralloc4: Empty SMPTE 2094-40 data
03-13 10:00:12.582 4700 4806 E gralloc4: Empty SMPTE 2094-40 data
03-13 10:00:12.593 4700 4806 E gralloc4: Empty SMPTE 2094-40 data
03-13 10:00:12.604 4700 4806 E gralloc4: Empty SMPTE 2094-40 data
03-13 10:00:12.616 4700 4806 E gralloc4: Empty SMPTE 2094-40 data
03-13 10:00:12.627 4700 4806 E gralloc4: Empty SMPTE 2094-40 data
03-13 10:00:12.637 4700 4806 E gralloc4: Empty SMPTE 2094-40 data
03-13 10:00:12.648 4700 4806 E gralloc4: Empty SMPTE 2094-40 data
03-13 10:00:12.658 4700 4806 E gralloc4: Empty SMPTE 2094-40 data
03-13 10:00:12.669 4700 4806 E gralloc4: Empty SMPTE 2094-40 data
03-13 10:00:12.680 4700 4806 E gralloc4: Empty SMPTE 2094-40 data
03-13 10:00:12.691 4700 4806 E gralloc4: Empty SMPTE 2094-40 data
03-13 10:00:12.703 4700 4806 E gralloc4: Empty SMPTE 2094-40 data
03-13 10:00:12.715 4700 4806 E gralloc4: Empty SMPTE 2094-40 data
03-13 10:00:12.726 4700 4806 E gralloc4: Empty SMPTE 2094-40 data
03-13 10:00:12.738 4700 4806 E gralloc4: Empty SMPTE 2094-40 data
03-13 10:00:12.749 4700 4806 E gralloc4: Empty SMPTE 2094-40 data
03-13 10:00:12.758 4700 4806 E gralloc4: Empty SMPTE 2094-40 data
03-13 10:00:12.771 4700 4806 E gralloc4: Empty SMPTE 2094-40 data
03-13 10:00:12.779 4700 4806 E gralloc4: Empty SMPTE 2094-40 data
03-13 10:00:12.792 4700 4806 E gralloc4: Empty SMPTE 2094-40 data
03-13 10:00:12.804 4700 4806 E gralloc4: Empty SMPTE 2094-40 data
03-13 10:00:12.815 4700 4806 E gralloc4: Empty SMPTE 2094-40 data
03-13 10:00:12.826 4700 4806 E gralloc4: Empty SMPTE 2094-40 data
03-13 10:00:12.837 4700 4806 E gralloc4: Empty SMPTE 2094-40 data
03-13 10:00:12.846 4700 4806 E gralloc4: Empty SMPTE 2094-40 data
03-13 10:00:12.856 4700 4806 E gralloc4: Empty SMPTE 2094-40 data
03-13 10:00:12.869 4700 4806 E gralloc4: Empty SMPTE 2094-40 data
03-13 10:00:12.880 4700 4806 E gralloc4: Empty SMPTE 2094-40 data
03-13 10:00:12.892 4700 4806 E gralloc4: Empty SMPTE 2094-40 data
03-13 10:00:12.903 4700 4806 E gralloc4: Empty SMPTE 2094-40 data
03-13 10:00:12.915 4700 4806 E gralloc4: Empty SMPTE 2094-40 data
03-13 10:00:12.924 4700 4806 E gralloc4: Empty SMPTE 2094-40 data
03-13 10:00:12.936 4700 4806 E gralloc4: Empty SMPTE 2094-40 data
03-13 10:00:12.947 4700 4806 E gralloc4: Empty SMPTE 2094-40 data
03-13 10:00:12.957 4700 4806 E gralloc4: Empty SMPTE 2094-40 data
03-13 10:00:12.967 4700 4806 E gralloc4: Empty SMPTE 2094-40 data
03-13 10:00:12.980 4700 4806 E gralloc4: Empty SMPTE 2094-40 data
03-13 10:00:12.989 4700 4806 E gralloc4: Empty SMPTE 2094-40 data
03-13 10:00:13.003 4700 4806 E gralloc4: Empty SMPTE 2094-40 data
03-13 10:00:13.011 4700 4806 E gralloc4: Empty SMPTE 2094-40 data
03-13 10:00:13.022 4700 4806 E gralloc4: Empty SMPTE 2094-40 data
03-13 10:00:13.037 4700 4806 E gralloc4: Empty SMPTE 2094-40 data
03-13 10:00:13.048 4700 4806 E gralloc4: Empty SMPTE 2094-40 data
03-13 10:00:13.057 4700 4806 E gralloc4: Empty SMPTE 2094-40 data
03-13 10:00:13.068 4700 4806 E gralloc4: Empty SMPTE 2094-40 data
03-13 10:00:13.079 4700 4806 E gralloc4: Empty SMPTE 2094-40 data
03-13 10:00:13.091 4700 4806 E gralloc4: Empty SMPTE 2094-40 data
03-13 10:00:13.103 4700 4806 E gralloc4: Empty SMPTE 2094-40 data
03-13 10:00:13.113 4700 4806 E gralloc4: Empty SMPTE 2094-40 data
03-13 10:00:13.125 4700 4806 E gralloc4: Empty SMPTE 2094-40 data
03-13 10:00:13.136 4700 4806 E gralloc4: Empty SMPTE 2094-40 data
03-13 10:00:13.147 4700 4806 E gralloc4: Empty SMPTE 2094-40 data
03-13 10:00:13.156 4700 4806 E gralloc4: Empty SMPTE 2094-40 data
03-13 10:00:13.169 4700 4806 E gralloc4: Empty SMPTE 2094-40 data
03-13 10:00:13.179 4700 4806 E gralloc4: Empty SMPTE 2094-40 data
03-13 10:00:13.190 4700 4806 E gralloc4: Empty SMPTE 2094-40 data
03-13 10:00:13.201 4700 4806 E gralloc4: Empty SMPTE 2094-40 data
03-13 10:00:13.212 4700 4806 E gralloc4: Empty SMPTE 2094-40 data
03-13 10:00:13.223 4700 4806 E gralloc4: Empty SMPTE 2094-40 data
03-13 10:00:13.234 4700 4806 E gralloc4: Empty SMPTE 2094-40 data
03-13 10:00:13.244 4700 4806 E gralloc4: Empty SMPTE 2094-40 data
03-13 10:00:13.258 4700 4806 E gralloc4: Empty SMPTE 2094-40 data
03-13 10:00:13.268 4700 4806 E gralloc4: Empty SMPTE 2094-40 data
03-13 10:00:13.277 4700 4806 E gralloc4: Empty SMPTE 2094-40 data
03-13 10:00:13.288 4700 4806 E gralloc4: Empty SMPTE 2094-40 data
03-13 10:00:13.298 4700 4806 E gralloc4: Empty SMPTE 2094-40 data
03-13 10:00:13.310 4700 4806 E gralloc4: Empty SMPTE 2094-40 data
03-13 10:00:13.321 4700 4806 E gralloc4: Empty SMPTE 2094-40 data
03-13 10:00:13.332 4700 4806 E gralloc4: Empty SMPTE 2094-40 data
03-13 10:00:13.343 4700 4806 E gralloc4: Empty SMPTE 2094-40 data
03-13 10:00:13.355 4700 4806 E gralloc4: Empty SMPTE 2094-40 data
03-13 10:00:13.365 4700 4806 E gralloc4: Empty SMPTE 2094-40 data
03-13 10:00:13.376 4700 4806 E gralloc4: Empty SMPTE 2094-40 data
03-13 10:00:13.387 4700 4806 E gralloc4: Empty SMPTE 2094-40 data
03-13 10:00:13.398 4700 4806 E gralloc4: Empty SMPTE 2094-40 data
03-13 10:00:13.409 4700 4806 E gralloc4: Empty SMPTE 2094-40 data
03-13 10:00:13.415 20010 20106 I TRuntime.CctTransportBackend: Making request to: https://firebaselogging-pa.googleapis.com/v1/firelog/legacy/batchlog
03-13 10:00:13.421 4700 4806 E gralloc4: Empty SMPTE 2094-40 data
03-13 10:00:13.431 4700 4806 E gralloc4: Empty SMPTE 2094-40 data
03-13 10:00:13.442 4700 4806 E gralloc4: Empty SMPTE 2094-40 data
03-13 10:00:13.454 4700 4806 E gralloc4: Empty SMPTE 2094-40 data
03-13 10:00:13.464 4700 4806 E gralloc4: Empty SMPTE 2094-40 data
03-13 10:00:13.475 4700 4806 E gralloc4: Empty SMPTE 2094-40 data
03-13 10:00:13.487 4700 4806 E gralloc4: Empty SMPTE 2094-40 data
03-13 10:00:13.497 4700 4806 E gralloc4: Empty SMPTE 2094-40 data
03-13 10:00:13.508 4700 4806 E gralloc4: Empty SMPTE 2094-40 data
03-13 10:00:13.520 4700 4806 E gralloc4: Empty SMPTE 2094-40 data
03-13 10:00:13.531 4700 4806 E gralloc4: Empty SMPTE 2094-40 data
03-13 10:00:13.542 4700 4806 E gralloc4: Empty SMPTE 2094-40 data
03-13 10:00:13.553 4700 4806 E gralloc4: Empty SMPTE 2094-40 data
03-13 10:00:13.564 4700 4806 E gralloc4: Empty SMPTE 2094-40 data
03-13 10:00:13.576 4700 4806 E gralloc4: Empty SMPTE 2094-40 data
03-13 10:00:13.587 4700 4806 E gralloc4: Empty SMPTE 2094-40 data
03-13 10:00:13.598 4700 4806 E gralloc4: Empty SMPTE 2094-40 data
03-13 10:00:13.611 4700 4806 E gralloc4: Empty SMPTE 2094-40 data
03-13 10:00:13.622 4700 4806 E gralloc4: Empty SMPTE 2094-40 data
03-13 10:00:13.633 4700 4806 E gralloc4: Empty SMPTE 2094-40 data
03-13 10:00:13.645 4700 4806 E gralloc4: Empty SMPTE 2094-40 data
03-13 10:00:13.657 4700 4806 E gralloc4: Empty SMPTE 2094-40 data
03-13 10:00:13.665 4700 4806 E gralloc4: Empty SMPTE 2094-40 data
03-13 10:00:13.677 4700 4806 E gralloc4: Empty SMPTE 2094-40 data
03-13 10:00:13.688 4700 4806 E gralloc4: Empty SMPTE 2094-40 data
03-13 10:00:13.700 4700 4806 E gralloc4: Empty SMPTE 2094-40 data
03-13 10:00:13.711 4700 4806 E gralloc4: Empty SMPTE 2094-40 data
03-13 10:00:13.722 4700 4806 E gralloc4: Empty SMPTE 2094-40 data
03-13 10:00:13.734 4700 4806 E gralloc4: Empty SMPTE 2094-40 data
03-13 10:00:13.745 4700 4806 E gralloc4: Empty SMPTE 2094-40 data
03-13 10:00:13.753 4700 4806 E gralloc4: Empty SMPTE 2094-40 data
03-13 10:00:13.767 4700 4806 E gralloc4: Empty SMPTE 2094-40 data
03-13 10:00:13.778 4700 4806 E gralloc4: Empty SMPTE 2094-40 data
03-13 10:00:13.787 4700 4806 E gralloc4: Empty SMPTE 2094-40 data
03-13 10:00:13.799 4700 4806 E gralloc4: Empty SMPTE 2094-40 data
03-13 10:00:13.809 4700 4806 E gralloc4: Empty SMPTE 2094-40 data
03-13 10:00:13.822 4700 4806 E gralloc4: Empty SMPTE 2094-40 data
03-13 10:00:13.833 4700 4806 E gralloc4: Empty SMPTE 2094-40 data
03-13 10:00:13.844 4700 4806 E gralloc4: Empty SMPTE 2094-40 data
03-13 10:00:13.855 4700 4806 E gralloc4: Empty SMPTE 2094-40 data
03-13 10:00:13.866 4700 4806 E gralloc4: Empty SMPTE 2094-40 data
03-13 10:00:13.875 4700 4806 E gralloc4: Empty SMPTE 2094-40 data
03-13 10:00:13.885 4700 4806 E gralloc4: Empty SMPTE 2094-40 data
03-13 10:00:13.899 4700 4806 E gralloc4: Empty SMPTE 2094-40 data
03-13 10:00:13.910 4700 4806 E gralloc4: Empty SMPTE 2094-40 data
03-13 10:00:13.921 4700 4806 E gralloc4: Empty SMPTE 2094-40 data
03-13 10:00:13.932 4700 4806 E gralloc4: Empty SMPTE 2094-40 data
03-13 10:00:13.944 4700 4806 E gralloc4: Empty SMPTE 2094-40 data
03-13 10:00:13.954 4700 4806 E gralloc4: Empty SMPTE 2094-40 data
03-13 10:00:13.966 4700 4806 E gralloc4: Empty SMPTE 2094-40 data
03-13 10:00:13.977 4700 4806 E gralloc4: Empty SMPTE 2094-40 data
03-13 10:00:13.988 4700 4806 E gralloc4: Empty SMPTE 2094-40 data
03-13 10:00:13.999 4700 4806 E gralloc4: Empty SMPTE 2094-40 data
03-13 10:00:14.010 4700 4806 E gralloc4: Empty SMPTE 2094-40 data
03-13 10:00:14.018 4700 4806 E gralloc4: Empty SMPTE 2094-40 data
03-13 10:00:14.030 4700 4806 E gralloc4: Empty SMPTE 2094-40 data
03-13 10:00:14.044 4700 4806 E gralloc4: Empty SMPTE 2094-40 data
03-13 10:00:14.054 4700 4806 E gralloc4: Empty SMPTE 2094-40 data
03-13 10:00:14.066 4700 4806 E gralloc4: Empty SMPTE 2094-40 data
03-13 10:00:14.077 4700 4806 E gralloc4: Empty SMPTE 2094-40 data
03-13 10:00:14.088 4700 4806 E gralloc4: Empty SMPTE 2094-40 data
03-13 10:00:14.098 4700 4806 E gralloc4: Empty SMPTE 2094-40 data
03-13 10:00:14.110 4700 4806 E gralloc4: Empty SMPTE 2094-40 data
03-13 10:00:14.121 4700 4806 E gralloc4: Empty SMPTE 2094-40 data
03-13 10:00:14.132 4700 4806 E gralloc4: Empty SMPTE 2094-40 data
03-13 10:00:14.143 4700 4806 E gralloc4: Empty SMPTE 2094-40 data
03-13 10:00:14.154 4700 4806 E gralloc4: Empty SMPTE 2094-40 data
03-13 10:00:14.165 4700 4806 E gralloc4: Empty SMPTE 2094-40 data
03-13 10:00:14.175 4700 4806 E gralloc4: Empty SMPTE 2094-40 data
03-13 10:00:14.184 4700 4806 E gralloc4: Empty SMPTE 2094-40 data
03-13 10:00:14.198 4700 4806 E gralloc4: Empty SMPTE 2094-40 data
03-13 10:00:14.209 4700 4806 E gralloc4: Empty SMPTE 2094-40 data
03-13 10:00:14.217 4700 4806 E gralloc4: Empty SMPTE 2094-40 data
03-13 10:00:14.231 4700 4806 E gralloc4: Empty SMPTE 2094-40 data
03-13 10:00:14.243 4700 4806 E gralloc4: Empty SMPTE 2094-40 data
03-13 10:00:14.253 4700 4806 E gralloc4: Empty SMPTE 2094-40 data
03-13 10:00:14.265 4700 4806 E gralloc4: Empty SMPTE 2094-40 data
03-13 10:00:14.273 4700 4806 E gralloc4: Empty SMPTE 2094-40 data
03-13 10:00:14.287 4700 4806 E gralloc4: Empty SMPTE 2094-40 data
03-13 10:00:14.295 4700 4806 E gralloc4: Empty SMPTE 2094-40 data
03-13 10:00:14.310 4700 4806 E gralloc4: Empty SMPTE 2094-40 data
03-13 10:00:14.319 4700 4806 E gralloc4: Empty SMPTE 2094-40 data
03-13 10:00:14.329 4700 4806 E gralloc4: Empty SMPTE 2094-40 data
03-13 10:00:14.342 4700 4806 E gralloc4: Empty SMPTE 2094-40 data
03-13 10:00:14.354 4700 4806 E gralloc4: Empty SMPTE 2094-40 data
03-13 10:00:14.364 4700 4806 E gralloc4: Empty SMPTE 2094-40 data
03-13 10:00:14.376 4700 4806 E gralloc4: Empty SMPTE 2094-40 data
03-13 10:00:14.385 4700 4806 E gralloc4: Empty SMPTE 2094-40 data
03-13 10:00:14.398 4700 4806 E gralloc4: Empty SMPTE 2094-40 data
03-13 10:00:14.409 4700 4806 E gralloc4: Empty SMPTE 2094-40 data
03-13 10:00:14.419 4700 4806 E gralloc4: Empty SMPTE 2094-40 data
03-13 10:00:14.429 4700 4806 E gralloc4: Empty SMPTE 2094-40 data
03-13 10:00:14.438 4700 4806 E gralloc4: Empty SMPTE 2094-40 data
03-13 10:00:14.451 4700 4806 E gralloc4: Empty SMPTE 2094-40 data
03-13 10:00:14.462 4700 4806 E gralloc4: Empty SMPTE 2094-40 data
03-13 10:00:14.475 4700 4806 E gralloc4: Empty SMPTE 2094-40 data
03-13 10:00:14.487 4700 4806 E gralloc4: Empty SMPTE 2094-40 data
03-13 10:00:14.496 4700 4806 E gralloc4: Empty SMPTE 2094-40 data
03-13 10:00:14.508 4700 4806 E gralloc4: Empty SMPTE 2094-40 data
03-13 10:00:14.520 4700 4806 E gralloc4: Empty SMPTE 2094-40 data
03-13 10:00:14.527 4700 4806 E gralloc4: Empty SMPTE 2094-40 data
03-13 10:00:14.541 4700 4806 E gralloc4: Empty SMPTE 2094-40 data
03-13 10:00:14.552 4700 4806 E gralloc4: Empty SMPTE 2094-40 data
03-13 10:00:14.564 4700 4806 E gralloc4: Empty SMPTE 2094-40 data
03-13 10:00:14.573 4700 4806 E gralloc4: Empty SMPTE 2094-40 data
03-13 10:00:14.586 4700 4806 E gralloc4: Empty SMPTE 2094-40 data
03-13 10:00:14.594 4700 4806 E gralloc4: Empty SMPTE 2094-40 data
03-13 10:00:14.606 4700 4806 E gralloc4: Empty SMPTE 2094-40 data
03-13 10:00:14.617 4700 4806 E gralloc4: Empty SMPTE 2094-40 data
03-13 10:00:14.630 4700 4806 E gralloc4: Empty SMPTE 2094-40 data
03-13 10:00:14.641 4700 4806 E gralloc4: Empty SMPTE 2094-40 data
03-13 10:00:14.651 4700 4806 E gralloc4: Empty SMPTE 2094-40 data
03-13 10:00:14.662 4700 4806 E gralloc4: Empty SMPTE 2094-40 data
03-13 10:00:14.674 4700 4806 E gralloc4: Empty SMPTE 2094-40 data
03-13 10:00:14.686 4700 4806 E gralloc4: Empty SMPTE 2094-40 data
03-13 10:00:14.696 4700 4806 E gralloc4: Empty SMPTE 2094-40 data
03-13 10:00:14.707 4700 4806 E gralloc4: Empty SMPTE 2094-40 data
03-13 10:00:14.718 4700 4806 E gralloc4: Empty SMPTE 2094-40 data
03-13 10:00:14.729 4700 4806 E gralloc4: Empty SMPTE 2094-40 data
03-13 10:00:14.739 4700 4806 E gralloc4: Empty SMPTE 2094-40 data
03-13 10:00:14.750 4700 4806 E gralloc4: Empty SMPTE 2094-40 data
03-13 10:00:14.762 4700 4806 E gralloc4: Empty SMPTE 2094-40 data
03-13 10:00:14.774 4700 4806 E gralloc4: Empty SMPTE 2094-40 data
03-13 10:00:14.785 4700 4806 E gralloc4: Empty SMPTE 2094-40 data
03-13 10:00:14.793 4700 4806 E gralloc4: Empty SMPTE 2094-40 data
03-13 10:00:14.807 4700 4806 E gralloc4: Empty SMPTE 2094-40 data
03-13 10:00:14.818 4700 4806 E gralloc4: Empty SMPTE 2094-40 data
03-13 10:00:14.829 4700 4806 E gralloc4: Empty SMPTE 2094-40 data
03-13 10:00:14.841 4700 4806 E gralloc4: Empty SMPTE 2094-40 data
03-13 10:00:14.851 4700 4806 E gralloc4: Empty SMPTE 2094-40 data
03-13 10:00:14.863 4700 4806 E gralloc4: Empty SMPTE 2094-40 data
03-13 10:00:14.873 4700 4806 E gralloc4: Empty SMPTE 2094-40 data
03-13 10:00:14.884 4700 4806 E gralloc4: Empty SMPTE 2094-40 data
03-13 10:00:14.895 4700 4806 E gralloc4: Empty SMPTE 2094-40 data
03-13 10:00:14.906 4700 4806 E gralloc4: Empty SMPTE 2094-40 data
03-13 10:00:14.918 4700 4806 E gralloc4: Empty SMPTE 2094-40 data
03-13 10:00:14.928 4700 4806 E gralloc4: Empty SMPTE 2094-40 data
03-13 10:00:14.940 4700 4806 E gralloc4: Empty SMPTE 2094-40 data
03-13 10:00:14.951 4700 4806 E gralloc4: Empty SMPTE 2094-40 data
03-13 10:00:14.962 4700 4806 E gralloc4: Empty SMPTE 2094-40 data
03-13 10:00:14.972 4700 4806 E gralloc4: Empty SMPTE 2094-40 data
03-13 10:00:14.984 4700 4806 E gralloc4: Empty SMPTE 2094-40 data
03-13 10:00:14.992 4700 4806 E gralloc4: Empty SMPTE 2094-40 data
03-13 10:00:15.004 4700 4806 E gralloc4: Empty SMPTE 2094-40 data
03-13 10:00:15.016 4700 4806 E gralloc4: Empty SMPTE 2094-40 data
03-13 10:00:15.027 4700 4806 E gralloc4: Empty SMPTE 2094-40 data
03-13 10:00:15.037 4700 4806 E gralloc4: Empty SMPTE 2094-40 data
03-13 10:00:15.048 4700 4806 E gralloc4: Empty SMPTE 2094-40 data
03-13 10:00:15.059 4700 4806 E gralloc4: Empty SMPTE 2094-40 data
03-13 10:00:15.073 4700 4806 E gralloc4: Empty SMPTE 2094-40 data
03-13 10:00:15.082 4700 4806 E gralloc4: Empty SMPTE 2094-40 data
03-13 10:00:15.094 4700 4806 E gralloc4: Empty SMPTE 2094-40 data
03-13 10:00:15.104 4700 4806 E gralloc4: Empty SMPTE 2094-40 data
03-13 10:00:15.116 4700 4806 E gralloc4: Empty SMPTE 2094-40 data
03-13 10:00:15.124 4700 4806 E gralloc4: Empty SMPTE 2094-40 data
03-13 10:00:15.139 4700 4806 E gralloc4: Empty SMPTE 2094-40 data
03-13 10:00:15.150 4700 4806 E gralloc4: Empty SMPTE 2094-40 data
03-13 10:00:15.161 4700 4806 E gralloc4: Empty SMPTE 2094-40 data
03-13 10:00:15.170 4700 4806 E gralloc4: Empty SMPTE 2094-40 data
03-13 10:00:15.182 4700 4806 E gralloc4: Empty SMPTE 2094-40 data
03-13 10:00:15.194 4700 4806 E gralloc4: Empty SMPTE 2094-40 data
03-13 10:00:15.204 4700 4806 E gralloc4: Empty SMPTE 2094-40 data
03-13 10:00:15.216 4700 4806 E gralloc4: Empty SMPTE 2094-40 data
03-13 10:00:15.226 4700 4806 E gralloc4: Empty SMPTE 2094-40 data
03-13 10:00:15.239 4700 4806 E gralloc4: Empty SMPTE 2094-40 data
03-13 10:00:15.250 4700 4806 E gralloc4: Empty SMPTE 2094-40 data
03-13 10:00:15.259 4700 4806 E gralloc4: Empty SMPTE 2094-40 data
03-13 10:00:15.271 4700 4806 E gralloc4: Empty SMPTE 2094-40 data
03-13 10:00:15.281 4700 4806 E gralloc4: Empty SMPTE 2094-40 data
03-13 10:00:15.294 4700 4806 E gralloc4: Empty SMPTE 2094-40 data
03-13 10:00:15.306 4700 4806 E gralloc4: Empty SMPTE 2094-40 data
03-13 10:00:15.316 4700 4806 E gralloc4: Empty SMPTE 2094-40 data
03-13 10:00:15.326 4700 4806 E gralloc4: Empty SMPTE 2094-40 data
03-13 10:00:15.339 4700 4806 E gralloc4: Empty SMPTE 2094-40 data
03-13 10:00:15.349 4700 4806 E gralloc4: Empty SMPTE 2094-40 data
03-13 10:00:15.362 4700 4806 E gralloc4: Empty SMPTE 2094-40 data
03-13 10:00:15.369 4700 4806 E gralloc4: Empty SMPTE 2094-40 data
03-13 10:00:15.381 4700 4806 E gralloc4: Empty SMPTE 2094-40 data
03-13 10:00:15.394 4700 4806 E gralloc4: Empty SMPTE 2094-40 data
03-13 10:00:15.405 4700 4806 E gralloc4: Empty SMPTE 2094-40 data
03-13 10:00:15.414 4700 4806 E gralloc4: Empty SMPTE 2094-40 data
03-13 10:00:15.427 4700 4806 E gralloc4: Empty SMPTE 2094-40 data
03-13 10:00:15.436 4700 4806 E gralloc4: Empty SMPTE 2094-40 data
03-13 10:00:15.448 4700 4806 E gralloc4: Empty SMPTE 2094-40 data
03-13 10:00:15.460 4700 4806 E gralloc4: Empty SMPTE 2094-40 data
03-13 10:00:15.471 4700 4806 E gralloc4: Empty SMPTE 2094-40 data
03-13 10:00:15.482 4700 4806 E gralloc4: Empty SMPTE 2094-40 data
03-13 10:00:15.492 4700 4806 E gralloc4: Empty SMPTE 2094-40 data
03-13 10:00:15.505 4700 4806 E gralloc4: Empty SMPTE 2094-40 data
03-13 10:00:15.515 4700 4806 E gralloc4: Empty SMPTE 2094-40 data
03-13 10:00:15.526 4700 4806 E gralloc4: Empty SMPTE 2094-40 data
03-13 10:00:15.536 4700 4806 E gralloc4: Empty SMPTE 2094-40 data
03-13 10:00:15.548 4700 4806 E gralloc4: Empty SMPTE 2094-40 data
03-13 10:00:15.560 4700 4806 E gralloc4: Empty SMPTE 2094-40 data
03-13 10:00:15.569 4700 4806 E gralloc4: Empty SMPTE 2094-40 data
03-13 10:00:15.582 4700 4806 E gralloc4: Empty SMPTE 2094-40 data
03-13 10:00:15.592 4700 4806 E gralloc4: Empty SMPTE 2094-40 data
03-13 10:00:15.603 4700 4806 E gralloc4: Empty SMPTE 2094-40 data
03-13 10:00:15.614 4700 4806 E gralloc4: Empty SMPTE 2094-40 data
03-13 10:00:15.626 4700 4806 E gralloc4: Empty SMPTE 2094-40 data
03-13 10:00:15.637 4700 4806 E gralloc4: Empty SMPTE 2094-40 data
03-13 10:00:15.648 4700 4806 E gralloc4: Empty SMPTE 2094-40 data
03-13 10:00:15.658 4700 4806 E gralloc4: Empty SMPTE 2094-40 data
03-13 10:00:15.671 4700 4806 E gralloc4: Empty SMPTE 2094-40 data
03-13 10:00:15.680 4700 4806 E gralloc4: Empty SMPTE 2094-40 data
03-13 10:00:15.692 4700 4806 E gralloc4: Empty SMPTE 2094-40 data
03-13 10:00:15.704 4700 4806 E gralloc4: Empty SMPTE 2094-40 data
03-13 10:00:15.714 4700 4806 E gralloc4: Empty SMPTE 2094-40 data
03-13 10:00:15.725 4700 4806 E gralloc4: Empty SMPTE 2094-40 data
03-13 10:00:15.734 4700 4806 E gralloc4: Empty SMPTE 2094-40 data
03-13 10:00:15.746 4700 4806 E gralloc4: Empty SMPTE 2094-40 data
03-13 10:00:15.757 4700 4806 E gralloc4: Empty SMPTE 2094-40 data
03-13 10:00:15.770 4700 4806 E gralloc4: Empty SMPTE 2094-40 data
03-13 10:00:15.779 4700 4806 E gralloc4: Empty SMPTE 2094-40 data
03-13 10:00:15.792 4700 4806 E gralloc4: Empty SMPTE 2094-40 data
03-13 10:00:15.803 4700 4806 E gralloc4: Empty SMPTE 2094-40 data
03-13 10:00:15.814 4700 4806 E gralloc4: Empty SMPTE 2094-40 data
03-13 10:00:15.826 4700 4806 E gralloc4: Empty SMPTE 2094-40 data
03-13 10:00:15.837 4700 4806 E gralloc4: Empty SMPTE 2094-40 data
03-13 10:00:15.847 4700 4806 E gralloc4: Empty SMPTE 2094-40 data
03-13 10:00:15.857 4700 4806 E gralloc4: Empty SMPTE 2094-40 data
03-13 10:00:15.868 4700 4806 E gralloc4: Empty SMPTE 2094-40 data
03-13 10:00:15.881 4700 4806 E gralloc4: Empty SMPTE 2094-40 data
03-13 10:00:15.891 4700 4806 E gralloc4: Empty SMPTE 2094-40 data
03-13 10:00:15.902 4700 4806 E gralloc4: Empty SMPTE 2094-40 data
03-13 10:00:15.912 20010 20106 I TRuntime.CctTransportBackend: Status Code: 200
03-13 10:00:15.913 4700 4806 E gralloc4: Empty SMPTE 2094-40 data
03-13 10:00:15.926 4700 4806 E gralloc4: Empty SMPTE 2094-40 data
03-13 10:00:15.935 4700 4806 E gralloc4: Empty SMPTE 2094-40 data
03-13 10:00:15.945 4700 4806 E gralloc4: Empty SMPTE 2094-40 data
03-13 10:00:15.957 4700 4806 E gralloc4: Empty SMPTE 2094-40 data
03-13 10:00:15.970 4700 4806 E gralloc4: Empty SMPTE 2094-40 data
03-13 10:00:15.979 4700 4806 E gralloc4: Empty SMPTE 2094-40 data
03-13 10:00:15.990 4700 4806 E gralloc4: Empty SMPTE 2094-40 data
03-13 10:00:16.003 4700 4806 E gralloc4: Empty SMPTE 2094-40 data
03-13 10:00:16.012 4700 4806 E gralloc4: Empty SMPTE 2094-40 data
03-13 10:00:16.025 4700 4806 E gralloc4: Empty SMPTE 2094-40 data
03-13 10:00:16.033 4700 4806 E gralloc4: Empty SMPTE 2094-40 data
03-13 10:00:16.046 4700 4806 E gralloc4: Empty SMPTE 2094-40 data
03-13 10:00:16.058 4700 4806 E gralloc4: Empty SMPTE 2094-40 data
03-13 10:00:16.069 4700 4806 E gralloc4: Empty SMPTE 2094-40 data
03-13 10:00:16.080 4700 4806 E gralloc4: Empty SMPTE 2094-40 data
03-13 10:00:16.089 4700 4806 E gralloc4: Empty SMPTE 2094-40 data
03-13 10:00:16.102 4700 4806 E gralloc4: Empty SMPTE 2094-40 data
03-13 10:00:16.112 4700 4806 E gralloc4: Empty SMPTE 2094-40 data
03-13 10:00:16.124 4700 4806 E gralloc4: Empty SMPTE 2094-40 data
03-13 10:00:16.133 4700 4806 E gralloc4: Empty SMPTE 2094-40 data
03-13 10:00:16.144 4700 4806 E gralloc4: Empty SMPTE 2094-40 data
03-13 10:00:16.156 4700 4806 E gralloc4: Empty SMPTE 2094-40 data
03-13 10:00:16.167 4700 4806 E gralloc4: Empty SMPTE 2094-40 data
03-13 10:00:16.178 4700 4806 E gralloc4: Empty SMPTE 2094-40 data
03-13 10:00:16.189 4700 4806 E gralloc4: Empty SMPTE 2094-40 data
03-13 10:00:16.199 4700 4806 E gralloc4: Empty SMPTE 2094-40 data
03-13 10:00:16.212 4700 4806 E gralloc4: Empty SMPTE 2094-40 data
03-13 10:00:16.224 4700 4806 E gralloc4: Empty SMPTE 2094-40 data
03-13 10:00:16.233 4700 4806 E gralloc4: Empty SMPTE 2094-40 data
03-13 10:00:16.246 4700 4806 E gralloc4: Empty SMPTE 2094-40 data
03-13 10:00:16.255 4700 4806 E gralloc4: Empty SMPTE 2094-40 data
03-13 10:00:16.268 4700 4806 E gralloc4: Empty SMPTE 2094-40 data
03-13 10:00:16.277 4700 4806 E gralloc4: Empty SMPTE 2094-40 data
03-13 10:00:16.288 4700 4806 E gralloc4: Empty SMPTE 2094-40 data
03-13 10:00:16.302 4700 4806 E gralloc4: Empty SMPTE 2094-40 data
03-13 10:00:16.312 4700 4806 E gralloc4: Empty SMPTE 2094-40 data
03-13 10:00:16.323 4700 4806 E gralloc4: Empty SMPTE 2094-40 data
03-13 10:00:16.334 4700 4806 E gralloc4: Empty SMPTE 2094-40 data
03-13 10:00:16.345 4700 4806 E gralloc4: Empty SMPTE 2094-40 data
03-13 10:00:16.357 4700 4806 E gralloc4: Empty SMPTE 2094-40 data
03-13 10:00:16.368 4700 4806 E gralloc4: Empty SMPTE 2094-40 data
03-13 10:00:16.377 4700 4806 E gralloc4: Empty SMPTE 2094-40 data
03-13 10:00:16.388 4700 4806 E gralloc4: Empty SMPTE 2094-40 data
03-13 10:00:16.401 4700 4806 E gralloc4: Empty SMPTE 2094-40 data
03-13 10:00:16.410 4700 4806 E gralloc4: Empty SMPTE 2094-40 data
03-13 10:00:16.424 4700 4806 E gralloc4: Empty SMPTE 2094-40 data
03-13 10:00:16.432 4700 4806 E gralloc4: Empty SMPTE 2094-40 data
03-13 10:00:16.445 4700 4806 E gralloc4: Empty SMPTE 2094-40 data
03-13 10:00:16.456 4700 4806 E gralloc4: Empty SMPTE 2094-40 data
03-13 10:00:16.467 4700 4806 E gralloc4: Empty SMPTE 2094-40 data
03-13 10:00:16.478 4700 4806 E gralloc4: Empty SMPTE 2094-40 data
03-13 10:00:16.489 4700 4806 E gralloc4: Empty SMPTE 2094-40 data
03-13 10:00:16.500 4700 4806 E gralloc4: Empty SMPTE 2094-40 data
03-13 10:00:16.512 4700 4806 E gralloc4: Empty SMPTE 2094-40 data
03-13 10:00:16.523 4700 4806 E gralloc4: Empty SMPTE 2094-40 data
03-13 10:00:16.533 4700 4806 E gralloc4: Empty SMPTE 2094-40 data
03-13 10:00:16.545 4700 4806 E gralloc4: Empty SMPTE 2094-40 data
03-13 10:00:16.554 4700 4806 E gralloc4: Empty SMPTE 2094-40 data
03-13 10:00:16.567 4700 4806 E gralloc4: Empty SMPTE 2094-40 data
03-13 10:00:16.578 4700 4806 E gralloc4: Empty SMPTE 2094-40 data
03-13 10:00:16.589 4700 4806 E gralloc4: Empty SMPTE 2094-40 data
03-13 10:00:16.600 4700 4806 E gralloc4: Empty SMPTE 2094-40 data
03-13 10:00:16.611 4700 4806 E gralloc4: Empty SMPTE 2094-40 data
03-13 10:00:16.622 4700 4806 E gralloc4: Empty SMPTE 2094-40 data
03-13 10:00:16.633 4700 4806 E gralloc4: Empty SMPTE 2094-40 data
03-13 10:00:16.643 4700 4806 E gralloc4: Empty SMPTE 2094-40 data
03-13 10:00:16.655 4700 4806 E gralloc4: Empty SMPTE 2094-40 data
03-13 10:00:16.667 4700 4806 E gralloc4: Empty SMPTE 2094-40 data
03-13 10:00:16.678 4700 4806 E gralloc4: Empty SMPTE 2094-40 data
03-13 10:00:16.689 4700 4806 E gralloc4: Empty SMPTE 2094-40 data
03-13 10:00:16.700 4700 4806 E gralloc4: Empty SMPTE 2094-40 data
03-13 10:00:16.711 4700 4806 E gralloc4: Empty SMPTE 2094-40 data
03-13 10:00:16.722 4700 4806 E gralloc4: Empty SMPTE 2094-40 data
03-13 10:00:16.733 4700 4806 E gralloc4: Empty SMPTE 2094-40 data
03-13 10:00:16.744 4700 4806 E gralloc4: Empty SMPTE 2094-40 data
03-13 10:00:16.755 4700 4806 E gralloc4: Empty SMPTE 2094-40 data
03-13 10:00:16.765 4700 4806 E gralloc4: Empty SMPTE 2094-40 data
03-13 10:00:16.776 4700 4806 E gralloc4: Empty SMPTE 2094-40 data
03-13 10:00:16.788 4700 4806 E gralloc4: Empty SMPTE 2094-40 data
03-13 10:00:16.798 4700 4806 E gralloc4: Empty SMPTE 2094-40 data
03-13 10:00:16.810 4700 4806 E gralloc4: Empty SMPTE 2094-40 data
03-13 10:00:16.821 4700 4806 E gralloc4: Empty SMPTE 2094-40 data
03-13 10:00:16.833 4700 4806 E gralloc4: Empty SMPTE 2094-40 data
03-13 10:00:16.844 4700 4806 E gralloc4: Empty SMPTE 2094-40 data
03-13 10:00:16.854 4700 4806 E gralloc4: Empty SMPTE 2094-40 data
03-13 10:00:16.865 4700 4806 E gralloc4: Empty SMPTE 2094-40 data
03-13 10:00:16.875 4700 4806 E gralloc4: Empty SMPTE 2094-40 data
03-13 10:00:16.888 4700 4806 E gralloc4: Empty SMPTE 2094-40 data
03-13 10:00:16.899 4700 4806 E gralloc4: Empty SMPTE 2094-40 data
03-13 10:00:16.910 4700 4806 E gralloc4: Empty SMPTE 2094-40 data
03-13 10:00:16.920 4700 4806 E gralloc4: Empty SMPTE 2094-40 data
03-13 10:00:16.933 4700 4806 E gralloc4: Empty SMPTE 2094-40 data
03-13 10:00:16.943 4700 4806 E gralloc4: Empty SMPTE 2094-40 data
03-13 10:00:16.954 4700 4806 E gralloc4: Empty SMPTE 2094-40 data
03-13 10:00:16.965 4700 4806 E gralloc4: Empty SMPTE 2094-40 data
03-13 10:00:16.974 4700 4806 E gralloc4: Empty SMPTE 2094-40 data
03-13 10:00:16.987 4700 4806 E gralloc4: Empty SMPTE 2094-40 data
03-13 10:00:16.998 4700 4806 E gralloc4: Empty SMPTE 2094-40 data
03-13 10:00:17.008 4700 4806 E gralloc4: Empty SMPTE 2094-40 data
03-13 10:00:17.019 4700 4806 E gralloc4: Empty SMPTE 2094-40 data
03-13 10:00:17.030 4700 4806 E gralloc4: Empty SMPTE 2094-40 data
03-13 10:00:17.042 4700 4806 E gralloc4: Empty SMPTE 2094-40 data
03-13 10:00:17.053 4700 4806 E gralloc4: Empty SMPTE 2094-40 data
03-13 10:00:17.064 4700 4806 E gralloc4: Empty SMPTE 2094-40 data
03-13 10:00:17.075 4700 4806 E gralloc4: Empty SMPTE 2094-40 data
03-13 10:00:17.085 4700 4806 E gralloc4: Empty SMPTE 2094-40 data
03-13 10:00:17.098 4700 4806 E gralloc4: Empty SMPTE 2094-40 data
03-13 10:00:17.109 4700 4806 E gralloc4: Empty SMPTE 2094-40 data
03-13 10:00:17.119 4700 4806 E gralloc4: Empty SMPTE 2094-40 data
03-13 10:00:17.130 4700 4806 E gralloc4: Empty SMPTE 2094-40 data
03-13 10:00:17.141 4700 4806 E gralloc4: Empty SMPTE 2094-40 data
03-13 10:00:17.154 4700 4806 E gralloc4: Empty SMPTE 2094-40 data
03-13 10:00:17.163 4700 4806 E gralloc4: Empty SMPTE 2094-40 data
03-13 10:00:17.174 4700 4806 E gralloc4: Empty SMPTE 2094-40 data
03-13 10:00:17.187 4700 4806 E gralloc4: Empty SMPTE 2094-40 data
03-13 10:00:17.198 4700 4806 E gralloc4: Empty SMPTE 2094-40 data
03-13 10:00:17.207 4700 4806 E gralloc4: Empty SMPTE 2094-40 data
03-13 10:00:17.218 4700 4806 E gralloc4: Empty SMPTE 2094-40 data
03-13 10:00:17.230 4700 4806 E gralloc4: Empty SMPTE 2094-40 data
03-13 10:00:17.241 4700 4806 E gralloc4: Empty SMPTE 2094-40 data
03-13 10:00:17.252 4700 4806 E gralloc4: Empty SMPTE 2094-40 data
03-13 10:00:17.263 4700 4806 E gralloc4: Empty SMPTE 2094-40 data
03-13 10:00:17.275 4700 4806 E gralloc4: Empty SMPTE 2094-40 data
03-13 10:00:17.286 4700 4806 E gralloc4: Empty SMPTE 2094-40 data
03-13 10:00:17.296 4700 4806 E gralloc4: Empty SMPTE 2094-40 data
03-13 10:00:17.308 4700 4806 E gralloc4: Empty SMPTE 2094-40 data
03-13 10:00:17.319 4700 4806 E gralloc4: Empty SMPTE 2094-40 data
03-13 10:00:17.329 4700 4806 E gralloc4: Empty SMPTE 2094-40 data
03-13 10:00:17.342 4700 4806 E gralloc4: Empty SMPTE 2094-40 data
03-13 10:00:17.351 4700 4806 E gralloc4: Empty SMPTE 2094-40 data
03-13 10:00:17.362 4700 4806 E gralloc4: Empty SMPTE 2094-40 data
03-13 10:00:17.375 4700 4806 E gralloc4: Empty SMPTE 2094-40 data
03-13 10:00:17.385 4700 4806 E gralloc4: Empty SMPTE 2094-40 data
03-13 10:00:17.395 4700 4806 E gralloc4: Empty SMPTE 2094-40 data
03-13 10:00:17.408 4700 4806 E gralloc4: Empty SMPTE 2094-40 data
03-13 10:00:17.417 4700 4806 E gralloc4: Empty SMPTE 2094-40 data
03-13 10:00:17.430 4700 4806 E gralloc4: Empty SMPTE 2094-40 data
03-13 10:00:17.442 4700 4806 E gralloc4: Empty SMPTE 2094-40 data
03-13 10:00:17.452 4700 4806 E gralloc4: Empty SMPTE 2094-40 data
03-13 10:00:17.463 4700 4806 E gralloc4: Empty SMPTE 2094-40 data
03-13 10:00:17.475 4700 4806 E gralloc4: Empty SMPTE 2094-40 data
03-13 10:00:17.486 4700 4806 E gralloc4: Empty SMPTE 2094-40 data
03-13 10:00:17.496 4700 4806 E gralloc4: Empty SMPTE 2094-40 data
03-13 10:00:17.505 4700 4806 E gralloc4: Empty SMPTE 2094-40 data
03-13 10:00:17.518 4700 4806 E gralloc4: Empty SMPTE 2094-40 data
03-13 10:00:17.529 4700 4806 E gralloc4: Empty SMPTE 2094-40 data
03-13 10:00:17.540 4700 4806 E gralloc4: Empty SMPTE 2094-40 data
03-13 10:00:17.551 4700 4806 E gralloc4: Empty SMPTE 2094-40 data
03-13 10:00:17.562 4700 4806 E gralloc4: Empty SMPTE 2094-40 data
03-13 10:00:17.575 4700 4806 E gralloc4: Empty SMPTE 2094-40 data
03-13 10:00:17.585 4700 4806 E gralloc4: Empty SMPTE 2094-40 data
03-13 10:00:17.596 4700 4806 E gralloc4: Empty SMPTE 2094-40 data
03-13 10:00:17.606 4700 4806 E gralloc4: Empty SMPTE 2094-40 data
03-13 10:00:17.618 4700 4806 E gralloc4: Empty SMPTE 2094-40 data
03-13 10:00:17.628 4700 4806 E gralloc4: Empty SMPTE 2094-40 data
03-13 10:00:17.641 4700 4806 E gralloc4: Empty SMPTE 2094-40 data
03-13 10:00:17.651 4700 4806 E gralloc4: Empty SMPTE 2094-40 data
03-13 10:00:17.662 4700 4806 E gralloc4: Empty SMPTE 2094-40 data
03-13 10:00:17.672 4700 4806 E gralloc4: Empty SMPTE 2094-40 data
03-13 10:00:17.684 4700 4806 E gralloc4: Empty SMPTE 2094-40 data
03-13 10:00:17.694 4700 4806 E gralloc4: Empty SMPTE 2094-40 data
03-13 10:00:17.706 4700 4806 E gralloc4: Empty SMPTE 2094-40 data
03-13 10:00:17.717 4700 4806 E gralloc4: Empty SMPTE 2094-40 data
03-13 10:00:17.729 4700 4806 E gralloc4: Empty SMPTE 2094-40 data
03-13 10:00:17.741 4700 4806 E gralloc4: Empty SMPTE 2094-40 data
03-13 10:00:17.751 4700 4806 E gralloc4: Empty SMPTE 2094-40 data
03-13 10:00:17.763 4700 4806 E gralloc4: Empty SMPTE 2094-40 data
03-13 10:00:17.773 4700 4806 E gralloc4: Empty SMPTE 2094-40 data
03-13 10:00:17.783 4700 4806 E gralloc4: Empty SMPTE 2094-40 data
03-13 10:00:17.794 4700 4806 E gralloc4: Empty SMPTE 2094-40 data
03-13 10:00:17.805 4700 4806 E gralloc4: Empty SMPTE 2094-40 data
03-13 10:00:17.817 4700 4806 E gralloc4: Empty SMPTE 2094-40 data
03-13 10:00:17.829 4700 4806 E gralloc4: Empty SMPTE 2094-40 data
03-13 10:00:17.840 4700 4806 E gralloc4: Empty SMPTE 2094-40 data
