03-13 08:51:42.318 20197 20197 E WM-RescheduleReceiver: at com.hello.sandbox.app.BActivityThread.lambda$scheduleReceiver$4(BActivityThread.jav a:9)
03-13 08:51:42.318 20197 20197 E WM-RescheduleReceiver: at com.hello.sandbox.app.BActivityThread.N1(Unknown Source:0)
03-13 08:51:42.318 20197 20197 E WM-RescheduleReceiver: at com.appsflyer.internal.o.run(Unknown Source:14)
03-13 08:51:42.318 20197 20197 E WM-RescheduleReceiver: at android.os.Handler.handleCallback(Handler.java:942)
03-13 08:51:42.318 20197 20197 E WM-RescheduleReceiver: at android.os.Handler.dispatchMessage(Handler.java:99)
03-13 08:51:42.318 20197 20197 E WM-RescheduleReceiver: at android.os.Looper.loopOnce(Looper.java:211)
03-13 08:51:42.318 20197 20197 E WM-RescheduleReceiver: at android.os.Looper.loop(Looper.java:300)
03-13 08:51:42.318 20197 20197 E WM-RescheduleReceiver: at android.app.ActivityThread.main(ActivityThread.java:8348)
03-13 08:51:42.318 20197 20197 E WM-RescheduleReceiver: at java.lang.reflect.Method.invoke(Native Method)
03-13 08:51:42.318 20197 20197 E WM-RescheduleReceiver: at com.android.internal.os.RuntimeInit$MethodAndArgsCaller.run(RuntimeInit.java:582)
03-13 08:51:42.318 20197 20197 E WM-RescheduleReceiver: at com.android.internal.os.ZygoteInit.main(ZygoteInit.java:1028)
03-13 08:51:42.319 20336 20336 D GmsGcmTrigger: Ignoring Intent { act=android.intent.action.BOOT_COMPLETED }: gcm is disabled
03-13 08:51:42.321 20336 20336 D ExposureNotification: ServiceTrigger: Intent { act=android.intent.action.BOOT_COMPLETED }
03-13 08:51:42.325 20197 20197 D GmsCheckinTrigger: Ignoring Intent { act=android.intent.action.BOOT_COMPLETED }: checkin is disabled
03-13 08:51:42.329 20197 20197 D WM-RescheduleReceiver: Received intent Intent { act=android.intent.action.BOOT_COMPLETED }
03-13 08:51:42.329 20197 20197 E WM-RescheduleReceiver: Cannot reschedule jobs. WorkManager needs to be initialized via a ContentProvider#onCreate() or an Application#onCreate().
03-13 08:51:42.329 20197 20197 E WM-RescheduleReceiver: java.lang.IllegalStateException: WorkManager is not initialized properly. You have explicitly disabled WorkManagerInitializer in your manifest, have not manually called WorkManager#initialize at this point, and your Application does not implement Configuration.Provider.
03-13 08:51:42.329 20197 20197 E WM-RescheduleReceiver: at i1.j.j(SourceFile:1)
03-13 08:51:42.329 20197 20197 E WM-RescheduleReceiver: at androidx.work.impl.background.systemalarm.RescheduleReceiver.onReceive(Unknown Source:29)
03-13 08:51:42.329 20197 20197 E WM-RescheduleReceiver: at com.hello.sandbox.app.BActivityThread.lambda$scheduleReceiver$4(BActivityThread.jav a:9)
03-13 08:51:42.329 20197 20197 E WM-RescheduleReceiver: at com.hello.sandbox.app.BActivityThread.N1(Unknown Source:0)
03-13 08:51:42.329 20197 20197 E WM-RescheduleReceiver: at com.appsflyer.internal.o.run(Unknown Source:14)
03-13 08:51:42.329 20197 20197 E WM-RescheduleReceiver: at android.os.Handler.handleCallback(Handler.java:942)
03-13 08:51:42.329 20197 20197 E WM-RescheduleReceiver: at android.os.Handler.dispatchMessage(Handler.java:99)
03-13 08:51:42.329 20197 20197 E WM-RescheduleReceiver: at android.os.Looper.loopOnce(Looper.java:211)
03-13 08:51:42.329 20197 20197 E WM-RescheduleReceiver: at android.os.Looper.loop(Looper.java:300)
03-13 08:51:42.329 20197 20197 E WM-RescheduleReceiver: at android.app.ActivityThread.main(ActivityThread.java:8348)
03-13 08:51:42.329 20197 20197 E WM-RescheduleReceiver: at java.lang.reflect.Method.invoke(Native Method)
03-13 08:51:42.329 20197 20197 E WM-RescheduleReceiver: at com.android.internal.os.RuntimeInit$MethodAndArgsCaller.run(RuntimeInit.java:582)
03-13 08:51:42.329 20197 20197 E WM-RescheduleReceiver: at com.android.internal.os.ZygoteInit.main(ZygoteInit.java:1028)
03-13 08:51:42.336 20197 20197 D GmsCheckinTrigger: Ignoring Intent { act=android.intent.action.BOOT_COMPLETED }: checkin is disabled
03-13 08:51:42.338 20197 20197 D WM-RescheduleReceiver: Received intent Intent { act=android.intent.action.BOOT_COMPLETED }
03-13 08:51:42.338 20197 20197 E WM-RescheduleReceiver: Cannot reschedule jobs. WorkManager needs to be initialized via a ContentProvider#onCreate() or an Application#onCreate().
03-13 08:51:42.338 20197 20197 E WM-RescheduleReceiver: java.lang.IllegalStateException: WorkManager is not initialized properly. You have explicitly disabled WorkManagerInitializer in your manifest, have not manually called WorkManager#initialize at this point, and your Application does not implement Configuration.Provider.
03-13 08:51:42.338 20197 20197 E WM-RescheduleReceiver: at i1.j.j(SourceFile:1)
03-13 08:51:42.338 20197 20197 E WM-RescheduleReceiver: at androidx.work.impl.background.systemalarm.RescheduleReceiver.onReceive(Unknown Source:29)
03-13 08:51:42.338 20197 20197 E WM-RescheduleReceiver: at com.hello.sandbox.app.BActivityThread.lambda$scheduleReceiver$4(BActivityThread.jav a:9)
03-13 08:51:42.338 20197 20197 E WM-RescheduleReceiver: at com.hello.sandbox.app.BActivityThread.N1(Unknown Source:0)
03-13 08:51:42.338 20197 20197 E WM-RescheduleReceiver: at com.appsflyer.internal.o.run(Unknown Source:14)
03-13 08:51:42.338 20197 20197 E WM-RescheduleReceiver: at android.os.Handler.handleCallback(Handler.java:942)
03-13 08:51:42.338 20197 20197 E WM-RescheduleReceiver: at android.os.Handler.dispatchMessage(Handler.java:99)
03-13 08:51:42.338 20197 20197 E WM-RescheduleReceiver: at android.os.Looper.loopOnce(Looper.java:211)
03-13 08:51:42.338 20197 20197 E WM-RescheduleReceiver: at android.os.Looper.loop(Looper.java:300)
03-13 08:51:42.338 20197 20197 E WM-RescheduleReceiver: at android.app.ActivityThread.main(ActivityThread.java:8348)
03-13 08:51:42.338 20197 20197 E WM-RescheduleReceiver: at java.lang.reflect.Method.invoke(Native Method)
03-13 08:51:42.338 20197 20197 E WM-RescheduleReceiver: at com.android.internal.os.RuntimeInit$MethodAndArgsCaller.run(RuntimeInit.java:582)
03-13 08:51:42.338 20197 20197 E WM-RescheduleReceiver: at com.android.internal.os.ZygoteInit.main(ZygoteInit.java:1028)
03-13 08:51:42.343 20197 20197 D GmsCheckinTrigger: Ignoring Intent { act=android.intent.action.BOOT_COMPLETED }: checkin is disabled
03-13 08:51:42.346 20010 20010 I Ads : JS: The jsLoaded GMSG has been sent (https://googleads.g.doubleclick.net/mads/static/mad/sdk/native/production/sdk- core-v40-impl.html:895)
03-13 08:51:42.359 20197 20197 D WM-RescheduleReceiver: Received intent Intent { act=android.intent.action.BOOT_COMPLETED }
03-13 08:51:42.359 20197 20197 E WM-RescheduleReceiver: Cannot reschedule jobs. WorkManager needs to be initialized via a ContentProvider#onCreate() or an Application#onCreate().
03-13 08:51:42.359 20197 20197 E WM-RescheduleReceiver: java.lang.IllegalStateException: WorkManager is not initialized properly. You have explicitly disabled WorkManagerInitializer in your manifest, have not manually called WorkManager#initialize at this point, and your Application does not implement Configuration.Provider.
03-13 08:51:42.359 20197 20197 E WM-RescheduleReceiver: at i1.j.j(SourceFile:1)
03-13 08:51:42.359 20197 20197 E WM-RescheduleReceiver: at androidx.work.impl.background.systemalarm.RescheduleReceiver.onReceive(Unknown Source:29)
03-13 08:51:42.359 20197 20197 E WM-RescheduleReceiver: at com.hello.sandbox.app.BActivityThread.lambda$scheduleReceiver$4(BActivityThread.jav a:9)
03-13 08:51:42.359 20197 20197 E WM-RescheduleReceiver: at com.hello.sandbox.app.BActivityThread.N1(Unknown Source:0)
03-13 08:51:42.359 20197 20197 E WM-RescheduleReceiver: at com.appsflyer.internal.o.run(Unknown Source:14)
03-13 08:51:42.359 20197 20197 E WM-RescheduleReceiver: at android.os.Handler.handleCallback(Handler.java:942)
03-13 08:51:42.359 20197 20197 E WM-RescheduleReceiver: at android.os.Handler.dispatchMessage(Handler.java:99)
03-13 08:51:42.359 20197 20197 E WM-RescheduleReceiver: at android.os.Looper.loopOnce(Looper.java:211)
03-13 08:51:42.359 20197 20197 E WM-RescheduleReceiver: at android.os.Looper.loop(Looper.java:300)
03-13 08:51:42.359 20197 20197 E WM-RescheduleReceiver: at android.app.ActivityThread.main(ActivityThread.java:8348)
03-13 08:51:42.359 20197 20197 E WM-RescheduleReceiver: at java.lang.reflect.Method.invoke(Native Method)
03-13 08:51:42.359 20197 20197 E WM-RescheduleReceiver: at com.android.internal.os.RuntimeInit$MethodAndArgsCaller.run(RuntimeInit.java:582)
03-13 08:51:42.359 20197 20197 E WM-RescheduleReceiver: at com.android.internal.os.ZygoteInit.main(ZygoteInit.java:1028)
03-13 08:51:42.363 20197 20210 D MeasurementService: bound by: GetServiceRequest{serviceId=MEASUREMENT, gmsVersion=250832000, packageName='com.hello.miheapp.secretspace', extras=Bundle[{}]}
03-13 08:51:42.367 20336 20336 D GmsGcmTrigger: Ignoring Intent { act=android.intent.action.BOOT_COMPLETED }: gcm is disabled
03-13 08:51:42.368 20336 20336 D ExposureNotification: ServiceTrigger: Intent { act=android.intent.action.BOOT_COMPLETED }
03-13 08:51:42.376 20197 20209 D SafeParcel: Unknown field id 34 in com.google.android.gms.measurement.internal.AppMetadata, skipping.
03-13 08:51:42.376 20197 20209 D SafeParcel: Unknown field id 36 in com.google.android.gms.measurement.internal.AppMetadata, skipping.
03-13 08:51:42.385 20197 20209 D SafeParcel: Unknown field id 37 in com.google.android.gms.measurement.internal.AppMetadata, skipping.
03-13 08:51:42.385 20197 20209 D SafeParcel: Unknown field id 38 in com.google.android.gms.measurement.internal.AppMetadata, skipping.
03-13 08:51:42.385 20197 20209 D MeasurementService: sendAppLaunch() for AppMetadata[com.hello.miheapp.secretspace]
03-13 08:51:42.390 20010 20010 I Au.io : check on thread main
03-13 08:51:42.394 20197 20210 D SafeParcel: Unknown field id 34 in com.google.android.gms.measurement.internal.AppMetadata, skipping.
03-13 08:51:42.394 20197 20210 D SafeParcel: Unknown field id 36 in com.google.android.gms.measurement.internal.AppMetadata, skipping.
03-13 08:51:42.394 20197 20210 D SafeParcel: Unknown field id 37 in com.google.android.gms.measurement.internal.AppMetadata, skipping.
03-13 08:51:42.394 20197 20210 D SafeParcel: Unknown field id 38 in com.google.android.gms.measurement.internal.AppMetadata, skipping.
03-13 08:51:42.394 20197 20210 D MeasurementService: getAppInstanceId() for AppMetadata[com.hello.miheapp.secretspace]
03-13 08:51:42.396 20197 20210 D SafeParcel: Unknown field id 34 in com.google.android.gms.measurement.internal.AppMetadata, skipping.
03-13 08:51:42.396 20197 20210 D SafeParcel: Unknown field id 36 in com.google.android.gms.measurement.internal.AppMetadata, skipping.
03-13 08:51:42.396 20197 20210 D SafeParcel: Unknown field id 37 in com.google.android.gms.measurement.internal.AppMetadata, skipping.
03-13 08:51:42.396 20197 20210 D SafeParcel: Unknown field id 38 in com.google.android.gms.measurement.internal.AppMetadata, skipping.
03-13 08:51:42.396 20197 20210 D MeasurementService: sendDefaultEventParameters(Bundle[EMPTY_PARCEL]) for AppMetadata[com.hello.miheapp.secretspace]
03-13 08:51:42.412 20336 20336 D GmsGcmTrigger: Ignoring Intent { act=android.intent.action.BOOT_COMPLETED }: gcm is disabled
03-13 08:51:42.416 20336 20336 D ExposureNotification: ServiceTrigger: Intent { act=android.intent.action.BOOT_COMPLETED }
03-13 08:51:42.479 20336 20336 D GmsGcmTrigger: Ignoring Intent { act=android.intent.action.BOOT_COMPLETED }: gcm is disabled
03-13 08:51:42.481 20336 20336 D ExposureNotification: ServiceTrigger: Intent { act=android.intent.action.BOOT_COMPLETED }
03-13 08:51:42.537 20336 20336 D GmsGcmTrigger: Ignoring Intent { act=android.intent.action.BOOT_COMPLETED }: gcm is disabled
03-13 08:51:42.538 20336 20336 D ExposureNotification: ServiceTrigger: Intent { act=android.intent.action.BOOT_COMPLETED }
03-13 08:51:42.578 20336 20336 D GmsGcmTrigger: Ignoring Intent { act=android.intent.action.BOOT_COMPLETED }: gcm is disabled
03-13 08:51:42.579 20336 20336 D ExposureNotification: ServiceTrigger: Intent { act=android.intent.action.BOOT_COMPLETED }
03-13 08:51:42.607 20197 20210 D MeasurementService: bound by: GetServiceRequest{serviceId=MEASUREMENT, gmsVersion=12451000, packageName='com.hello.miheapp.secretspace', extras=Bundle[{}]}
03-13 08:51:42.612 20197 20210 D SafeParcel: Unknown field id 34 in com.google.android.gms.measurement.internal.AppMetadata, skipping.
03-13 08:51:42.612 20197 20210 D SafeParcel: Unknown field id 35 in com.google.android.gms.measurement.internal.AppMetadata, skipping.
03-13 08:51:42.612 20197 20210 D MeasurementService: sendAppLaunch() for AppMetadata[com.hello.miheapp.secretspace]
03-13 08:51:42.614 20336 20487 W FA : Table has extra columns. table, columns: messages, app_version, app_version_int
03-13 08:51:42.616 20336 20487 W FA : Table has extra columns. table, columns: messages, app_version, app_version_int
03-13 08:51:42.617 20197 20210 D SafeParcel: Unknown field id 34 in com.google.android.gms.measurement.internal.AppMetadata, skipping.
03-13 08:51:42.617 20197 20210 D SafeParcel: Unknown field id 35 in com.google.android.gms.measurement.internal.AppMetadata, skipping.
03-13 08:51:42.617 20197 20210 D MeasurementService: getAppInstanceId() for AppMetadata[com.hello.miheapp.secretspace]
03-13 08:51:42.618 20197 20210 D SafeParcel: Unknown field id 34 in com.google.android.gms.measurement.internal.AppMetadata, skipping.
03-13 08:51:42.619 20197 20210 D SafeParcel: Unknown field id 35 in com.google.android.gms.measurement.internal.AppMetadata, skipping.
03-13 08:51:42.619 20197 20210 D MeasurementService: sendDefaultEventParameters(Bundle[EMPTY_PARCEL]) for AppMetadata[com.hello.miheapp.secretspace]
03-13 08:51:43.600 20010 20661 I MATDBManager: 服务端下发配置缓存成功! 插入行 id:2
03-13 08:51:46.412 20010 20010 I Au.io : check on thread main
03-13 08:51:49.873 20010 20015 I app.secretspace: Background concurrent copying GC freed 7969KB AllocSpace bytes, 75(1868KB) LOS objects, 49% free, 6504KB/12MB, paused 214us,104us total 110.823ms
03-13 08:51:51.510 20197 20206 W System : A resource failed to call ContentProviderClient.close.
03-13 08:51:51.510 20197 20206 W System : A resource failed to call ContentProviderClient.close.
03-13 08:51:57.413 20143 20475 D CompatibilityChangeReporter: Compat change id reported: 150939131; UID 10569; state: ENABLED
03-13 08:51:57.413 20283 20474 D CompatibilityChangeReporter: Compat change id reported: 150939131; UID 10569; state: ENABLED
03-13 08:51:57.416 20010 20019 D CompatibilityChangeReporter: Compat change id reported: 150939131; UID 10569; state: ENABLED
03-13 09:00:21.866 20143 20151 I Process : Sending signal. PID: 20336 SIG: 9
03-13 09:18:04.854 20143 20147 I cretspace:black: Background young concurrent copying GC freed 778KB AllocSpace bytes, 24(2700KB) LOS objects, 28% free, 5753KB/8015KB, paused 966us,65us total 393.017ms
03-13 09:18:04.863 20143 20147 W cretspace:black: Reducing the number of considered missed Gc histogram windows from 157 to 100
03-13 09:18:05.388 20143 20147 I cretspace:black: Background concurrent copying GC freed 1005KB AllocSpace bytes, 18(2508KB) LOS objects, 49% free, 4320KB/8640KB, paused 144us,61us total 381.175ms
03-13 09:59:42.068 20010 4540 D libMEOW : meow new tls: 0x74ac8190c0
03-13 09:59:42.069 20010 4540 D libMEOW : applied 1 plugins for [com.hello.miheapp.secretspace]:
03-13 09:59:42.069 20010 4540 D libMEOW : plugin 1: [libMEOW_gift.so]:
03-13 09:59:42.069 20010 4540 D libMEOW : meow delete tls: 0x74ac8190c0
03-13 09:59:42.182 20010 20010 W System.err: android.content.pm.PackageManager$NameNotFoundException: com.android.permission.GET_INSTALLED_APPS
03-13 09:59:42.183 20010 20010 W System.err: at android.app.ApplicationPackageManager.getPermissionInfo(ApplicationPackageManager.j ava:445)
03-13 09:59:42.183 20010 20010 W System.err: at dc.d.c(GetInstalledAppsPermissionCompat.java:1)
03-13 09:59:42.183 20010 20010 W System.err: at dc.d.a(GetInstalledAppsPermissionCompat.java:1)
03-13 09:59:42.183 20010 20010 W System.err: at dc.m.b(PermissionDelegateImplV19.java:4)
03-13 09:59:42.183 20010 20010 W System.err: at dc.n.b(PermissionDelegateImplV21.java:3)
03-13 09:59:42.183 20010 20010 W System.err: at dc.o.b(PermissionDelegateImplV23.java:44)
03-13 09:59:42.183 20010 20010 W System.err: at dc.p.b(PermissionDelegateImplV26.java:7)
03-13 09:59:42.183 20010 20010 W System.err: at dc.q.b(PermissionDelegateImplV28.java:3)
03-13 09:59:42.183 20010 20010 W System.err: at dc.r.b(PermissionDelegateImplV29.java:9)
03-13 09:59:42.183 20010 20010 W System.err: at dc.s.b(PermissionDelegateImplV30.java:3)
03-13 09:59:42.183 20010 20010 W System.err: at dc.t.b(PermissionDelegateImplV31.java:6)
03-13 09:59:42.183 20010 20010 W System.err: at dc.u.b(PermissionDelegateImplV33.java:15)
03-13 09:59:42.183 20010 20010 W System.err: at dc.i.b(Unknown Source:2)
03-13 09:59:42.183 20010 20010 W System.err: at dc.i.c(PermissionApi.java:3)
03-13 09:59:42.183 20010 20010 W System.err: at dc.d0.a(XXPermissions.java:2)
03-13 09:59:42.183 20010 20010 W System.err: at com.hello.sandbox.ui.splash.SplashAct.onCreate(SplashAct.kt:4)
03-13 09:59:42.183 20010 20010 W System.err: at android.app.Activity.performCreate(Activity.java:8577)
03-13 09:59:42.183 20010 20010 W System.err: at android.app.Activity.performCreate(Activity.java:8541)
03-13 09:59:42.183 20010 20010 W System.err: at android.app.Instrumentation.callActivityOnCreate(Instrumentation.java:1437)
03-13 09:59:42.183 20010 20010 W System.err: at android.app.ActivityThread.performLaunchActivity(ActivityThread.java:3884)
03-13 09:59:42.183 20010 20010 W System.err: at android.app.ActivityThread.handleLaunchActivity(ActivityThread.java:4049)
03-13 09:59:42.183 20010 20010 W System.err: at android.app.servertransaction.LaunchActivityItem.execute(LaunchActivityItem.java:10 1)
03-13 09:59:42.183 20010 20010 W System.err: at android.app.servertransaction.TransactionExecutor.executeCallbacks(TransactionExecu tor.java:135)
03-13 09:59:42.183 20010 20010 W System.err: at android.app.servertransaction.TransactionExecutor.execute(TransactionExecutor.java: 95)
03-13 09:59:42.183 20010 20010 W System.err: at android.app.ActivityThread$H.handleMessage(ActivityThread.java:2443)
03-13 09:59:42.183 20010 20010 W System.err: at android.os.Handler.dispatchMessage(Handler.java:106)
03-13 09:59:42.183 20010 20010 W System.err: at android.os.Looper.loopOnce(Looper.java:211)
03-13 09:59:42.183 20010 20010 W System.err: at android.os.Looper.loop(Looper.java:300)
03-13 09:59:42.183 20010 20010 W System.err: at android.app.ActivityThread.main(ActivityThread.java:8348)
03-13 09:59:42.183 20010 20010 W System.err: at java.lang.reflect.Method.invoke(Native Method)
03-13 09:59:42.183 20010 20010 W System.err: at com.android.internal.os.RuntimeInit$MethodAndArgsCaller.run(RuntimeInit.java:582)
03-13 09:59:42.183 20010 20010 W System.err: at com.android.internal.os.ZygoteInit.main(ZygoteInit.java:1028)
03-13 09:59:42.184 20010 20010 W System.err: android.provider.Settings$SettingNotFoundException: oem_installed_apps_runtime_permission_enable
03-13 09:59:42.184 20010 20010 W System.err: at android.provider.Settings.parseIntSetting(Settings.java:3533)
03-13 09:59:42.184 20010 20010 W System.err: at android.provider.Settings.-$ $Nest$smparseIntSetting(Unknown Source:0)
03-13 09:59:42.184 20010 20010 W System.err: at android.provider.Settings$Secure.getIntForUser(Settings.java:6425)
03-13 09:59:42.184 20010 20010 W System.err: at android.provider.Settings$Secure.getInt(Settings.java:6418)
03-13 09:59:42.184 20010 20010 W System.err: at dc.d.c(GetInstalledAppsPermissionCompat.java:6)
03-13 09:59:42.184 20010 20010 W System.err: at dc.d.a(GetInstalledAppsPermissionCompat.java:1)
03-13 09:59:42.184 20010 20010 W System.err: at dc.m.b(PermissionDelegateImplV19.java:4)
03-13 09:59:42.184 20010 20010 W System.err: at dc.n.b(PermissionDelegateImplV21.java:3)
03-13 09:59:42.184 20010 20010 W System.err: at dc.o.b(PermissionDelegateImplV23.java:44)
03-13 09:59:42.184 20010 20010 W System.err: at dc.p.b(PermissionDelegateImplV26.java:7)
03-13 09:59:42.184 20010 20010 W System.err: at dc.q.b(PermissionDelegateImplV28.java:3)
03-13 09:59:42.184 20010 20010 W System.err: at dc.r.b(PermissionDelegateImplV29.java:9)
03-13 09:59:42.184 20010 20010 W System.err: at dc.s.b(PermissionDelegateImplV30.java:3)
03-13 09:59:42.184 20010 20010 W System.err: at dc.t.b(PermissionDelegateImplV31.java:6)
03-13 09:59:42.184 20010 20010 W System.err: at dc.u.b(PermissionDelegateImplV33.java:15)
03-13 09:59:42.184 20010 20010 W System.err: at dc.i.b(Unknown Source:2)
03-13 09:59:42.184 20010 20010 W System.err: at dc.i.c(PermissionApi.java:3)
03-13 09:59:42.184 20010 20010 W System.err: at dc.d0.a(XXPermissions.java:2)
03-13 09:59:42.184 20010 20010 W System.err: at com.hello.sandbox.ui.splash.SplashAct.onCreate(SplashAct.kt:4)
03-13 09:59:42.184 20010 20010 W System.err: at android.app.Activity.performCreate(Activity.java:8577)
03-13 09:59:42.184 20010 20010 W System.err: at android.app.Activity.performCreate(Activity.java:8541)
03-13 09:59:42.184 20010 20010 W System.err: at android.app.Instrumentation.callActivityOnCreate(Instrumentation.java:1437)
03-13 09:59:42.184 20010 20010 W System.err: at android.app.ActivityThread.performLaunchActivity(ActivityThread.java:3884)
03-13 09:59:42.184 20010 20010 W System.err: at android.app.ActivityThread.handleLaunchActivity(ActivityThread.java:4049)
03-13 09:59:42.184 20010 20010 W System.err: at android.app.servertransaction.LaunchActivityItem.execute(LaunchActivityItem.java:10 1)
03-13 09:59:42.184 20010 20010 W System.err: at android.app.servertransaction.TransactionExecutor.executeCallbacks(TransactionExecu tor.java:135)
03-13 09:59:42.184 20010 20010 W System.err: at android.app.servertransaction.TransactionExecutor.execute(TransactionExecutor.java: 95)
03-13 09:59:42.184 20010 20010 W System.err: at android.app.ActivityThread$H.handleMessage(ActivityThread.java:2443)
03-13 09:59:42.184 20010 20010 W System.err: at android.os.Handler.dispatchMessage(Handler.java:106)
03-13 09:59:42.184 20010 20010 W System.err: at android.os.Looper.loopOnce(Looper.java:211)
03-13 09:59:42.185 20010 20010 W System.err: at android.os.Looper.loop(Looper.java:300)
03-13 09:59:42.185 20010 20010 W System.err: at android.app.ActivityThread.main(ActivityThread.java:8348)
03-13 09:59:42.185 20010 20010 W System.err: at java.lang.reflect.Method.invoke(Native Method)
03-13 09:59:42.185 20010 20010 W System.err: at com.android.internal.os.RuntimeInit$MethodAndArgsCaller.run(RuntimeInit.java:582)
03-13 09:59:42.185 20010 20010 W System.err: at com.android.internal.os.ZygoteInit.main(ZygoteInit.java:1028)
03-13 09:59:42.220 20010 20010 D IS_CTS_MODE: false
03-13 09:59:42.220 20010 20010 D MULTI_WINDOW_ENABLED: false
03-13 09:59:42.224 20010 20010 D DecorView[]: getWindowModeFromSystem windowmode is 1
03-13 09:59:42.243 20010 4551 D libMEOW : meow new tls: 0x7456d9a240
03-13 09:59:42.243 20010 4551 D libMEOW : applied 1 plugins for [com.hello.miheapp.secretspace]:
03-13 09:59:42.243 20010 4551 D libMEOW : plugin 1: [libMEOW_gift.so]:
03-13 09:59:42.243 20010 4551 D libMEOW : meow delete tls: 0x7456d9a240
03-13 09:59:42.249 20010 4548 I IconCustomizer: load icon config path M100 63.2218C100 73.8128 100 79.1083 98.1974 84.809C95.9321 91.0327 91.0295 95.9353 84.8058 98.2006C79.7827 99.7891 75.0686 99.9776 66.7731 100H50H33.2269C24.9314 99.9776 20.2173 99.7891 15.1942 98.2006C8.97051 95.9353 4.06795 91.0327 1.80256 84.809C0 79.1083 0 73.8128 0 63.2218V50V36.7782C0 26.1872 0 20.8917 1.80256 15.191C4.06795 8.96731 8.97051 4.06474 15.1942 1.79936C20.2173 0.210897 24.9314 0.0224359 33.2269 0H50H66.7731C75.0686 0.0224359 79.7827 0.210897 84.8058 1.79936C91.0295 4.06474 95.9321 8.96731 98.1974 15.191C100 20.8917 100 26.1872 100 36.7782V50V63.2218Z, valid rect RectF(0.0, 0.0, 100.0, 100.0), isFullMask true
03-13 09:59:42.249 20010 20010 D IS_CTS_MODE: false
03-13 09:59:42.249 20010 20010 D MULTI_WINDOW_ENABLED: false
03-13 09:59:42.249 20010 4548 W IconCustomizer: getCustomizedIconW 184
03-13 09:59:42.250 20010 20010 D DecorView[]: getWindowModeFromSystem windowmode is 1
03-13 09:59:42.260 20010 4548 D IconCustomizer: Generate customized icon for com.miui.screenrecorder.png, true
03-13 09:59:42.260 20010 4548 I IconCustomizer: composeIconWithTrans FullMask: for com.miui.screenrecorder.png
03-13 09:59:42.269 20010 20010 D ScrollerOptimizationManager: registerConfigChangedListener
03-13 09:59:42.273 20010 20010 D CompatibilityChangeReporter: Compat change id reported: 210923482; UID 10569; state: ENABLED
03-13 09:59:42.292 20010 4548 I DeviceLevelUtils: platform:mt6833
03-13 09:59:42.293 20010 4548 I MiSpeedRecord: Connecting to PerfShielder service.
03-13 09:59:42.307 20010 4548 I IconCustomizer: find better bitmap : 154, for cn.wps.xiaomi.abroad.lite
03-13 09:59:42.308 20010 4548 I IconCustomizer: find better bitmap : 168, for cn.wps.xiaomi.abroad.lite
03-13 09:59:42.308 20010 4548 I IconCustomizer: find better bitmap : 168, for cn.wps.xiaomi.abroad.lite
03-13 09:59:42.320 20010 4548 D IconCustomizer: Content Ratio = 1.0952381
03-13 09:59:42.324 20010 4548 D IconCustomizer: Content Ratio = 1.0952381
03-13 09:59:42.324 20010 4548 D IconCustomizer: BitmapDensity=352,dm.densityDpi=440
03-13 09:59:42.325 20010 4548 D IconCustomizer: Generate customized icon for cn.wps.xiaomi.abroad.lite.png, true
03-13 09:59:42.325 20010 4548 I IconCustomizer: composeIconWithTrans FullMask: for cn.wps.xiaomi.abroad.lite.png
03-13 09:59:42.349 20010 20097 D SessionLifecycleClient: Sending lifecycle 1 to service
03-13 09:59:42.349 20010 20385 D SessionLifecycleService: Activity foregrounding at 6305732.
03-13 09:59:42.349 20010 20385 D SessionLifecycleService: Cold start detected.
03-13 09:59:42.350 20010 20385 D SessionLifecycleService: Generated new session da53bfc86a344654b0d4f64de57604dc
03-13 09:59:42.350 20010 20385 D SessionLifecycleService: Broadcasting new session: SessionDetails(sessionId=da53bfc86a344654b0d4f64de57604dc, firstSessionId=da53bfc86a344654b0d4f64de57604dc, sessionIndex=0, sessionStartTimestampUs=1741840182350000)
03-13 09:59:42.351 20283 20283 D SessionLifecycleClient: Session update received: da53bfc86a344654b0d4f64de57604dc
03-13 09:59:42.351 20010 20110 D SessionFirelogPublisher: Data Collection is enabled for at least one Subscriber
03-13 09:59:42.354 20283 20341 D SessionLifecycleClient: Notified CRASHLYTICS of new session da53bfc86a344654b0d4f64de57604dc
03-13 09:59:42.359 20010 20010 I SurfaceFactory: [static] sSurfaceFactory = com.mediatek.view.impl.SurfaceFactoryImpl@520d919
03-13 09:59:42.364 20010 20097 D EventGDTLogger: Session Event: {"eventType":1,"sessionData": {"sessionId":"da53bfc86a344654b0d4f64de57604dc","firstSessionId":"da53bfc86a344654b 0d4f64de57604dc","sessionIndex":0,"eventTimestampUs":1741840182350000,"dataCollecti onStatus": {"performance":1,"crashlytics":2,"sessionSamplingRate":1.0},"firebaseInstallationId ":"cd4RpQMESh22kMvWzpDFtW"},"applicationInfo": {"appId":"1:716442668392:android:91ab0e5825942d3ba61add","deviceModel":"21091116AI" ,"sessionSdkVersion":"1.2.1","osVersion":"13","logEnvironment":3,"androidAppInfo": {"packageName":"com.hello.miheapp.secretspace","versionName":"1.1.50","appBuildVers ion":"1150","deviceManufacturer":"Xiaomi","currentProcessDetails": {"processName":"com.hello.miheapp.secretspace","pid":20010,"importance":100,"defaul tProcess":true},"appProcessDetails": [{"processName":"com.hello.miheapp.secretspace","pid":20010,"importance":100,"defau ltProcess":true}, {"processName":"com.hello.miheapp.secretspace:p0","pid":20197,"importance":125,"def aultProcess":false}, {"processName":"com.hello.miheapp.secretspace:dex","pid":20283,"importance":125,"de faultProcess":false}, {"processName":"com.hello.miheapp.secretspace:black","pid":20143,"importance":125," defaultProcess":false}]}}}
03-13 09:59:42.365 20010 20097 D SessionFirelogPublisher: Successfully logged Session Start event: da53bfc86a344654b0d4f64de57604dc
03-13 09:59:42.365 20010 4538 W libc : Access denied finding property "ro.vendor.display.iris_x7.support"
03-13 09:59:42.372 20010 20010 I ForceDarkHelperStubImpl: setViewRootImplForceDark: false for com.hello.sandbox.ui.lock.AppLockActivity@57a262d, reason: AppDarkModeEnable
03-13 09:59:42.372 20010 20010 D VRI[AppLockActivity]: hardware acceleration = true, forceHwAccelerated = false
03-13 09:59:42.376 20010 20106 D CompatibilityChangeReporter: Compat change id reported: 194532703; UID 10569; state: ENABLED
03-13 09:59:42.377 20010 20010 D libMEOW : meow new tls: 0x7456e152c0
03-13 09:59:42.377 20010 20010 D libMEOW : applied 1 plugins for [com.hello.miheapp.secretspace]:
03-13 09:59:42.377 20010 20010 D libMEOW : plugin 1: [libMEOW_gift.so]:
03-13 09:59:42.379 20010 20010 D SessionLifecycleClient: Session update received: da53bfc86a344654b0d4f64de57604dc
03-13 09:59:42.382 20010 20110 D SessionLifecycleClient: Notified CRASHLYTICS of new session da53bfc86a344654b0d4f64de57604dc
03-13 09:59:42.384 20010 20015 W app.secretspace: Cleared Reference was only reachable from finalizer (only reported once)
03-13 09:59:42.390 20010 4548 I IconCustomizer: com.fawazapp.blackhole.png adaptiveIcon2Drawable size 198
03-13 09:59:42.394 20010 20348 I app.secretspace: Waiting for a blocking GC ClassLinker
03-13 09:59:42.394 20010 20010 D BufferQueueConsumer: [](id:4e2a00000000,api:0,p:- 1,c:20010) connect: controlledByApp=false
03-13 09:59:42.397 20010 4555 I FA : Tag Manager is not found and thus will not be used
03-13 09:59:42.407 20010 4538 D libMEOW : meow new tls: 0x7456e88c00
03-13 09:59:42.407 20010 4538 D libMEOW : applied 1 plugins for [com.hello.miheapp.secretspace]:
03-13 09:59:42.407 20010 4538 D libMEOW : plugin 1: [libMEOW_gift.so]:
03-13 09:59:42.410 20010 20010 D VRI[AppLockActivity]: vri.reportNextDraw android.view.ViewRootImpl.performTraversals:3953 android.view.ViewRootImpl.doTraversal:2674 android.view.ViewRootImpl$TraversalRunnable.run:9867 android.view.Choreographer$CallbackRecord.run:1431 android.view.Choreographer$CallbackRecord.run:1439
03-13 09:59:42.411 20010 20010 D VRI[AppLockActivity]: vri.Setup new sync id=0 syncSeqId=0
03-13 09:59:42.415 20010 20015 W app.secretspace: Reducing the number of considered missed Gc histogram windows from 407 to 100
03-13 09:59:42.415 20010 20348 I app.secretspace: WaitForGcToComplete blocked ClassLinker on Background for 20.817ms
03-13 09:59:42.417 20010 4538 E libEGL : pre_cache appList: com.android.calendar,com.android.contacts,com.android.fileexplorer,com.android.mms, com.android.settings,com.android.thememanager,com.miui.gallery,com.miui.notes,com.m iui.player,com.miui.securitycenter,com.miui.video,com.miui.weather2
03-13 09:59:42.436 20010 4538 D app.secretspace: MiuiProcessManagerServiceStub setSchedFifo
03-13 09:59:42.436 20010 4538 I MiuiProcessManagerImpl: setSchedFifo pid:20010, mode:3
03-13 09:59:42.436 20010 4538 W libc : Access denied finding property "ro.vendor.magt.mtk_magt_support"
03-13 09:59:42.436 20010 4538 D hw-ProcessState: Binder ioctl to enable oneway spam detection failed: Invalid argument
03-13 09:59:42.439 20010 4538 W libc : Access denied finding property "ro.vendor.display.iris_x7.support"
03-13 09:59:42.461 20010 4538 E app.secretspace: FI open fail: No such file or directory
03-13 09:59:42.461 20010 4538 W libc : Access denied finding property "ro.vendor.display.iris_x7.support"
03-13 09:59:42.461 20010 4538 E gralloc4: Empty SMPTE 2094-40 data
03-13 09:59:42.461 20010 4538 W libc : Access denied finding property "ro.vendor.display.iris_x7.support"
03-13 09:59:42.462 20010 4538 D BLASTBufferQueue: [VRI[AppLockActivity]#0] (f:0,a:1) acquireNextBufferLocked size=1080x2400 mFrameNumber=1 applyTransaction=true mTimestamp=6305844297451(auto) mPendingTransactions.size=0 graphicBufferId=85942295592962 transform=0
03-13 09:59:42.465 20010 4538 W Parcel : Expecting binder but got null!
03-13 09:59:42.465 20010 20010 D VRI[AppLockActivity]: vri.reportDrawFinished syncSeqId=0 android.view.ViewRootImpl.lambda$createSyncIfNeeded$4$android-view- ViewRootImpl:4021 android.view.ViewRootImpl$$ExternalSyntheticLambda1.run:6 android.os.Handler.handleCallback:942 android.os.Handler.dispatchMessage:99 android.os.Looper.loopOnce:211
03-13 09:59:42.476 20010 4538 W libc : Access denied finding property "ro.vendor.display.iris_x7.support"
03-13 09:59:42.482 20010 4538 E gralloc4: Empty SMPTE 2094-40 data
03-13 09:59:42.486 20010 4538 W libc : Access denied finding property "ro.vendor.display.iris_x7.support"
03-13 09:59:42.491 20010 4538 E gralloc4: Empty SMPTE 2094-40 data
03-13 09:59:42.496 20010 4538 W libc : Access denied finding property "ro.vendor.display.iris_x7.support"
03-13 09:59:42.496 20010 20010 I ForceDarkHelperStubImpl: setViewRootImplForceDark: false for com.hello.sandbox.ui.lock.AppLockActivity@57a262d, reason: AppDarkModeEnable
03-13 09:59:42.496 20010 20010 D VRI[PopupWindow:c2ee259]: hardware acceleration = true, forceHwAccelerated = false
03-13 09:59:42.501 20010 20010 D DecorView[]: onWindowFocusChanged hasWindowFocus true
03-13 09:59:42.502 20010 20010 I HandWritingStubImpl: refreshLastKeyboardType: 1
03-13 09:59:42.502 20010 20010 I HandWritingStubImpl: getCurrentKeyboardType: 1
03-13 09:59:42.514 20010 4538 E gralloc4: Empty SMPTE 2094-40 data
03-13 09:59:42.524 20010 20010 D BufferQueueConsumer: [](id:4e2a00000001,api:0,p:- 1,c:20010) connect: controlledByApp=false
03-13 09:59:42.525 20010 20010 I ForceDarkHelperStubImpl: setViewRootImplForceDark: false for com.hello.sandbox.ui.lock.AppLockActivity@57a262d, reason: AppDarkModeEnable
03-13 09:59:42.527 20010 20010 D VRI[PopupWindow:c2ee259]: vri.reportNextDraw android.view.ViewRootImpl.performTraversals:3953 android.view.ViewRootImpl.doTraversal:2674 android.view.ViewRootImpl$TraversalRunnable.run:9867 android.view.Choreographer$CallbackRecord.run:1431 android.view.Choreographer$CallbackRecord.run:1439
03-13 09:59:42.527 20010 20010 D VRI[PopupWindow:c2ee259]: vri.Setup new sync id=0 syncSeqId=0
03-13 09:59:42.529 20010 4538 E gralloc4: Empty SMPTE 2094-40 data
03-13 09:59:42.529 20010 4538 D BLASTBufferQueue: [VRI[PopupWindow:c2ee259]#1] (f:0,a:1) acquireNextBufferLocked size=1080x253 mFrameNumber=1 applyTransaction=true mTimestamp=6305912521989(auto) mPendingTransactions.size=0 graphicBufferId=85942295592963 transform=0
03-13 09:59:42.530 20010 4538 W Parcel : Expecting binder but got null!
03-13 09:59:42.530 20010 20010 D VRI[PopupWindow:c2ee259]: vri.reportDrawFinished syncSeqId=0 android.view.ViewRootImpl.lambda$createSyncIfNeeded$4$android-view- ViewRootImpl:4021 android.view.ViewRootImpl$$ExternalSyntheticLambda1.run:6 android.os.Handler.handleCallback:942 android.os.Handler.dispatchMessage:99 android.os.Looper.loopOnce:211
03-13 09:59:42.531 20010 20010 I HandWritingStubImpl: getCurrentKeyboardType: 1
03-13 09:59:42.535 20010 4538 E gralloc4: Empty SMPTE 2094-40 data
03-13 09:59:42.537 20010 20010 D VRI[PopupWindow:c2ee259]: vri.reportNextDraw android.view.ViewRootImpl.handleResized:2047 android.view.ViewRootImpl.-$ $Nest$mhandleResized:0 android.view.ViewRootImpl$ViewRootHandler.handleMessageImpl:6120 android.view.ViewRootImpl$ViewRootHandler.handleMessage:6084 android.os.Handler.dispatchMessage:106
03-13 09:59:42.539 20010 4538 E gralloc4: Empty SMPTE 2094-40 data
03-13 09:59:42.544 20010 20010 D VRI[PopupWindow:c2ee259]: vri.Setup new sync id=1 syncSeqId=0
03-13 09:59:42.546 20010 4538 E gralloc4: Empty SMPTE 2094-40 data
03-13 09:59:42.547 20010 4538 E gralloc4: Empty SMPTE 2094-40 data
03-13 09:59:42.548 20010 4548 I IconCustomizer: in.amazon.mShop.android.shopping.png adaptiveIcon2Drawable size 198
03-13 09:59:42.548 20010 20010 D VRI[PopupWindow:c2ee259]: vri.reportDrawFinished syncSeqId=0 android.view.ViewRootImpl.lambda$createSyncIfNeeded$4$android-view- ViewRootImpl:4021 android.view.ViewRootImpl$$ExternalSyntheticLambda1.run:6 android.os.Handler.handleCallback:942 android.os.Handler.dispatchMessage:99 android.os.Looper.loopOnce:211
03-13 09:59:42.556 20010 4538 E gralloc4: Empty SMPTE 2094-40 data
03-13 09:59:42.558 20010 4538 E gralloc4: Empty SMPTE 2094-40 data
03-13 09:59:42.568 20010 4538 E gralloc4: Empty SMPTE 2094-40 data
03-13 09:59:42.569 20010 4538 E gralloc4: Empty SMPTE 2094-40 data
03-13 09:59:42.572 20010 4548 I IconCustomizer: com.calculator.hideu.png adaptiveIcon2Drawable size 198
03-13 09:59:42.578 20010 4538 E gralloc4: Empty SMPTE 2094-40 data
03-13 09:59:42.580 20010 4538 E gralloc4: Empty SMPTE 2094-40 data
03-13 09:59:42.590 20010 4548 I IconCustomizer: find better bitmap : 132, for com.xiaomi.mibrain.speech
03-13 09:59:42.591 20010 4538 E gralloc4: Empty SMPTE 2094-40 data
03-13 09:59:42.591 20010 4548 I IconCustomizer: find better bitmap : 156, for com.xiaomi.mibrain.speech
03-13 09:59:42.592 20010 4538 E gralloc4: Empty SMPTE 2094-40 data
03-13 09:59:42.592 20010 4548 I IconCustomizer: find better bitmap : 180, for com.xiaomi.mibrain.speech
03-13 09:59:42.595 20010 4548 D IconCustomizer: Content Ratio = 1.0222223
03-13 09:59:42.596 20010 4548 D IconCustomizer: Generate customized icon for com.xiaomi.mibrain.speech.png, true
03-13 09:59:42.596 20010 4548 I IconCustomizer: composeIconWithTrans FullMask: for com.xiaomi.mibrain.speech.png
03-13 09:59:42.601 20010 4538 E gralloc4: Empty SMPTE 2094-40 data
03-13 09:59:42.603 20010 4538 E gralloc4: Empty SMPTE 2094-40 data
03-13 09:59:42.612 20010 4538 E gralloc4: Empty SMPTE 2094-40 data
03-13 09:59:42.614 20010 4538 E gralloc4: Empty SMPTE 2094-40 data
03-13 09:59:42.623 20010 4538 E gralloc4: Empty SMPTE 2094-40 data
03-13 09:59:42.624 20010 4538 E gralloc4: Empty SMPTE 2094-40 data
03-13 09:59:42.627 20010 4548 I IconCustomizer: find better bitmap : 170, for com.happymod.apk
03-13 09:59:42.628 20010 4548 I IconCustomizer: find better bitmap : 185, for com.happymod.apk
03-13 09:59:42.628 20010 4548 D IconCustomizer: Content Ratio = 0.7173913
03-13 09:59:42.629 20010 4548 D IconCustomizer: Content Ratio = 0.7173913
03-13 09:59:42.629 20010 4548 D IconCustomizer: BitmapDensity=406,dm.densityDpi=440
03-13 09:59:42.629 20010 4548 D IconCustomizer: Generate customized icon for com.happymod.apk.png, true
03-13 09:59:42.629 20010 4548 I IconCustomizer: composeIconWithTrans FullMask: for com.happymod.apk.png
03-13 09:59:42.635 20010 4538 E gralloc4: Empty SMPTE 2094-40 data
03-13 09:59:42.636 20010 4538 E gralloc4: Empty SMPTE 2094-40 data
03-13 09:59:42.644 20010 4538 E gralloc4: Empty SMPTE 2094-40 data
03-13 09:59:42.645 20010 4538 E gralloc4: Empty SMPTE 2094-40 data
03-13 09:59:42.652 20010 4548 E BitmapFactory: Unable to decode stream: java.io.FileNotFoundException: /product/media/theme/miui_mod_icons/dynamic/com.duokan.phone.remotecontroller/ 2.png: open failed: ENOENT (No such file or directory)
03-13 09:59:42.655 20010 4538 E gralloc4: Empty SMPTE 2094-40 data
03-13 09:59:42.656 20010 4538 E gralloc4: Empty SMPTE 2094-40 data
03-13 09:59:42.667 20010 4538 E gralloc4: Empty SMPTE 2094-40 data
03-13 09:59:42.668 20010 4538 E gralloc4: Empty SMPTE 2094-40 data
03-13 09:59:42.677 20010 4548 I incfs : Initial API level of the device: 30
03-13 09:59:42.677 20010 4548 W libc : Access denied finding property "ro.incremental.enable"
03-13 09:59:42.677 20010 4548 I incfs : ro.incremental.enable:
03-13 09:59:42.677 20010 4548 I incfs : IncFs_Features: v1
03-13 09:59:42.673 20010 20010 W Thread-24: type=1400 audit(0.0:13441): avc: denied { read } for name="u:object_r:incremental_prop:s0" dev="tmpfs" ino=10385 scontext=u:r:untrusted_app:s0:c57,c258,c512,c768 tcontext=u:object_r:incremental_prop:s0 tclass=file permissive=0 app=com.hello.miheapp.secretspace
03-13 09:59:42.673 20010 20010 W Thread-24: type=1400 audit(0.0:13442): avc: denied { ioctl } for path="/data/app/~~Te08Orx-NiwGmrY7CQsjYg==/com.ea.gp.fifamobile- _Ljcmm3MgGYLKevMdW8hGg==/base.apk" dev="incremental-fs" ino=1075435 ioctlcmd=0x6722 scontext=u:r:untrusted_app:s0:c57,c258,c512,c768 tcontext=u:object_r:apk_data_file:s0 tclass=file permissive=0 app=com.hello.miheapp.secretspace
03-13 09:59:42.678 20010 4538 E gralloc4: Empty SMPTE 2094-40 data
03-13 09:59:42.680 20010 4538 E gralloc4: Empty SMPTE 2094-40 data
03-13 09:59:42.689 20010 4538 E gralloc4: Empty SMPTE 2094-40 data
03-13 09:59:42.691 20010 4538 E gralloc4: Empty SMPTE 2094-40 data
03-13 09:59:42.685 20010 20010 W Thread-24: type=1400 audit(0.0:13443): avc: denied { ioctl } for path="/data/app/~~Te08Orx-NiwGmrY7CQsjYg==/com.ea.gp.fifamobile- _Ljcmm3MgGYLKevMdW8hGg==/split_config.bn.apk" dev="incremental-fs" ino=996510 ioctlcmd=0x6722 scontext=u:r:untrusted_app:s0:c57,c258,c512,c768 tcontext=u:object_r:apk_data_file:s0 tclass=file permissive=0 app=com.hello.miheapp.secretspace
03-13 09:59:42.685 20010 20010 W Thread-24: type=1400 audit(0.0:13444): avc: denied { ioctl } for path="/data/app/~~Te08Orx-NiwGmrY7CQsjYg==/com.ea.gp.fifamobile- _Ljcmm3MgGYLKevMdW8hGg==/split_config.en.apk" dev="incremental-fs" ino=1031672 ioctlcmd=0x6722 scontext=u:r:untrusted_app:s0:c57,c258,c512,c768 tcontext=u:object_r:apk_data_file:s0 tclass=file permissive=0 app=com.hello.miheapp.secretspace
03-13 09:59:42.689 20010 20010 W Thread-24: type=1400 audit(0.0:13445): avc: denied { ioctl } for path="/data/app/~~Te08Orx-NiwGmrY7CQsjYg==/com.ea.gp.fifamobile- _Ljcmm3MgGYLKevMdW8hGg==/split_config.gu.apk" dev="incremental-fs" ino=715264 ioctlcmd=0x6722 scontext=u:r:untrusted_app:s0:c57,c258,c512,c768 tcontext=u:object_r:apk_data_file:s0 tclass=file permissive=0 app=com.hello.miheapp.secretspace
03-13 09:59:42.701 20010 4538 E gralloc4: Empty SMPTE 2094-40 data
03-13 09:59:42.702 20010 4538 E gralloc4: Empty SMPTE 2094-40 data
03-13 09:59:42.713 20010 4538 E gralloc4: Empty SMPTE 2094-40 data
03-13 09:59:42.714 20010 4548 I IconCustomizer: com.ea.gp.fifamobile.png adaptiveIcon2Drawable size 198
03-13 09:59:42.715 20010 4538 E gralloc4: Empty SMPTE 2094-40 data
03-13 09:59:42.723 20010 4538 E gralloc4: Empty SMPTE 2094-40 data
03-13 09:59:42.724 20010 4538 E gralloc4: Empty SMPTE 2094-40 data
03-13 09:59:42.735 20010 4538 E gralloc4: Empty SMPTE 2094-40 data
03-13 09:59:42.736 20010 4538 E gralloc4: Empty SMPTE 2094-40 data
03-13 09:59:42.745 20010 4538 E gralloc4: Empty SMPTE 2094-40 data
03-13 09:59:42.747 20010 4538 E gralloc4: Empty SMPTE 2094-40 data
03-13 09:59:42.752 20010 4548 I IconCustomizer: net.one97.paytm.png adaptiveIcon2Drawable size 198
03-13 09:59:42.757 20010 4538 E gralloc4: Empty SMPTE 2094-40 data
03-13 09:59:42.758 20010 4538 E gralloc4: Empty SMPTE 2094-40 data
03-13 09:59:42.764 20010 4548 I IconCustomizer: find better bitmap : 132, for com.topfollow2
03-13 09:59:42.766 20010 4548 I IconCustomizer: find better bitmap : 156, for com.topfollow2
03-13 09:59:42.767 20010 4548 I IconCustomizer: find better bitmap : 180, for com.topfollow2
03-13 09:59:42.767 20010 4538 E gralloc4: Empty SMPTE 2094-40 data
03-13 09:59:42.768 20010 4548 D IconCustomizer: Content Ratio = 0.79518074
03-13 09:59:42.768 20010 4548 D IconCustomizer: Generate customized icon for com.topfollow2.png, true
03-13 09:59:42.768 20010 4548 I IconCustomizer: composeIconWithTrans FullMask: for com.topfollow2.png
03-13 09:59:42.769 20010 4538 E gralloc4: Empty SMPTE 2094-40 data
03-13 09:59:42.779 20010 4538 E gralloc4: Empty SMPTE 2094-40 data
03-13 09:59:42.781 20010 4538 E gralloc4: Empty SMPTE 2094-40 data
03-13 09:59:42.793 20010 4538 E gralloc4: Empty SMPTE 2094-40 data
03-13 09:59:42.795 20010 4538 E gralloc4: Empty SMPTE 2094-40 data
03-13 09:59:42.801 20010 4538 E gralloc4: Empty SMPTE 2094-40 data
03-13 09:59:42.803 20010 4538 E gralloc4: Empty SMPTE 2094-40 data
03-13 09:59:42.809 20010 4548 I IconCustomizer: com.xiaomi.mi_care.png adaptiveIcon2Drawable size 198
03-13 09:59:42.811 20010 4538 E gralloc4: Empty SMPTE 2094-40 data
03-13 09:59:42.835 20010 4548 E BitmapFactory: Unable to decode stream: java.io.FileNotFoundException: /product/media/theme/miui_mod_icons/dynamic/com.miui.notes/2.png: open failed: ENOENT (No such file or directory)
03-13 09:59:42.885 20010 4548 I IconCustomizer: com.mventus.selfcare.activity.png adaptiveIcon2Drawable size 198
03-13 09:59:42.919 20010 4548 E BitmapFactory: Unable to decode stream: java.io.FileNotFoundException: /product/media/theme/miui_mod_icons/dynamic/com.miui.calculator/2.png: open failed: ENOENT (No such file or directory)
03-13 09:59:42.990 20010 4548 I IconCustomizer: find better bitmap : 156, for com.miui.mediaeditor
03-13 09:59:42.991 20010 4548 I IconCustomizer: find better bitmap : 156, for com.miui.mediaeditor
03-13 09:59:42.992 20010 4548 I IconCustomizer: find better bitmap : 156, for com.miui.mediaeditor
03-13 09:59:42.992 20010 4548 D IconCustomizer: Content Ratio = 1.1794872
03-13 09:59:42.993 20010 4548 D IconCustomizer: Content Ratio = 1.1794872
03-13 09:59:42.993 20010 4548 D IconCustomizer: BitmapDensity=160,dm.densityDpi=440
03-13 09:59:42.994 20010 4548 D IconCustomizer: Generate customized icon for com.miui.mediaeditor.png, true
03-13 09:59:42.994 20010 4548 I IconCustomizer: composeIconWithTrans FullMask: for com.miui.mediaeditor.png
03-13 09:59:43.076 20010 4548 E BitmapFactory: Unable to decode stream: java.io.FileNotFoundException: /product/media/theme/miui_mod_icons/dynamic/com.xiaomi.smarthome/2.png: open failed: ENOENT (No such file or directory)
03-13 09:59:43.099 20010 4548 I IconCustomizer: find better bitmap : 132, for com.facemoji.lite.xiaomi
03-13 09:59:43.101 20010 4548 I IconCustomizer: find better bitmap : 156, for com.facemoji.lite.xiaomi
03-13 09:59:43.103 20010 4548 I IconCustomizer: find better bitmap : 180, for com.facemoji.lite.xiaomi
03-13 09:59:43.104 20010 4548 D IconCustomizer: Content Ratio = 1.0222223
03-13 09:59:43.104 20010 4548 D IconCustomizer: Generate customized icon for com.facemoji.lite.xiaomi.png, true
03-13 09:59:43.105 20010 4548 I IconCustomizer: composeIconWithTrans FullMask: for com.facemoji.lite.xiaomi.png
03-13 09:59:43.111 20010 4548 I IconCustomizer: find better bitmap : 132, for com.hello.miheapp.secretspace
03-13 09:59:43.114 20010 4548 I IconCustomizer: find better bitmap : 156, for com.hello.miheapp.secretspace
03-13 09:59:43.116 20010 4548 I IconCustomizer: find better bitmap : 180, for com.hello.miheapp.secretspace
03-13 09:59:43.118 20010 4548 D IconCustomizer: Content Ratio = 1.0222223
03-13 09:59:43.121 20010 4548 D IconCustomizer: Generate customized icon for com.hello.miheapp.secretspace.png, true
03-13 09:59:43.121 20010 4548 I IconCustomizer: composeIconWithTrans FullMask: for com.hello.miheapp.secretspace.png
03-13 09:59:43.170 20010 4548 I IconCustomizer: com.snapchat.android.png adaptiveIcon2Drawable size 198
03-13 09:59:43.533 20010 20010 I HandWritingStubImpl: refreshLastKeyboardType: 1
03-13 09:59:43.534 20010 20010 I HandWritingStubImpl: getCurrentKeyboardType: 1
03-13 09:59:43.537 20010 4538 E gralloc4: Empty SMPTE 2094-40 data
03-13 09:59:43.543 20010 4538 E gralloc4: Empty SMPTE 2094-40 data
03-13 09:59:43.554 20010 4538 E gralloc4: Empty SMPTE 2094-40 data
03-13 09:59:43.564 20010 4538 E gralloc4: Empty SMPTE 2094-40 data
03-13 09:59:43.575 20010 4538 E gralloc4: Empty SMPTE 2094-40 data
03-13 09:59:43.586 20010 4538 E gralloc4: Empty SMPTE 2094-40 data
03-13 09:59:43.598 20010 4538 E gralloc4: Empty SMPTE 2094-40 data
03-13 09:59:43.609 20010 4538 E gralloc4: Empty SMPTE 2094-40 data
03-13 09:59:43.620 20010 4538 E gralloc4: Empty SMPTE 2094-40 data
03-13 09:59:43.630 20010 4538 E gralloc4: Empty SMPTE 2094-40 data
03-13 09:59:43.642 20010 4538 E gralloc4: Empty SMPTE 2094-40 data
03-13 09:59:43.653 20010 4538 E gralloc4: Empty SMPTE 2094-40 data
03-13 09:59:43.664 20010 4538 E gralloc4: Empty SMPTE 2094-40 data
03-13 09:59:43.674 20010 4538 E gralloc4: Empty SMPTE 2094-40 data
03-13 09:59:43.687 20010 4538 E gralloc4: Empty SMPTE 2094-40 data
03-13 09:59:43.697 20010 4538 E gralloc4: Empty SMPTE 2094-40 data
03-13 09:59:43.708 20010 4538 E gralloc4: Empty SMPTE 2094-40 data
03-13 09:59:43.718 20010 4538 E gralloc4: Empty SMPTE 2094-40 data
03-13 09:59:43.730 20010 4538 E gralloc4: Empty SMPTE 2094-40 data
03-13 09:59:43.741 20010 4538 E gralloc4: Empty SMPTE 2094-40 data
03-13 09:59:43.752 20010 4538 E gralloc4: Empty SMPTE 2094-40 data
03-13 09:59:43.763 20010 4538 E gralloc4: Empty SMPTE 2094-40 data
03-13 09:59:43.774 20010 4538 E gralloc4: Empty SMPTE 2094-40 data
03-13 09:59:43.785 20010 4538 E gralloc4: Empty SMPTE 2094-40 data
03-13 09:59:43.796 20010 4538 E gralloc4: Empty SMPTE 2094-40 data
03-13 09:59:44.130 20010 20010 W MirrorManager: this model don't Support
03-13 09:59:44.173 20010 4538 E gralloc4: Empty SMPTE 2094-40 data
03-13 09:59:44.184 20010 4538 E gralloc4: Empty SMPTE 2094-40 data
03-13 09:59:44.194 20010 4538 E gralloc4: Empty SMPTE 2094-40 data
03-13 09:59:44.205 20010 4538 E gralloc4: Empty SMPTE 2094-40 data
03-13 09:59:44.216 20010 4538 E gralloc4: Empty SMPTE 2094-40 data
03-13 09:59:44.228 20010 4538 E gralloc4: Empty SMPTE 2094-40 data
03-13 09:59:44.242 20010 4538 E gralloc4: Empty SMPTE 2094-40 data
03-13 09:59:44.255 20010 4538 E gralloc4: Empty SMPTE 2094-40 data
03-13 09:59:44.267 20010 4538 E gralloc4: Empty SMPTE 2094-40 data
03-13 09:59:44.279 20010 4538 E gralloc4: Empty SMPTE 2094-40 data
03-13 09:59:44.291 20010 4538 E gralloc4: Empty SMPTE 2094-40 data
03-13 09:59:44.301 20010 4538 E gralloc4: Empty SMPTE 2094-40 data
03-13 09:59:44.313 20010 4538 E gralloc4: Empty SMPTE 2094-40 data
03-13 09:59:44.324 20010 4538 E gralloc4: Empty SMPTE 2094-40 data
03-13 09:59:44.335 20010 4538 E gralloc4: Empty SMPTE 2094-40 data
03-13 09:59:44.346 20010 4538 E gralloc4: Empty SMPTE 2094-40 data
03-13 09:59:44.357 20010 4538 E gralloc4: Empty SMPTE 2094-40 data
03-13 09:59:44.368 20010 4538 E gralloc4: Empty SMPTE 2094-40 data
03-13 09:59:44.379 20010 4538 E gralloc4: Empty SMPTE 2094-40 data
03-13 09:59:44.390 20010 4538 E gralloc4: Empty SMPTE 2094-40 data
