03-13 10:00:30.680 20010 4538 E gralloc4: Empty SMPTE 2094-40 data
03-13 10:00:30.691 20010 4538 E gralloc4: Empty SMPTE 2094-40 data
03-13 10:00:30.713 20010 4538 E gralloc4: Empty SMPTE 2094-40 data
03-13 10:00:30.724 20010 4538 E gralloc4: Empty SMPTE 2094-40 data
03-13 10:00:30.747 20010 4538 E gralloc4: Empty SMPTE 2094-40 data
03-13 10:00:30.758 20010 4538 E gralloc4: Empty SMPTE 2094-40 data
03-13 10:00:30.780 20010 4538 E gralloc4: Empty SMPTE 2094-40 data
03-13 10:00:30.791 20010 4538 E gralloc4: Empty SMPTE 2094-40 data
03-13 10:00:30.813 20010 4538 E gralloc4: Empty SMPTE 2094-40 data
03-13 10:00:30.824 20010 4538 E gralloc4: Empty SMPTE 2094-40 data
03-13 10:00:30.847 20010 4538 E gralloc4: Empty SMPTE 2094-40 data
03-13 10:00:30.857 20010 4538 E gralloc4: Empty SMPTE 2094-40 data
03-13 10:00:30.880 20010 4538 E gralloc4: Empty SMPTE 2094-40 data
03-13 10:00:30.891 20010 4538 E gralloc4: Empty SMPTE 2094-40 data
03-13 10:00:30.913 20010 4538 E gralloc4: Empty SMPTE 2094-40 data
03-13 10:00:30.924 20010 4538 E gralloc4: Empty SMPTE 2094-40 data
03-13 10:00:30.935 20010 4538 E gralloc4: Empty SMPTE 2094-40 data
03-13 10:00:30.938 20010 20010 D View : [Warning] assignParent to null: this = DecorView@612c9b0[AppLockActivity]
03-13 10:00:30.946 20010 20010 E WindowManager: android.view.WindowLeaked: Activity com.hello.sandbox.ui.lock.AppLockActivity has leaked window android.widget.PopupWindow$PopupDecorView{d93b029 V.E...... R....... 0,0-1080,253} that was originally added here
03-13 10:00:30.946 20010 20010 E WindowManager: at android.view.ViewRootImpl.<init>(ViewRootImpl.java:1052)
03-13 10:00:30.946 20010 20010 E WindowManager: at android.view.ViewRootImpl.<init>(ViewRootImpl.java:1036)
03-13 10:00:30.946 20010 20010 E WindowManager: at android.view.WindowManagerGlobal.addView(WindowManagerGlobal.java:408)
03-13 10:00:30.946 20010 20010 E WindowManager: at android.view.WindowManagerGlobal.addView(WindowManagerGlobal.java:313)
03-13 10:00:30.946 20010 20010 E WindowManager: at android.view.WindowManagerImpl.addView(WindowManagerImpl.java:150)
03-13 10:00:30.946 20010 20010 E WindowManager: at android.widget.PopupWindow.invokePopup(PopupWindow.java:1583)
03-13 10:00:30.946 20010 20010 E WindowManager: at android.widget.PopupWindow.showAtLocation(PopupWindow.java:1349)
03-13 10:00:30.946 20010 20010 E WindowManager: at android.widget.PopupWindow.showAtLocation(PopupWindow.java:1315)
03-13 10:00:30.946 20010 20010 E WindowManager: at sh.i.k(SimplePushBubble.java:18)
03-13 10:00:30.946 20010 20010 E WindowManager: at sh.d.a(PushBubbleManager.java:14)
03-13 10:00:30.946 20010 20010 E WindowManager: at com.hello.sandbox.ui.lock.AppLockActivity.checkAndShowSecretTip(AppLockActivity.kt: 13)
03-13 10:00:30.946 20010 20010 E WindowManager: at com.hello.sandbox.ui.lock.AppLockActivity.onWindowFocusChanged(AppLockActivity.kt:3 )
03-13 10:00:30.946 20010 20010 E WindowManager: at i.i.onWindowFocusChanged(Unknown Source:2)
03-13 10:00:30.946 20010 20010 E WindowManager: at com.android.internal.policy.DecorView.onWindowFocusChanged(DecorView.java:1963)
03-13 10:00:30.946 20010 20010 E WindowManager: at android.view.View.dispatchWindowFocusChanged(View.java:15468)
03-13 10:00:30.946 20010 20010 E WindowManager: at android.view.ViewGroup.dispatchWindowFocusChanged(ViewGroup.java:1520)
03-13 10:00:30.946 20010 20010 E WindowManager: at android.view.ViewRootImpl.handleWindowFocusChanged(ViewRootImpl.java:4164)
03-13 10:00:30.946 20010 20010 E WindowManager: at android.view.ViewRootImpl.-$$Nest$mhandleWindowFocusChanged(Unknown Source:0)
03-13 10:00:30.946 20010 20010 E WindowManager: at android.view.ViewRootImpl$ViewRootHandler.handleMessageImpl(ViewRootImpl.java:6189)
03-13 10:00:30.946 20010 20010 E WindowManager: at android.view.ViewRootImpl$ViewRootHandler.handleMessage(ViewRootImpl.java:6084)
03-13 10:00:30.946 20010 20010 E WindowManager: at android.os.Handler.dispatchMessage(Handler.java:106)
03-13 10:00:30.946 20010 20010 E WindowManager: at android.os.Looper.loopOnce(Looper.java:211)
03-13 10:00:30.946 20010 20010 E WindowManager: at android.os.Looper.loop(Looper.java:300)
03-13 10:00:30.946 20010 20010 E WindowManager: at android.app.ActivityThread.main(ActivityThread.java:8348)
03-13 10:00:30.946 20010 20010 E WindowManager: at java.lang.reflect.Method.invoke(Native Method)
03-13 10:00:30.946 20010 20010 E WindowManager: at com.android.internal.os.RuntimeInit$MethodAndArgsCaller.run(RuntimeInit.java:582)
03-13 10:00:30.946 20010 20010 E WindowManager: at com.android.internal.os.ZygoteInit.main(ZygoteInit.java:1028)
03-13 10:00:30.947 20010 20019 D BLASTBufferQueue: [VRI[AppLockActivity]#12] (f:0,a:1) destructor()
03-13 10:00:30.947 20010 4538 D BLASTBufferQueue: [VRI[PopupWindow:e9e8563]#13] (f:0,a:1) destructor()
03-13 10:00:30.947 20010 4538 D BufferQueueConsumer: [VRI[PopupWindow:e9e8563]#13(BLAST Consumer)13](id:4e2a0000000d,api:0,p:-1,c:20010) disconnect
03-13 10:00:30.947 20010 20019 D BufferQueueConsumer: [VRI[AppLockActivity]#12(BLAST Consumer)12](id:4e2a0000000c,api:0,p:-1,c:20010) disconnect
03-13 10:00:30.947 20010 20010 D View : [Warning] assignParent to null: this = android.widget.PopupWindow$PopupDecorView{d93b029 V.E...... R....... 0,0-1080,253}
03-13 10:00:30.951 20010 20010 I ForceDarkHelperStubImpl: setViewRootImplForceDark: false for com.hello.sandbox.ui.lock.AppLockActivity@9621238, reason: AppDarkModeEnable
03-13 10:00:30.956 20010 4538 E gralloc4: Empty SMPTE 2094-40 data
03-13 10:00:30.960 20010 4538 E gralloc4: Empty SMPTE 2094-40 data
03-13 10:00:30.981 20010 4538 E gralloc4: Empty SMPTE 2094-40 data
03-13 10:00:30.991 20010 4538 E gralloc4: Empty SMPTE 2094-40 data
03-13 10:00:31.015 20010 4538 E gralloc4: Empty SMPTE 2094-40 data
03-13 10:00:31.026 20010 4538 E gralloc4: Empty SMPTE 2094-40 data
03-13 10:00:31.048 20010 4538 E gralloc4: Empty SMPTE 2094-40 data
03-13 10:00:31.058 20010 4538 E gralloc4: Empty SMPTE 2094-40 data
03-13 10:00:31.081 20010 4538 E gralloc4: Empty SMPTE 2094-40 data
03-13 10:00:31.091 20010 4538 E gralloc4: Empty SMPTE 2094-40 data
03-13 10:00:31.115 20010 4538 E gralloc4: Empty SMPTE 2094-40 data
03-13 10:00:31.125 20010 4538 E gralloc4: Empty SMPTE 2094-40 data
03-13 10:00:31.147 20010 4538 E gralloc4: Empty SMPTE 2094-40 data
03-13 10:00:31.158 20010 4538 E gralloc4: Empty SMPTE 2094-40 data
03-13 10:00:31.181 20010 4538 E gralloc4: Empty SMPTE 2094-40 data
03-13 10:00:31.192 20010 4538 E gralloc4: Empty SMPTE 2094-40 data
03-13 10:00:31.214 20010 4538 E gralloc4: Empty SMPTE 2094-40 data
03-13 10:00:31.225 20010 4538 E gralloc4: Empty SMPTE 2094-40 data
03-13 10:00:31.247 20010 4538 E gralloc4: Empty SMPTE 2094-40 data
03-13 10:00:31.258 20010 4538 E gralloc4: Empty SMPTE 2094-40 data
03-13 10:00:31.280 20010 4538 E gralloc4: Empty SMPTE 2094-40 data
03-13 10:00:31.291 20010 4538 E gralloc4: Empty SMPTE 2094-40 data
03-13 10:00:31.314 20010 4538 E gralloc4: Empty SMPTE 2094-40 data
03-13 10:00:31.325 20010 4538 E gralloc4: Empty SMPTE 2094-40 data
03-13 10:00:31.346 20010 4538 E gralloc4: Empty SMPTE 2094-40 data
03-13 10:00:31.357 20010 4538 E gralloc4: Empty SMPTE 2094-40 data
03-13 10:00:31.382 20010 4538 E gralloc4: Empty SMPTE 2094-40 data
03-13 10:00:31.391 20010 4538 E gralloc4: Empty SMPTE 2094-40 data
03-13 10:00:31.413 20010 4538 E gralloc4: Empty SMPTE 2094-40 data
03-13 10:00:31.424 20010 4538 E gralloc4: Empty SMPTE 2094-40 data
03-13 10:00:31.446 20010 4538 E gralloc4: Empty SMPTE 2094-40 data
03-13 10:00:31.457 20010 4538 E gralloc4: Empty SMPTE 2094-40 data
03-13 10:00:31.480 20010 4538 E gralloc4: Empty SMPTE 2094-40 data
03-13 10:00:31.490 20010 4538 E gralloc4: Empty SMPTE 2094-40 data
03-13 10:00:31.513 20010 4538 E gralloc4: Empty SMPTE 2094-40 data
03-13 10:00:31.524 20010 4538 E gralloc4: Empty SMPTE 2094-40 data
03-13 10:00:31.547 20010 4538 E gralloc4: Empty SMPTE 2094-40 data
03-13 10:00:31.557 20010 4538 E gralloc4: Empty SMPTE 2094-40 data
03-13 10:00:31.579 20010 4538 E gralloc4: Empty SMPTE 2094-40 data
03-13 10:00:31.592 20010 4538 E gralloc4: Empty SMPTE 2094-40 data
03-13 10:00:31.615 20010 4538 E gralloc4: Empty SMPTE 2094-40 data
03-13 10:00:31.623 20010 4538 E gralloc4: Empty SMPTE 2094-40 data
03-13 10:00:31.646 20010 4538 E gralloc4: Empty SMPTE 2094-40 data
03-13 10:00:31.658 20010 4538 E gralloc4: Empty SMPTE 2094-40 data
03-13 10:00:31.679 20010 4538 E gralloc4: Empty SMPTE 2094-40 data
03-13 10:00:31.692 20010 4538 E gralloc4: Empty SMPTE 2094-40 data
03-13 10:00:31.712 20010 4538 E gralloc4: Empty SMPTE 2094-40 data
03-13 10:00:31.724 20010 4538 E gralloc4: Empty SMPTE 2094-40 data
03-13 10:00:31.748 20010 4538 E gralloc4: Empty SMPTE 2094-40 data
03-13 10:00:31.757 20010 4538 E gralloc4: Empty SMPTE 2094-40 data
03-13 10:00:31.780 20010 4538 E gralloc4: Empty SMPTE 2094-40 data
03-13 10:00:31.790 20010 4538 E gralloc4: Empty SMPTE 2094-40 data
03-13 10:00:31.814 20010 4538 E gralloc4: Empty SMPTE 2094-40 data
03-13 10:00:31.822 20010 4538 E gralloc4: Empty SMPTE 2094-40 data
03-13 10:00:31.847 20010 4538 E gralloc4: Empty SMPTE 2094-40 data
03-13 10:00:31.856 20010 4538 E gralloc4: Empty SMPTE 2094-40 data
03-13 10:00:31.878 20010 4538 E gralloc4: Empty SMPTE 2094-40 data
03-13 10:00:31.890 20010 4538 E gralloc4: Empty SMPTE 2094-40 data
03-13 10:00:31.914 20010 4538 E gralloc4: Empty SMPTE 2094-40 data
03-13 10:00:31.922 20010 4538 E gralloc4: Empty SMPTE 2094-40 data
03-13 10:00:31.944 20010 4538 E gralloc4: Empty SMPTE 2094-40 data
03-13 10:00:31.956 20010 4538 E gralloc4: Empty SMPTE 2094-40 data
03-13 10:00:31.980 20010 4538 E gralloc4: Empty SMPTE 2094-40 data
03-13 10:00:31.989 20010 4538 E gralloc4: Empty SMPTE 2094-40 data
03-13 10:00:32.011 20010 4538 E gralloc4: Empty SMPTE 2094-40 data
03-13 10:00:32.025 20010 4538 E gralloc4: Empty SMPTE 2094-40 data
03-13 10:00:32.045 20010 4538 E gralloc4: Empty SMPTE 2094-40 data
03-13 10:00:32.056 20010 4538 E gralloc4: Empty SMPTE 2094-40 data
03-13 10:00:32.076 20010 4538 E gralloc4: Empty SMPTE 2094-40 data
03-13 10:00:32.088 20010 4538 E gralloc4: Empty SMPTE 2094-40 data
03-13 10:00:32.111 20010 4538 E gralloc4: Empty SMPTE 2094-40 data
03-13 10:00:32.122 20010 4538 E gralloc4: Empty SMPTE 2094-40 data
03-13 10:00:32.141 20010 4538 E gralloc4: Empty SMPTE 2094-40 data
03-13 10:00:32.152 20010 4538 E gralloc4: Empty SMPTE 2094-40 data
03-13 10:00:32.178 20010 4538 E gralloc4: Empty SMPTE 2094-40 data
03-13 10:00:32.188 20010 4538 E gralloc4: Empty SMPTE 2094-40 data
03-13 10:00:32.209 20010 4538 E gralloc4: Empty SMPTE 2094-40 data
03-13 10:00:32.224 20010 4538 E gralloc4: Empty SMPTE 2094-40 data
03-13 10:00:32.228 20010 4538 E gralloc4: Empty SMPTE 2094-40 data
03-13 10:00:32.233 20010 4538 E gralloc4: Empty SMPTE 2094-40 data
03-13 10:00:32.236 20010 4538 E gralloc4: Empty SMPTE 2094-40 data
03-13 10:00:32.244 20010 4538 E gralloc4: Empty SMPTE 2094-40 data
03-13 10:00:32.246 20010 4538 E gralloc4: Empty SMPTE 2094-40 data
03-13 10:00:32.257 20010 4538 E gralloc4: Empty SMPTE 2094-40 data
03-13 10:00:32.260 20010 4538 E gralloc4: Empty SMPTE 2094-40 data
03-13 10:00:32.265 20010 4538 E gralloc4: Empty SMPTE 2094-40 data
03-13 10:00:32.278 20010 4538 E gralloc4: Empty SMPTE 2094-40 data
03-13 10:00:32.282 20010 4538 E gralloc4: Empty SMPTE 2094-40 data
03-13 10:00:32.287 20010 4538 E gralloc4: Empty SMPTE 2094-40 data
03-13 10:00:32.291 20010 4538 E gralloc4: Empty SMPTE 2094-40 data
03-13 10:00:32.301 20010 4538 E gralloc4: Empty SMPTE 2094-40 data
03-13 10:00:32.312 20010 4538 E gralloc4: Empty SMPTE 2094-40 data
03-13 10:00:32.315 20010 4538 E gralloc4: Empty SMPTE 2094-40 data
03-13 10:00:32.321 20010 4538 E gralloc4: Empty SMPTE 2094-40 data
03-13 10:00:32.325 20010 4538 E gralloc4: Empty SMPTE 2094-40 data
03-13 10:00:32.331 20010 4538 E gralloc4: Empty SMPTE 2094-40 data
03-13 10:00:32.342 20010 4538 E gralloc4: Empty SMPTE 2094-40 data
03-13 10:00:32.346 20010 4538 E gralloc4: Empty SMPTE 2094-40 data
03-13 10:00:32.357 20010 4538 E gralloc4: Empty SMPTE 2094-40 data
03-13 10:00:32.362 20010 4538 E gralloc4: Empty SMPTE 2094-40 data
03-13 10:00:32.368 20010 4538 E gralloc4: Empty SMPTE 2094-40 data
03-13 10:00:32.377 20010 4538 E gralloc4: Empty SMPTE 2094-40 data
03-13 10:00:32.389 20010 4538 E gralloc4: Empty SMPTE 2094-40 data
03-13 10:00:32.394 20010 4538 E gralloc4: Empty SMPTE 2094-40 data
03-13 10:00:32.401 20010 4538 E gralloc4: Empty SMPTE 2094-40 data
03-13 10:00:32.403 20010 4538 E gralloc4: Empty SMPTE 2094-40 data
03-13 10:00:32.412 20010 4538 E gralloc4: Empty SMPTE 2094-40 data
03-13 10:00:32.421 20010 4538 E gralloc4: Empty SMPTE 2094-40 data
03-13 10:00:32.424 20010 4538 E gralloc4: Empty SMPTE 2094-40 data
03-13 10:00:32.434 20010 4538 E gralloc4: Empty SMPTE 2094-40 data
03-13 10:00:32.435 20010 20010 D View : [Warning] assignParent to null: this = DecorView@5df636b[HomeAct]
03-13 10:00:32.436 20010 4538 E gralloc4: Empty SMPTE 2094-40 data
03-13 10:00:32.457 20010 20010 D BLASTBufferQueue: [VRI[HomeAct]#14](f:0,a:1) destructor()
03-13 10:00:32.458 20010 20010 D BufferQueueConsumer: [VRI[HomeAct]#14(BLAST Consumer)14](id:4e2a0000000e,api:0,p:-1,c:20010) disconnect
03-13 10:00:32.493 20010 4538 E gralloc4: Empty SMPTE 2094-40 data
03-13 10:00:32.507 20010 20010 D DecorView[]: onWindowFocusChanged hasWindowFocus true
03-13 10:00:32.507 20010 20010 I HandWritingStubImpl: refreshLastKeyboardType: 1
03-13 10:00:32.507 20010 20010 I HandWritingStubImpl: getCurrentKeyboardType: 1
03-13 10:00:32.510 20010 4538 E gralloc4: Empty SMPTE 2094-40 data
03-13 10:00:32.521 20010 4538 E gralloc4: Empty SMPTE 2094-40 data
03-13 10:00:32.543 20010 4538 E gralloc4: Empty SMPTE 2094-40 data
03-13 10:00:32.555 20010 4538 E gralloc4: Empty SMPTE 2094-40 data
03-13 10:00:32.577 20010 4538 E gralloc4: Empty SMPTE 2094-40 data
03-13 10:00:32.586 20010 4538 E gralloc4: Empty SMPTE 2094-40 data
03-13 10:00:32.611 20010 4538 E gralloc4: Empty SMPTE 2094-40 data
03-13 10:00:32.619 20010 4538 E gralloc4: Empty SMPTE 2094-40 data
03-13 10:00:32.644 20010 4538 E gralloc4: Empty SMPTE 2094-40 data
03-13 10:00:32.653 20010 4538 E gralloc4: Empty SMPTE 2094-40 data
03-13 10:00:32.678 20010 4538 E gralloc4: Empty SMPTE 2094-40 data
03-13 10:00:32.686 20010 4538 E gralloc4: Empty SMPTE 2094-40 data
03-13 10:00:32.709 20010 4538 E gralloc4: Empty SMPTE 2094-40 data
03-13 10:00:32.723 20010 4538 E gralloc4: Empty SMPTE 2094-40 data
03-13 10:00:32.742 20010 4538 E gralloc4: Empty SMPTE 2094-40 data
03-13 10:00:32.756 20010 4538 E gralloc4: Empty SMPTE 2094-40 data
03-13 10:00:32.775 20010 4538 E gralloc4: Empty SMPTE 2094-40 data
03-13 10:00:32.789 20010 4538 E gralloc4: Empty SMPTE 2094-40 data
03-13 10:00:32.809 20010 4538 E gralloc4: Empty SMPTE 2094-40 data
03-13 10:00:32.823 20010 4538 E gralloc4: Empty SMPTE 2094-40 data
03-13 10:00:32.842 20010 4538 E gralloc4: Empty SMPTE 2094-40 data
03-13 10:00:32.854 20010 4538 E gralloc4: Empty SMPTE 2094-40 data
03-13 10:00:32.876 20010 4538 E gralloc4: Empty SMPTE 2094-40 data
03-13 10:00:32.886 20010 4538 E gralloc4: Empty SMPTE 2094-40 data
03-13 10:00:32.909 20010 4538 E gralloc4: Empty SMPTE 2094-40 data
03-13 10:00:32.922 20010 4538 E gralloc4: Empty SMPTE 2094-40 data
03-13 10:00:32.942 20010 4538 E gralloc4: Empty SMPTE 2094-40 data
03-13 10:00:32.955 20010 4538 E gralloc4: Empty SMPTE 2094-40 data
03-13 10:00:32.975 20010 4538 E gralloc4: Empty SMPTE 2094-40 data
03-13 10:00:32.986 20010 4538 E gralloc4: Empty SMPTE 2094-40 data
03-13 10:00:33.000 20010 4538 E gralloc4: Empty SMPTE 2094-40 data
03-13 10:00:33.018 20010 4538 E gralloc4: Empty SMPTE 2094-40 data
03-13 10:00:33.033 20010 4538 E gralloc4: Empty SMPTE 2094-40 data
03-13 10:00:33.052 20010 4538 E gralloc4: Empty SMPTE 2094-40 data
03-13 10:00:33.076 20010 4538 E gralloc4: Empty SMPTE 2094-40 data
03-13 10:00:33.084 20010 4538 E gralloc4: Empty SMPTE 2094-40 data
03-13 10:00:33.107 20010 4538 E gralloc4: Empty SMPTE 2094-40 data
03-13 10:00:33.121 20010 4538 E gralloc4: Empty SMPTE 2094-40 data
03-13 10:00:33.140 20010 4538 E gralloc4: Empty SMPTE 2094-40 data
03-13 10:00:33.153 20010 4538 E gralloc4: Empty SMPTE 2094-40 data
03-13 10:00:33.164 20010 4538 E gralloc4: Empty SMPTE 2094-40 data
03-13 10:00:33.186 20010 4538 E gralloc4: Empty SMPTE 2094-40 data
03-13 10:00:33.196 20010 4538 E gralloc4: Empty SMPTE 2094-40 data
03-13 10:00:33.220 20010 4538 E gralloc4: Empty SMPTE 2094-40 data
03-13 10:00:33.229 20010 4538 E gralloc4: Empty SMPTE 2094-40 data
03-13 10:00:33.253 20010 4538 E gralloc4: Empty SMPTE 2094-40 data
03-13 10:00:33.276 20010 4538 E gralloc4: Empty SMPTE 2094-40 data
03-13 10:00:33.284 20010 4538 E gralloc4: Empty SMPTE 2094-40 data
03-13 10:00:33.307 20010 4538 E gralloc4: Empty SMPTE 2094-40 data
03-13 10:00:33.321 20010 4538 E gralloc4: Empty SMPTE 2094-40 data
03-13 10:00:33.328 20010 4538 E gralloc4: Empty SMPTE 2094-40 data
03-13 10:00:33.350 20010 4538 E gralloc4: Empty SMPTE 2094-40 data
03-13 10:00:33.363 20010 4538 E gralloc4: Empty SMPTE 2094-40 data
03-13 10:00:33.385 20010 4538 E gralloc4: Empty SMPTE 2094-40 data
03-13 10:00:33.398 20010 4538 E gralloc4: Empty SMPTE 2094-40 data
03-13 10:00:33.417 20010 4538 E gralloc4: Empty SMPTE 2094-40 data
03-13 10:00:33.431 20010 4538 E gralloc4: Empty SMPTE 2094-40 data
03-13 10:00:33.450 20010 4538 E gralloc4: Empty SMPTE 2094-40 data
03-13 10:00:33.475 20010 4538 E gralloc4: Empty SMPTE 2094-40 data
03-13 10:00:33.486 20010 4538 E gralloc4: Empty SMPTE 2094-40 data
03-13 10:00:33.494 20010 4538 E gralloc4: Empty SMPTE 2094-40 data
03-13 10:00:33.519 20010 4538 E gralloc4: Empty SMPTE 2094-40 data
03-13 10:00:33.531 20010 4538 E gralloc4: Empty SMPTE 2094-40 data
03-13 10:00:33.547 20010 4538 E gralloc4: Empty SMPTE 2094-40 data
03-13 10:00:33.549 20010 4538 E gralloc4: Empty SMPTE 2094-40 data
03-13 10:00:33.558 20010 4538 E gralloc4: Empty SMPTE 2094-40 data
03-13 10:00:33.559 20010 4538 E gralloc4: Empty SMPTE 2094-40 data
03-13 10:00:33.568 20010 4538 E gralloc4: Empty SMPTE 2094-40 data
03-13 10:00:33.580 20010 4538 E gralloc4: Empty SMPTE 2094-40 data
03-13 10:00:33.581 20010 4538 E gralloc4: Empty SMPTE 2094-40 data
03-13 10:00:33.594 20010 4538 E gralloc4: Empty SMPTE 2094-40 data
03-13 10:00:33.603 20010 4538 E gralloc4: Empty SMPTE 2094-40 data
03-13 10:00:33.615 20010 4538 E gralloc4: Empty SMPTE 2094-40 data
03-13 10:00:33.618 20010 4538 E gralloc4: Empty SMPTE 2094-40 data
03-13 10:00:33.627 20010 4538 E gralloc4: Empty SMPTE 2094-40 data
03-13 10:00:33.630 20010 4538 E gralloc4: Empty SMPTE 2094-40 data
03-13 10:00:33.636 20010 4538 E gralloc4: Empty SMPTE 2094-40 data
03-13 10:00:33.648 20010 4538 E gralloc4: Empty SMPTE 2094-40 data
03-13 10:00:33.651 20010 4538 E gralloc4: Empty SMPTE 2094-40 data
03-13 10:00:33.660 20010 4538 E gralloc4: Empty SMPTE 2094-40 data
03-13 10:00:33.663 20010 4538 E gralloc4: Empty SMPTE 2094-40 data
03-13 10:00:33.669 20010 4538 E gralloc4: Empty SMPTE 2094-40 data
03-13 10:00:33.682 20010 4538 E gralloc4: Empty SMPTE 2094-40 data
03-13 10:00:33.685 20010 4538 E gralloc4: Empty SMPTE 2094-40 data
03-13 10:00:33.693 20010 4538 E gralloc4: Empty SMPTE 2094-40 data
03-13 10:00:33.695 20010 4538 E gralloc4: Empty SMPTE 2094-40 data
03-13 10:00:33.702 20010 4538 E gralloc4: Empty SMPTE 2094-40 data
03-13 10:00:33.715 20010 4538 E gralloc4: Empty SMPTE 2094-40 data
03-13 10:00:33.718 20010 4538 E gralloc4: Empty SMPTE 2094-40 data
03-13 10:00:33.726 20010 4538 E gralloc4: Empty SMPTE 2094-40 data
03-13 10:00:33.729 20010 4538 E gralloc4: Empty SMPTE 2094-40 data
03-13 10:00:33.735 20010 4538 E gralloc4: Empty SMPTE 2094-40 data
03-13 10:00:33.748 20010 4538 E gralloc4: Empty SMPTE 2094-40 data
03-13 10:00:33.750 20010 4538 E gralloc4: Empty SMPTE 2094-40 data
03-13 10:00:33.760 20010 4538 E gralloc4: Empty SMPTE 2094-40 data
03-13 10:00:33.763 20010 4538 E gralloc4: Empty SMPTE 2094-40 data
03-13 10:00:33.768 20010 4538 E gralloc4: Empty SMPTE 2094-40 data
03-13 10:00:33.781 20010 4538 E gralloc4: Empty SMPTE 2094-40 data
03-13 10:00:33.783 20010 4538 E gralloc4: Empty SMPTE 2094-40 data
03-13 10:00:33.791 20010 4538 E gralloc4: Empty SMPTE 2094-40 data
03-13 10:00:33.793 20010 4538 E gralloc4: Empty SMPTE 2094-40 data
03-13 10:00:33.801 20010 4538 E gralloc4: Empty SMPTE 2094-40 data
03-13 10:00:33.814 20010 4538 E gralloc4: Empty SMPTE 2094-40 data
03-13 10:00:33.816 20010 4538 E gralloc4: Empty SMPTE 2094-40 data
03-13 10:00:33.826 20010 4538 E gralloc4: Empty SMPTE 2094-40 data
03-13 10:00:33.827 20010 4538 E gralloc4: Empty SMPTE 2094-40 data
03-13 10:00:33.835 20010 4538 E gralloc4: Empty SMPTE 2094-40 data
03-13 10:00:33.848 20010 4538 E gralloc4: Empty SMPTE 2094-40 data
03-13 10:00:33.850 20010 4538 E gralloc4: Empty SMPTE 2094-40 data
03-13 10:00:33.858 20010 4538 E gralloc4: Empty SMPTE 2094-40 data
03-13 10:00:33.860 20010 4538 E gralloc4: Empty SMPTE 2094-40 data
03-13 10:00:33.868 20010 4538 E gralloc4: Empty SMPTE 2094-40 data
03-13 10:00:33.880 20010 4538 E gralloc4: Empty SMPTE 2094-40 data
03-13 10:00:33.882 20010 4538 E gralloc4: Empty SMPTE 2094-40 data
03-13 10:00:33.884 20010 20010 D View : [Warning] assignParent to null: this = DecorView@ee2d4e3[HomeAct]
03-13 10:00:33.893 20010 20659 D BLASTBufferQueue: [VRI[HomeAct]#16](f:0,a:1) destructor()
03-13 10:00:33.894 20010 20659 D BufferQueueConsumer: [VRI[HomeAct]#16(BLAST Consumer)16](id:4e2a00000010,api:0,p:-1,c:20010) disconnect
03-13 10:00:33.919 20010 4538 E gralloc4: Empty SMPTE 2094-40 data
03-13 10:00:33.927 20010 4538 E gralloc4: Empty SMPTE 2094-40 data
03-13 10:00:33.934 20010 20010 D DecorView[]: onWindowFocusChanged hasWindowFocus true
03-13 10:00:33.934 20010 20010 I HandWritingStubImpl: refreshLastKeyboardType: 1
03-13 10:00:33.934 20010 20010 I HandWritingStubImpl: getCurrentKeyboardType: 1
03-13 10:00:33.948 20010 4538 E gralloc4: Empty SMPTE 2094-40 data
03-13 10:00:33.958 20010 4538 E gralloc4: Empty SMPTE 2094-40 data
03-13 10:00:33.982 20010 4538 E gralloc4: Empty SMPTE 2094-40 data
03-13 10:00:33.993 20010 4538 E gralloc4: Empty SMPTE 2094-40 data
03-13 10:00:34.017 20010 4538 E gralloc4: Empty SMPTE 2094-40 data
03-13 10:00:34.028 20010 4538 E gralloc4: Empty SMPTE 2094-40 data
03-13 10:00:34.048 20010 4538 E gralloc4: Empty SMPTE 2094-40 data
03-13 10:00:34.062 20010 4538 E gralloc4: Empty SMPTE 2094-40 data
03-13 10:00:34.083 20010 4538 E gralloc4: Empty SMPTE 2094-40 data
03-13 10:00:34.095 20010 4538 E gralloc4: Empty SMPTE 2094-40 data
03-13 10:00:34.116 20010 4538 E gralloc4: Empty SMPTE 2094-40 data
03-13 10:00:34.128 20010 4538 E gralloc4: Empty SMPTE 2094-40 data
03-13 10:00:34.147 20010 4538 E gralloc4: Empty SMPTE 2094-40 data
03-13 10:00:34.161 20010 4538 E gralloc4: Empty SMPTE 2094-40 data
03-13 10:00:34.182 20010 4538 E gralloc4: Empty SMPTE 2094-40 data
03-13 10:00:34.194 20010 4538 E gralloc4: Empty SMPTE 2094-40 data
03-13 10:00:34.216 20010 4538 E gralloc4: Empty SMPTE 2094-40 data
03-13 10:00:34.227 20010 4538 E gralloc4: Empty SMPTE 2094-40 data
03-13 10:00:34.247 20010 4538 E gralloc4: Empty SMPTE 2094-40 data
03-13 10:00:34.261 20010 4538 E gralloc4: Empty SMPTE 2094-40 data
03-13 10:00:34.283 20010 4538 E gralloc4: Empty SMPTE 2094-40 data
03-13 10:00:34.291 20010 4538 E gralloc4: Empty SMPTE 2094-40 data
03-13 10:00:34.313 20010 4538 E gralloc4: Empty SMPTE 2094-40 data
03-13 10:00:34.327 20010 4538 E gralloc4: Empty SMPTE 2094-40 data
03-13 10:00:34.350 20010 4538 E gralloc4: Empty SMPTE 2094-40 data
03-13 10:00:34.362 20010 4538 E gralloc4: Empty SMPTE 2094-40 data
03-13 10:00:34.382 20010 4538 E gralloc4: Empty SMPTE 2094-40 data
03-13 10:00:34.394 20010 4538 E gralloc4: Empty SMPTE 2094-40 data
03-13 10:00:34.416 20010 4538 E gralloc4: Empty SMPTE 2094-40 data
03-13 10:00:34.428 20010 4538 E gralloc4: Empty SMPTE 2094-40 data
03-13 10:00:34.448 20010 4538 E gralloc4: Empty SMPTE 2094-40 data
03-13 10:00:34.461 20010 4538 E gralloc4: Empty SMPTE 2094-40 data
03-13 10:00:34.482 20010 4538 E gralloc4: Empty SMPTE 2094-40 data
03-13 10:00:34.494 20010 4538 E gralloc4: Empty SMPTE 2094-40 data
03-13 10:00:34.515 20010 4538 E gralloc4: Empty SMPTE 2094-40 data
03-13 10:00:34.527 20010 4538 E gralloc4: Empty SMPTE 2094-40 data
03-13 10:00:34.548 20010 4538 E gralloc4: Empty SMPTE 2094-40 data
03-13 10:00:34.558 20010 4538 E gralloc4: Empty SMPTE 2094-40 data
03-13 10:00:34.582 20010 4538 E gralloc4: Empty SMPTE 2094-40 data
03-13 10:00:34.594 20010 4538 E gralloc4: Empty SMPTE 2094-40 data
03-13 10:00:34.614 20010 4538 E gralloc4: Empty SMPTE 2094-40 data
03-13 10:00:34.624 20010 4538 E gralloc4: Empty SMPTE 2094-40 data
03-13 10:00:34.647 20010 4538 E gralloc4: Empty SMPTE 2094-40 data
03-13 10:00:34.661 20010 4538 E gralloc4: Empty SMPTE 2094-40 data
03-13 10:00:34.680 20010 4538 E gralloc4: Empty SMPTE 2094-40 data
03-13 10:00:34.694 20010 4538 E gralloc4: Empty SMPTE 2094-40 data
03-13 10:00:34.714 20010 4538 E gralloc4: Empty SMPTE 2094-40 data
03-13 10:00:34.726 20010 4538 E gralloc4: Empty SMPTE 2094-40 data
03-13 10:00:34.747 20010 4538 E gralloc4: Empty SMPTE 2094-40 data
03-13 10:00:34.757 20010 4538 E gralloc4: Empty SMPTE 2094-40 data
03-13 10:00:34.782 20010 4538 E gralloc4: Empty SMPTE 2094-40 data
03-13 10:00:34.793 20010 4538 E gralloc4: Empty SMPTE 2094-40 data
03-13 10:00:34.814 20010 4538 E gralloc4: Empty SMPTE 2094-40 data
03-13 10:00:34.826 20010 4538 E gralloc4: Empty SMPTE 2094-40 data
03-13 10:00:34.847 20010 4538 E gralloc4: Empty SMPTE 2094-40 data
03-13 10:00:34.860 20010 4538 E gralloc4: Empty SMPTE 2094-40 data
03-13 10:00:34.879 20010 4538 E gralloc4: Empty SMPTE 2094-40 data
03-13 10:00:34.893 20010 4538 E gralloc4: Empty SMPTE 2094-40 data
03-13 10:00:34.914 20010 4538 E gralloc4: Empty SMPTE 2094-40 data
03-13 10:00:34.925 20010 4538 E gralloc4: Empty SMPTE 2094-40 data
03-13 10:00:34.948 20010 4538 E gralloc4: Empty SMPTE 2094-40 data
03-13 10:00:34.956 20010 4538 E gralloc4: Empty SMPTE 2094-40 data
03-13 10:00:34.981 20010 4538 E gralloc4: Empty SMPTE 2094-40 data
03-13 10:00:34.993 20010 4538 E gralloc4: Empty SMPTE 2094-40 data
03-13 10:00:35.012 20010 4538 E gralloc4: Empty SMPTE 2094-40 data
03-13 10:00:35.027 20010 4538 E gralloc4: Empty SMPTE 2094-40 data
03-13 10:00:35.045 20010 4538 E gralloc4: Empty SMPTE 2094-40 data
03-13 10:00:35.060 20010 4538 E gralloc4: Empty SMPTE 2094-40 data
03-13 10:00:35.081 20010 4538 E gralloc4: Empty SMPTE 2094-40 data
03-13 10:00:35.092 20010 4538 E gralloc4: Empty SMPTE 2094-40 data
03-13 10:00:35.113 20010 4538 E gralloc4: Empty SMPTE 2094-40 data
03-13 10:00:35.122 20010 4538 E gralloc4: Empty SMPTE 2094-40 data
03-13 10:00:35.145 20010 4538 E gralloc4: Empty SMPTE 2094-40 data
03-13 10:00:35.160 20010 4538 E gralloc4: Empty SMPTE 2094-40 data
03-13 10:00:35.180 20010 4538 E gralloc4: Empty SMPTE 2094-40 data
03-13 10:00:35.191 20010 4538 E gralloc4: Empty SMPTE 2094-40 data
03-13 10:00:35.213 20010 4538 E gralloc4: Empty SMPTE 2094-40 data
03-13 10:00:35.225 20010 4538 E gralloc4: Empty SMPTE 2094-40 data
03-13 10:00:35.246 20010 4538 E gralloc4: Empty SMPTE 2094-40 data
03-13 10:00:35.258 20010 4538 E gralloc4: Empty SMPTE 2094-40 data
03-13 10:00:35.279 20010 4538 E gralloc4: Empty SMPTE 2094-40 data
03-13 10:00:35.292 20010 4538 E gralloc4: Empty SMPTE 2094-40 data
03-13 10:00:35.313 20010 4538 E gralloc4: Empty SMPTE 2094-40 data
03-13 10:00:35.322 20010 4538 E gralloc4: Empty SMPTE 2094-40 data
03-13 10:00:35.346 20010 4538 E gralloc4: Empty SMPTE 2094-40 data
03-13 10:00:35.358 20010 4538 E gralloc4: Empty SMPTE 2094-40 data
03-13 10:00:35.379 20010 4538 E gralloc4: Empty SMPTE 2094-40 data
03-13 10:00:35.390 20010 4538 E gralloc4: Empty SMPTE 2094-40 data
03-13 10:00:35.410 20010 4538 E gralloc4: Empty SMPTE 2094-40 data
03-13 10:00:35.421 20010 4538 E gralloc4: Empty SMPTE 2094-40 data
03-13 10:00:35.444 20010 4538 E gralloc4: Empty SMPTE 2094-40 data
03-13 10:00:35.455 20010 4538 E gralloc4: Empty SMPTE 2094-40 data
03-13 10:00:35.479 20010 4538 E gralloc4: Empty SMPTE 2094-40 data
03-13 10:00:35.489 20010 4538 E gralloc4: Empty SMPTE 2094-40 data
03-13 10:00:35.511 20010 4538 E gralloc4: Empty SMPTE 2094-40 data
03-13 10:00:35.523 20010 4538 E gralloc4: Empty SMPTE 2094-40 data
03-13 10:00:35.539 20010 4538 E gralloc4: Empty SMPTE 2094-40 data
03-13 10:00:35.550 20010 4538 E gralloc4: Empty SMPTE 2094-40 data
03-13 10:00:35.573 20010 4538 E gralloc4: Empty SMPTE 2094-40 data
03-13 10:00:35.583 20010 4538 E gralloc4: Empty SMPTE 2094-40 data
03-13 10:00:35.591 20010 20010 D ScrollerOptimizationManager: registerConfigChangedListener
03-13 10:00:35.593 20010 20010 D IS_CTS_MODE: false
03-13 10:00:35.593 20010 20010 D MULTI_WINDOW_ENABLED: false
03-13 10:00:35.600 20010 4538 W libc : Access denied finding property "ro.vendor.display.iris_x7.support"
03-13 10:00:35.600 20010 20010 I ForceDarkHelperStubImpl: setViewRootImplForceDark: false for com.hello.sandbox.ui.home.HomeAct@dfbbb31, reason: AppDarkModeEnable
03-13 10:00:35.601 20010 20010 D VRI[HomeAct]: hardware acceleration = true, forceHwAccelerated = false
03-13 10:00:35.601 20010 20010 D DecorView[]: updateDecorCaptionStatus windowMode is 1
03-13 10:00:35.642 20010 20361 I MATDBManager: sqllite db insert success! insert row id:73
03-13 10:00:35.643 20010 20361 I MATDBManager: sqllite db capacity:5
03-13 10:00:35.653 20010 20010 D BufferQueueConsumer: [](id:4e2a00000011,api:0,p:- 1,c:20010) connect: controlledByApp=false
03-13 10:00:35.654 20010 20010 I ForceDarkHelperStubImpl: setViewRootImplForceDark: false for com.hello.sandbox.ui.home.HomeAct@dfbbb31, reason: AppDarkModeEnable
03-13 10:00:35.656 20010 20010 D VRI[HomeAct]: vri.reportNextDraw android.view.ViewRootImpl.performTraversals:3953 android.view.ViewRootImpl.doTraversal:2674 android.view.ViewRootImpl$TraversalRunnable.run:9867 android.view.Choreographer$CallbackRecord.run:1431 android.view.Choreographer$CallbackRecord.run:1439
03-13 10:00:35.656 20010 20010 D VRI[HomeAct]: vri.Setup new sync id=0 syncSeqId=0
03-13 10:00:35.662 20010 4538 E gralloc4: Empty SMPTE 2094-40 data
03-13 10:00:35.662 20010 4538 D BLASTBufferQueue: [VRI[HomeAct]#17](f:0,a:1) acquireNextBufferLocked size=1256x2576 mFrameNumber=1 applyTransaction=true mTimestamp=6359045185992(auto) mPendingTransactions.size=0 graphicBufferId=85942295593017 transform=0
03-13 10:00:35.663 20010 4538 W Parcel : Expecting binder but got null!
03-13 10:00:35.664 20010 20010 D VRI[HomeAct]: vri.reportDrawFinished syncSeqId=0 android.view.ViewRootImpl.lambda$createSyncIfNeeded$4$android-view- ViewRootImpl:4021 android.view.ViewRootImpl$$ExternalSyntheticLambda1.run:6 android.os.Handler.handleCallback:942 android.os.Handler.dispatchMessage:99 android.os.Looper.loopOnce:211
03-13 10:00:35.667 20010 4538 E gralloc4: Empty SMPTE 2094-40 data
03-13 10:00:35.679 20010 4538 E gralloc4: Empty SMPTE 2094-40 data
03-13 10:00:35.682 20010 4538 E gralloc4: Empty SMPTE 2094-40 data
03-13 10:00:35.684 20010 4538 E gralloc4: Empty SMPTE 2094-40 data
03-13 10:00:35.685 20010 20010 D DecorView[]: onWindowFocusChanged hasWindowFocus false
03-13 10:00:35.686 20010 20010 D DecorView[]: onWindowFocusChanged hasWindowFocus true
03-13 10:00:35.686 20010 20010 I HandWritingStubImpl: refreshLastKeyboardType: 1
03-13 10:00:35.686 20010 20010 I HandWritingStubImpl: getCurrentKeyboardType: 1
03-13 10:00:35.688 20010 4538 E gralloc4: Empty SMPTE 2094-40 data
03-13 10:00:35.695 20010 4538 E gralloc4: Empty SMPTE 2094-40 data
03-13 10:00:35.706 20010 4538 E gralloc4: Empty SMPTE 2094-40 data
03-13 10:00:35.711 20010 4538 E gralloc4: Empty SMPTE 2094-40 data
03-13 10:00:35.717 20010 4538 E gralloc4: Empty SMPTE 2094-40 data
03-13 10:00:35.721 20010 4538 E gralloc4: Empty SMPTE 2094-40 data
03-13 10:00:35.729 20010 4538 E gralloc4: Empty SMPTE 2094-40 data
03-13 10:00:35.739 20010 4538 E gralloc4: Empty SMPTE 2094-40 data
03-13 10:00:35.744 20010 4538 E gralloc4: Empty SMPTE 2094-40 data
03-13 10:00:35.751 20010 4538 E gralloc4: Empty SMPTE 2094-40 data
03-13 10:00:35.754 20010 4538 E gralloc4: Empty SMPTE 2094-40 data
03-13 10:00:35.762 20010 4538 E gralloc4: Empty SMPTE 2094-40 data
03-13 10:00:35.772 20010 4538 E gralloc4: Empty SMPTE 2094-40 data
03-13 10:00:35.776 20010 4538 E gralloc4: Empty SMPTE 2094-40 data
03-13 10:00:35.784 20010 4538 E gralloc4: Empty SMPTE 2094-40 data
03-13 10:00:35.787 20010 4538 E gralloc4: Empty SMPTE 2094-40 data
03-13 10:00:35.795 20010 4538 E gralloc4: Empty SMPTE 2094-40 data
03-13 10:00:35.805 20010 4538 E gralloc4: Empty SMPTE 2094-40 data
03-13 10:00:35.810 20010 4538 E gralloc4: Empty SMPTE 2094-40 data
03-13 10:00:35.816 20010 4538 E gralloc4: Empty SMPTE 2094-40 data
03-13 10:00:35.820 20010 4538 E gralloc4: Empty SMPTE 2094-40 data
03-13 10:00:35.828 20010 4538 E gralloc4: Empty SMPTE 2094-40 data
03-13 10:00:35.839 20010 4538 E gralloc4: Empty SMPTE 2094-40 data
03-13 10:00:35.843 20010 4538 E gralloc4: Empty SMPTE 2094-40 data
03-13 10:00:35.850 20010 4538 E gralloc4: Empty SMPTE 2094-40 data
03-13 10:00:35.854 20010 4538 E gralloc4: Empty SMPTE 2094-40 data
03-13 10:00:35.861 20010 4538 E gralloc4: Empty SMPTE 2094-40 data
03-13 10:00:35.872 20010 4538 E gralloc4: Empty SMPTE 2094-40 data
03-13 10:00:35.875 20010 4538 E gralloc4: Empty SMPTE 2094-40 data
03-13 10:00:35.884 20010 4538 E gralloc4: Empty SMPTE 2094-40 data
03-13 10:00:35.887 20010 4538 E gralloc4: Empty SMPTE 2094-40 data
03-13 10:00:35.893 20010 4538 E gralloc4: Empty SMPTE 2094-40 data
03-13 10:00:35.905 20010 4538 E gralloc4: Empty SMPTE 2094-40 data
03-13 10:00:35.907 20010 4538 E gralloc4: Empty SMPTE 2094-40 data
03-13 10:00:35.917 20010 4538 E gralloc4: Empty SMPTE 2094-40 data
03-13 10:00:35.918 20010 4538 E gralloc4: Empty SMPTE 2094-40 data
03-13 10:00:35.926 20010 4538 E gralloc4: Empty SMPTE 2094-40 data
03-13 10:00:35.939 20010 4538 E gralloc4: Empty SMPTE 2094-40 data
03-13 10:00:35.942 20010 4538 E gralloc4: Empty SMPTE 2094-40 data
03-13 10:00:35.950 20010 4538 E gralloc4: Empty SMPTE 2094-40 data
03-13 10:00:35.952 20010 4538 E gralloc4: Empty SMPTE 2094-40 data
03-13 10:00:35.957 20010 20361 I MATDBManager: sqllite db insert success! insert row id:74
03-13 10:00:35.958 20010 20361 I MATDBManager: sqllite db capacity:1
03-13 10:00:35.960 20010 4538 E gralloc4: Empty SMPTE 2094-40 data
03-13 10:00:35.972 20010 4538 E gralloc4: Empty SMPTE 2094-40 data
03-13 10:00:35.974 20010 4538 E gralloc4: Empty SMPTE 2094-40 data
03-13 10:00:35.984 20010 4538 E gralloc4: Empty SMPTE 2094-40 data
03-13 10:00:35.985 20010 4538 E gralloc4: Empty SMPTE 2094-40 data
03-13 10:00:35.993 20010 4538 E gralloc4: Empty SMPTE 2094-40 data
03-13 10:00:36.006 20010 4538 E gralloc4: Empty SMPTE 2094-40 data
03-13 10:00:36.008 20010 4538 E gralloc4: Empty SMPTE 2094-40 data
03-13 10:00:36.017 20010 4538 E gralloc4: Empty SMPTE 2094-40 data
03-13 10:00:36.039 20010 4538 E gralloc4: Empty SMPTE 2094-40 data
03-13 10:00:36.049 20010 4538 E gralloc4: Empty SMPTE 2094-40 data
03-13 10:00:36.073 20010 4538 E gralloc4: Empty SMPTE 2094-40 data
03-13 10:00:36.084 20010 4538 E gralloc4: Empty SMPTE 2094-40 data
03-13 10:00:36.106 20010 4538 E gralloc4: Empty SMPTE 2094-40 data
03-13 10:00:36.116 20010 4538 E gralloc4: Empty SMPTE 2094-40 data
03-13 10:00:36.140 20010 4538 E gralloc4: Empty SMPTE 2094-40 data
03-13 10:00:36.150 20010 4538 E gralloc4: Empty SMPTE 2094-40 data
03-13 10:00:36.173 20010 4538 E gralloc4: Empty SMPTE 2094-40 data
03-13 10:00:36.183 20010 4538 E gralloc4: Empty SMPTE 2094-40 data
03-13 10:00:36.206 20010 4538 E gralloc4: Empty SMPTE 2094-40 data
03-13 10:00:36.216 20010 4538 E gralloc4: Empty SMPTE 2094-40 data
03-13 10:00:36.239 20010 4538 E gralloc4: Empty SMPTE 2094-40 data
03-13 10:00:36.250 20010 4538 E gralloc4: Empty SMPTE 2094-40 data
03-13 10:00:36.272 20010 4538 E gralloc4: Empty SMPTE 2094-40 data
03-13 10:00:36.283 20010 4538 E gralloc4: Empty SMPTE 2094-40 data
03-13 10:00:36.304 20010 4538 E gralloc4: Empty SMPTE 2094-40 data
03-13 10:00:36.316 20010 4538 E gralloc4: Empty SMPTE 2094-40 data
03-13 10:00:36.339 20010 4538 E gralloc4: Empty SMPTE 2094-40 data
03-13 10:00:36.349 20010 4538 E gralloc4: Empty SMPTE 2094-40 data
03-13 10:00:36.372 20010 4538 E gralloc4: Empty SMPTE 2094-40 data
03-13 10:00:36.382 20010 4538 E gralloc4: Empty SMPTE 2094-40 data
03-13 10:00:36.416 20010 4538 E gralloc4: Empty SMPTE 2094-40 data
03-13 10:00:36.438 20010 4538 E gralloc4: Empty SMPTE 2094-40 data
03-13 10:00:36.449 20010 4538 E gralloc4: Empty SMPTE 2094-40 data
03-13 10:00:36.472 20010 4538 E gralloc4: Empty SMPTE 2094-40 data
03-13 10:00:36.484 20010 4538 E gralloc4: Empty SMPTE 2094-40 data
03-13 10:00:36.505 20010 4538 E gralloc4: Empty SMPTE 2094-40 data
03-13 10:00:36.515 20010 4538 E gralloc4: Empty SMPTE 2094-40 data
03-13 10:00:36.548 20010 4538 E gralloc4: Empty SMPTE 2094-40 data
03-13 10:00:36.582 20010 4538 E gralloc4: Empty SMPTE 2094-40 data
03-13 10:00:36.603 20010 4538 E gralloc4: Empty SMPTE 2094-40 data
03-13 10:00:36.615 20010 4538 E gralloc4: Empty SMPTE 2094-40 data
03-13 10:00:36.637 20010 4538 E gralloc4: Empty SMPTE 2094-40 data
03-13 10:00:36.648 20010 4538 E gralloc4: Empty SMPTE 2094-40 data
03-13 10:00:36.682 20010 4538 E gralloc4: Empty SMPTE 2094-40 data
03-13 10:00:36.716 20010 4538 E gralloc4: Empty SMPTE 2094-40 data
03-13 10:00:36.747 20010 4538 E gralloc4: Empty SMPTE 2094-40 data
03-13 10:00:36.769 20010 4538 E gralloc4: Empty SMPTE 2094-40 data
03-13 10:00:36.781 20010 4538 E gralloc4: Empty SMPTE 2094-40 data
03-13 10:00:36.814 20010 4538 E gralloc4: Empty SMPTE 2094-40 data
03-13 10:00:36.848 20010 4538 E gralloc4: Empty SMPTE 2094-40 data
03-13 10:00:36.881 20010 4538 E gralloc4: Empty SMPTE 2094-40 data
03-13 10:00:36.912 20010 4538 E gralloc4: Empty SMPTE 2094-40 data
03-13 10:00:36.948 20010 4538 E gralloc4: Empty SMPTE 2094-40 data
03-13 10:00:36.981 20010 4538 E gralloc4: Empty SMPTE 2094-40 data
03-13 10:00:37.013 20010 4538 E gralloc4: Empty SMPTE 2094-40 data
03-13 10:00:37.044 20010 4538 E gralloc4: Empty SMPTE 2094-40 data
03-13 10:00:37.080 20010 4538 E gralloc4: Empty SMPTE 2094-40 data
03-13 10:00:37.111 20010 4538 E gralloc4: Empty SMPTE 2094-40 data
03-13 10:00:37.144 20010 4538 E gralloc4: Empty SMPTE 2094-40 data
03-13 10:00:37.178 20010 4538 E gralloc4: Empty SMPTE 2094-40 data
03-13 10:00:37.190 20010 20010 I ScrollIdentify: on fling
03-13 10:00:37.202 20010 4538 E gralloc4: Empty SMPTE 2094-40 data
03-13 10:00:37.218 20010 4538 E gralloc4: Empty SMPTE 2094-40 data
03-13 10:00:37.219 20010 20399 I libPerfCtl: fbcNotifySbeRescue ret=-1
03-13 10:00:37.213 20010 20010 W FramePolicy: type=1400 audit(0.0:13491): avc: denied { ioctl } for path="/proc/perfmgr/perf_ioctl" dev="proc" ino=4026533749 ioctlcmd=0x6716 scontext=u:r:untrusted_app:s0:c57,c258,c512,c768 tcontext=u:object_r:proc_perfmgr:s0 tclass=file permissive=0 app=com.hello.miheapp.secretspace
03-13 10:00:37.223 20010 4538 E gralloc4: Empty SMPTE 2094-40 data
03-13 10:00:37.226 20010 4538 E gralloc4: Empty SMPTE 2094-40 data
03-13 10:00:37.238 20010 4538 E gralloc4: Empty SMPTE 2094-40 data
03-13 10:00:37.246 20010 4538 E gralloc4: Empty SMPTE 2094-40 data
03-13 10:00:37.249 20010 4538 E gralloc4: Empty SMPTE 2094-40 data
03-13 10:00:37.261 20010 4538 E gralloc4: Empty SMPTE 2094-40 data
03-13 10:00:37.271 20010 4538 E gralloc4: Empty SMPTE 2094-40 data
03-13 10:00:37.279 20010 4538 E gralloc4: Empty SMPTE 2094-40 data
03-13 10:00:37.283 20010 4538 E gralloc4: Empty SMPTE 2094-40 data
03-13 10:00:37.294 20010 4538 E gralloc4: Empty SMPTE 2094-40 data
03-13 10:00:37.304 20010 4538 E gralloc4: Empty SMPTE 2094-40 data
03-13 10:00:37.312 20010 4538 E gralloc4: Empty SMPTE 2094-40 data
03-13 10:00:37.315 20010 4538 E gralloc4: Empty SMPTE 2094-40 data
03-13 10:00:37.326 20010 4538 E gralloc4: Empty SMPTE 2094-40 data
03-13 10:00:37.334 20010 4538 E gralloc4: Empty SMPTE 2094-40 data
03-13 10:00:37.345 20010 4538 E gralloc4: Empty SMPTE 2094-40 data
03-13 10:00:37.347 20010 4538 E gralloc4: Empty SMPTE 2094-40 data
03-13 10:00:37.359 20010 4538 E gralloc4: Empty SMPTE 2094-40 data
03-13 10:00:37.371 20010 4538 E gralloc4: Empty SMPTE 2094-40 data
03-13 10:00:37.379 20010 4538 E gralloc4: Empty SMPTE 2094-40 data
03-13 10:00:37.381 20010 4538 E gralloc4: Empty SMPTE 2094-40 data
03-13 10:00:37.393 20010 4538 E gralloc4: Empty SMPTE 2094-40 data
03-13 10:00:37.404 20010 4538 E gralloc4: Empty SMPTE 2094-40 data
03-13 10:00:37.412 20010 4538 E gralloc4: Empty SMPTE 2094-40 data
03-13 10:00:37.414 20010 4538 E gralloc4: Empty SMPTE 2094-40 data
03-13 10:00:37.423 20010 4538 E gralloc4: Empty SMPTE 2094-40 data
03-13 10:00:37.436 20010 4538 E gralloc4: Empty SMPTE 2094-40 data
03-13 10:00:37.444 20010 4538 E gralloc4: Empty SMPTE 2094-40 data
03-13 10:00:37.446 20010 4538 E gralloc4: Empty SMPTE 2094-40 data
03-13 10:00:37.457 20010 4538 E gralloc4: Empty SMPTE 2094-40 data
03-13 10:00:37.470 20010 4538 E gralloc4: Empty SMPTE 2094-40 data
03-13 10:00:37.479 20010 4538 E gralloc4: Empty SMPTE 2094-40 data
03-13 10:00:37.481 20010 4538 E gralloc4: Empty SMPTE 2094-40 data
03-13 10:00:37.493 20010 4538 E gralloc4: Empty SMPTE 2094-40 data
03-13 10:00:37.500 20010 4538 E gralloc4: Empty SMPTE 2094-40 data
03-13 10:00:37.511 20010 4538 E gralloc4: Empty SMPTE 2094-40 data
03-13 10:00:37.515 20010 4538 E gralloc4: Empty SMPTE 2094-40 data
03-13 10:00:37.545 20010 4538 E gralloc4: Empty SMPTE 2094-40 data
03-13 10:00:37.579 20010 4538 E gralloc4: Empty SMPTE 2094-40 data
03-13 10:00:37.611 20010 4538 E gralloc4: Empty SMPTE 2094-40 data
03-13 10:00:37.645 20010 4538 E gralloc4: Empty SMPTE 2094-40 data
03-13 10:00:37.677 20010 4538 E gralloc4: Empty SMPTE 2094-40 data
03-13 10:00:37.711 20010 4538 E gralloc4: Empty SMPTE 2094-40 data
03-13 10:00:37.745 20010 4538 E gralloc4: Empty SMPTE 2094-40 data
03-13 10:00:37.778 20010 4538 E gralloc4: Empty SMPTE 2094-40 data
03-13 10:00:37.810 20010 4538 E gralloc4: Empty SMPTE 2094-40 data
03-13 10:00:37.844 20010 4538 E gralloc4: Empty SMPTE 2094-40 data
03-13 10:00:37.877 20010 4538 E gralloc4: Empty SMPTE 2094-40 data
03-13 10:00:37.911 20010 4538 E gralloc4: Empty SMPTE 2094-40 data
03-13 10:00:37.944 20010 4538 E gralloc4: Empty SMPTE 2094-40 data
03-13 10:00:37.977 20010 4538 E gralloc4: Empty SMPTE 2094-40 data
03-13 10:00:38.009 20010 4538 E gralloc4: Empty SMPTE 2094-40 data
03-13 10:00:38.044 20010 4538 E gralloc4: Empty SMPTE 2094-40 data
03-13 10:00:38.077 20010 4538 E gralloc4: Empty SMPTE 2094-40 data
03-13 10:00:38.114 20010 4538 E gralloc4: Empty SMPTE 2094-40 data
03-13 10:00:38.142 20010 4538 E gralloc4: Empty SMPTE 2094-40 data
03-13 10:00:38.176 20010 4538 E gralloc4: Empty SMPTE 2094-40 data
03-13 10:00:38.211 20010 4538 E gralloc4: Empty SMPTE 2094-40 data
03-13 10:00:38.243 20010 4538 E gralloc4: Empty SMPTE 2094-40 data
03-13 10:00:38.276 20010 4538 E gralloc4: Empty SMPTE 2094-40 data
03-13 10:00:38.310 20010 4538 E gralloc4: Empty SMPTE 2094-40 data
03-13 10:00:38.343 20010 4538 E gralloc4: Empty SMPTE 2094-40 data
03-13 10:00:38.376 20010 4538 E gralloc4: Empty SMPTE 2094-40 data
03-13 10:00:38.409 20010 4538 E gralloc4: Empty SMPTE 2094-40 data
03-13 10:00:38.446 20010 4538 E gralloc4: Empty SMPTE 2094-40 data
03-13 10:00:38.475 20010 4538 E gralloc4: Empty SMPTE 2094-40 data
03-13 10:00:38.508 20010 4538 E gralloc4: Empty SMPTE 2094-40 data
03-13 10:00:38.541 20010 4538 E gralloc4: Empty SMPTE 2094-40 data
03-13 10:00:38.575 20010 4538 E gralloc4: Empty SMPTE 2094-40 data
03-13 10:00:38.608 20010 4538 E gralloc4: Empty SMPTE 2094-40 data
03-13 10:00:38.642 20010 4538 E gralloc4: Empty SMPTE 2094-40 data
03-13 10:00:38.674 20010 4538 E gralloc4: Empty SMPTE 2094-40 data
03-13 10:00:38.708 20010 4538 E gralloc4: Empty SMPTE 2094-40 data
03-13 10:00:38.741 20010 4538 E gralloc4: Empty SMPTE 2094-40 data
03-13 10:00:38.774 20010 4538 E gralloc4: Empty SMPTE 2094-40 data
03-13 10:00:38.807 20010 4538 E gralloc4: Empty SMPTE 2094-40 data
03-13 10:00:38.840 20010 4538 E gralloc4: Empty SMPTE 2094-40 data
03-13 10:00:38.874 20010 4538 E gralloc4: Empty SMPTE 2094-40 data
03-13 10:00:38.908 20010 4538 E gralloc4: Empty SMPTE 2094-40 data
03-13 10:00:38.940 20010 4538 E gralloc4: Empty SMPTE 2094-40 data
03-13 10:00:38.974 20010 4538 E gralloc4: Empty SMPTE 2094-40 data
03-13 10:00:39.006 20010 4538 E gralloc4: Empty SMPTE 2094-40 data
03-13 10:00:39.040 20010 4538 E gralloc4: Empty SMPTE 2094-40 data
03-13 10:00:39.073 20010 4538 E gralloc4: Empty SMPTE 2094-40 data
03-13 10:00:39.106 20010 4538 E gralloc4: Empty SMPTE 2094-40 data
03-13 10:00:39.138 20010 4538 E gralloc4: Empty SMPTE 2094-40 data
03-13 10:00:39.173 20010 4538 E gralloc4: Empty SMPTE 2094-40 data
03-13 10:00:39.206 20010 4538 E gralloc4: Empty SMPTE 2094-40 data
03-13 10:00:39.238 20010 4538 E gralloc4: Empty SMPTE 2094-40 data
03-13 10:00:39.273 20010 4538 E gralloc4: Empty SMPTE 2094-40 data
03-13 10:00:39.312 20010 4538 E gralloc4: Empty SMPTE 2094-40 data
03-13 10:00:39.341 20010 4538 E gralloc4: Empty SMPTE 2094-40 data
03-13 10:00:39.377 20010 4538 E gralloc4: Empty SMPTE 2094-40 data
03-13 10:00:39.410 20010 4538 E gralloc4: Empty SMPTE 2094-40 data
03-13 10:00:39.444 20010 4538 E gralloc4: Empty SMPTE 2094-40 data
03-13 10:00:39.476 20010 4538 E gralloc4: Empty SMPTE 2094-40 data
03-13 10:00:39.509 20010 4538 E gralloc4: Empty SMPTE 2094-40 data
03-13 10:00:39.544 20010 4538 E gralloc4: Empty SMPTE 2094-40 data
03-13 10:00:39.576 20010 4538 E gralloc4: Empty SMPTE 2094-40 data
03-13 10:00:39.609 20010 4538 E gralloc4: Empty SMPTE 2094-40 data
03-13 10:00:39.640 20010 4538 E gralloc4: Empty SMPTE 2094-40 data
03-13 10:00:39.675 20010 4538 E gralloc4: Empty SMPTE 2094-40 data
03-13 10:00:39.708 20010 4538 E gralloc4: Empty SMPTE 2094-40 data
03-13 10:00:39.743 20010 4538 E gralloc4: Empty SMPTE 2094-40 data
03-13 10:00:39.775 20010 4538 E gralloc4: Empty SMPTE 2094-40 data
03-13 10:00:39.808 20010 4538 E gralloc4: Empty SMPTE 2094-40 data
03-13 10:00:39.842 20010 4538 E gralloc4: Empty SMPTE 2094-40 data
03-13 10:00:39.874 20010 4538 E gralloc4: Empty SMPTE 2094-40 data
03-13 10:00:39.908 20010 4538 E gralloc4: Empty SMPTE 2094-40 data
03-13 10:00:39.942 20010 4538 E gralloc4: Empty SMPTE 2094-40 data
03-13 10:00:39.974 20010 4538 E gralloc4: Empty SMPTE 2094-40 data
03-13 10:00:40.007 20010 4538 E gralloc4: Empty SMPTE 2094-40 data
03-13 10:00:40.039 20010 4538 E gralloc4: Empty SMPTE 2094-40 data
03-13 10:00:40.074 20010 4538 E gralloc4: Empty SMPTE 2094-40 data
03-13 10:00:40.107 20010 4538 E gralloc4: Empty SMPTE 2094-40 data
03-13 10:00:40.141 20010 4538 E gralloc4: Empty SMPTE 2094-40 data
03-13 10:00:40.173 20010 4538 E gralloc4: Empty SMPTE 2094-40 data
03-13 10:00:40.207 20010 4538 E gralloc4: Empty SMPTE 2094-40 data
03-13 10:00:40.240 20010 4538 E gralloc4: Empty SMPTE 2094-40 data
03-13 10:00:40.272 20010 4538 E gralloc4: Empty SMPTE 2094-40 data
03-13 10:00:40.306 20010 4538 E gralloc4: Empty SMPTE 2094-40 data
03-13 10:00:40.340 20010 4538 E gralloc4: Empty SMPTE 2094-40 data
03-13 10:00:40.373 20010 4538 E gralloc4: Empty SMPTE 2094-40 data
03-13 10:00:40.406 20010 4538 E gralloc4: Empty SMPTE 2094-40 data
03-13 10:00:40.434 20010 4538 E gralloc4: Empty SMPTE 2094-40 data
03-13 10:00:40.472 20010 4538 E gralloc4: Empty SMPTE 2094-40 data
03-13 10:00:40.506 20010 4538 E gralloc4: Empty SMPTE 2094-40 data
03-13 10:00:40.539 20010 4538 E gralloc4: Empty SMPTE 2094-40 data
03-13 10:00:40.572 20010 4538 E gralloc4: Empty SMPTE 2094-40 data
03-13 10:00:40.605 20010 4538 E gralloc4: Empty SMPTE 2094-40 data
03-13 10:00:40.638 20010 4538 E gralloc4: Empty SMPTE 2094-40 data
03-13 10:00:40.672 20010 4538 E gralloc4: Empty SMPTE 2094-40 data
03-13 10:00:40.705 20010 4538 E gralloc4: Empty SMPTE 2094-40 data
03-13 10:00:40.738 20010 4538 E gralloc4: Empty SMPTE 2094-40 data
03-13 10:00:40.771 20010 4538 E gralloc4: Empty SMPTE 2094-40 data
03-13 10:00:40.804 20010 4538 E gralloc4: Empty SMPTE 2094-40 data
03-13 10:00:40.838 20010 4538 E gralloc4: Empty SMPTE 2094-40 data
03-13 10:00:40.871 20010 4538 E gralloc4: Empty SMPTE 2094-40 data
03-13 10:00:40.905 20010 4538 E gralloc4: Empty SMPTE 2094-40 data
03-13 10:00:40.937 20010 4538 E gralloc4: Empty SMPTE 2094-40 data
03-13 10:00:40.970 20010 4538 E gralloc4: Empty SMPTE 2094-40 data
03-13 10:00:41.004 20010 4538 E gralloc4: Empty SMPTE 2094-40 data
03-13 10:00:41.025 20010 4538 E gralloc4: Empty SMPTE 2094-40 data
03-13 10:00:41.036 20010 4538 E gralloc4: Empty SMPTE 2094-40 data
03-13 10:00:41.059 20010 4538 E gralloc4: Empty SMPTE 2094-40 data
03-13 10:00:41.069 20010 4538 E gralloc4: Empty SMPTE 2094-40 data
03-13 10:00:41.103 20010 4538 E gralloc4: Empty SMPTE 2094-40 data
03-13 10:00:41.136 20010 4538 E gralloc4: Empty SMPTE 2094-40 data
03-13 10:00:41.169 20010 4538 E gralloc4: Empty SMPTE 2094-40 data
03-13 10:00:41.191 20010 4538 E gralloc4: Empty SMPTE 2094-40 data
03-13 10:00:41.199 20010 4538 E gralloc4: Empty SMPTE 2094-40 data
03-13 10:00:41.224 20010 4538 E gralloc4: Empty SMPTE 2094-40 data
03-13 10:00:41.235 20010 4538 E gralloc4: Empty SMPTE 2094-40 data
03-13 10:00:41.257 20010 4538 E gralloc4: Empty SMPTE 2094-40 data
03-13 10:00:41.268 20010 4538 E gralloc4: Empty SMPTE 2094-40 data
03-13 10:00:41.300 20010 4538 E gralloc4: Empty SMPTE 2094-40 data
03-13 10:00:41.333 20010 4538 E gralloc4: Empty SMPTE 2094-40 data
03-13 10:00:41.358 20010 4538 E gralloc4: Empty SMPTE 2094-40 data
03-13 10:00:41.368 20010 4538 E gralloc4: Empty SMPTE 2094-40 data
03-13 10:00:41.390 20010 4538 E gralloc4: Empty SMPTE 2094-40 data
03-13 10:00:41.401 20010 4538 E gralloc4: Empty SMPTE 2094-40 data
03-13 10:00:41.423 20010 4538 E gralloc4: Empty SMPTE 2094-40 data
03-13 10:00:41.435 20010 4538 E gralloc4: Empty SMPTE 2094-40 data
03-13 10:00:41.458 20010 4538 E gralloc4: Empty SMPTE 2094-40 data
