03-13 08:51:41.222 20283 20283 D nativeloader: Extending system_exposed_libraries: libapuwareapusys.mtk.so:libapuwareapusys_v2.mtk.so:libapuwarexrp.mtk.so:libapuwarex rp_v2.mtk.so:libapuwareutils.mtk.so:libapuwareutils_v2.mtk.so:libapuwarehmp.mtk.so: libmcv_runtime_usdk.mtk.so:libneuron_graph_delegate.mtk.so:libneuronusdk_adapter.mt k.so:libtflite_mtk.mtk.so:libarmnn_ndk.mtk.so:libcmdl_ndk.mtk.so:libnir_neon_driver _ndk.mtk.so:libmvpu_runtime.mtk.so:libmvpu_runtime_pub.mtk.so:libmvpu_engine_pub.mt k.so:libmvpu_pattern_pub.mtk.so:libmvpuop_mtk_cv.mtk.so:libmvpuop_mtk_nn.mtk.so:lib teeservice_client.trustonic.so:libmisys_jni.xiaomi.so
03-13 08:51:41.224 20197 20289 W FA : Table has extra columns. table, columns: messages, app_version, app_version_int
03-13 08:51:41.224 20010 20010 D CompatibilityChangeReporter: Compat change id reported: 214741472; UID 10569; state: ENABLED
03-13 08:51:41.230 20283 20283 W ziparchive: Unable to open '/data/app/~~1Bk6MROiQfGvVpSFz9OLnQ==/com.hello.miheapp.secretspace- JmIjTfn7MY8hPq_HPSN-Qg==/split_config.arm64_v8a.dm': No such file or directory
03-13 08:51:41.230 20283 20283 W ziparchive: Unable to open '/data/app/~~1Bk6MROiQfGvVpSFz9OLnQ==/com.hello.miheapp.secretspace- JmIjTfn7MY8hPq_HPSN-Qg==/split_config.arm64_v8a.dm': No such file or directory
03-13 08:51:41.231 20283 20283 W secretspace:dex: Entry not found
03-13 08:51:41.231 20283 20283 W ziparchive: Unable to open '/data/app/~~1Bk6MROiQfGvVpSFz9OLnQ==/com.hello.miheapp.secretspace- JmIjTfn7MY8hPq_HPSN-Qg==/split_config.bn.dm': No such file or directory
03-13 08:51:41.231 20283 20283 W ziparchive: Unable to open '/data/app/~~1Bk6MROiQfGvVpSFz9OLnQ==/com.hello.miheapp.secretspace- JmIjTfn7MY8hPq_HPSN-Qg==/split_config.bn.dm': No such file or directory
03-13 08:51:41.231 20283 20283 W secretspace:dex: Entry not found
03-13 08:51:41.231 20283 20283 W ziparchive: Unable to open '/data/app/~~1Bk6MROiQfGvVpSFz9OLnQ==/com.hello.miheapp.secretspace- JmIjTfn7MY8hPq_HPSN-Qg==/split_config.en.dm': No such file or directory
03-13 08:51:41.231 20283 20283 W ziparchive: Unable to open '/data/app/~~1Bk6MROiQfGvVpSFz9OLnQ==/com.hello.miheapp.secretspace- JmIjTfn7MY8hPq_HPSN-Qg==/split_config.en.dm': No such file or directory
03-13 08:51:41.232 20283 20283 W secretspace:dex: Entry not found
03-13 08:51:41.232 20283 20283 W ziparchive: Unable to open '/data/app/~~1Bk6MROiQfGvVpSFz9OLnQ==/com.hello.miheapp.secretspace- JmIjTfn7MY8hPq_HPSN-Qg==/split_config.gu.dm': No such file or directory
03-13 08:51:41.232 20283 20283 W ziparchive: Unable to open '/data/app/~~1Bk6MROiQfGvVpSFz9OLnQ==/com.hello.miheapp.secretspace- JmIjTfn7MY8hPq_HPSN-Qg==/split_config.gu.dm': No such file or directory
03-13 08:51:41.232 20283 20283 W secretspace:dex: Entry not found
03-13 08:51:41.232 20283 20283 W ziparchive: Unable to open '/data/app/~~1Bk6MROiQfGvVpSFz9OLnQ==/com.hello.miheapp.secretspace- JmIjTfn7MY8hPq_HPSN-Qg==/split_config.hi.dm': No such file or directory
03-13 08:51:41.232 20283 20283 W ziparchive: Unable to open '/data/app/~~1Bk6MROiQfGvVpSFz9OLnQ==/com.hello.miheapp.secretspace- JmIjTfn7MY8hPq_HPSN-Qg==/split_config.hi.dm': No such file or directory
03-13 08:51:41.233 20283 20283 W secretspace:dex: Entry not found
03-13 08:51:41.233 20283 20283 W ziparchive: Unable to open '/data/app/~~1Bk6MROiQfGvVpSFz9OLnQ==/com.hello.miheapp.secretspace- JmIjTfn7MY8hPq_HPSN-Qg==/split_config.kn.dm': No such file or directory
03-13 08:51:41.233 20283 20283 W ziparchive: Unable to open '/data/app/~~1Bk6MROiQfGvVpSFz9OLnQ==/com.hello.miheapp.secretspace- JmIjTfn7MY8hPq_HPSN-Qg==/split_config.kn.dm': No such file or directory
03-13 08:51:41.233 20283 20283 W secretspace:dex: Entry not found
03-13 08:51:41.234 20283 20283 W ziparchive: Unable to open '/data/app/~~1Bk6MROiQfGvVpSFz9OLnQ==/com.hello.miheapp.secretspace- JmIjTfn7MY8hPq_HPSN-Qg==/split_config.mr.dm': No such file or directory
03-13 08:51:41.234 20283 20283 W ziparchive: Unable to open '/data/app/~~1Bk6MROiQfGvVpSFz9OLnQ==/com.hello.miheapp.secretspace- JmIjTfn7MY8hPq_HPSN-Qg==/split_config.mr.dm': No such file or directory
03-13 08:51:41.234 20283 20283 W secretspace:dex: Entry not found
03-13 08:51:41.234 20283 20283 W ziparchive: Unable to open '/data/app/~~1Bk6MROiQfGvVpSFz9OLnQ==/com.hello.miheapp.secretspace- JmIjTfn7MY8hPq_HPSN-Qg==/split_config.ta.dm': No such file or directory
03-13 08:51:41.234 20283 20283 W ziparchive: Unable to open '/data/app/~~1Bk6MROiQfGvVpSFz9OLnQ==/com.hello.miheapp.secretspace- JmIjTfn7MY8hPq_HPSN-Qg==/split_config.ta.dm': No such file or directory
03-13 08:51:41.234 20283 20283 W secretspace:dex: Entry not found
03-13 08:51:41.235 20283 20283 W ziparchive: Unable to open '/data/app/~~1Bk6MROiQfGvVpSFz9OLnQ==/com.hello.miheapp.secretspace- JmIjTfn7MY8hPq_HPSN-Qg==/split_config.te.dm': No such file or directory
03-13 08:51:41.235 20283 20283 W ziparchive: Unable to open '/data/app/~~1Bk6MROiQfGvVpSFz9OLnQ==/com.hello.miheapp.secretspace- JmIjTfn7MY8hPq_HPSN-Qg==/split_config.te.dm': No such file or directory
03-13 08:51:41.235 20283 20283 W secretspace:dex: Entry not found
03-13 08:51:41.235 20283 20283 W ziparchive: Unable to open '/data/app/~~1Bk6MROiQfGvVpSFz9OLnQ==/com.hello.miheapp.secretspace- JmIjTfn7MY8hPq_HPSN-Qg==/split_config.xxhdpi.dm': No such file or directory
03-13 08:51:41.235 20283 20283 W ziparchive: Unable to open '/data/app/~~1Bk6MROiQfGvVpSFz9OLnQ==/com.hello.miheapp.secretspace- JmIjTfn7MY8hPq_HPSN-Qg==/split_config.xxhdpi.dm': No such file or directory
03-13 08:51:41.235 20283 20283 W secretspace:dex: Entry not found
03-13 08:51:41.236 20283 20283 D nativeloader: Configuring clns-5 for other apk /data/app/~~1Bk6MROiQfGvVpSFz9OLnQ==/com.hello.miheapp.secretspace- JmIjTfn7MY8hPq_HPSN-Qg==/base.apk:/data/app/~~1Bk6MROiQfGvVpSFz9OLnQ==/ com.hello.miheapp.secretspace-JmIjTfn7MY8hPq_HPSN-Qg==/ split_config.arm64_v8a.apk:/data/app/~~1Bk6MROiQfGvVpSFz9OLnQ==/ com.hello.miheapp.secretspace-JmIjTfn7MY8hPq_HPSN-Qg==/split_config.bn.apk:/data/ app/~~1Bk6MROiQfGvVpSFz9OLnQ==/com.hello.miheapp.secretspace-JmIjTfn7MY8hPq_HPSN- Qg==/split_config.en.apk:/data/app/~~1Bk6MROiQfGvVpSFz9OLnQ==/ com.hello.miheapp.secretspace-JmIjTfn7MY8hPq_HPSN-Qg==/split_config.gu.apk:/data/ app/~~1Bk6MROiQfGvVpSFz9OLnQ==/com.hello.miheapp.secretspace-JmIjTfn7MY8hPq_HPSN- Qg==/split_config.hi.apk:/data/app/~~1Bk6MROiQfGvVpSFz9OLnQ==/ com.hello.miheapp.secretspace-JmIjTfn7MY8hPq_HPSN-Qg==/split_config.kn.apk:/data/ app/~~1Bk6MROiQfGvVpSFz9OLnQ==/com.hello.miheapp.secretspace-JmIjTfn7MY8hPq_HPSN- Qg==/split_config.mr.apk:/data/app/~~1Bk6MROiQfGvVpSFz9OLnQ==/ com.hello.miheapp.secretspace-JmIjTfn7MY8hPq_HPSN-Qg==/split_
03-13 08:51:41.239 20010 20010 D CompatibilityChangeReporter: Compat change id reported: 171228096; UID 10569; state: ENABLED
03-13 08:51:41.244 20283 20283 D nativeloader: Load libframework-connectivity- jni.so using APEX ns com_android_tethering for caller /apex/com.android.tethering/javalib/framework-connectivity.jar: ok
03-13 08:51:41.244 20197 20197 E NativeCore: not native method
03-13 08:51:41.244 20197 20197 E NativeCore: check flags error. class:java/io/UnixFileSystem, method:canonicalize0
03-13 08:51:41.244 20197 20197 D NativeCore: register class:java/io/UnixFileSystem, method:getBooleanAttributes0 success!
03-13 08:51:41.244 20197 20197 D NativeCore: register class:java/io/UnixFileSystem, method:getLastModifiedTime0 success!
03-13 08:51:41.244 20197 20197 D NativeCore: register class:java/io/UnixFileSystem, method:setPermission0 success!
03-13 08:51:41.244 20197 20197 D NativeCore: register class:java/io/UnixFileSystem, method:createFileExclusively0 success!
03-13 08:51:41.244 20197 20197 D NativeCore: register class:java/io/UnixFileSystem, method:list0 success!
03-13 08:51:41.244 20197 20197 D NativeCore: register class:java/io/UnixFileSystem, method:createDirectory0 success!
03-13 08:51:41.245 20197 20197 D NativeCore: register class:java/io/UnixFileSystem, method:setLastModifiedTime0 success!
03-13 08:51:41.245 20197 20197 D NativeCore: register class:java/io/UnixFileSystem, method:setReadOnly0 success!
03-13 08:51:41.245 20197 20197 D NativeCore: register class:java/io/UnixFileSystem, method:getSpace0 success!
03-13 08:51:41.245 20197 20197 D NativeCore: register class:java/lang/VMClassLoader, method:findLoadedClass success!
03-13 08:51:41.245 20197 20197 D NativeCore: register class:android/os/Binder, method:getCallingUid success!
03-13 08:51:41.245 20197 20197 D NativeCore: register class:dalvik/system/VMRuntime, method:setHiddenApiExemptions success!
03-13 08:51:41.246 20283 20283 V GraphicsEnvironment: ANGLE Developer option for 'com.hello.miheapp.secretspace' set to: 'default'
03-13 08:51:41.246 20283 20283 V GraphicsEnvironment: ANGLE GameManagerService for com.hello.miheapp.secretspace: false
03-13 08:51:41.246 20283 20283 V GraphicsEnvironment: App is not on the allowlist for updatable production driver.
03-13 08:51:41.253 20283 20283 I ForceDarkHelperStubImpl: initialize for com.hello.miheapp.secretspace , ForceDarkAppConfig: null
03-13 08:51:41.254 20283 20283 D nativeloader: Load libforcedarkimpl.so using system ns (caller=/system_ext/framework/miui-framework.jar): ok
03-13 08:51:41.255 20283 20283 D secretspace:dex: JNI_OnLoad success
03-13 08:51:41.255 20283 20283 I MiuiForceDarkConfig: setConfig density:2.750000, mainRule:0, secondaryRule:0, tertiaryRule:0
03-13 08:51:41.257 20283 20283 D NetworkSecurityConfig: Using Network Security Config from resource network_security_config debugBuild: false
03-13 08:51:41.257 20197 20197 D NetworkSecurityConfig: Using Network Security Config from resource network_security_config debugBuild: false
03-13 08:51:41.258 20283 20283 D NetworkSecurityConfig: Using Network Security Config from resource network_security_config debugBuild: false
03-13 08:51:41.258 20197 20197 D NetworkSecurityConfig: Using Network Security Config from resource network_security_config debugBuild: false
03-13 08:51:41.261 20283 20283 D nativeloader: Load /data/app/~~1Bk6MROiQfGvVpSFz9OLnQ==/com.hello.miheapp.secretspace- JmIjTfn7MY8hPq_HPSN-Qg==/split_config.arm64_v8a.apk!/lib/arm64-v8a/librepublic.so using ns clns-5 from class loader (caller=base.apk): ok
03-13 08:51:41.272 20197 20197 I MultiDex: VM with version 2.1.0 has multidex support
03-13 08:51:41.272 20197 20197 I MultiDex: Installing application
03-13 08:51:41.272 20197 20197 I MultiDex: VM has multidex support, MultiDex support library is disabled.
03-13 08:51:41.286 20197 20197 D ChimeraServiceProvider: onCreate
03-13 08:51:41.288 20197 20197 D FontsProvider: onCreate
03-13 08:51:41.290 20197 20197 D GmsPhenotypeCfgProvider: unimplemented Method: onCreate
03-13 08:51:41.295 20283 20283 W Glide : Failed to find GeneratedAppGlideModule. You should include an annotationProcessor compile dependency on com.github.bumptech.glide:compiler in your application and a @GlideModule annotated AppGlideModule implementation or LibraryGlideModules will be silently ignored
03-13 08:51:41.300 20197 20197 D ActivityThread: Loading provider com.google.android.gms.microg.settings: org.microg.gms.settings.SettingsProvider
03-13 08:51:41.301 20283 20283 D CompatibilityChangeReporter: Compat change id reported: 183155436; UID 10569; state: ENABLED
03-13 08:51:41.302 20283 20283 D SessionsDependencies: Dependency to CRASHLYTICS added.
03-13 08:51:41.303 20283 20283 I FirebaseApp: Device unlocked: initializing all Firebase APIs for app [DEFAULT]
03-13 08:51:41.308 20283 20283 I FirebaseCrashlytics: Initializing Firebase Crashlytics 18.6.2 for com.hello.miheapp.secretspace
03-13 08:51:41.316 20197 20197 D ProfileManager: Using Serial bc2fec4feb1d8ce19a07799b137c2321
03-13 08:51:41.322 20283 20320 W secretspace:dex: ClassLoaderContext classpath size mismatch. expected=1, found=0 (DLC[];PCL[base.apk*2558597794]{PCL[/system/framework/org.apache.http.legacy.jar*23 15938047]#PCL[/system/framework/ com.android.media.remotedisplay.jar*3886290638]#PCL[/system/framework/ com.android.location.provider.jar*3868789109]#PCL[/system/framework/ org.apache.http.legacy.jar*2315938047]} | DLC[];PCL[])
03-13 08:51:41.326 20283 20320 I DynamiteModule: Considering local module com.google.android.gms.measurement.dynamite:100 and remote module com.google.android.gms.measurement.dynamite:140
03-13 08:51:41.326 20283 20320 I DynamiteModule: Selected remote version of com.google.android.gms.measurement.dynamite, version >= 140
03-13 08:51:41.326 20283 20320 V DynamiteModule: Dynamite loader version >= 2, using loadModule2NoCrashUtils
03-13 08:51:41.327 20283 20283 D SessionsDependencies: Subscriber CRASHLYTICS registered.
03-13 08:51:41.334 20197 20197 D CompatibilityChangeReporter: Compat change id reported: 183155436; UID 10001; state: ENABLED
03-13 08:51:41.337 20143 20143 W BpBinder: Slow Binder: BpBinder transact took 252 ms, interface=com.hello.sandbox.core.IBActivityThread, code=9 oneway=false
03-13 08:51:41.342 20197 20197 D MeasurementService: onBind: Intent { act=com.google.android.gms.measurement.START pkg=com.google.android.gms cmp=com.google.android.gms/org.microg.gms.measurement.MeasurementService }
03-13 08:51:41.346 20197 20197 D MeasurementService: onBind: Intent { act=com.google.android.gms.measurement.START pkg=com.google.android.gms }
03-13 08:51:41.348 20283 20320 W System : ClassLoader referenced unknown path:
03-13 08:51:41.348 20283 20320 D nativeloader: Configuring clns-6 for other apk . target_sdk_version=34, uses_libraries=, library_path=/data/app/~~xU4oasDwrgMEp6G3NcYZRA==/com.google.android.gms- XuElNHghgFeSjkeTKqr6gQ==/lib/arm64:/data/app/~~xU4oasDwrgMEp6G3NcYZRA==/ com.google.android.gms-XuElNHghgFeSjkeTKqr6gQ==/base.apk!/lib/arm64-v8a, permitted_path=/data:/mnt/expand:/data/user/0/com.google.android.gms
03-13 08:51:41.352 20197 20197 D GmsCheckinTrigger: Ignoring Intent { act=android.intent.action.BOOT_COMPLETED }: checkin is disabled
03-13 08:51:41.355 20197 20197 D MeasurementService: bound by: GetServiceRequest{serviceId=MEASUREMENT, gmsVersion=12451000, packageName='com.hello.miheapp.secretspace', extras=Bundle[{}]}
03-13 08:51:41.369 20283 20320 W secretspace:dex: ClassLoaderContext classpath element checksum mismatch. expected=2558597794, found=4232958213 (DLC[];PCL[base.apk*2558597794]{PCL[/system/framework/org.apache.http.legacy.jar*23 15938047]#PCL[/system/framework/ com.android.media.remotedisplay.jar*3886290638]#PCL[/system/framework/ com.android.location.provider.jar*3868789109]#PCL[/system/framework/ org.apache.http.legacy.jar*2315938047]} | DLC[];PCL[/data/app/~~1Bk6MROiQfGvVpSFz9OLnQ==/com.hello.miheapp.secretspace- JmIjTfn7MY8hPq_HPSN-Qg==/base.apk*4232958213]{PCL[/system/framework/ android.test.base.jar*446567138]#PCL[/system/framework/ org.apache.http.legacy.jar*2315938047]})
03-13 08:51:41.371 20197 20289 D SafeParcel: Unknown field id 34 in com.google.android.gms.measurement.internal.AppMetadata, skipping.
03-13 08:51:41.371 20197 20289 D SafeParcel: Unknown field id 35 in com.google.android.gms.measurement.internal.AppMetadata, skipping.
03-13 08:51:41.371 20197 20289 D MeasurementService: sendAppLaunch() for AppMetadata[com.hello.miheapp.secretspace]
03-13 08:51:41.374 20283 20283 D FirebaseSessions: Initializing Firebase Sessions SDK.
03-13 08:51:41.374 20283 20283 I FirebaseApp: FirebaseApp initialization successful
03-13 08:51:41.375 20197 20289 W FA : Table has extra columns. table, columns: messages, app_version, app_version_int
03-13 08:51:41.379 20336 20336 I libc : SetHeapTaggingLevel: tag level set to 0
03-13 08:51:41.383 20283 20341 D LifecycleServiceBinder: Binding service to application.
03-13 08:51:41.392 20336 20336 I .secretspace:p1: Using CollectorTypeCC GC.
03-13 08:51:41.397 20197 20289 W FA : Table has extra columns. table, columns: messages, app_version, app_version_int
03-13 08:51:41.398 20283 20328 I FirebaseCrashlytics: No version control information found
03-13 08:51:41.400 20197 20289 D SafeParcel: Unknown field id 34 in com.google.android.gms.measurement.internal.AppMetadata, skipping.
03-13 08:51:41.400 20197 20289 D SafeParcel: Unknown field id 35 in com.google.android.gms.measurement.internal.AppMetadata, skipping.
03-13 08:51:41.400 20197 20289 D MeasurementService: getAppInstanceId() for AppMetadata[com.hello.miheapp.secretspace]
03-13 08:51:41.401 20336 20336 E .secretspace:p1: Not starting debugger since process cannot load the jdwp agent.
03-13 08:51:41.402 20197 20289 D SafeParcel: Unknown field id 34 in com.google.android.gms.measurement.internal.AppMetadata, skipping.
03-13 08:51:41.402 20197 20289 D SafeParcel: Unknown field id 35 in com.google.android.gms.measurement.internal.AppMetadata, skipping.
03-13 08:51:41.402 20197 20289 D MeasurementService: sendDefaultEventParameters(Bundle[EMPTY_PARCEL]) for AppMetadata[com.hello.miheapp.secretspace]
03-13 08:51:41.405 20336 20336 D nativeloader: Load libframework-connectivity- tiramisu-jni.so using APEX ns com_android_tethering for caller /apex/com.android.tethering/javalib/framework-connectivity-t.jar: ok
03-13 08:51:41.409 20336 20336 W System.err: android.system.ErrnoException: open failed: ENOENT (No such file or directory)
03-13 08:51:41.409 20336 20336 W System.err: at libcore.io.Linux.open(Native Method)
03-13 08:51:41.409 20336 20336 W System.err: at libcore.io.ForwardingOs.open(ForwardingOs.java:563)
03-13 08:51:41.409 20336 20336 W System.err: at libcore.io.BlockGuardOs.open(BlockGuardOs.java:274)
03-13 08:51:41.409 20336 20336 W System.err: at libcore.io.ForwardingOs.open(ForwardingOs.java:563)
03-13 08:51:41.409 20336 20336 W System.err: at android.app.ActivityThread$AndroidOs.open(ActivityThread.java:8224)
03-13 08:51:41.409 20336 20336 W System.err: at android.system.Os.open(Os.java:494)
03-13 08:51:41.409 20336 20336 W System.err: at android.os.perfdebug.PerfDebugMonitorImpl.monitorVersionControl(PerfDebugMonitorImp l.java:206)
03-13 08:51:41.409 20336 20336 W System.err: at android.os.perfdebug.PerfDebugMonitorImpl.prepareMonitor(PerfDebugMonitorImpl.java: 187)
03-13 08:51:41.409 20336 20336 W System.err: at android.app.ActivityThread.main(ActivityThread.java:8311)
03-13 08:51:41.409 20336 20336 W System.err: at java.lang.reflect.Method.invoke(Native Method)
03-13 08:51:41.409 20336 20336 W System.err: at com.android.internal.os.RuntimeInit$MethodAndArgsCaller.run(RuntimeInit.java:582)
03-13 08:51:41.409 20336 20336 W System.err: at com.android.internal.os.ZygoteInit.main(ZygoteInit.java:1028)
03-13 08:51:41.409 20336 20336 I MessageMonitor: Load libmiui_runtime
03-13 08:51:41.421 20010 20361 I MATDBManager: sqllite db insert success! insert row id:56
03-13 08:51:41.421 20010 20361 I MATDBManager: sqllite db capacity:1
03-13 08:51:41.430 20336 20336 D CompatibilityChangeReporter: Compat change id reported: 171979766; UID 10569; state: ENABLED
03-13 08:51:41.432 20010 20010 W Looper : PerfMonitor longMsg : seq=2 plan=08:51:39.221 late=4ms wall=2206ms h=android.app.ActivityThread$H w=110 procState=-1
03-13 08:51:41.441 20010 20383 I CameraManagerGlobal: Connecting to camera service
03-13 08:51:41.442 20010 20010 D SessionLifecycleService: Service bound to new client on process 20010
03-13 08:51:41.443 20336 20336 D ApplicationLoaders: Returning zygote-cached class loader: /system/framework/android.test.base.jar
03-13 08:51:41.444 20010 20385 D SessionLifecycleService: App has not yet foregrounded. Using previously stored session: null
03-13 08:51:41.444 20010 20385 D SessionLifecycleService: Client android.os.Messenger@a04ee13 bound at 2224825. Clients: 1
03-13 08:51:41.446 20336 20336 D nativeloader: Configuring clns-4 for other apk /system/framework/org.apache.http.legacy.jar. target_sdk_version=34, uses_libraries=ALL, library_path=/data/app/~~1Bk6MROiQfGvVpSFz9OLnQ==/com.hello.miheapp.secretspace- JmIjTfn7MY8hPq_HPSN-Qg==/lib/arm64:/data/app/~~1Bk6MROiQfGvVpSFz9OLnQ==/ com.hello.miheapp.secretspace-JmIjTfn7MY8hPq_HPSN-Qg==/base.apk!/lib/arm64-v8a:/ data/app/~~1Bk6MROiQfGvVpSFz9OLnQ==/com.hello.miheapp.secretspace- JmIjTfn7MY8hPq_HPSN-Qg==/split_config.arm64_v8a.apk!/lib/arm64-v8a:/data/app/ ~~1Bk6MROiQfGvVpSFz9OLnQ==/com.hello.miheapp.secretspace-JmIjTfn7MY8hPq_HPSN-Qg==/ split_config.bn.apk!/lib/arm64-v8a:/data/app/~~1Bk6MROiQfGvVpSFz9OLnQ==/ com.hello.miheapp.secretspace-JmIjTfn7MY8hPq_HPSN-Qg==/split_config.en.apk!/lib/ arm64-v8a:/data/app/~~1Bk6MROiQfGvVpSFz9OLnQ==/com.hello.miheapp.secretspace- JmIjTfn7MY8hPq_HPSN-Qg==/split_config.gu.apk!/lib/arm64-v8a:/data/app/ ~~1Bk6MROiQfGvVpSFz9OLnQ==/com.hello.miheapp.secretspace-JmIjTfn7MY8hPq_HPSN-Qg==/ split_config.hi.apk!/lib/arm64-v8a:/data/app/~~1Bk6MROiQfGvVpSF
03-13 08:51:41.446 20336 20336 D nativeloader: Extending system_exposed_libraries: libapuwareapusys.mtk.so:libapuwareapusys_v2.mtk.so:libapuwarexrp.mtk.so:libapuwarex rp_v2.mtk.so:libapuwareutils.mtk.so:libapuwareutils_v2.mtk.so:libapuwarehmp.mtk.so: libmcv_runtime_usdk.mtk.so:libneuron_graph_delegate.mtk.so:libneuronusdk_adapter.mt k.so:libtflite_mtk.mtk.so:libarmnn_ndk.mtk.so:libcmdl_ndk.mtk.so:libnir_neon_driver _ndk.mtk.so:libmvpu_runtime.mtk.so:libmvpu_runtime_pub.mtk.so:libmvpu_engine_pub.mt k.so:libmvpu_pattern_pub.mtk.so:libmvpuop_mtk_cv.mtk.so:libmvpuop_mtk_nn.mtk.so:lib teeservice_client.trustonic.so:libmisys_jni.xiaomi.so
03-13 08:51:41.457 20336 20336 W ziparchive: Unable to open '/data/app/~~1Bk6MROiQfGvVpSFz9OLnQ==/com.hello.miheapp.secretspace- JmIjTfn7MY8hPq_HPSN-Qg==/split_config.arm64_v8a.dm': No such file or directory
03-13 08:51:41.457 20336 20336 W ziparchive: Unable to open '/data/app/~~1Bk6MROiQfGvVpSFz9OLnQ==/com.hello.miheapp.secretspace- JmIjTfn7MY8hPq_HPSN-Qg==/split_config.arm64_v8a.dm': No such file or directory
03-13 08:51:41.457 20336 20336 W .secretspace:p1: Entry not found
03-13 08:51:41.458 20336 20336 W ziparchive: Unable to open '/data/app/~~1Bk6MROiQfGvVpSFz9OLnQ==/com.hello.miheapp.secretspace- JmIjTfn7MY8hPq_HPSN-Qg==/split_config.bn.dm': No such file or directory
03-13 08:51:41.458 20336 20336 W ziparchive: Unable to open '/data/app/~~1Bk6MROiQfGvVpSFz9OLnQ==/com.hello.miheapp.secretspace- JmIjTfn7MY8hPq_HPSN-Qg==/split_config.bn.dm': No such file or directory
03-13 08:51:41.458 20336 20336 W .secretspace:p1: Entry not found
03-13 08:51:41.458 20336 20336 W ziparchive: Unable to open '/data/app/~~1Bk6MROiQfGvVpSFz9OLnQ==/com.hello.miheapp.secretspace- JmIjTfn7MY8hPq_HPSN-Qg==/split_config.en.dm': No such file or directory
03-13 08:51:41.458 20336 20336 W ziparchive: Unable to open '/data/app/~~1Bk6MROiQfGvVpSFz9OLnQ==/com.hello.miheapp.secretspace- JmIjTfn7MY8hPq_HPSN-Qg==/split_config.en.dm': No such file or directory
03-13 08:51:41.458 20336 20336 W .secretspace:p1: Entry not found
03-13 08:51:41.459 20336 20336 W ziparchive: Unable to open '/data/app/~~1Bk6MROiQfGvVpSFz9OLnQ==/com.hello.miheapp.secretspace- JmIjTfn7MY8hPq_HPSN-Qg==/split_config.gu.dm': No such file or directory
03-13 08:51:41.459 20336 20336 W ziparchive: Unable to open '/data/app/~~1Bk6MROiQfGvVpSFz9OLnQ==/com.hello.miheapp.secretspace- JmIjTfn7MY8hPq_HPSN-Qg==/split_config.gu.dm': No such file or directory
03-13 08:51:41.459 20336 20336 W .secretspace:p1: Entry not found
03-13 08:51:41.459 20336 20336 W ziparchive: Unable to open '/data/app/~~1Bk6MROiQfGvVpSFz9OLnQ==/com.hello.miheapp.secretspace- JmIjTfn7MY8hPq_HPSN-Qg==/split_config.hi.dm': No such file or directory
03-13 08:51:41.459 20336 20336 W ziparchive: Unable to open '/data/app/~~1Bk6MROiQfGvVpSFz9OLnQ==/com.hello.miheapp.secretspace- JmIjTfn7MY8hPq_HPSN-Qg==/split_config.hi.dm': No such file or directory
03-13 08:51:41.459 20336 20336 W .secretspace:p1: Entry not found
03-13 08:51:41.460 20336 20336 W ziparchive: Unable to open '/data/app/~~1Bk6MROiQfGvVpSFz9OLnQ==/com.hello.miheapp.secretspace- JmIjTfn7MY8hPq_HPSN-Qg==/split_config.kn.dm': No such file or directory
03-13 08:51:41.460 20336 20336 W ziparchive: Unable to open '/data/app/~~1Bk6MROiQfGvVpSFz9OLnQ==/com.hello.miheapp.secretspace- JmIjTfn7MY8hPq_HPSN-Qg==/split_config.kn.dm': No such file or directory
03-13 08:51:41.461 20010 20383 D CameraExtStub: init android.hardware.camera2.impl.CameraExtImplXiaoMi
03-13 08:51:41.462 20336 20336 W .secretspace:p1: Entry not found
03-13 08:51:41.463 20336 20336 W ziparchive: Unable to open '/data/app/~~1Bk6MROiQfGvVpSFz9OLnQ==/com.hello.miheapp.secretspace- JmIjTfn7MY8hPq_HPSN-Qg==/split_config.mr.dm': No such file or directory
03-13 08:51:41.463 20336 20336 W ziparchive: Unable to open '/data/app/~~1Bk6MROiQfGvVpSFz9OLnQ==/com.hello.miheapp.secretspace- JmIjTfn7MY8hPq_HPSN-Qg==/split_config.mr.dm': No such file or directory
03-13 08:51:41.463 20336 20336 W .secretspace:p1: Entry not found
03-13 08:51:41.463 20336 20336 W ziparchive: Unable to open '/data/app/~~1Bk6MROiQfGvVpSFz9OLnQ==/com.hello.miheapp.secretspace- JmIjTfn7MY8hPq_HPSN-Qg==/split_config.ta.dm': No such file or directory
03-13 08:51:41.463 20336 20336 W ziparchive: Unable to open '/data/app/~~1Bk6MROiQfGvVpSFz9OLnQ==/com.hello.miheapp.secretspace- JmIjTfn7MY8hPq_HPSN-Qg==/split_config.ta.dm': No such file or directory
03-13 08:51:41.463 20336 20336 W .secretspace:p1: Entry not found
03-13 08:51:41.464 20336 20336 W ziparchive: Unable to open '/data/app/~~1Bk6MROiQfGvVpSFz9OLnQ==/com.hello.miheapp.secretspace- JmIjTfn7MY8hPq_HPSN-Qg==/split_config.te.dm': No such file or directory
03-13 08:51:41.464 20336 20336 W ziparchive: Unable to open '/data/app/~~1Bk6MROiQfGvVpSFz9OLnQ==/com.hello.miheapp.secretspace- JmIjTfn7MY8hPq_HPSN-Qg==/split_config.te.dm': No such file or directory
03-13 08:51:41.464 20336 20336 W .secretspace:p1: Entry not found
03-13 08:51:41.464 20336 20336 W ziparchive: Unable to open '/data/app/~~1Bk6MROiQfGvVpSFz9OLnQ==/com.hello.miheapp.secretspace- JmIjTfn7MY8hPq_HPSN-Qg==/split_config.xxhdpi.dm': No such file or directory
03-13 08:51:41.464 20336 20336 W ziparchive: Unable to open '/data/app/~~1Bk6MROiQfGvVpSFz9OLnQ==/com.hello.miheapp.secretspace- JmIjTfn7MY8hPq_HPSN-Qg==/split_config.xxhdpi.dm': No such file or directory
03-13 08:51:41.464 20336 20336 W .secretspace:p1: Entry not found
03-13 08:51:41.465 20336 20336 D nativeloader: Configuring clns-5 for other apk /data/app/~~1Bk6MROiQfGvVpSFz9OLnQ==/com.hello.miheapp.secretspace- JmIjTfn7MY8hPq_HPSN-Qg==/base.apk:/data/app/~~1Bk6MROiQfGvVpSFz9OLnQ==/ com.hello.miheapp.secretspace-JmIjTfn7MY8hPq_HPSN-Qg==/ split_config.arm64_v8a.apk:/data/app/~~1Bk6MROiQfGvVpSFz9OLnQ==/ com.hello.miheapp.secretspace-JmIjTfn7MY8hPq_HPSN-Qg==/split_config.bn.apk:/data/ app/~~1Bk6MROiQfGvVpSFz9OLnQ==/com.hello.miheapp.secretspace-JmIjTfn7MY8hPq_HPSN- Qg==/split_config.en.apk:/data/app/~~1Bk6MROiQfGvVpSFz9OLnQ==/ com.hello.miheapp.secretspace-JmIjTfn7MY8hPq_HPSN-Qg==/split_config.gu.apk:/data/ app/~~1Bk6MROiQfGvVpSFz9OLnQ==/com.hello.miheapp.secretspace-JmIjTfn7MY8hPq_HPSN- Qg==/split_config.hi.apk:/data/app/~~1Bk6MROiQfGvVpSFz9OLnQ==/ com.hello.miheapp.secretspace-JmIjTfn7MY8hPq_HPSN-Qg==/split_config.kn.apk:/data/ app/~~1Bk6MROiQfGvVpSFz9OLnQ==/com.hello.miheapp.secretspace-JmIjTfn7MY8hPq_HPSN- Qg==/split_config.mr.apk:/data/app/~~1Bk6MROiQfGvVpSFz9OLnQ==/ com.hello.miheapp.secretspace-JmIjTfn7MY8hPq_HPSN-Qg==/split_
03-13 08:51:41.471 20010 20383 D CameraInjector: waitForResult:
03-13 08:51:41.474 20010 20389 D CameraInjector: updateCloudCameraControllerInfoAsync: E
03-13 08:51:41.476 20336 20336 D nativeloader: Load libframework-connectivity- jni.so using APEX ns com_android_tethering for caller /apex/com.android.tethering/javalib/framework-connectivity.jar: ok
03-13 08:51:41.484 20336 20336 V GraphicsEnvironment: ANGLE Developer option for 'com.hello.miheapp.secretspace' set to: 'default'
03-13 08:51:41.487 20336 20336 V GraphicsEnvironment: ANGLE GameManagerService for com.hello.miheapp.secretspace: false
03-13 08:51:41.487 20336 20336 V GraphicsEnvironment: App is not on the allowlist for updatable production driver.
03-13 08:51:41.505 20336 20336 I ForceDarkHelperStubImpl: initialize for com.hello.miheapp.secretspace , ForceDarkAppConfig: null
03-13 08:51:41.507 20010 20280 W cr_media: BLUETOOTH_CONNECT permission is missing.
03-13 08:51:41.509 20336 20336 D nativeloader: Load libforcedarkimpl.so using system ns (caller=/system_ext/framework/miui-framework.jar): ok
03-13 08:51:41.509 20336 20336 D .secretspace:p1: JNI_OnLoad success
03-13 08:51:41.509 20336 20336 I MiuiForceDarkConfig: setConfig density:2.750000, mainRule:0, secondaryRule:0, tertiaryRule:0
03-13 08:51:41.509 20010 20280 W cr_media: getBluetoothAdapter() requires BLUETOOTH permission
03-13 08:51:41.510 20010 20280 W cr_media: registerBluetoothIntentsIfNeeded: Requires BLUETOOTH permission
03-13 08:51:41.510 20010 20389 D CameraInjector: updateCloudCameraControllerInfoAsync: X
03-13 08:51:41.510 20010 20383 W CameraManagerGlobal: [soar.cts] ignore the status update of camera: 2
03-13 08:51:41.510 20010 20383 D CameraInjector: updateCloudCameraControllerInfoAsync: has aleardy start update task.
03-13 08:51:41.510 20010 20383 D CameraInjector: waitForResult:
03-13 08:51:41.510 20010 20383 W CameraManagerGlobal: [soar.cts] ignore the status update of camera: 3
03-13 08:51:41.512 20010 20391 D libMEOW : meow new tls: 0x7458305940
03-13 08:51:41.513 20010 20391 D libMEOW : meow reload base cfg path: na
03-13 08:51:41.513 20010 20391 D libMEOW : meow reload overlay cfg path: na
03-13 08:51:41.513 20010 20391 W QT : qt_process_init() called
03-13 08:51:41.513 20010 20391 E QT : [QT]file does not exist
03-13 08:51:41.513 20010 20391 W QT : Support!!
03-13 08:51:41.514 20010 20391 E QT : [QT]file does not exist
03-13 08:51:41.514 20010 20391 D libMEOW : applied 1 plugins for [com.hello.miheapp.secretspace]:
03-13 08:51:41.514 20010 20391 D libMEOW : plugin 1: [libMEOW_gift.so]:
03-13 08:51:41.515 20010 20021 D CameraInjector: updateCloudCameraControllerInfoAsync: has aleardy start update task.
03-13 08:51:41.515 20010 20021 D CameraInjector: waitForResult:
03-13 08:51:41.515 20010 20021 W CameraManagerGlobal: ignore the torch status update of camera: 2
03-13 08:51:41.516 20010 20021 D CameraInjector: updateCloudCameraControllerInfoAsync: has aleardy start update task.
03-13 08:51:41.516 20010 20021 D CameraInjector: waitForResult:
03-13 08:51:41.516 20010 20021 W CameraManagerGlobal: ignore the torch status update of camera: 3
03-13 08:51:41.517 20336 20336 D NetworkSecurityConfig: Using Network Security Config from resource network_security_config debugBuild: false
03-13 08:51:41.519 20336 20336 D NetworkSecurityConfig: Using Network Security Config from resource network_security_config debugBuild: false
03-13 08:51:41.525 20010 20391 D vulkan : searching for layers in '/data/app/~~1Bk6MROiQfGvVpSFz9OLnQ==/com.hello.miheapp.secretspace- JmIjTfn7MY8hPq_HPSN-Qg==/lib/arm64'
03-13 08:51:41.525 20010 20391 D vulkan : searching for layers in '/data/app/~~1Bk6MROiQfGvVpSFz9OLnQ==/com.hello.miheapp.secretspace- JmIjTfn7MY8hPq_HPSN-Qg==/base.apk!/lib/arm64-v8a'
03-13 08:51:41.526 20010 20391 D vulkan : searching for layers in '/data/app/~~1Bk6MROiQfGvVpSFz9OLnQ==/com.hello.miheapp.secretspace- JmIjTfn7MY8hPq_HPSN-Qg==/split_config.arm64_v8a.apk!/lib/arm64-v8a'
03-13 08:51:41.527 20010 20391 D vulkan : searching for layers in '/data/app/~~1Bk6MROiQfGvVpSFz9OLnQ==/com.hello.miheapp.secretspace- JmIjTfn7MY8hPq_HPSN-Qg==/split_config.bn.apk!/lib/arm64-v8a'
03-13 08:51:41.528 20010 20391 D vulkan : searching for layers in '/data/app/~~1Bk6MROiQfGvVpSFz9OLnQ==/com.hello.miheapp.secretspace- JmIjTfn7MY8hPq_HPSN-Qg==/split_config.en.apk!/lib/arm64-v8a'
03-13 08:51:41.528 20010 20391 D vulkan : searching for layers in '/data/app/~~1Bk6MROiQfGvVpSFz9OLnQ==/com.hello.miheapp.secretspace- JmIjTfn7MY8hPq_HPSN-Qg==/split_config.gu.apk!/lib/arm64-v8a'
03-13 08:51:41.528 20010 20391 D vulkan : searching for layers in '/data/app/~~1Bk6MROiQfGvVpSFz9OLnQ==/com.hello.miheapp.secretspace- JmIjTfn7MY8hPq_HPSN-Qg==/split_config.hi.apk!/lib/arm64-v8a'
03-13 08:51:41.528 20010 20391 D vulkan : searching for layers in '/data/app/~~1Bk6MROiQfGvVpSFz9OLnQ==/com.hello.miheapp.secretspace- JmIjTfn7MY8hPq_HPSN-Qg==/split_config.kn.apk!/lib/arm64-v8a'
03-13 08:51:41.528 20010 20391 D vulkan : searching for layers in '/data/app/~~1Bk6MROiQfGvVpSFz9OLnQ==/com.hello.miheapp.secretspace- JmIjTfn7MY8hPq_HPSN-Qg==/split_config.mr.apk!/lib/arm64-v8a'
03-13 08:51:41.528 20010 20391 D vulkan : searching for layers in '/data/app/~~1Bk6MROiQfGvVpSFz9OLnQ==/com.hello.miheapp.secretspace- JmIjTfn7MY8hPq_HPSN-Qg==/split_config.ta.apk!/lib/arm64-v8a'
03-13 08:51:41.528 20010 20391 D vulkan : searching for layers in '/data/app/~~1Bk6MROiQfGvVpSFz9OLnQ==/com.hello.miheapp.secretspace- JmIjTfn7MY8hPq_HPSN-Qg==/split_config.te.apk!/lib/arm64-v8a'
03-13 08:51:41.528 20010 20391 D vulkan : searching for layers in '/data/app/~~1Bk6MROiQfGvVpSFz9OLnQ==/com.hello.miheapp.secretspace- JmIjTfn7MY8hPq_HPSN-Qg==/split_config.xxhdpi.apk!/lib/arm64-v8a'
03-13 08:51:41.528 20010 20391 W libc : Access denied finding property "vendor.debug.forcibly_enable_mtk_ray_tracing"
03-13 08:51:41.538 20336 20336 D nativeloader: Load /data/app/~~1Bk6MROiQfGvVpSFz9OLnQ==/com.hello.miheapp.secretspace- JmIjTfn7MY8hPq_HPSN-Qg==/split_config.arm64_v8a.apk!/lib/arm64-v8a/librepublic.so using ns clns-5 from class loader (caller=base.apk): ok
03-13 08:51:41.550 20010 20010 I MSYNC3-VariableRefreshRate: Variable refreshrate is disabled
03-13 08:51:41.550 20010 20010 D SessionLifecycleService: Service bound to new client on process 20283
03-13 08:51:41.551 20010 20385 D SessionLifecycleService: App has not yet foregrounded. Using previously stored session: b8968bb40529444f97cb11807d8da947
03-13 08:51:41.551 20010 20399 D nativeloader: Load libpowerhalwrap_jni.so using system ns (caller=/system/framework/mediatek-framework.jar): ok
03-13 08:51:41.551 20010 20385 D SessionLifecycleService: Client android.os.Messenger@dc4e5ba bound at 2224933. Clients: 2
03-13 08:51:41.551 20010 20399 I PowerHalWrapper: PowerHalWrapper.getInstance
03-13 08:51:41.551 20283 20283 D SessionLifecycleClient: Session update received: b8968bb40529444f97cb11807d8da947
03-13 08:51:41.552 20283 20331 D SessionLifecycleClient: Notified CRASHLYTICS of new session b8968bb40529444f97cb11807d8da947
03-13 08:51:41.552 20283 20283 D SessionLifecycleClient: Connected to SessionLifecycleService. Queue size 0
03-13 08:51:41.566 20010 20010 D SessionLifecycleClient: Connected to SessionLifecycleService. Queue size 0
03-13 08:51:41.584 20010 20010 D FramePredict: FramePredict init: false
03-13 08:51:41.595 20010 20391 W libc : Access denied finding property "vendor.migl.debug"
03-13 08:51:41.595 20010 20391 E libMiGL : libmigl:This GPU version is note support Variable Shading Rate
03-13 08:51:41.597 20283 20370 E secretspace:dex: No package ID 76 found for ID 0x760b000f.
03-13 08:51:41.607 20283 20370 E secretspace:dex: No package ID 76 found for ID 0x760b000f.
03-13 08:51:41.655 20010 20391 W chromium: [WARNING:viz_main_impl.cc(85)] VizNullHypothesis is disabled (not a warning)
03-13 08:51:41.681 20283 20370 I FA : App measurement initialized, version: 118001
03-13 08:51:41.681 20283 20370 I FA : To enable debug logging run: adb shell setprop log.tag.FA VERBOSE
03-13 08:51:41.682 20283 20370 I FA : To enable faster debug mode event logging run:
03-13 08:51:41.682 20283 20370 I FA : adb shell setprop debug.firebase.analytics.app com.hello.miheapp.secretspace
03-13 08:51:41.783 20010 20292 W AudioCapabilities: Unsupported mime audio/x-adpcm- dvi-ima
03-13 08:51:41.783 20010 20292 W AudioCapabilities: Unsupported mime audio/x-adpcm- dvi-ima
03-13 08:51:41.783 20010 20292 W AudioCapabilities: Unsupported mime audio/x-adpcm- ms
03-13 08:51:41.784 20010 20292 W AudioCapabilities: Unsupported mime audio/x-adpcm- ms
03-13 08:51:41.784 20010 20292 W AudioCapabilities: Unsupported mime audio/alac
03-13 08:51:41.784 20010 20292 W AudioCapabilities: Unsupported mime audio/alac
03-13 08:51:41.795 20010 20292 W VideoCapabilities: Unsupported mime image/vnd.android.heic
03-13 08:51:41.795 20010 20292 W VideoCapabilities: Unsupported mime image/vnd.android.heic
03-13 08:51:41.795 20010 20292 W VideoCapabilities: Unsupported mime image/vnd.android.heic
03-13 08:51:41.796 20010 20292 W VideoCapabilities: Unsupported mime video/x-ms-wmv
03-13 08:51:41.796 20010 20292 W VideoCapabilities: Unsupported mime video/x-ms-wmv
03-13 08:51:41.883 20336 20336 W Glide : Failed to find GeneratedAppGlideModule. You should include an annotationProcessor compile dependency on com.github.bumptech.glide:compiler in your application and a @GlideModule annotated AppGlideModule implementation or LibraryGlideModules will be silently ignored
03-13 08:51:41.890 20336 20336 D CompatibilityChangeReporter: Compat change id reported: 183155436; UID 10569; state: ENABLED
03-13 08:51:41.891 20336 20336 D SessionsDependencies: Dependency to CRASHLYTICS added.
03-13 08:51:41.892 20336 20336 I FirebaseApp: Device unlocked: initializing all Firebase APIs for app [DEFAULT]
03-13 08:51:41.892 20336 20336 I FirebaseCrashlytics: Initializing Firebase Crashlytics 18.6.2 for com.hello.miheapp.secretspace
03-13 08:51:41.920 20336 20336 D SessionsDependencies: Subscriber CRASHLYTICS registered.
03-13 08:51:41.980 20197 20209 D ChimeraServiceProvider: query: content://com.google.android.gms.chimera/api_force_staging/com.google.android.gms.m easurement.dynamite?requestStartTime=3366764
03-13 08:51:41.986 20336 20458 W DynamiteModule: Failed to retrieve remote module version.
03-13 08:51:42.019 20336 20458 D nativeloader: Configuring clns-6 for other apk /system/framework/com.android.location.provider.jar. target_sdk_version=29, uses_libraries=ALL, library_path=/data/user/0/com.hello.miheapp.secretspace/sandbox/data/app/ com.google.android.gms/lib:/data/user/0/com.hello.miheapp.secretspace/sandbox/ data/app/com.google.android.gms/base.apk!/lib/arm64-v8a, permitted_path=/data:/mnt/expand:/data/user/0/com.hello.miheapp.secretspace/ sandbox/data/user/0/com.google.android.gms
03-13 08:51:42.020 20336 20458 D nativeloader: Extending system_exposed_libraries: libapuwareapusys.mtk.so:libapuwareapusys_v2.mtk.so:libapuwarexrp.mtk.so:libapuwarex rp_v2.mtk.so:libapuwareutils.mtk.so:libapuwareutils_v2.mtk.so:libapuwarehmp.mtk.so: libmcv_runtime_usdk.mtk.so:libneuron_graph_delegate.mtk.so:libneuronusdk_adapter.mt k.so:libtflite_mtk.mtk.so:libarmnn_ndk.mtk.so:libcmdl_ndk.mtk.so:libnir_neon_driver _ndk.mtk.so:libmvpu_runtime.mtk.so:libmvpu_runtime_pub.mtk.so:libmvpu_engine_pub.mt k.so:libmvpu_pattern_pub.mtk.so:libmvpuop_mtk_cv.mtk.so:libmvpuop_mtk_nn.mtk.so:lib teeservice_client.trustonic.so:libmisys_jni.xiaomi.so
03-13 08:51:42.051 20336 20458 D nativeloader: Configuring clns-7 for other apk /data/user/0/com.hello.miheapp.secretspace/sandbox/data/app/com.google.android.gms/ base.apk. target_sdk_version=29, uses_libraries=, library_path=/data/user/0/com.hello.miheapp.secretspace/sandbox/data/app/ com.google.android.gms/lib:/data/user/0/com.hello.miheapp.secretspace/sandbox/ data/app/com.google.android.gms/base.apk!/lib/arm64-v8a, permitted_path=/data:/mnt/expand:/data/user/0/com.hello.miheapp.secretspace/ sandbox/data/user/0/com.google.android.gms
03-13 08:51:42.051 20336 20458 D nativeloader: Extending system_exposed_libraries: libapuwareapusys.mtk.so:libapuwareapusys_v2.mtk.so:libapuwarexrp.mtk.so:libapuwarex rp_v2.mtk.so:libapuwareutils.mtk.so:libapuwareutils_v2.mtk.so:libapuwarehmp.mtk.so: libmcv_runtime_usdk.mtk.so:libneuron_graph_delegate.mtk.so:libneuronusdk_adapter.mt k.so:libtflite_mtk.mtk.so:libarmnn_ndk.mtk.so:libcmdl_ndk.mtk.so:libnir_neon_driver _ndk.mtk.so:libmvpu_runtime.mtk.so:libmvpu_runtime_pub.mtk.so:libmvpu_engine_pub.mt k.so:libmvpu_pattern_pub.mtk.so:libmvpuop_mtk_cv.mtk.so:libmvpuop_mtk_nn.mtk.so:lib teeservice_client.trustonic.so:libmisys_jni.xiaomi.so
03-13 08:51:42.054 20336 20458 W DynamiteModule: IDynamite loader version = 2, no high precision latency measurement.
03-13 08:51:42.064 20336 20458 I DynamiteModule: Considering local module com.google.android.gms.measurement.dynamite:100 and remote module com.google.android.gms.measurement.dynamite:98
03-13 08:51:42.064 20336 20458 I DynamiteModule: Selected local version of com.google.android.gms.measurement.dynamite
03-13 08:51:42.065 20336 20458 W DynamiteModule: IDynamite loader version = 2, no high precision latency measurement.
03-13 08:51:42.073 20336 20336 D FirebaseSessions: Initializing Firebase Sessions SDK.
03-13 08:51:42.076 20336 20336 I FirebaseApp: FirebaseApp initialization successful
03-13 08:51:42.087 20336 20482 D LifecycleServiceBinder: Binding service to application.
03-13 08:51:42.128 20336 20459 I FirebaseCrashlytics: No version control information found
03-13 08:51:42.150 20336 20336 D nativeloader: Load /data/app/~~1Bk6MROiQfGvVpSFz9OLnQ==/com.hello.miheapp.secretspace- JmIjTfn7MY8hPq_HPSN-Qg==/split_config.arm64_v8a.apk!/lib/arm64-v8a/libsandbox.so using ns clns-5 from class loader (caller=base.apk): ok
03-13 08:51:42.153 20336 20336 D NativeCore: NativeCore init.
03-13 08:51:42.153 20336 20336 D NativeCore: found art method entrypoint jni offset: 2
03-13 08:51:42.153 20336 20336 D NativeCore: not found art method match access flags offset , use default: 4
03-13 08:51:42.183 20336 20487 I FA : App measurement initialized, version: 84002
03-13 08:51:42.183 20336 20487 I FA : To enable debug logging run: adb shell setprop log.tag.FA VERBOSE
03-13 08:51:42.183 20336 20487 I FA : To enable faster debug mode event logging run:
03-13 08:51:42.183 20336 20487 I FA : adb shell setprop debug.firebase.analytics.app com.hello.miheapp.secretspace
03-13 08:51:42.213 20336 20336 E NativeCore: not native method
03-13 08:51:42.213 20336 20336 E NativeCore: check flags error. class:java/io/UnixFileSystem, method:canonicalize0
03-13 08:51:42.213 20336 20336 D NativeCore: register class:java/io/UnixFileSystem, method:getBooleanAttributes0 success!
03-13 08:51:42.213 20336 20336 D NativeCore: register class:java/io/UnixFileSystem, method:getLastModifiedTime0 success!
03-13 08:51:42.213 20336 20336 D NativeCore: register class:java/io/UnixFileSystem, method:setPermission0 success!
03-13 08:51:42.213 20336 20336 D NativeCore: register class:java/io/UnixFileSystem, method:createFileExclusively0 success!
03-13 08:51:42.213 20336 20336 D NativeCore: register class:java/io/UnixFileSystem, method:list0 success!
03-13 08:51:42.213 20336 20336 D NativeCore: register class:java/io/UnixFileSystem, method:createDirectory0 success!
03-13 08:51:42.213 20336 20336 D NativeCore: register class:java/io/UnixFileSystem, method:setLastModifiedTime0 success!
03-13 08:51:42.213 20336 20336 D NativeCore: register class:java/io/UnixFileSystem, method:setReadOnly0 success!
03-13 08:51:42.213 20336 20336 D NativeCore: register class:java/io/UnixFileSystem, method:getSpace0 success!
03-13 08:51:42.213 20336 20336 D NativeCore: register class:java/lang/VMClassLoader, method:findLoadedClass success!
03-13 08:51:42.213 20336 20336 D NativeCore: register class:android/os/Binder, method:getCallingUid success!
03-13 08:51:42.213 20336 20336 D NativeCore: register class:dalvik/system/VMRuntime, method:setHiddenApiExemptions success!
03-13 08:51:42.247 20336 20487 D CompatibilityChangeReporter: Compat change id reported: 183155436; UID 10569; state: ENABLED
03-13 08:51:42.251 20336 20336 D NetworkSecurityConfig: Using Network Security Config from resource network_security_config debugBuild: false
03-13 08:51:42.251 20336 20336 D NetworkSecurityConfig: Using Network Security Config from resource network_security_config debugBuild: false
03-13 08:51:42.263 20336 20487 W FA : Table has extra columns. table, columns: messages, app_version, app_version_int
03-13 08:51:42.265 20336 20336 I MultiDex: VM with version 2.1.0 has multidex support
03-13 08:51:42.265 20336 20336 I MultiDex: Installing application
03-13 08:51:42.265 20336 20336 I MultiDex: VM has multidex support, MultiDex support library is disabled.
03-13 08:51:42.272 20336 20336 D CompatibilityChangeReporter: Compat change id reported: 183155436; UID 10001; state: ENABLED
03-13 08:51:42.274 20143 20143 W BpBinder: Slow Binder: BpBinder transact took 391 ms, interface=com.hello.sandbox.core.IBActivityThread, code=9 oneway=false
03-13 08:51:42.279 20197 20197 D WM-RescheduleReceiver: Received intent Intent { act=android.intent.action.BOOT_COMPLETED }
03-13 08:51:42.280 20143 20143 W Looper : PerfMonitor longMsg : seq=9 plan=08:51:40.661 late=114ms wall=1505ms h=android.app.ActivityThread$H c=android.app.LoadedApk$ReceiverDispatcher$Args$$ExternalSyntheticLambda0 procState=-1
03-13 08:51:42.281 20197 20197 E WM-RescheduleReceiver: Cannot reschedule jobs. WorkManager needs to be initialized via a ContentProvider#onCreate() or an Application#onCreate().
03-13 08:51:42.281 20197 20197 E WM-RescheduleReceiver: java.lang.IllegalStateException: WorkManager is not initialized properly. You have explicitly disabled WorkManagerInitializer in your manifest, have not manually called WorkManager#initialize at this point, and your Application does not implement Configuration.Provider.
03-13 08:51:42.281 20197 20197 E WM-RescheduleReceiver: at i1.j.j(SourceFile:1)
03-13 08:51:42.281 20197 20197 E WM-RescheduleReceiver: at androidx.work.impl.background.systemalarm.RescheduleReceiver.onReceive(Unknown Source:29)
03-13 08:51:42.281 20197 20197 E WM-RescheduleReceiver: at com.hello.sandbox.app.BActivityThread.lambda$scheduleReceiver$4(BActivityThread.jav a:9)
03-13 08:51:42.281 20197 20197 E WM-RescheduleReceiver: at com.hello.sandbox.app.BActivityThread.N1(Unknown Source:0)
03-13 08:51:42.281 20197 20197 E WM-RescheduleReceiver: at com.appsflyer.internal.o.run(Unknown Source:14)
03-13 08:51:42.281 20197 20197 E WM-RescheduleReceiver: at android.os.Handler.handleCallback(Handler.java:942)
03-13 08:51:42.281 20197 20197 E WM-RescheduleReceiver: at android.os.Handler.dispatchMessage(Handler.java:99)
03-13 08:51:42.281 20197 20197 E WM-RescheduleReceiver: at android.os.Looper.loopOnce(Looper.java:211)
03-13 08:51:42.281 20197 20197 E WM-RescheduleReceiver: at android.os.Looper.loop(Looper.java:300)
03-13 08:51:42.281 20197 20197 E WM-RescheduleReceiver: at android.app.ActivityThread.main(ActivityThread.java:8348)
03-13 08:51:42.281 20197 20197 E WM-RescheduleReceiver: at java.lang.reflect.Method.invoke(Native Method)
03-13 08:51:42.281 20197 20197 E WM-RescheduleReceiver: at com.android.internal.os.RuntimeInit$MethodAndArgsCaller.run(RuntimeInit.java:582)
03-13 08:51:42.281 20197 20197 E WM-RescheduleReceiver: at com.android.internal.os.ZygoteInit.main(ZygoteInit.java:1028)
03-13 08:51:42.296 20197 20197 D GmsCheckinTrigger: Ignoring Intent { act=android.intent.action.BOOT_COMPLETED }: checkin is disabled
03-13 08:51:42.305 20197 20197 D WM-RescheduleReceiver: Received intent Intent { act=android.intent.action.BOOT_COMPLETED }
03-13 08:51:42.305 20197 20197 E WM-RescheduleReceiver: Cannot reschedule jobs. WorkManager needs to be initialized via a ContentProvider#onCreate() or an Application#onCreate().
03-13 08:51:42.305 20197 20197 E WM-RescheduleReceiver: java.lang.IllegalStateException: WorkManager is not initialized properly. You have explicitly disabled WorkManagerInitializer in your manifest, have not manually called WorkManager#initialize at this point, and your Application does not implement Configuration.Provider.
03-13 08:51:42.305 20197 20197 E WM-RescheduleReceiver: at i1.j.j(SourceFile:1)
03-13 08:51:42.305 20197 20197 E WM-RescheduleReceiver: at androidx.work.impl.background.systemalarm.RescheduleReceiver.onReceive(Unknown Source:29)
03-13 08:51:42.305 20197 20197 E WM-RescheduleReceiver: at com.hello.sandbox.app.BActivityThread.lambda$scheduleReceiver$4(BActivityThread.jav a:9)
03-13 08:51:42.305 20197 20197 E WM-RescheduleReceiver: at com.hello.sandbox.app.BActivityThread.N1(Unknown Source:0)
03-13 08:51:42.305 20197 20197 E WM-RescheduleReceiver: at com.appsflyer.internal.o.run(Unknown Source:14)
03-13 08:51:42.305 20197 20197 E WM-RescheduleReceiver: at android.os.Handler.handleCallback(Handler.java:942)
03-13 08:51:42.305 20197 20197 E WM-RescheduleReceiver: at android.os.Handler.dispatchMessage(Handler.java:99)
03-13 08:51:42.305 20197 20197 E WM-RescheduleReceiver: at android.os.Looper.loopOnce(Looper.java:211)
03-13 08:51:42.305 20197 20197 E WM-RescheduleReceiver: at android.os.Looper.loop(Looper.java:300)
03-13 08:51:42.305 20197 20197 E WM-RescheduleReceiver: at android.app.ActivityThread.main(ActivityThread.java:8348)
03-13 08:51:42.305 20197 20197 E WM-RescheduleReceiver: at java.lang.reflect.Method.invoke(Native Method)
03-13 08:51:42.305 20197 20197 E WM-RescheduleReceiver: at com.android.internal.os.RuntimeInit$MethodAndArgsCaller.run(RuntimeInit.java:582)
03-13 08:51:42.305 20197 20197 E WM-RescheduleReceiver: at com.android.internal.os.ZygoteInit.main(ZygoteInit.java:1028)
03-13 08:51:42.313 20197 20197 D GmsCheckinTrigger: Ignoring Intent { act=android.intent.action.BOOT_COMPLETED }: checkin is disabled
03-13 08:51:42.318 20197 20197 D WM-RescheduleReceiver: Received intent Intent { act=android.intent.action.BOOT_COMPLETED }
03-13 08:51:42.318 20197 20197 E WM-RescheduleReceiver: Cannot reschedule jobs. WorkManager needs to be initialized via a ContentProvider#onCreate() or an Application#onCreate().
03-13 08:51:42.318 20197 20197 E WM-RescheduleReceiver: java.lang.IllegalStateException: WorkManager is not initialized properly. You have explicitly disabled WorkManagerInitializer in your manifest, have not manually called WorkManager#initialize at this point, and your Application does not implement Configuration.Provider.
03-13 08:51:42.318 20197 20197 E WM-RescheduleReceiver: at i1.j.j(SourceFile:1)
03-13 08:51:42.318 20197 20197 E WM-RescheduleReceiver: at androidx.work.impl.background.systemalarm.RescheduleReceiver.onReceive(Unknown Source:29)
