03-13 10:00:02.691 20010 4538 E gralloc4: Empty SMPTE 2094-40 data
03-13 10:00:02.724 20010 4538 E gralloc4: Empty SMPTE 2094-40 data
03-13 10:00:02.757 20010 4538 E gralloc4: Empty SMPTE 2094-40 data
03-13 10:00:02.791 20010 4538 E gralloc4: Empty SMPTE 2094-40 data
03-13 10:00:02.823 20010 4538 E gralloc4: Empty SMPTE 2094-40 data
03-13 10:00:02.857 20010 4538 E gralloc4: Empty SMPTE 2094-40 data
03-13 10:00:02.890 20010 4538 E gralloc4: Empty SMPTE 2094-40 data
03-13 10:00:02.923 20010 4538 E gralloc4: Empty SMPTE 2094-40 data
03-13 10:00:02.957 20010 4538 E gralloc4: Empty SMPTE 2094-40 data
03-13 10:00:02.989 20010 4538 E gralloc4: Empty SMPTE 2094-40 data
03-13 10:00:03.022 20010 4538 E gralloc4: Empty SMPTE 2094-40 data
03-13 10:00:03.056 20010 4538 E gralloc4: Empty SMPTE 2094-40 data
03-13 10:00:03.090 20010 4538 E gralloc4: Empty SMPTE 2094-40 data
03-13 10:00:03.122 20010 4538 E gralloc4: Empty SMPTE 2094-40 data
03-13 10:00:03.156 20010 4538 E gralloc4: Empty SMPTE 2094-40 data
03-13 10:00:03.189 20010 4538 E gralloc4: Empty SMPTE 2094-40 data
03-13 10:00:03.222 20010 4538 E gralloc4: Empty SMPTE 2094-40 data
03-13 10:00:03.255 20010 4538 E gralloc4: Empty SMPTE 2094-40 data
03-13 10:00:03.288 20010 4538 E gralloc4: Empty SMPTE 2094-40 data
03-13 10:00:03.321 20010 4538 E gralloc4: Empty SMPTE 2094-40 data
03-13 10:00:03.355 20010 4538 E gralloc4: Empty SMPTE 2094-40 data
03-13 10:00:03.388 20010 4538 E gralloc4: Empty SMPTE 2094-40 data
03-13 10:00:03.421 20010 4538 E gralloc4: Empty SMPTE 2094-40 data
03-13 10:00:03.454 20010 4538 E gralloc4: Empty SMPTE 2094-40 data
03-13 10:00:03.487 20010 4538 E gralloc4: Empty SMPTE 2094-40 data
03-13 10:00:03.520 20010 4538 E gralloc4: Empty SMPTE 2094-40 data
03-13 10:00:03.554 20010 4538 E gralloc4: Empty SMPTE 2094-40 data
03-13 10:00:03.587 20010 4538 E gralloc4: Empty SMPTE 2094-40 data
03-13 10:00:03.620 20010 4538 E gralloc4: Empty SMPTE 2094-40 data
03-13 10:00:03.654 20010 4538 E gralloc4: Empty SMPTE 2094-40 data
03-13 10:00:03.687 20010 4538 E gralloc4: Empty SMPTE 2094-40 data
03-13 10:00:03.720 20010 4538 E gralloc4: Empty SMPTE 2094-40 data
03-13 10:00:03.753 20010 4538 E gralloc4: Empty SMPTE 2094-40 data
03-13 10:00:03.786 20010 4538 E gralloc4: Empty SMPTE 2094-40 data
03-13 10:00:03.819 20010 4538 E gralloc4: Empty SMPTE 2094-40 data
03-13 10:00:03.853 20010 4538 E gralloc4: Empty SMPTE 2094-40 data
03-13 10:00:03.889 20010 4538 E gralloc4: Empty SMPTE 2094-40 data
03-13 10:00:03.917 20010 4538 E gralloc4: Empty SMPTE 2094-40 data
03-13 10:00:03.951 20010 4538 E gralloc4: Empty SMPTE 2094-40 data
03-13 10:00:03.984 20010 4538 E gralloc4: Empty SMPTE 2094-40 data
03-13 10:00:04.008 20010 20010 D IS_CTS_MODE: false
03-13 10:00:04.008 20010 20010 D MULTI_WINDOW_ENABLED: false
03-13 10:00:04.021 20010 20010 D ScrollerOptimizationManager: registerConfigChangedListener
03-13 10:00:04.024 20010 20010 D ScrollerOptimizationManager: registerConfigChangedListener
03-13 10:00:04.034 20010 4538 W libc : Access denied finding property "ro.vendor.display.iris_x7.support"
03-13 10:00:04.034 20010 20010 I ForceDarkHelperStubImpl: setViewRootImplForceDark: false for com.hello.sandbox.ui.home.HomeAct@dfbbb31, reason: AppDarkModeEnable
03-13 10:00:04.034 20010 20010 D VRI[HomeAct]: hardware acceleration = true, forceHwAccelerated = false
03-13 10:00:04.049 20010 20010 W PackageParser: Unknown element under <manifest>: queries at /data/user/0/com.hello.miheapp.secretspace/sandbox/data/app/com.dts.freefiremax/ base.apk Binary XML file line #19
03-13 10:00:04.053 20010 20010 W PackageParser: Unknown element under <application>: property at /data/user/0/com.hello.miheapp.secretspace/sandbox/data/app/com.dts.freefiremax/ base.apk Binary XML file line #372
03-13 10:00:04.060 20010 20361 I MATDBManager: sqllite db insert success! insert row id:65
03-13 10:00:04.060 20010 20361 I MATDBManager: sqllite db capacity:3
03-13 10:00:04.062 20010 20361 I MATDBManager: sqllite db insert success! insert row id:66
03-13 10:00:04.062 20010 20361 I MATDBManager: sqllite db capacity:4
03-13 10:00:04.069 20010 20010 D BufferQueueConsumer: [](id:4e2a00000007,api:0,p:- 1,c:20010) connect: controlledByApp=false
03-13 10:00:04.070 20010 20010 I ForceDarkHelperStubImpl: setViewRootImplForceDark: false for com.hello.sandbox.ui.home.HomeAct@dfbbb31, reason: AppDarkModeEnable
03-13 10:00:04.072 20010 20010 D VRI[HomeAct]: vri.reportNextDraw android.view.ViewRootImpl.performTraversals:3953 android.view.ViewRootImpl.doTraversal:2674 android.view.ViewRootImpl$TraversalRunnable.run:9867 android.view.Choreographer$CallbackRecord.run:1431 android.view.Choreographer$CallbackRecord.run:1439
03-13 10:00:04.072 20010 20010 D VRI[HomeAct]: vri.Setup new sync id=0 syncSeqId=0
03-13 10:00:04.076 20010 4538 E gralloc4: Empty SMPTE 2094-40 data
03-13 10:00:04.077 20010 4538 D BLASTBufferQueue: [VRI[HomeAct]#7](f:0,a:1) acquireNextBufferLocked size=216x188 mFrameNumber=1 applyTransaction=true mTimestamp=6327459797067(auto) mPendingTransactions.size=0 graphicBufferId=85942295592984 transform=0
03-13 10:00:04.078 20010 4538 W Parcel : Expecting binder but got null!
03-13 10:00:04.082 20010 4538 E gralloc4: Empty SMPTE 2094-40 data
03-13 10:00:04.084 20010 20010 D VRI[HomeAct]: vri.reportDrawFinished syncSeqId=0 android.view.ViewRootImpl.lambda$createSyncIfNeeded$4$android-view- ViewRootImpl:4021 android.view.ViewRootImpl$$ExternalSyntheticLambda1.run:6 android.os.Handler.handleCallback:942 android.os.Handler.dispatchMessage:99 android.os.Looper.loopOnce:211
03-13 10:00:04.086 20010 4538 E gralloc4: Empty SMPTE 2094-40 data
03-13 10:00:04.088 20010 20010 D View : [Warning] assignParent to null: this = DecorView@aacd5cb[HomeAct]
03-13 10:00:04.088 20010 20010 D BLASTBufferQueue: [VRI[HomeAct]#7](f:0,a:1) destructor()
03-13 10:00:04.088 20010 20010 D BufferQueueConsumer: [VRI[HomeAct]#7(BLAST Consumer)7](id:4e2a00000007,api:0,p:-1,c:20010) disconnect
03-13 10:00:04.116 20010 4538 E gralloc4: Empty SMPTE 2094-40 data
03-13 10:00:04.118 20010 20010 D DecorView[]: onWindowFocusChanged hasWindowFocus false
03-13 10:00:04.120 20010 4538 E gralloc4: Empty SMPTE 2094-40 data
03-13 10:00:04.123 20010 4538 E gralloc4: Empty SMPTE 2094-40 data
03-13 10:00:04.131 20010 4538 E gralloc4: Empty SMPTE 2094-40 data
03-13 10:00:04.132 20010 20010 D DecorView[]: onWindowFocusChanged hasWindowFocus true
03-13 10:00:04.132 20010 20010 I HandWritingStubImpl: refreshLastKeyboardType: 1
03-13 10:00:04.132 20010 20010 I HandWritingStubImpl: getCurrentKeyboardType: 1
03-13 10:00:04.133 20010 4538 E gralloc4: Empty SMPTE 2094-40 data
03-13 10:00:04.145 20010 4538 E gralloc4: Empty SMPTE 2094-40 data
03-13 10:00:04.146 20010 20097 D SessionLifecycleClient: Sending lifecycle 2 to service
03-13 10:00:04.146 20010 20385 D SessionLifecycleService: Activity backgrounding at 6327529
03-13 10:00:04.148 20010 20361 I MATDBManager: sqllite db insert success! insert row id:67
03-13 10:00:04.149 20010 20361 I MATDBManager: sqllite db capacity:5
03-13 10:00:04.166 20010 4538 E gralloc4: Empty SMPTE 2094-40 data
03-13 10:00:04.170 20010 4538 E gralloc4: Empty SMPTE 2094-40 data
03-13 10:00:04.171 20010 4697 D libMEOW : meow new tls: 0x745801e540
03-13 10:00:04.171 20010 4697 D libMEOW : applied 1 plugins for [com.hello.miheapp.secretspace]:
03-13 10:00:04.171 20010 4697 D libMEOW : plugin 1: [libMEOW_gift.so]:
03-13 10:00:04.172 20010 4697 D libMEOW : meow delete tls: 0x745801e540
03-13 10:00:04.188 20010 20010 D IS_CTS_MODE: false
03-13 10:00:04.188 20010 20010 D MULTI_WINDOW_ENABLED: false
03-13 10:00:04.189 20010 20010 D DecorView[]: getWindowModeFromSystem windowmode is 1
03-13 10:00:04.196 20010 20097 D SessionLifecycleClient: Sending lifecycle 1 to service
03-13 10:00:04.197 20010 20385 D SessionLifecycleService: Activity foregrounding at 6327579.
03-13 10:00:04.199 20010 4538 W libc : Access denied finding property "ro.vendor.display.iris_x7.support"
03-13 10:00:04.199 20010 20010 I ForceDarkHelperStubImpl: setViewRootImplForceDark: false for com.hello.sandbox.ad.ADLauncherActivity@e690f8f, reason: AppDarkModeEnable
03-13 10:00:04.200 20010 20010 D VRI[ADLauncherActivity]: hardware acceleration = true, forceHwAccelerated = false
03-13 10:00:04.207 20010 4538 E gralloc4: Empty SMPTE 2094-40 data
03-13 10:00:04.215 4700 4700 I libc : SetHeapTaggingLevel: tag level set to 0
03-13 10:00:04.222 20010 20010 D BufferQueueConsumer: [](id:4e2a00000008,api:0,p:- 1,c:20010) connect: controlledByApp=false
03-13 10:00:04.224 20010 20010 D VRI[ADLauncherActivity]: vri.reportNextDraw android.view.ViewRootImpl.performTraversals:3953 android.view.ViewRootImpl.doTraversal:2674 android.view.ViewRootImpl$TraversalRunnable.run:9867 android.view.Choreographer$CallbackRecord.run:1431 android.view.Choreographer$CallbackRecord.run:1439
03-13 10:00:04.224 20010 20010 D VRI[ADLauncherActivity]: vri.Setup new sync id=0 syncSeqId=0
03-13 10:00:04.242 4700 4700 I .secretspace:p1: Using CollectorTypeCC GC.
03-13 10:00:04.244 4700 4700 E .secretspace:p1: Not starting debugger since process cannot load the jdwp agent.
03-13 10:00:04.246 20010 4538 E gralloc4: Empty SMPTE 2094-40 data
03-13 10:00:04.246 20010 4538 D BLASTBufferQueue: [VRI[ADLauncherActivity]#8] (f:0,a:1) acquireNextBufferLocked size=1080x2304 mFrameNumber=1 applyTransaction=true mTimestamp=6327629357452(auto) mPendingTransactions.size=0 graphicBufferId=85942295592985 transform=0
03-13 10:00:04.249 20010 4538 W Parcel : Expecting binder but got null!
03-13 10:00:04.249 4700 4700 D nativeloader: Load libframework-connectivity- tiramisu-jni.so using APEX ns com_android_tethering for caller /apex/com.android.tethering/javalib/framework-connectivity-t.jar: ok
03-13 10:00:04.251 20010 20010 D VRI[ADLauncherActivity]: vri.reportDrawFinished syncSeqId=0 android.view.ViewRootImpl.lambda$createSyncIfNeeded$4$android-view- ViewRootImpl:4021 android.view.ViewRootImpl$$ExternalSyntheticLambda1.run:6 android.os.Handler.handleCallback:942 android.os.Handler.dispatchMessage:99 android.os.Looper.loopOnce:211
03-13 10:00:04.253 4700 4700 W System.err: android.system.ErrnoException: open failed: ENOENT (No such file or directory)
03-13 10:00:04.254 4700 4700 W System.err: at libcore.io.Linux.open(Native Method)
03-13 10:00:04.254 4700 4700 W System.err: at libcore.io.ForwardingOs.open(ForwardingOs.java:563)
03-13 10:00:04.254 4700 4700 W System.err: at libcore.io.BlockGuardOs.open(BlockGuardOs.java:274)
03-13 10:00:04.254 4700 4700 W System.err: at libcore.io.ForwardingOs.open(ForwardingOs.java:563)
03-13 10:00:04.254 4700 4700 W System.err: at android.app.ActivityThread$AndroidOs.open(ActivityThread.java:8224)
03-13 10:00:04.254 4700 4700 W System.err: at android.system.Os.open(Os.java:494)
03-13 10:00:04.254 4700 4700 W System.err: at android.os.perfdebug.PerfDebugMonitorImpl.monitorVersionControl(PerfDebugMonitorImp l.java:206)
03-13 10:00:04.254 4700 4700 W System.err: at android.os.perfdebug.PerfDebugMonitorImpl.prepareMonitor(PerfDebugMonitorImpl.java: 187)
03-13 10:00:04.254 4700 4700 W System.err: at android.app.ActivityThread.main(ActivityThread.java:8311)
03-13 10:00:04.254 4700 4700 W System.err: at java.lang.reflect.Method.invoke(Native Method)
03-13 10:00:04.254 4700 4700 W System.err: at com.android.internal.os.RuntimeInit$MethodAndArgsCaller.run(RuntimeInit.java:582)
03-13 10:00:04.254 4700 4700 W System.err: at com.android.internal.os.ZygoteInit.main(ZygoteInit.java:1028)
03-13 10:00:04.254 4700 4700 I MessageMonitor: Load libmiui_runtime
03-13 10:00:04.255 20010 4538 E gralloc4: Empty SMPTE 2094-40 data
03-13 10:00:04.256 20010 20010 D DecorView[]: onWindowFocusChanged hasWindowFocus false
03-13 10:00:04.259 20010 4538 E gralloc4: Empty SMPTE 2094-40 data
03-13 10:00:04.264 20010 4538 E gralloc4: Empty SMPTE 2094-40 data
03-13 10:00:04.267 20010 4538 E gralloc4: Empty SMPTE 2094-40 data
03-13 10:00:04.267 20010 20010 D VRI[ADLauncherActivity]: vri.reportNextDraw android.view.ViewRootImpl.handleResized:2047 android.view.ViewRootImpl.-$ $Nest$mhandleResized:0 android.view.ViewRootImpl$ViewRootHandler.handleMessageImpl:6120 android.view.ViewRootImpl$ViewRootHandler.handleMessage:6084 android.os.Handler.dispatchMessage:106
03-13 10:00:04.268 20010 20010 D VRI[ADLauncherActivity]: vri.Setup new sync id=1 syncSeqId=0
03-13 10:00:04.270 20010 4538 E gralloc4: Empty SMPTE 2094-40 data
03-13 10:00:04.273 20010 4538 E gralloc4: Empty SMPTE 2094-40 data
03-13 10:00:04.274 20010 20010 D VRI[ADLauncherActivity]: vri.reportDrawFinished syncSeqId=0 android.view.ViewRootImpl.lambda$createSyncIfNeeded$4$android-view- ViewRootImpl:4021 android.view.ViewRootImpl$$ExternalSyntheticLambda1.run:6 android.os.Handler.handleCallback:942 android.os.Handler.dispatchMessage:99 android.os.Looper.loopOnce:211
03-13 10:00:04.286 20010 4538 E gralloc4: Empty SMPTE 2094-40 data
03-13 10:00:04.292 20010 4538 E gralloc4: Empty SMPTE 2094-40 data
03-13 10:00:04.295 20010 4538 E gralloc4: Empty SMPTE 2094-40 data
03-13 10:00:04.296 20010 20010 D DecorView[]: onWindowFocusChanged hasWindowFocus true
03-13 10:00:04.296 20010 20010 I HandWritingStubImpl: refreshLastKeyboardType: 1
03-13 10:00:04.296 20010 20010 I HandWritingStubImpl: getCurrentKeyboardType: 1
03-13 10:00:04.297 20010 4538 E gralloc4: Empty SMPTE 2094-40 data
03-13 10:00:04.300 20010 20010 D View : [Warning] assignParent to null: this = DecorView@3cac61a[HomeAct]
03-13 10:00:04.306 20010 4538 E gralloc4: Empty SMPTE 2094-40 data
03-13 10:00:04.308 20010 20019 D BLASTBufferQueue: [VRI[HomeAct]#6](f:0,a:1) destructor()
03-13 10:00:04.308 20010 20019 D BufferQueueConsumer: [VRI[HomeAct]#6(BLAST Consumer)6](id:4e2a00000006,api:0,p:-1,c:20010) disconnect
03-13 10:00:04.320 20010 4538 E gralloc4: Empty SMPTE 2094-40 data
03-13 10:00:04.320 4700 4700 D CompatibilityChangeReporter: Compat change id reported: 171979766; UID 10569; state: ENABLED
03-13 10:00:04.322 20010 4538 E gralloc4: Empty SMPTE 2094-40 data
03-13 10:00:04.329 4700 4700 D ApplicationLoaders: Returning zygote-cached class loader: /system/framework/android.test.base.jar
03-13 10:00:04.331 4700 4700 D nativeloader: Configuring clns-4 for other apk /system/framework/org.apache.http.legacy.jar. target_sdk_version=34, uses_libraries=ALL, library_path=/data/app/~~1Bk6MROiQfGvVpSFz9OLnQ==/com.hello.miheapp.secretspace- JmIjTfn7MY8hPq_HPSN-Qg==/lib/arm64:/data/app/~~1Bk6MROiQfGvVpSFz9OLnQ==/ com.hello.miheapp.secretspace-JmIjTfn7MY8hPq_HPSN-Qg==/base.apk!/lib/arm64-v8a:/ data/app/~~1Bk6MROiQfGvVpSFz9OLnQ==/com.hello.miheapp.secretspace- JmIjTfn7MY8hPq_HPSN-Qg==/split_config.arm64_v8a.apk!/lib/arm64-v8a:/data/app/ ~~1Bk6MROiQfGvVpSFz9OLnQ==/com.hello.miheapp.secretspace-JmIjTfn7MY8hPq_HPSN-Qg==/ split_config.bn.apk!/lib/arm64-v8a:/data/app/~~1Bk6MROiQfGvVpSFz9OLnQ==/ com.hello.miheapp.secretspace-JmIjTfn7MY8hPq_HPSN-Qg==/split_config.en.apk!/lib/ arm64-v8a:/data/app/~~1Bk6MROiQfGvVpSFz9OLnQ==/com.hello.miheapp.secretspace- JmIjTfn7MY8hPq_HPSN-Qg==/split_config.gu.apk!/lib/arm64-v8a:/data/app/ ~~1Bk6MROiQfGvVpSFz9OLnQ==/com.hello.miheapp.secretspace-JmIjTfn7MY8hPq_HPSN-Qg==/ split_config.hi.apk!/lib/arm64-v8a:/data/app/~~1Bk6MROiQfGvVpSF
03-13 10:00:04.331 4700 4700 D nativeloader: Extending system_exposed_libraries: libapuwareapusys.mtk.so:libapuwareapusys_v2.mtk.so:libapuwarexrp.mtk.so:libapuwarex rp_v2.mtk.so:libapuwareutils.mtk.so:libapuwareutils_v2.mtk.so:libapuwarehmp.mtk.so: libmcv_runtime_usdk.mtk.so:libneuron_graph_delegate.mtk.so:libneuronusdk_adapter.mt k.so:libtflite_mtk.mtk.so:libarmnn_ndk.mtk.so:libcmdl_ndk.mtk.so:libnir_neon_driver _ndk.mtk.so:libmvpu_runtime.mtk.so:libmvpu_runtime_pub.mtk.so:libmvpu_engine_pub.mt k.so:libmvpu_pattern_pub.mtk.so:libmvpuop_mtk_cv.mtk.so:libmvpuop_mtk_nn.mtk.so:lib teeservice_client.trustonic.so:libmisys_jni.xiaomi.so
03-13 10:00:04.331 20010 4538 E gralloc4: Empty SMPTE 2094-40 data
03-13 10:00:04.340 20010 4538 E gralloc4: Empty SMPTE 2094-40 data
03-13 10:00:04.342 4700 4700 W ziparchive: Unable to open '/data/app/~~1Bk6MROiQfGvVpSFz9OLnQ==/com.hello.miheapp.secretspace- JmIjTfn7MY8hPq_HPSN-Qg==/split_config.arm64_v8a.dm': No such file or directory
03-13 10:00:04.342 4700 4700 W ziparchive: Unable to open '/data/app/~~1Bk6MROiQfGvVpSFz9OLnQ==/com.hello.miheapp.secretspace- JmIjTfn7MY8hPq_HPSN-Qg==/split_config.arm64_v8a.dm': No such file or directory
03-13 10:00:04.342 4700 4700 W .secretspace:p1: Entry not found
03-13 10:00:04.343 4700 4700 W ziparchive: Unable to open '/data/app/~~1Bk6MROiQfGvVpSFz9OLnQ==/com.hello.miheapp.secretspace- JmIjTfn7MY8hPq_HPSN-Qg==/split_config.bn.dm': No such file or directory
03-13 10:00:04.343 4700 4700 W ziparchive: Unable to open '/data/app/~~1Bk6MROiQfGvVpSFz9OLnQ==/com.hello.miheapp.secretspace- JmIjTfn7MY8hPq_HPSN-Qg==/split_config.bn.dm': No such file or directory
03-13 10:00:04.343 4700 4700 W .secretspace:p1: Entry not found
03-13 10:00:04.343 4700 4700 W ziparchive: Unable to open '/data/app/~~1Bk6MROiQfGvVpSFz9OLnQ==/com.hello.miheapp.secretspace- JmIjTfn7MY8hPq_HPSN-Qg==/split_config.en.dm': No such file or directory
03-13 10:00:04.343 4700 4700 W ziparchive: Unable to open '/data/app/~~1Bk6MROiQfGvVpSFz9OLnQ==/com.hello.miheapp.secretspace- JmIjTfn7MY8hPq_HPSN-Qg==/split_config.en.dm': No such file or directory
03-13 10:00:04.343 4700 4700 W .secretspace:p1: Entry not found
03-13 10:00:04.343 4700 4700 W ziparchive: Unable to open '/data/app/~~1Bk6MROiQfGvVpSFz9OLnQ==/com.hello.miheapp.secretspace- JmIjTfn7MY8hPq_HPSN-Qg==/split_config.gu.dm': No such file or directory
03-13 10:00:04.343 4700 4700 W ziparchive: Unable to open '/data/app/~~1Bk6MROiQfGvVpSFz9OLnQ==/com.hello.miheapp.secretspace- JmIjTfn7MY8hPq_HPSN-Qg==/split_config.gu.dm': No such file or directory
03-13 10:00:04.343 4700 4700 W .secretspace:p1: Entry not found
03-13 10:00:04.344 4700 4700 W ziparchive: Unable to open '/data/app/~~1Bk6MROiQfGvVpSFz9OLnQ==/com.hello.miheapp.secretspace- JmIjTfn7MY8hPq_HPSN-Qg==/split_config.hi.dm': No such file or directory
03-13 10:00:04.344 4700 4700 W ziparchive: Unable to open '/data/app/~~1Bk6MROiQfGvVpSFz9OLnQ==/com.hello.miheapp.secretspace- JmIjTfn7MY8hPq_HPSN-Qg==/split_config.hi.dm': No such file or directory
03-13 10:00:04.344 4700 4700 W .secretspace:p1: Entry not found
03-13 10:00:04.344 4700 4700 W ziparchive: Unable to open '/data/app/~~1Bk6MROiQfGvVpSFz9OLnQ==/com.hello.miheapp.secretspace- JmIjTfn7MY8hPq_HPSN-Qg==/split_config.kn.dm': No such file or directory
03-13 10:00:04.344 4700 4700 W ziparchive: Unable to open '/data/app/~~1Bk6MROiQfGvVpSFz9OLnQ==/com.hello.miheapp.secretspace- JmIjTfn7MY8hPq_HPSN-Qg==/split_config.kn.dm': No such file or directory
03-13 10:00:04.344 4700 4700 W .secretspace:p1: Entry not found
03-13 10:00:04.344 4700 4700 W ziparchive: Unable to open '/data/app/~~1Bk6MROiQfGvVpSFz9OLnQ==/com.hello.miheapp.secretspace- JmIjTfn7MY8hPq_HPSN-Qg==/split_config.mr.dm': No such file or directory
03-13 10:00:04.344 4700 4700 W ziparchive: Unable to open '/data/app/~~1Bk6MROiQfGvVpSFz9OLnQ==/com.hello.miheapp.secretspace- JmIjTfn7MY8hPq_HPSN-Qg==/split_config.mr.dm': No such file or directory
03-13 10:00:04.344 4700 4700 W .secretspace:p1: Entry not found
03-13 10:00:04.345 4700 4700 W ziparchive: Unable to open '/data/app/~~1Bk6MROiQfGvVpSFz9OLnQ==/com.hello.miheapp.secretspace- JmIjTfn7MY8hPq_HPSN-Qg==/split_config.ta.dm': No such file or directory
03-13 10:00:04.345 4700 4700 W ziparchive: Unable to open '/data/app/~~1Bk6MROiQfGvVpSFz9OLnQ==/com.hello.miheapp.secretspace- JmIjTfn7MY8hPq_HPSN-Qg==/split_config.ta.dm': No such file or directory
03-13 10:00:04.345 4700 4700 W .secretspace:p1: Entry not found
03-13 10:00:04.345 4700 4700 W ziparchive: Unable to open '/data/app/~~1Bk6MROiQfGvVpSFz9OLnQ==/com.hello.miheapp.secretspace- JmIjTfn7MY8hPq_HPSN-Qg==/split_config.te.dm': No such file or directory
03-13 10:00:04.345 4700 4700 W ziparchive: Unable to open '/data/app/~~1Bk6MROiQfGvVpSFz9OLnQ==/com.hello.miheapp.secretspace- JmIjTfn7MY8hPq_HPSN-Qg==/split_config.te.dm': No such file or directory
03-13 10:00:04.345 4700 4700 W .secretspace:p1: Entry not found
03-13 10:00:04.345 4700 4700 W ziparchive: Unable to open '/data/app/~~1Bk6MROiQfGvVpSFz9OLnQ==/com.hello.miheapp.secretspace- JmIjTfn7MY8hPq_HPSN-Qg==/split_config.xxhdpi.dm': No such file or directory
03-13 10:00:04.345 4700 4700 W ziparchive: Unable to open '/data/app/~~1Bk6MROiQfGvVpSFz9OLnQ==/com.hello.miheapp.secretspace- JmIjTfn7MY8hPq_HPSN-Qg==/split_config.xxhdpi.dm': No such file or directory
03-13 10:00:04.345 4700 4700 W .secretspace:p1: Entry not found
03-13 10:00:04.346 4700 4700 D nativeloader: Configuring clns-5 for other apk /data/app/~~1Bk6MROiQfGvVpSFz9OLnQ==/com.hello.miheapp.secretspace- JmIjTfn7MY8hPq_HPSN-Qg==/base.apk:/data/app/~~1Bk6MROiQfGvVpSFz9OLnQ==/ com.hello.miheapp.secretspace-JmIjTfn7MY8hPq_HPSN-Qg==/ split_config.arm64_v8a.apk:/data/app/~~1Bk6MROiQfGvVpSFz9OLnQ==/ com.hello.miheapp.secretspace-JmIjTfn7MY8hPq_HPSN-Qg==/split_config.bn.apk:/data/ app/~~1Bk6MROiQfGvVpSFz9OLnQ==/com.hello.miheapp.secretspace-JmIjTfn7MY8hPq_HPSN- Qg==/split_config.en.apk:/data/app/~~1Bk6MROiQfGvVpSFz9OLnQ==/ com.hello.miheapp.secretspace-JmIjTfn7MY8hPq_HPSN-Qg==/split_config.gu.apk:/data/ app/~~1Bk6MROiQfGvVpSFz9OLnQ==/com.hello.miheapp.secretspace-JmIjTfn7MY8hPq_HPSN- Qg==/split_config.hi.apk:/data/app/~~1Bk6MROiQfGvVpSFz9OLnQ==/ com.hello.miheapp.secretspace-JmIjTfn7MY8hPq_HPSN-Qg==/split_config.kn.apk:/data/ app/~~1Bk6MROiQfGvVpSFz9OLnQ==/com.hello.miheapp.secretspace-JmIjTfn7MY8hPq_HPSN- Qg==/split_config.mr.apk:/data/app/~~1Bk6MROiQfGvVpSFz9OLnQ==/ com.hello.miheapp.secretspace-JmIjTfn7MY8hPq_HPSN-Qg==/split_
03-13 10:00:04.351 20010 4538 E gralloc4: Empty SMPTE 2094-40 data
03-13 10:00:04.354 20010 4538 E gralloc4: Empty SMPTE 2094-40 data
03-13 10:00:04.356 4700 4700 D nativeloader: Load libframework-connectivity- jni.so using APEX ns com_android_tethering for caller /apex/com.android.tethering/javalib/framework-connectivity.jar: ok
03-13 10:00:04.359 4700 4700 V GraphicsEnvironment: ANGLE Developer option for 'com.hello.miheapp.secretspace' set to: 'default'
03-13 10:00:04.359 4700 4700 V GraphicsEnvironment: ANGLE GameManagerService for com.hello.miheapp.secretspace: false
03-13 10:00:04.359 4700 4700 V GraphicsEnvironment: App is not on the allowlist for updatable production driver.
03-13 10:00:04.362 20010 4538 E gralloc4: Empty SMPTE 2094-40 data
03-13 10:00:04.365 4700 4700 I ForceDarkHelperStubImpl: initialize for com.hello.miheapp.secretspace , ForceDarkAppConfig: null
03-13 10:00:04.366 4700 4700 D nativeloader: Load libforcedarkimpl.so using system ns (caller=/system_ext/framework/miui-framework.jar): ok
03-13 10:00:04.366 4700 4700 D .secretspace:p1: JNI_OnLoad success
03-13 10:00:04.366 4700 4700 I MiuiForceDarkConfig: setConfig density:2.750000, mainRule:0, secondaryRule:0, tertiaryRule:0
03-13 10:00:04.367 4700 4700 D NetworkSecurityConfig: Using Network Security Config from resource network_security_config debugBuild: false
03-13 10:00:04.368 4700 4700 D NetworkSecurityConfig: Using Network Security Config from resource network_security_config debugBuild: false
03-13 10:00:04.373 20010 4538 E gralloc4: Empty SMPTE 2094-40 data
03-13 10:00:04.374 4700 4700 D nativeloader: Load /data/app/~~1Bk6MROiQfGvVpSFz9OLnQ==/com.hello.miheapp.secretspace- JmIjTfn7MY8hPq_HPSN-Qg==/split_config.arm64_v8a.apk!/lib/arm64-v8a/librepublic.so using ns clns-5 from class loader (caller=base.apk): ok
03-13 10:00:04.385 20010 4538 E gralloc4: Empty SMPTE 2094-40 data
03-13 10:00:04.388 20010 4538 E gralloc4: Empty SMPTE 2094-40 data
03-13 10:00:04.395 20010 4538 E gralloc4: Empty SMPTE 2094-40 data
03-13 10:00:04.407 20010 4538 E gralloc4: Empty SMPTE 2094-40 data
03-13 10:00:04.416 20010 4538 E gralloc4: Empty SMPTE 2094-40 data
03-13 10:00:04.418 20010 4538 E gralloc4: Empty SMPTE 2094-40 data
03-13 10:00:04.428 20010 4538 E gralloc4: Empty SMPTE 2094-40 data
03-13 10:00:04.440 20010 4538 E gralloc4: Empty SMPTE 2094-40 data
03-13 10:00:04.450 20010 4538 E gralloc4: Empty SMPTE 2094-40 data
03-13 10:00:04.453 20010 4538 E gralloc4: Empty SMPTE 2094-40 data
03-13 10:00:04.463 20010 4538 E gralloc4: Empty SMPTE 2094-40 data
03-13 10:00:04.466 4700 4700 W Glide : Failed to find GeneratedAppGlideModule. You should include an annotationProcessor compile dependency on com.github.bumptech.glide:compiler in your application and a @GlideModule annotated AppGlideModule implementation or LibraryGlideModules will be silently ignored
03-13 10:00:04.470 4700 4700 D CompatibilityChangeReporter: Compat change id reported: 183155436; UID 10569; state: ENABLED
03-13 10:00:04.472 4700 4700 D SessionsDependencies: Dependency to CRASHLYTICS added.
03-13 10:00:04.472 4700 4700 I FirebaseApp: Device unlocked: initializing all Firebase APIs for app [DEFAULT]
03-13 10:00:04.473 20010 4538 E gralloc4: Empty SMPTE 2094-40 data
03-13 10:00:04.475 4700 4700 I FirebaseCrashlytics: Initializing Firebase Crashlytics 18.6.2 for com.hello.miheapp.secretspace
03-13 10:00:04.484 4700 4700 D SessionsDependencies: Subscriber CRASHLYTICS registered.
03-13 10:00:04.484 20010 4538 E gralloc4: Empty SMPTE 2094-40 data
03-13 10:00:04.486 20010 4538 E gralloc4: Empty SMPTE 2094-40 data
03-13 10:00:04.495 20010 4538 E gralloc4: Empty SMPTE 2094-40 data
03-13 10:00:04.506 20010 4538 E gralloc4: Empty SMPTE 2094-40 data
03-13 10:00:04.511 4700 4720 I FirebaseCrashlytics: No version control information found
03-13 10:00:04.517 20010 4538 E gralloc4: Empty SMPTE 2094-40 data
03-13 10:00:04.520 20010 4538 E gralloc4: Empty SMPTE 2094-40 data
03-13 10:00:04.520 4700 4700 D FirebaseSessions: Initializing Firebase Sessions SDK.
03-13 10:00:04.521 4700 4700 I FirebaseApp: FirebaseApp initialization successful
03-13 10:00:04.522 4700 4733 D LifecycleServiceBinder: Binding service to application.
03-13 10:00:04.523 20197 21431 D ChimeraServiceProvider: query: content://com.google.android.gms.chimera/api_force_staging/com.google.android.gms.m easurement.dynamite?requestStartTime=7469320
03-13 10:00:04.525 4700 4719 W DynamiteModule: Failed to retrieve remote module version.
03-13 10:00:04.529 20010 4538 E gralloc4: Empty SMPTE 2094-40 data
03-13 10:00:04.539 20010 4538 E gralloc4: Empty SMPTE 2094-40 data
03-13 10:00:04.545 4700 4719 D nativeloader: Configuring clns-6 for other apk /system/framework/com.android.location.provider.jar. target_sdk_version=29, uses_libraries=ALL, library_path=/data/user/0/com.hello.miheapp.secretspace/sandbox/data/app/ com.google.android.gms/lib:/data/user/0/com.hello.miheapp.secretspace/sandbox/ data/app/com.google.android.gms/base.apk!/lib/arm64-v8a, permitted_path=/data:/mnt/expand:/data/user/0/com.hello.miheapp.secretspace/ sandbox/data/user/0/com.google.android.gms
03-13 10:00:04.545 4700 4719 D nativeloader: Extending system_exposed_libraries: libapuwareapusys.mtk.so:libapuwareapusys_v2.mtk.so:libapuwarexrp.mtk.so:libapuwarex rp_v2.mtk.so:libapuwareutils.mtk.so:libapuwareutils_v2.mtk.so:libapuwarehmp.mtk.so: libmcv_runtime_usdk.mtk.so:libneuron_graph_delegate.mtk.so:libneuronusdk_adapter.mt k.so:libtflite_mtk.mtk.so:libarmnn_ndk.mtk.so:libcmdl_ndk.mtk.so:libnir_neon_driver _ndk.mtk.so:libmvpu_runtime.mtk.so:libmvpu_runtime_pub.mtk.so:libmvpu_engine_pub.mt k.so:libmvpu_pattern_pub.mtk.so:libmvpuop_mtk_cv.mtk.so:libmvpuop_mtk_nn.mtk.so:lib teeservice_client.trustonic.so:libmisys_jni.xiaomi.so
03-13 10:00:04.550 20010 4538 E gralloc4: Empty SMPTE 2094-40 data
03-13 10:00:04.552 20010 4538 E gralloc4: Empty SMPTE 2094-40 data
03-13 10:00:04.553 4700 4700 D nativeloader: Load /data/app/~~1Bk6MROiQfGvVpSFz9OLnQ==/com.hello.miheapp.secretspace- JmIjTfn7MY8hPq_HPSN-Qg==/split_config.arm64_v8a.apk!/lib/arm64-v8a/libsandbox.so using ns clns-5 from class loader (caller=base.apk): ok
03-13 10:00:04.554 4700 4719 D nativeloader: Configuring clns-7 for other apk /data/user/0/com.hello.miheapp.secretspace/sandbox/data/app/com.google.android.gms/ base.apk. target_sdk_version=29, uses_libraries=, library_path=/data/user/0/com.hello.miheapp.secretspace/sandbox/data/app/ com.google.android.gms/lib:/data/user/0/com.hello.miheapp.secretspace/sandbox/ data/app/com.google.android.gms/base.apk!/lib/arm64-v8a, permitted_path=/data:/mnt/expand:/data/user/0/com.hello.miheapp.secretspace/ sandbox/data/user/0/com.google.android.gms
03-13 10:00:04.554 4700 4719 D nativeloader: Extending system_exposed_libraries: libapuwareapusys.mtk.so:libapuwareapusys_v2.mtk.so:libapuwarexrp.mtk.so:libapuwarex rp_v2.mtk.so:libapuwareutils.mtk.so:libapuwareutils_v2.mtk.so:libapuwarehmp.mtk.so: libmcv_runtime_usdk.mtk.so:libneuron_graph_delegate.mtk.so:libneuronusdk_adapter.mt k.so:libtflite_mtk.mtk.so:libarmnn_ndk.mtk.so:libcmdl_ndk.mtk.so:libnir_neon_driver _ndk.mtk.so:libmvpu_runtime.mtk.so:libmvpu_runtime_pub.mtk.so:libmvpu_engine_pub.mt k.so:libmvpu_pattern_pub.mtk.so:libmvpuop_mtk_cv.mtk.so:libmvpuop_mtk_nn.mtk.so:lib teeservice_client.trustonic.so:libmisys_jni.xiaomi.so
03-13 10:00:04.554 4700 4700 D NativeCore: NativeCore init.
03-13 10:00:04.554 4700 4700 D NativeCore: found art method entrypoint jni offset: 2
03-13 10:00:04.554 4700 4700 D NativeCore: not found art method match access flags offset , use default: 4
03-13 10:00:04.555 4700 4719 W DynamiteModule: IDynamite loader version = 2, no high precision latency measurement.
03-13 10:00:04.555 4700 4719 I DynamiteModule: Considering local module com.google.android.gms.measurement.dynamite:100 and remote module com.google.android.gms.measurement.dynamite:98
03-13 10:00:04.555 4700 4719 I DynamiteModule: Selected local version of com.google.android.gms.measurement.dynamite
03-13 10:00:04.555 4700 4719 W DynamiteModule: IDynamite loader version = 2, no high precision latency measurement.
03-13 10:00:04.562 20010 4538 E gralloc4: Empty SMPTE 2094-40 data
03-13 10:00:04.572 20010 4538 E gralloc4: Empty SMPTE 2094-40 data
03-13 10:00:04.579 4700 4739 I FA : App measurement initialized, version: 84002
03-13 10:00:04.579 4700 4739 I FA : To enable debug logging run: adb shell setprop log.tag.FA VERBOSE
03-13 10:00:04.579 4700 4739 I FA : To enable faster debug mode event logging run:
03-13 10:00:04.579 4700 4739 I FA : adb shell setprop debug.firebase.analytics.app com.hello.miheapp.secretspace
03-13 10:00:04.584 20010 4538 E gralloc4: Empty SMPTE 2094-40 data
03-13 10:00:04.586 20010 4538 E gralloc4: Empty SMPTE 2094-40 data
03-13 10:00:04.594 4700 4739 D CompatibilityChangeReporter: Compat change id reported: 183155436; UID 10569; state: ENABLED
03-13 10:00:04.595 20010 4538 E gralloc4: Empty SMPTE 2094-40 data
03-13 10:00:04.596 4700 4700 E NativeCore: not native method
03-13 10:00:04.596 4700 4700 E NativeCore: check flags error. class:java/io/UnixFileSystem, method:canonicalize0
03-13 10:00:04.596 4700 4700 D NativeCore: register class:java/io/UnixFileSystem, method:getBooleanAttributes0 success!
03-13 10:00:04.596 4700 4700 D NativeCore: register class:java/io/UnixFileSystem, method:getLastModifiedTime0 success!
03-13 10:00:04.596 4700 4700 D NativeCore: register class:java/io/UnixFileSystem, method:setPermission0 success!
03-13 10:00:04.596 4700 4700 D NativeCore: register class:java/io/UnixFileSystem, method:createFileExclusively0 success!
03-13 10:00:04.596 4700 4700 D NativeCore: register class:java/io/UnixFileSystem, method:list0 success!
03-13 10:00:04.596 4700 4700 D NativeCore: register class:java/io/UnixFileSystem, method:createDirectory0 success!
03-13 10:00:04.596 4700 4700 D NativeCore: register class:java/io/UnixFileSystem, method:setLastModifiedTime0 success!
03-13 10:00:04.596 4700 4700 D NativeCore: register class:java/io/UnixFileSystem, method:setReadOnly0 success!
03-13 10:00:04.596 4700 4700 D NativeCore: register class:java/io/UnixFileSystem, method:getSpace0 success!
03-13 10:00:04.596 4700 4700 D NativeCore: register class:java/lang/VMClassLoader, method:findLoadedClass success!
03-13 10:00:04.596 4700 4700 D NativeCore: register class:android/os/Binder, method:getCallingUid success!
03-13 10:00:04.596 4700 4700 D NativeCore: register class:dalvik/system/VMRuntime, method:setHiddenApiExemptions success!
03-13 10:00:04.600 4700 4739 W FA : Table has extra columns. table, columns: messages, app_version, app_version_int
03-13 10:00:04.602 4700 4700 W .secretspace:p1: ClassLoaderContext shared library size mismatch. Expected=0, found=1 (PCL[] | PCL[]{PCL[/system/framework/org.apache.http.legacy.jar*2315938047]})
03-13 10:00:04.605 20010 4538 E gralloc4: Empty SMPTE 2094-40 data
03-13 10:00:04.607 4700 4700 D nativeloader: Configuring clns-8 for other apk /data/user/0/com.hello.miheapp.secretspace/sandbox/data/app/com.dts.freefiremax/ base.apk. target_sdk_version=34, uses_libraries=, library_path=/data/user/0/com.hello.miheapp.secretspace/sandbox/data/app/ com.dts.freefiremax/lib:/data/user/0/com.hello.miheapp.secretspace/sandbox/data/ app/com.dts.freefiremax/base.apk!/lib/arm64-v8a, permitted_path=/data:/mnt/expand:/data/user/0/com.hello.miheapp.secretspace/ sandbox/data/user/0/com.dts.freefiremax
03-13 10:00:04.617 20010 4538 E gralloc4: Empty SMPTE 2094-40 data
03-13 10:00:04.619 20010 4538 E gralloc4: Empty SMPTE 2094-40 data
03-13 10:00:04.628 20010 4538 E gralloc4: Empty SMPTE 2094-40 data
03-13 10:00:04.633 4700 4700 D NetworkSecurityConfig: Using Network Security Config from resource network_security_config debugBuild: false
03-13 10:00:04.635 4700 4700 D NetworkSecurityConfig: Using Network Security Config from resource network_security_config debugBuild: false
03-13 10:00:04.639 20010 4538 E gralloc4: Empty SMPTE 2094-40 data
03-13 10:00:04.649 20010 4538 E gralloc4: Empty SMPTE 2094-40 data
03-13 10:00:04.651 20010 4538 E gralloc4: Empty SMPTE 2094-40 data
03-13 10:00:04.662 20010 4538 E gralloc4: Empty SMPTE 2094-40 data
03-13 10:00:04.657 4700 4700 W dts.freefiremax: type=1400 audit(0.0:13469): avc: granted { execute } for path="/data/data/com.hello.miheapp.secretspace/sandbox/data/app/com.dts.freefiremax /lib/libanort.so" dev="dm-41" ino=535233 scontext=u:r:untrusted_app:s0:c57,c258,c512,c768 tcontext=u:object_r:app_data_file:s0:c57,c258,c512,c768 tclass=file app=com.hello.miheapp.secretspace
03-13 10:00:04.666 4700 4700 D nativeloader: Load /data/user/0/com.hello.miheapp.secretspace/sandbox/data/app/com.dts.freefiremax/ lib/libanort.so using ns clns-8 from class loader (caller=/data/user/0/com.hello.miheapp.secretspace/sandbox/data/app/ com.dts.freefiremax/base.apk): ok
03-13 10:00:04.672 20010 4538 E gralloc4: Empty SMPTE 2094-40 data
03-13 10:00:04.683 20010 4538 E gralloc4: Empty SMPTE 2094-40 data
03-13 10:00:04.685 20010 4538 E gralloc4: Empty SMPTE 2094-40 data
03-13 10:00:04.693 20010 4538 E gralloc4: Empty SMPTE 2094-40 data
03-13 10:00:04.706 20010 4538 E gralloc4: Empty SMPTE 2094-40 data
03-13 10:00:04.717 20010 4538 E gralloc4: Empty SMPTE 2094-40 data
03-13 10:00:04.718 20010 4538 E gralloc4: Empty SMPTE 2094-40 data
03-13 10:00:04.728 20010 4538 E gralloc4: Empty SMPTE 2094-40 data
03-13 10:00:04.729 4700 4700 I MultiDex: VM with version 2.1.0 has multidex support
03-13 10:00:04.729 4700 4700 I MultiDex: Installing application
03-13 10:00:04.729 4700 4700 I MultiDex: VM has multidex support, MultiDex support library is disabled.
03-13 10:00:04.739 20010 4538 E gralloc4: Empty SMPTE 2094-40 data
03-13 10:00:04.750 20010 4538 E gralloc4: Empty SMPTE 2094-40 data
03-13 10:00:04.751 20010 4538 E gralloc4: Empty SMPTE 2094-40 data
03-13 10:00:04.755 4700 4700 D SessionsDependencies: Dependency to CRASHLYTICS added.
03-13 10:00:04.760 4700 4749 W Settings: Setting adb_enabled has moved from android.provider.Settings.Secure to android.provider.Settings.Global.
03-13 10:00:04.760 4700 4700 I FirebaseApp: Device unlocked: initializing all Firebase APIs for app [DEFAULT]
03-13 10:00:04.761 20010 4538 E gralloc4: Empty SMPTE 2094-40 data
03-13 10:00:04.772 20010 4538 E gralloc4: Empty SMPTE 2094-40 data
03-13 10:00:04.785 20010 4538 E gralloc4: Empty SMPTE 2094-40 data
03-13 10:00:04.788 20010 4538 E gralloc4: Empty SMPTE 2094-40 data
03-13 10:00:04.793 4700 4752 I DynamiteModule: Non-system-image GmsCore APK, forcing V1
03-13 10:00:04.794 4700 4752 W DynamiteModule: IDynamite loader version = 2, no high precision latency measurement.
03-13 10:00:04.794 20010 4538 E gralloc4: Empty SMPTE 2094-40 data
03-13 10:00:04.795 4700 4752 I DynamiteModule: Considering local module com.google.android.gms.measurement.dynamite:112 and remote module com.google.android.gms.measurement.dynamite:98
03-13 10:00:04.795 4700 4752 I DynamiteModule: Selected local version of com.google.android.gms.measurement.dynamite
03-13 10:00:04.800 4700 4752 W DynamiteModule: IDynamite loader version = 2, no high precision latency measurement.
03-13 10:00:04.808 20010 4538 E gralloc4: Empty SMPTE 2094-40 data
03-13 10:00:04.816 20010 4538 E gralloc4: Empty SMPTE 2094-40 data
03-13 10:00:04.817 20010 20010 D BLASTBufferQueue: [VRI[HomeAct]#4](f:0,a:1) destructor()
03-13 10:00:04.817 20010 20010 D BufferQueueConsumer: [VRI[HomeAct]#4(BLAST Consumer)4](id:4e2a00000004,api:0,p:-1,c:20010) disconnect
03-13 10:00:04.825 20010 4538 D BLASTBufferQueue: [VRI[HomeAct]#5](f:0,a:1) destructor()
03-13 10:00:04.825 20010 4538 D BufferQueueConsumer: [VRI[HomeAct]#5(BLAST Consumer)5](id:4e2a00000005,api:0,p:-1,c:20010) disconnect
03-13 10:00:04.827 20010 4538 E gralloc4: Empty SMPTE 2094-40 data
03-13 10:00:04.829 4700 4700 D FirebaseSessions: Initializing Firebase Sessions SDK.
03-13 10:00:04.829 4700 4700 W dts.freefiremax: type=1400 audit(0.0:13470): avc: granted { execute } for path="/data/data/com.hello.miheapp.secretspace/sandbox/data/app/com.dts.freefiremax /lib/libcrashlytics.so" dev="dm-41" ino=1049830 scontext=u:r:untrusted_app:s0:c57,c258,c512,c768 tcontext=u:object_r:app_data_file:s0:c57,c258,c512,c768 tclass=file app=com.hello.miheapp.secretspace
03-13 10:00:04.837 4700 4700 D nativeloader: Load /data/user/0/com.hello.miheapp.secretspace/sandbox/data/app/com.dts.freefiremax/ lib/libcrashlytics.so using ns clns-8 from class loader (caller=/data/user/0/com.hello.miheapp.secretspace/sandbox/data/app/ com.dts.freefiremax/base.apk): ok
03-13 10:00:04.839 20010 4538 E gralloc4: Empty SMPTE 2094-40 data
03-13 10:00:04.842 4700 4700 I FirebaseCrashlytics: Initializing Firebase Crashlytics 19.0.0 for com.dts.freefiremax
03-13 10:00:04.850 20010 4538 E gralloc4: Empty SMPTE 2094-40 data
03-13 10:00:04.851 4700 4700 D SessionsDependencies: Subscriber CRASHLYTICS registered.
03-13 10:00:04.853 4700 4760 D FirebaseSessions: No Sessions subscribers. Not listening to lifecycle events.
03-13 10:00:04.857 4700 4753 I FA : App measurement disabled via the manifest
03-13 10:00:04.859 4700 4753 I FA : App measurement initialized, version: 92000
03-13 10:00:04.859 4700 4753 I FA : To enable debug logging run: adb shell setprop log.tag.FA VERBOSE
03-13 10:00:04.860 20010 4538 E gralloc4: Empty SMPTE 2094-40 data
03-13 10:00:04.860 4700 4753 I FA : To enable faster debug mode event logging run:
03-13 10:00:04.860 4700 4753 I FA : adb shell setprop debug.firebase.analytics.app com.dts.freefiremax
03-13 10:00:04.872 20010 4538 E gralloc4: Empty SMPTE 2094-40 data
03-13 10:00:04.877 4700 4700 I FirebaseInitProvider: FirebaseApp initialization successful
03-13 10:00:04.880 4700 4700 W ActivityThread: Content provider com.voxelbusters.androidlib.extensions.FileProviderExtended already published as com.dts.freefiremax.fileprovider
03-13 10:00:04.883 20010 4538 E gralloc4: Empty SMPTE 2094-40 data
03-13 10:00:04.893 20010 4538 E gralloc4: Empty SMPTE 2094-40 data
03-13 10:00:04.893 4700 4700 W h3.d1 : The value for AdvertiserIDCollectionEnabled is currently set to FALSE so you're sending app events without collecting Advertiser ID. This can affect the quality of your advertising and analytics results.
03-13 10:00:04.897 4700 4777 W c4.k0 : Apps that target Android API 30+ (Android 11+) cannot call Facebook native apps unless the package visibility needs are declared. Please follow https://developers.facebook.com/docs/android/troubleshooting/#faq_267321845055988 to make the declaration.
03-13 10:00:04.898 4700 4761 I FirebaseCrashlytics: No version control information found
03-13 10:00:04.905 20010 4538 E gralloc4: Empty SMPTE 2094-40 data
03-13 10:00:04.907 4700 4700 D CompatibilityChangeReporter: Compat change id reported: 183155436; UID 10003; state: ENABLED
03-13 10:00:04.909 20143 24322 W BpBinder: Slow Binder: BpBinder transact took 438 ms, interface=com.hello.sandbox.core.IBActivityThread, code=2 oneway=false
03-13 10:00:04.909 20010 20109 W BpBinder: Slow Binder: BpBinder transact took 714 ms, interface=com.hello.sandbox.core.system.am.IBActivityManagerService, code=33 oneway=false
03-13 10:00:04.912 20197 21431 D MeasurementService: bound by: GetServiceRequest{serviceId=MEASUREMENT, gmsVersion=12451000, packageName='com.hello.miheapp.secretspace', extras=Bundle[{}]}
03-13 10:00:04.916 20010 4538 E gralloc4: Empty SMPTE 2094-40 data
03-13 10:00:04.921 20197 21431 D SafeParcel: Unknown field id 34 in com.google.android.gms.measurement.internal.AppMetadata, skipping.
03-13 10:00:04.921 20197 21431 D SafeParcel: Unknown field id 35 in com.google.android.gms.measurement.internal.AppMetadata, skipping.
03-13 10:00:04.921 20197 21431 D MeasurementService: sendAppLaunch() for AppMetadata[com.hello.miheapp.secretspace]
03-13 10:00:04.926 20010 4538 E gralloc4: Empty SMPTE 2094-40 data
03-13 10:00:04.933 20197 21431 D MeasurementService: bound by: GetServiceRequest{serviceId=MEASUREMENT, gmsVersion=12451000, packageName='com.dts.freefiremax', extras=Bundle[{}]}
03-13 10:00:04.939 20010 4538 E gralloc4: Empty SMPTE 2094-40 data
03-13 10:00:04.940 4700 4739 W FA : Table has extra columns. table, columns: messages, app_version, app_version_int
03-13 10:00:04.940 20010 20097 D SessionLifecycleClient: Sending lifecycle 2 to service
03-13 10:00:04.940 20010 20385 D SessionLifecycleService: Activity backgrounding at 6328323
03-13 10:00:04.945 4700 4739 W FA : Table has extra columns. table, columns: messages, app_version, app_version_int
03-13 10:00:04.949 20010 4538 E gralloc4: Empty SMPTE 2094-40 data
03-13 10:00:04.950 20197 20209 D SafeParcel: Unknown field id 34 in com.google.android.gms.measurement.internal.AppMetadata, skipping.
03-13 10:00:04.950 20197 21431 D SafeParcel: Unknown field id 34 in com.google.android.gms.measurement.internal.AppMetadata, skipping.
03-13 10:00:04.950 20197 21431 D SafeParcel: Unknown field id 35 in com.google.android.gms.measurement.internal.AppMetadata, skipping.
03-13 10:00:04.950 20197 20209 D SafeParcel: Unknown field id 36 in com.google.android.gms.measurement.internal.AppMetadata, skipping.
03-13 10:00:04.950 20197 20209 D MeasurementService: getAppInstanceId() for AppMetadata[com.dts.freefiremax]
03-13 10:00:04.951 20197 21431 D MeasurementService: getAppInstanceId() for AppMetadata[com.hello.miheapp.secretspace]
03-13 10:00:04.954 20197 21431 D SafeParcel: Unknown field id 34 in com.google.android.gms.measurement.internal.AppMetadata, skipping.
03-13 10:00:04.954 20197 21431 D SafeParcel: Unknown field id 36 in com.google.android.gms.measurement.internal.AppMetadata, skipping.
03-13 10:00:04.954 20197 21431 D MeasurementService: sendDefaultEventParameters(Bundle[EMPTY_PARCEL]) for AppMetadata[com.dts.freefiremax]
03-13 10:00:04.957 20197 20209 D SafeParcel: Unknown field id 34 in com.google.android.gms.measurement.internal.AppMetadata, skipping.
03-13 10:00:04.957 20197 20209 D SafeParcel: Unknown field id 35 in com.google.android.gms.measurement.internal.AppMetadata, skipping.
03-13 10:00:04.957 20197 20209 D MeasurementService: sendDefaultEventParameters(Bundle[EMPTY_PARCEL]) for AppMetadata[com.hello.miheapp.secretspace]
03-13 10:00:04.960 20010 4538 E gralloc4: Empty SMPTE 2094-40 data
03-13 10:00:04.968 20010 20010 D DecorView[]: onWindowFocusChanged hasWindowFocus false
03-13 10:00:04.970 20010 4538 E gralloc4: Empty SMPTE 2094-40 data
03-13 10:00:04.971 4700 4700 I IconCustomizer: load icon config path M100 63.2218C100 73.8128 100 79.1083 98.1974 84.809C95.9321 91.0327 91.0295 95.9353 84.8058 98.2006C79.7827 99.7891 75.0686 99.9776 66.7731 100H50H33.2269C24.9314 99.9776 20.2173 99.7891 15.1942 98.2006C8.97051 95.9353 4.06795 91.0327 1.80256 84.809C0 79.1083 0 73.8128 0 63.2218V50V36.7782C0 26.1872 0 20.8917 1.80256 15.191C4.06795 8.96731 8.97051 4.06474 15.1942 1.79936C20.2173 0.210897 24.9314 0.0224359 33.2269 0H50H66.7731C75.0686 0.0224359 79.7827 0.210897 84.8058 1.79936C91.0295 4.06474 95.9321 8.96731 98.1974 15.191C100 20.8917 100 26.1872 100 36.7782V50V63.2218Z, valid rect RectF(0.0, 0.0, 100.0, 100.0), isFullMask true
03-13 10:00:04.971 4700 4700 W IconCustomizer: getCustomizedIconW 184
03-13 10:00:04.979 4700 4700 I DeviceLevelUtils: platform:mt6833
03-13 10:00:04.980 4700 4700 I MiSpeedRecord: Connecting to PerfShielder service.
03-13 10:00:04.981 4700 4700 I IconCustomizer: com.dts.freefiremax.png adaptiveIcon2Drawable size 132
03-13 10:00:04.982 20010 4538 E gralloc4: Empty SMPTE 2094-40 data
03-13 10:00:04.993 20010 4538 E gralloc4: Empty SMPTE 2094-40 data
03-13 10:00:05.004 20010 4538 E gralloc4: Empty SMPTE 2094-40 data
03-13 10:00:05.027 20010 4538 E gralloc4: Empty SMPTE 2094-40 data
03-13 10:00:05.032 20010 4538 E gralloc4: Empty SMPTE 2094-40 data
03-13 10:00:05.043 20010 4538 E gralloc4: Empty SMPTE 2094-40 data
03-13 10:00:05.082 20010 4538 E gralloc4: Empty SMPTE 2094-40 data
03-13 10:00:05.084 20010 4538 E gralloc4: Empty SMPTE 2094-40 data
03-13 10:00:05.099 20010 4538 E gralloc4: Empty SMPTE 2094-40 data
03-13 10:00:05.109 4700 4700 W dts.freefiremax: type=1400 audit(0.0:13471): avc: granted { execute } for path="/data/data/com.hello.miheapp.secretspace/sandbox/data/app/com.dts.freefiremax /lib/libmain.so" dev="dm-41" ino=654158 scontext=u:r:untrusted_app:s0:c57,c258,c512,c768 tcontext=u:object_r:app_data_file:s0:c57,c258,c512,c768 tclass=file app=com.hello.miheapp.secretspace
03-13 10:00:05.116 4700 4700 D nativeloader: Load /data/user/0/com.hello.miheapp.secretspace/sandbox/data/app/com.dts.freefiremax/ lib/libmain.so using ns clns-8 from class loader (caller=/data/user/0/com.hello.miheapp.secretspace/sandbox/data/app/ com.dts.freefiremax/base.apk): ok
03-13 10:00:05.118 20010 4538 E gralloc4: Empty SMPTE 2094-40 data
03-13 10:00:05.117 4700 4700 W dts.freefiremax: type=1400 audit(0.0:13473): avc: granted { execute } for path="/data/data/com.hello.miheapp.secretspace/sandbox/data/app/com.dts.freefiremax /lib/libunity.so" dev="dm-41" ino=590559 scontext=u:r:untrusted_app:s0:c57,c258,c512,c768 tcontext=u:object_r:app_data_file:s0:c57,c258,c512,c768 tclass=file app=com.hello.miheapp.secretspace
03-13 10:00:05.148 20010 4538 E gralloc4: Empty SMPTE 2094-40 data
03-13 10:00:05.164 20010 4538 E gralloc4: Empty SMPTE 2094-40 data
03-13 10:00:05.166 4700 4700 I SurfaceFactory: [static] sSurfaceFactory = com.mediatek.view.impl.SurfaceFactoryImpl@1eccbb
03-13 10:00:05.172 4700 4700 D IS_CTS_MODE: false
03-13 10:00:05.172 4700 4700 D MULTI_WINDOW_ENABLED: false
03-13 10:00:05.173 20010 4538 E gralloc4: Empty SMPTE 2094-40 data
03-13 10:00:05.179 4700 4700 D DecorView[]: getWindowModeFromSystem windowmode is 1
03-13 10:00:05.185 20010 4538 E gralloc4: Empty SMPTE 2094-40 data
03-13 10:00:05.186 20197 20209 D ChimeraServiceProvider: serviceIntentCall: com.google.android.gms.games.internal.connect.service.START -> Intent { act=com.google.android.gms.games.internal.connect.service.START pkg=com.google.android.gms cmp=com.google.android.gms/org.microg.gms.games.GamesConnectService }
03-13 10:00:05.193 20010 4538 E gralloc4: Empty SMPTE 2094-40 data
03-13 10:00:05.204 20010 4538 E gralloc4: Empty SMPTE 2094-40 data
03-13 10:00:05.215 20010 4538 E gralloc4: Empty SMPTE 2094-40 data
03-13 10:00:05.227 20010 4538 E gralloc4: Empty SMPTE 2094-40 data
03-13 10:00:05.228 20197 20197 D GamesConnectService: onBind: Intent { act=com.google.android.gms.games.internal.connect.service.START pkg=com.google.android.gms cmp=com.google.android.gms/org.microg.gms.games.GamesConnectService }
03-13 10:00:05.229 4700 4700 I MSYNC3-VariableRefreshRate: Variable refreshrate is disabled
03-13 10:00:05.230 4700 4804 D nativeloader: Load libpowerhalwrap_jni.so using system ns (caller=/system/framework/mediatek-framework.jar): ok
03-13 10:00:05.230 4700 4804 I PowerHalWrapper: PowerHalWrapper.getInstance
03-13 10:00:05.236 20010 4538 E gralloc4: Empty SMPTE 2094-40 data
03-13 10:00:05.239 20197 20209 D MeasurementService: sendCurrentScreen(3842639553682995828, null, FFMainActivity, com.dts.freefiremax)
03-13 10:00:05.241 4700 4806 W libc : Access denied finding property "ro.vendor.display.iris_x7.support"
03-13 10:00:05.245 4700 4700 I ForceDarkHelperStubImpl: setViewRootImplForceDark: false for com.dts.freefireth.FFMainActivity@1c4b406, reason: AppDarkModeEnable
03-13 10:00:05.245 4700 4700 D VRI[FFMainActivity]: hardware acceleration = true, forceHwAccelerated = false
03-13 10:00:05.249 20010 4538 E gralloc4: Empty SMPTE 2094-40 data
03-13 10:00:05.251 4700 4700 D libMEOW : meow new tls: 0x74a5719200
03-13 10:00:05.252 4700 4700 D libMEOW : meow reload base cfg path: na
03-13 10:00:05.252 4700 4700 D libMEOW : meow reload overlay cfg path: na
03-13 10:00:05.252 4700 4700 W QT : qt_process_init() called
03-13 10:00:05.252 4700 4700 E QT : [QT]file does not exist
03-13 10:00:05.252 4700 4700 W QT : Support!!
03-13 10:00:05.252 4700 4700 E QT : [QT]file does not exist
03-13 10:00:05.252 4700 4700 D libMEOW : applied 1 plugins for [com.dts.freefiremax]:
03-13 10:00:05.252 4700 4700 D libMEOW : plugin 1: [libMEOW_gift.so]:
03-13 10:00:05.257 4700 4700 W Looper : PerfMonitor looperActivity : package=com.dts.freefiremax/com.dts.freefireth.FFMainActivity time=1ms latency=308ms procState=-1 historyMsgCount=1
