03-13 10:00:24.403 4700 4712 F .secretspace:p1: verification.cc:124] [MemMap: 0x75dcc93000+0x64P prot=0x3 indirect ref table]
03-13 10:00:24.403 4700 4712 F .secretspace:p1: verification.cc:124] [MemMap: 0x75e32a8000+0x20P~0x1bP+0x20P prot=0x3 CompilerMetadata]
03-13 10:00:24.403 4700 4712 F .secretspace:p1: verification.cc:124] [MemMap: 0x75e33e8000+0x20P~0xf5P+0x20P~0xd3P+0x20P~0x5cP+0x20P~0x29P+0x20P~0x2b6P+0x20P~0x1 3P+0x20P~0x110P+0x20P~0x60P+0x20P~0x15aP+0x20P prot=0x3 LinearAlloc]
03-13 10:00:24.403 4700 4712 F .secretspace:p1: verification.cc:124] [MemMap: 0x75e3d21000+0x20P~0x4797P+0x20P~0x3aP+0x20P~0x67P+0x20P~0x1aP+0x20P~0x21P+0x40P(2) ~0x351P+0x20P~0x381bP+0x40P(2) prot=0x3 LinearAlloc]
03-13 10:00:24.403 4700 4712 F .secretspace:p1: verification.cc:124] [MemMap: 0x75ec28b000+0x20P~0x1bP+0x20P prot=0x3 CompilerMetadata]
03-13 10:00:24.403 4700 4712 F .secretspace:p1: verification.cc:124] [MemMap: 0x75ec3e0000+0x20P~0x2a20P+0x20P~0x1d1P+0x20P~0x331P+0x40P(2)~0x1cP+0x20P prot=0x3 LinearAlloc]
03-13 10:00:24.403 4700 4712 F .secretspace:p1: verification.cc:124] [MemMap: 0x75f1f85000+0x11P prot=0x1 classes.dex mapped directly in memory from /system/framework/MiuiBooster.jar]
03-13 10:00:24.403 4700 4712 F .secretspace:p1: verification.cc:124] [MemMap: 0x75f2173000+0x20P~0x2a8aP+0x20P~0x1ffP+0x20P~0x71dP+0x20P~0x8P+0x20P prot=0x3 LinearAlloc]
03-13 10:00:24.403 4700 4712 F .secretspace:p1: verification.cc:124] [MemMap: 0x75f7b58000+0x7P prot=0x1 classes.dex mapped directly in memory from /system/framework/com.android.location.provider.jar]
03-13 10:00:24.403 4700 4712 F .secretspace:p1: verification.cc:124] [MemMap: 0x75f7b68000+0x40P(2) prot=0x3 LinearAlloc]
03-13 10:00:24.404 4700 4712 F .secretspace:p1: verification.cc:124] [MemMap: 0x75f7c39000+0x40P(2) prot=0x3 CompilerMetadata]
03-13 10:00:24.404 4700 4712 F .secretspace:p1: verification.cc:124] [MemMap: 0x75f7cf3000+0x20P prot=0x3 LinearAlloc]
03-13 10:00:24.404 4700 4712 F .secretspace:p1: verification.cc:124] [MemMap: 0x75f7d41000+0x4P prot=0x1 classes.dex mapped directly in memory from /system_ext/framework/miui-framework-pointer-pad.jar]
03-13 10:00:24.404 4700 4712 F .secretspace:p1: verification.cc:124] [MemMap: 0x75f7d7e000+0x6P prot=0x1 DEX data]
03-13 10:00:24.404 4700 4712 F .secretspace:p1: verification.cc:124] [MemMap: 0x75f7da6000+0x20P prot=0x3 LinearAlloc]
03-13 10:00:24.404 4700 4712 F .secretspace:p1: verification.cc:124] [MemMap: 0x75f7e00000+0x4P~0x19bP+0x2P~0x48P+0x3P prot=0x1 DEX data]
03-13 10:00:24.404 4700 4712 F .secretspace:p1: verification.cc:124] [MemMap: 0x75f7ffe000+0x20P prot=0x3 LinearAlloc]
03-13 10:00:24.404 4700 4712 F .secretspace:p1: verification.cc:124] [MemMap: 0x75f8075000+0x1P~0x73P+0x1P prot=0x3 local ref table]
03-13 10:00:24.404 4700 4712 F .secretspace:p1: verification.cc:124] [MemMap: 0x75f8181000+0x1P prot=0x3 /system_ext/framework/oat/arm64/miui-framework-pointer- pad.vdex]
03-13 10:00:24.404 4700 4712 F .secretspace:p1: verification.cc:124] [MemMap: 0x75f8192000+0x6P prot=0x1 /data/app/~~1Bk6MROiQfGvVpSFz9OLnQ==/com.hello.miheapp.secretspace- JmIjTfn7MY8hPq_HPSN-Qg==/oat/arm64/base.art]
03-13 10:00:24.404 4700 4712 F .secretspace:p1: verification.cc:124] [MemMap: 0x75f81ab000+0x20P prot=0x3 LinearAlloc]
03-13 10:00:24.404 4700 4712 F .secretspace:p1: verification.cc:124] [MemMap: 0x75f82f4000+0x1P prot=0x3 local ref table]
03-13 10:00:24.404 4700 4712 F .secretspace:p1: verification.cc:124] [MemMap: 0x75f82f5000+0x1P prot=0x3 /system/framework/oat/arm64/MiuiBooster.vdex]
03-13 10:00:24.404 4700 4712 F .secretspace:p1: verification.cc:124] [MemMap: 0x75f8375000+0x1P prot=0x3 local ref table]
03-13 10:00:24.404 4700 4712 F .secretspace:p1: verification.cc:124] [MemMap: 0x75f83a0000+0x20P prot=0x3 LinearAlloc]
03-13 10:00:24.404 4700 4712 F .secretspace:p1: verification.cc:124] [MemMap: 0x75f8437000+0x2P(2) prot=0x3 local ref table]
03-13 10:00:24.404 4700 4712 F .secretspace:p1: verification.cc:124] [MemMap: 0x75f843a000+0x9P prot=0x1 classes.dex mapped directly in memory from /system/framework/android.test.base.jar]
03-13 10:00:24.404 4700 4712 F .secretspace:p1: verification.cc:124] [MemMap: 0x75f852a000+0x20P prot=0x3 LinearAlloc]
03-13 10:00:24.404 4700 4712 F .secretspace:p1: verification.cc:124] [MemMap: 0x75f8595000+0x8P prot=0x1 classes.dex mapped directly in memory from /system/framework/android.hidl.manager-V1.0-java.jar]
03-13 10:00:24.404 4700 4712 F .secretspace:p1: verification.cc:124] [MemMap: 0x75f859d000+0x4P prot=0x1 classes.dex mapped directly in memory from /system/framework/android.hidl.base-V1.0-java.jar]
03-13 10:00:24.404 4700 4712 F .secretspace:p1: verification.cc:124] [MemMap: 0x75f860d000+0x20P prot=0x3 LinearAlloc]
03-13 10:00:24.404 4700 4712 F .secretspace:p1: verification.cc:124] [MemMap: 0x75f8681000+0x2cP(11)~0x9P+0x10P(4) prot=0x3 thread local mark stack]
03-13 10:00:24.404 4700 4712 F .secretspace:p1: verification.cc:124] [MemMap: 0x75f871d000+0x1P prot=0x1 /data/misc/apexdata/com.android.art/dalvik-cache/arm64/system@[email protected] [email protected]]
03-13 10:00:24.404 4700 4712 F .secretspace:p1: verification.cc:124] [MemMap: 0x75f871e000+0x1P prot=0x3 local ref table]
03-13 10:00:24.404 4700 4712 F .secretspace:p1: verification.cc:124] [MemMap: 0x75f8720000+0x20P(8) prot=0x3 thread local mark stack]
03-13 10:00:24.404 4700 4712 F .secretspace:p1: verification.cc:124] [MemMap: 0x75f877d000+0x2P(2) prot=0x3 local ref table]
03-13 10:00:24.404 4700 4712 F .secretspace:p1: verification.cc:124] [MemMap: 0x75f8780000+0x38P(14)~0x444P+0x4P~0x401P+0x60P(24)~0x3cP+0x34P(13)~0xa4P+0x18P(6)~ 0x31P+0x1cP(7)~0x20P+0x24P(9)~0x12P+0x2cP(11) prot=0x3 thread local mark stack]
03-13 10:00:24.404 4700 4712 F .secretspace:p1: verification.cc:124] [MemMap: 0x75f92b8000+0x1P prot=0x3 mod union bitmap]
03-13 10:00:24.404 4700 4712 F .secretspace:p1: verification.cc:124] [MemMap: 0x75f92ba000+0x14P(5)~0xb4P+0x54P(21)~0x16P+0x14P(5)~0x3a03P+0x58P(22)~0x26P+0x1cP( 7)~0x53P+0x24P(9)~0x11P+0x2cP(11)~0x8P+0x44P(17)~0x43P+0x20P(8)~0x3a00P+0x54P(21) prot=0x3 thread local mark stack]
03-13 10:00:24.404 4700 4712 F .secretspace:p1: verification.cc:124] [MemMap: 0x7600a68000+0x24P(9)~0x168P+0x18P(6)~0x3P+0x40P(16) prot=0x3 thread local mark stack]
03-13 10:00:24.404 4700 4712 F .secretspace:p1: verification.cc:124] [MemMap: 0x7600da2000+0x49P prot=0x1 classes.dex mapped directly in memory from /apex/com.android.ondevicepersonalization/javalib/framework- ondevicepersonalization.jar]
03-13 10:00:24.404 4700 4712 F .secretspace:p1: verification.cc:124] [MemMap: 0x7600df2000+0x20P(8)~0x31P+0x4P~0x1fP+0x20P(8)~0x33P+0x34P(13)~0x4P+0x38P(14)~0xeP +0x1cP(7)~0xeP+0x30P(12)~0x1fP+0x1cP(7) prot=0x3 thread local mark stack]
03-13 10:00:24.404 4700 4712 F .secretspace:p1: verification.cc:124] [MemMap: 0x7600ffa000+0x1P prot=0x3 /system/framework/oat/arm64/android.test.base.vdex]
03-13 10:00:24.404 4700 4712 F .secretspace:p1: verification.cc:124] [MemMap: 0x7600ffb000+0x34P(13) prot=0x3 thread local mark stack]
03-13 10:00:24.404 4700 4712 F .secretspace:p1: verification.cc:124] [MemMap: 0x760103a000+0x1P prot=0x3 /system/framework/oat/arm64/android.hidl.manager-V1.0- java.vdex]
03-13 10:00:24.404 4700 4712 F .secretspace:p1: verification.cc:124] [MemMap: 0x760103b000+0x1P prot=0x3 /system/framework/oat/arm64/android.hidl.base-V1.0- java.vdex]
03-13 10:00:24.404 4700 4712 F .secretspace:p1: verification.cc:124] [MemMap: 0x760103c000+0x14P(5)~0x62P+0x10P(4)~0x30P+0x10P(4)~0x1cP+0x24P(9)~0x29P+0x40P(16) prot=0x3 thread local mark stack]
03-13 10:00:24.404 4700 4712 F .secretspace:p1: verification.cc:124] [MemMap: 0x76011ee000+0x40P prot=0x3 mark stack]
03-13 10:00:24.404 4700 4712 F .secretspace:p1: verification.cc:124] [MemMap: 0x76012b7000+0x34P(13)~0x10P+0x1cP(7)~0xcP+0x10P(4)~0x45P+0x1cP(7)~0x5P+0x30P(12)~0 x16P+0x30P(12)~0x19P+0x18P(6)~0xfeP+0x38P(14)~0x7P+0x8P(2)~0x15P+0x30P(12) prot=0x3 thread local mark stack]
03-13 10:00:24.404 4700 4712 F .secretspace:p1: verification.cc:124] [MemMap: 0x76015ce000+0x64P prot=0x1 classes.dex mapped directly in memory from /apex/com.android.art/javalib/okhttp.jar]
03-13 10:00:24.404 4700 4712 F .secretspace:p1: verification.cc:124] [MemMap: 0x7601635000+0x3cP(15) prot=0x3 thread local mark stack]
03-13 10:00:24.404 4700 4712 F .secretspace:p1: verification.cc:124] [MemMap: 0x7601671000+0x8dP prot=0x1 classes.dex mapped directly in memory from /apex/com.android.art/javalib/core-libart.jar]
03-13 10:00:24.404 4700 4712 F .secretspace:p1: verification.cc:124] [MemMap: 0x7601702000+0x4P prot=0x3 thread local mark stack]
03-13 10:00:24.404 4700 4712 F .secretspace:p1: verification.cc:124] [MemMap: 0x7601706000+0x54P prot=0x1 classes.dex mapped directly in memory from /apex/com.android.appsearch/javalib/framework-appsearch.jar]
03-13 10:00:24.404 4700 4712 F .secretspace:p1: verification.cc:124] [MemMap: 0x760175e000+0x4P prot=0x3 thread local mark stack]
03-13 10:00:24.404 4700 4712 F .secretspace:p1: verification.cc:124] [MemMap: 0x7601762000+0x20P prot=0x3 large marked objects]
03-13 10:00:24.404 4700 4712 F .secretspace:p1: verification.cc:124] [MemMap: 0x76017ab000+0x40P prot=0x1 classes.dex mapped directly in memory from /apex/com.android.permission/javalib/framework-permission-s.jar]
03-13 10:00:24.404 4700 4712 F .secretspace:p1: verification.cc:124] [MemMap: 0x7601803000+0x4P~0x2bP+0x18P(6) prot=0x3 thread local mark stack]
03-13 10:00:24.404 4700 4712 F .secretspace:p1: verification.cc:124] [MemMap: 0x760184a000+0x20P prot=0x3 large live objects]
03-13 10:00:24.404 4700 4712 F .secretspace:p1: verification.cc:124] [MemMap: 0x760186d000+0x18P(6) prot=0x3 thread local mark stack]
03-13 10:00:24.404 4700 4712 F .secretspace:p1: verification.cc:124] [MemMap: 0x7601885000+0x45P prot=0x1 classes.dex mapped directly in memory from /system/framework/mediatek-telephony-base.jar]
03-13 10:00:24.404 4700 4712 F .secretspace:p1: verification.cc:124] [MemMap: 0x760190e000+0x4P prot=0x3 thread local mark stack]
03-13 10:00:24.404 4700 4712 F .secretspace:p1: verification.cc:124] [MemMap: 0x7601912000+0x19P prot=0x1 classes.dex mapped directly in memory from /apex/com.android.uwb/javalib/framework-uwb.jar]
03-13 10:00:24.404 4700 4712 F .secretspace:p1: verification.cc:124] [MemMap: 0x760192b000+0x1aP prot=0x1 classes.dex mapped directly in memory from /apex/com.android.os.statsd/javalib/framework-statsd.jar]
03-13 10:00:24.404 4700 4712 F .secretspace:p1: verification.cc:124] [MemMap: 0x7601949000+0x15P prot=0x1 classes.dex mapped directly in memory from /apex/com.android.tethering/javalib/framework-tethering.jar]
03-13 10:00:24.404 4700 4712 F .secretspace:p1: verification.cc:124] [MemMap: 0x760195e000+0x28P prot=0x1 classes.dex mapped directly in memory from /apex/com.android.mediaprovider/javalib/framework-mediaprovider.jar]
03-13 10:00:24.404 4700 4712 F .secretspace:p1: verification.cc:124] [MemMap: 0x760199d000+0x8P(2) prot=0x3 thread local mark stack]
03-13 10:00:24.404 4700 4712 F .secretspace:p1: verification.cc:124] [MemMap: 0x76019a5000+0xeP prot=0x1 classes.dex mapped directly in memory from /apex/com.android.mediaprovider/javalib/framework-photopicker.jar]
03-13 10:00:24.404 4700 4712 F .secretspace:p1: verification.cc:124] [MemMap: 0x76019b3000+0x1aP prot=0x1 classes.dex mapped directly in memory from /apex/com.android.adservices/javalib/framework-sdksandbox.jar]
03-13 10:00:24.404 4700 4712 F .secretspace:p1: verification.cc:124] [MemMap: 0x76019d0000+0x8P(2) prot=0x3 thread local mark stack]
03-13 10:00:24.404 4700 4712 F .secretspace:p1: verification.cc:124] [MemMap: 0x76019d8000+0x46P prot=0x1 classes.dex mapped directly in memory from /system/framework/ext.jar]
03-13 10:00:24.404 4700 4712 F .secretspace:p1: verification.cc:124] [MemMap: 0x7601a2b000+0x17P prot=0x1 classes.dex mapped directly in memory from /apex/com.android.mediaprovider/javalib/framework-pdf.jar]
03-13 10:00:24.404 4700 4712 F .secretspace:p1: verification.cc:124] [MemMap: 0x7601a42000+0xcP prot=0x1 /data/misc/apexdata/com.android.art/dalvik-cache/arm64/boot-framework- adservices.art]
03-13 10:00:24.404 4700 4712 F .secretspace:p1: verification.cc:124] [MemMap: 0x7601a50000+0x17P prot=0x1 classes.dex mapped directly in memory from /system/framework/mediatek-common.jar]
03-13 10:00:24.404 4700 4712 F .secretspace:p1: verification.cc:124] [MemMap: 0x7601a67000+0x27P prot=0x1 /data/misc/apexdata/com.android.art/dalvik-cache/arm64/boot.art]
03-13 10:00:24.404 4700 4712 F .secretspace:p1: verification.cc:124] [MemMap: 0x7601ab3000+0x2P prot=0x3 concurrent copying sweep array free buffer]
03-13 10:00:24.404 4700 4712 F .secretspace:p1: verification.cc:124] [MemMap: 0x7601ab5000+0x11P prot=0x1 classes.dex mapped directly in memory from /system/framework/mediatek-ims-base.jar]
03-13 10:00:24.404 4700 4712 F .secretspace:p1: verification.cc:124] [MemMap: 0x7601b54000+0x2P prot=0x3 concurrent copying sweep array free buffer]
03-13 10:00:24.404 4700 4712 F .secretspace:p1: verification.cc:124] [MemMap: 0x7601b56000+0x8P(2) prot=0x3 thread local mark stack]
03-13 10:00:24.404 4700 4712 F .secretspace:p1: verification.cc:124] [MemMap: 0x7601bc4000+0x3P prot=0x3 /system/framework/oat/arm64/org.apache.http.legacy.vdex]
03-13 10:00:24.404 4700 4712 F .secretspace:p1: verification.cc:124] [MemMap: 0x7601be4000+0x13P prot=0x1 classes.dex mapped directly in memory from /system/framework/mediatek-ims-common.jar]
03-13 10:00:24.404 4700 4712 F .secretspace:p1: verification.cc:124] [MemMap: 0x7601cf9000+0x2P prot=0x1 classes.dex mapped directly in memory from /apex/com.android.sdkext/javalib/framework-sdkextensions.jar]
03-13 10:00:24.404 4700 4712 F .secretspace:p1: verification.cc:124] [MemMap: 0x7601d0b000+0x8P prot=0x1 classes.dex mapped directly in memory from /system/framework/mediatek-telecom-common.jar]
03-13 10:00:24.404 4700 4712 F .secretspace:p1: verification.cc:124] [MemMap: 0x7601fa3000+0x4P prot=0x1 classes.dex mapped directly in memory from /apex/com.android.scheduling/javalib/framework-scheduling.jar]
03-13 10:00:24.404 4700 4712 F .secretspace:p1: verification.cc:124] [MemMap: 0x76020d7000+0x4P prot=0x1 classes.dex mapped directly in memory from /system/framework/mediatek-carrier-config-manager.jar]
03-13 10:00:24.404 4700 4712 F .secretspace:p1: verification.cc:124] [MemMap: 0x76020de000+0x1P prot=0x3 local ref table]
03-13 10:00:24.404 4700 4712 F .secretspace:p1: verification.cc:124] [MemMap: 0x76020e2000+0x1P prot=0x1 classes.dex mapped directly in memory from /apex/com.android.permission/javalib/framework-permission.jar]
03-13 10:00:24.404 4700 4712 F .secretspace:p1: verification.cc:124] [MemMap: 0x760329e000+0x1P prot=0x1 classes.dex mapped directly in memory from /system/framework/framework-graphics.jar]
03-13 10:00:24.404 4700 4712 F .secretspace:p1: verification.cc:124] [MemMap: 0x760329f000+0x1P prot=0x3 local ref table]
03-13 10:00:24.404 4700 4712 F .secretspace:p1: verification.cc:124]
03-13 10:00:24.406 20010 4538 E gralloc4: Empty SMPTE 2094-40 data
03-13 10:00:24.406 20010 4538 D BLASTBufferQueue: [VRI[HomeAct]#9](f:0,a:1) acquireNextBufferLocked size=1256x2576 mFrameNumber=1 applyTransaction=true mTimestamp=6347789492453(auto) mPendingTransactions.size=0 graphicBufferId=85942295592993 transform=0
03-13 10:00:24.418 20010 20010 D VRI[HomeAct]: vri.reportDrawFinished syncSeqId=0 android.view.ViewRootImpl.lambda$createSyncIfNeeded$4$android-view- ViewRootImpl:4021 android.view.ViewRootImpl$$ExternalSyntheticLambda1.run:6 android.os.Handler.handleCallback:942 android.os.Handler.dispatchMessage:99 android.os.Looper.loopOnce:211
03-13 10:00:24.438 20010 20097 D SessionLifecycleClient: Sending lifecycle 1 to service
03-13 10:00:24.438 20010 20385 D SessionLifecycleService: Activity foregrounding at 6347821.
03-13 10:00:24.440 20010 20361 I MATDBManager: sqllite db insert success! insert row id:68
03-13 10:00:24.441 20010 20361 I MATDBManager: sqllite db capacity:1
03-13 10:00:24.444 20010 20010 D ScrollerOptimizationManager: registerConfigChangedListener
03-13 10:00:24.445 20010 20010 D IS_CTS_MODE: false
03-13 10:00:24.445 20010 20010 D MULTI_WINDOW_ENABLED: false
03-13 10:00:24.451 20010 4538 W libc : Access denied finding property "ro.vendor.display.iris_x7.support"
03-13 10:00:24.452 20010 20010 I ForceDarkHelperStubImpl: setViewRootImplForceDark: false for com.hello.sandbox.ui.home.HomeAct@dfbbb31, reason: AppDarkModeEnable
03-13 10:00:24.452 20010 20010 D VRI[HomeAct]: hardware acceleration = true, forceHwAccelerated = false
03-13 10:00:24.452 20010 20010 D DecorView[]: updateDecorCaptionStatus windowMode is 1
03-13 10:00:24.504 20010 20010 D BufferQueueConsumer: [](id:4e2a0000000a,api:0,p:- 1,c:20010) connect: controlledByApp=false
03-13 10:00:24.505 20010 20010 D VRI[HomeAct]: vri.reportNextDraw android.view.ViewRootImpl.performTraversals:3953 android.view.ViewRootImpl.doTraversal:2674 android.view.ViewRootImpl$TraversalRunnable.run:9867 android.view.Choreographer$CallbackRecord.run:1431 android.view.Choreographer$CallbackRecord.run:1439
03-13 10:00:24.505 20010 20010 D VRI[HomeAct]: vri.Setup new sync id=2 syncSeqId=0
03-13 10:00:24.512 20010 4538 E gralloc4: Empty SMPTE 2094-40 data
03-13 10:00:24.512 20010 4538 D BLASTBufferQueue: [VRI[HomeAct]#10](f:0,a:1) acquireNextBufferLocked size=1080x2400 mFrameNumber=1 applyTransaction=true mTimestamp=6347895527299(auto) mPendingTransactions.size=0 graphicBufferId=85942295592995 transform=0
03-13 10:00:24.520 20010 20010 D BufferQueueConsumer: [](id:4e2a0000000b,api:0,p:- 1,c:20010) connect: controlledByApp=false
03-13 10:00:24.521 20010 20010 I ForceDarkHelperStubImpl: setViewRootImplForceDark: false for com.hello.sandbox.ui.home.HomeAct@dfbbb31, reason: AppDarkModeEnable
03-13 10:00:24.523 20010 20010 D VRI[HomeAct]: vri.reportNextDraw android.view.ViewRootImpl.performTraversals:3953 android.view.ViewRootImpl.doTraversal:2674 android.view.ViewRootImpl$TraversalRunnable.run:9867 android.view.Choreographer$CallbackRecord.run:1431 android.view.Choreographer$CallbackRecord.run:1439
03-13 10:00:24.523 20010 20010 D VRI[HomeAct]: vri.Setup new sync id=0 syncSeqId=0
03-13 10:00:24.529 20010 4538 E gralloc4: Empty SMPTE 2094-40 data
03-13 10:00:24.529 20010 4538 D BLASTBufferQueue: [VRI[HomeAct]#11](f:0,a:1) acquireNextBufferLocked size=1256x2576 mFrameNumber=1 applyTransaction=true mTimestamp=6347911908453(auto) mPendingTransactions.size=0 graphicBufferId=85942295592997 transform=0
03-13 10:00:24.530 20010 4538 W Parcel : Expecting binder but got null!
03-13 10:00:24.530 20010 20010 D VRI[HomeAct]: vri.reportDrawFinished syncSeqId=0 android.view.ViewRootImpl.lambda$createSyncIfNeeded$4$android-view- ViewRootImpl:4021 android.view.ViewRootImpl$$ExternalSyntheticLambda1.run:6 android.os.Handler.handleCallback:942 android.os.Handler.dispatchMessage:99 android.os.Looper.loopOnce:211
03-13 10:00:24.531 20010 20010 D VRI[HomeAct]: vri.reportDrawFinished syncSeqId=0 android.view.ViewRootImpl.lambda$createSyncIfNeeded$4$android-view- ViewRootImpl:4021 android.view.ViewRootImpl$$ExternalSyntheticLambda1.run:6 android.os.Handler.handleCallback:942 android.os.Handler.dispatchMessage:99 android.os.Looper.loopOnce:211
03-13 10:00:24.532 20010 20010 I InsetsControllerImpl: change fadeInDuration from 500ms to 750ms for the lowmem and middle device
03-13 10:00:24.533 20010 20010 D VRI[HomeAct]: vri.reportNextDraw android.view.ViewRootImpl.handleResized:2047 android.view.ViewRootImpl.-$ $Nest$mhandleResized:0 android.view.ViewRootImpl$ViewRootHandler.handleMessageImpl:6120 android.view.ViewRootImpl$ViewRootHandler.handleMessage:6084 android.os.Handler.dispatchMessage:106
03-13 10:00:24.537 20010 20110 D SessionLifecycleClient: Sending lifecycle 2 to service
03-13 10:00:24.537 20010 20385 D SessionLifecycleService: Activity backgrounding at 6347920
03-13 10:00:24.560 20010 20010 D VRI[HomeAct]: vri.Setup new sync id=2 syncSeqId=0
03-13 10:00:24.563 20010 4538 E gralloc4: Empty SMPTE 2094-40 data
03-13 10:00:24.571 20010 4538 E gralloc4: Empty SMPTE 2094-40 data
03-13 10:00:24.574 20010 20010 D VRI[HomeAct]: vri.reportDrawFinished syncSeqId=0 android.view.ViewRootImpl.lambda$createSyncIfNeeded$4$android-view- ViewRootImpl:4021 android.view.ViewRootImpl$$ExternalSyntheticLambda1.run:6 android.os.Handler.handleCallback:942 android.os.Handler.dispatchMessage:99 android.os.Looper.loopOnce:211
03-13 10:00:24.579 20010 4538 E gralloc4: Empty SMPTE 2094-40 data
03-13 10:00:24.579 20010 5046 D libMEOW : meow new tls: 0x748b370d40
03-13 10:00:24.579 20010 5046 D libMEOW : applied 1 plugins for [com.hello.miheapp.secretspace]:
03-13 10:00:24.579 20010 5046 D libMEOW : plugin 1: [libMEOW_gift.so]:
03-13 10:00:24.580 20010 5046 D libMEOW : meow delete tls: 0x748b370d40
03-13 10:00:24.592 20010 20010 D IS_CTS_MODE: false
03-13 10:00:24.592 20010 20010 D MULTI_WINDOW_ENABLED: false
03-13 10:00:24.593 20010 20010 D DecorView[]: getWindowModeFromSystem windowmode is 1
03-13 10:00:24.597 20010 20010 D ScrollerOptimizationManager: registerConfigChangedListener
03-13 10:00:24.644 20010 20097 D SessionLifecycleClient: Sending lifecycle 1 to service
03-13 10:00:24.644 20010 20385 D SessionLifecycleService: Activity foregrounding at 6348027.
03-13 10:00:24.647 20010 4538 W libc : Access denied finding property "ro.vendor.display.iris_x7.support"
03-13 10:00:24.647 20010 20010 I ForceDarkHelperStubImpl: setViewRootImplForceDark: false for com.hello.sandbox.ui.lock.AppLockActivity@9621238, reason: AppDarkModeEnable
03-13 10:00:24.648 20010 20010 D VRI[AppLockActivity]: hardware acceleration = true, forceHwAccelerated = false
03-13 10:00:24.677 20010 20010 D BufferQueueConsumer: [](id:4e2a0000000c,api:0,p:- 1,c:20010) connect: controlledByApp=false
03-13 10:00:24.698 20010 20010 D VRI[AppLockActivity]: vri.reportNextDraw android.view.ViewRootImpl.performTraversals:3953 android.view.ViewRootImpl.doTraversal:2674 android.view.ViewRootImpl$TraversalRunnable.run:9867 android.view.Choreographer$CallbackRecord.run:1431 android.view.Choreographer$CallbackRecord.run:1439
03-13 10:00:24.699 20010 20010 D VRI[AppLockActivity]: vri.Setup new sync id=0 syncSeqId=0
03-13 10:00:24.714 4700 4700 D BLASTBufferQueue: [VRI[UnityDownloaderActivity]#2] (f:0,a:1) destructor()
03-13 10:00:24.714 4700 4700 D BufferQueueConsumer: [VRI[UnityDownloaderActivity]#2(BLAST Consumer)2](id:125c00000002,api:0,p:- 1,c:4700) disconnect
03-13 10:00:24.717 20010 4538 E gralloc4: Empty SMPTE 2094-40 data
03-13 10:00:24.717 20010 4538 D BLASTBufferQueue: [VRI[AppLockActivity]#12] (f:0,a:1) acquireNextBufferLocked size=1080x2400 mFrameNumber=1 applyTransaction=true mTimestamp=6348099700838(auto) mPendingTransactions.size=0 graphicBufferId=85942295593002 transform=0
03-13 10:00:24.718 20010 4538 W Parcel : Expecting binder but got null!
03-13 10:00:24.719 20010 4538 D BLASTBufferQueue: [VRI[HomeAct]#10](f:0,a:1) destructor()
03-13 10:00:24.719 20010 4538 D BufferQueueConsumer: [VRI[HomeAct]#10(BLAST Consumer)10](id:4e2a0000000a,api:0,p:-1,c:20010) disconnect
03-13 10:00:24.727 20010 20010 D VRI[AppLockActivity]: vri.reportDrawFinished syncSeqId=0 android.view.ViewRootImpl.lambda$createSyncIfNeeded$4$android-view- ViewRootImpl:4021 android.view.ViewRootImpl$$ExternalSyntheticLambda1.run:6 android.os.Handler.handleCallback:942 android.os.Handler.dispatchMessage:99 android.os.Looper.loopOnce:211
03-13 10:00:24.747 20010 20010 I InsetsControllerImpl: change fadeInDuration from 500ms to 750ms for the lowmem and middle device
03-13 10:00:24.747 20010 20010 D VRI[AppLockActivity]: vri.reportNextDraw android.view.ViewRootImpl.handleResized:2047 android.view.ViewRootImpl.-$ $Nest$mhandleResized:0 android.view.ViewRootImpl$ViewRootHandler.handleMessageImpl:6120 android.view.ViewRootImpl$ViewRootHandler.handleMessage:6084 android.os.Handler.dispatchMessage:106
03-13 10:00:24.748 20010 20010 D VRI[AppLockActivity]: vri.Setup new sync id=1 syncSeqId=0
03-13 10:00:24.749 20010 20361 I MATDBManager: sqllite db insert success! insert row id:69
03-13 10:00:24.749 20010 4538 E gralloc4: Empty SMPTE 2094-40 data
03-13 10:00:24.749 20010 20361 I MATDBManager: sqllite db capacity:1
03-13 10:00:24.750 20010 20361 I MATDBManager: sqllite db insert success! insert row id:70
03-13 10:00:24.750 20010 20361 I MATDBManager: sqllite db capacity:2
03-13 10:00:24.759 20010 4538 E gralloc4: Empty SMPTE 2094-40 data
03-13 10:00:24.760 20010 20010 D VRI[AppLockActivity]: vri.reportDrawFinished syncSeqId=0 android.view.ViewRootImpl.lambda$createSyncIfNeeded$4$android-view- ViewRootImpl:4021 android.view.ViewRootImpl$$ExternalSyntheticLambda1.run:6 android.os.Handler.handleCallback:942 android.os.Handler.dispatchMessage:99 android.os.Looper.loopOnce:211
03-13 10:00:24.769 20010 4538 E gralloc4: Empty SMPTE 2094-40 data
03-13 10:00:24.769 20010 4538 W libc : Access denied finding property "ro.vendor.display.iris_x7.support"
03-13 10:00:24.769 20010 20010 I ForceDarkHelperStubImpl: setViewRootImplForceDark: false for com.hello.sandbox.ui.lock.AppLockActivity@9621238, reason: AppDarkModeEnable
03-13 10:00:24.769 20010 20010 D VRI[PopupWindow:e9e8563]: hardware acceleration = true, forceHwAccelerated = false
03-13 10:00:24.778 20010 20010 D DecorView[]: onWindowFocusChanged hasWindowFocus true
03-13 10:00:24.779 20010 20010 I HandWritingStubImpl: refreshLastKeyboardType: 1
03-13 10:00:24.779 20010 20010 I HandWritingStubImpl: getCurrentKeyboardType: 1
03-13 10:00:24.784 20010 4538 E gralloc4: Empty SMPTE 2094-40 data
03-13 10:00:24.785 20010 4538 D BLASTBufferQueue: [VRI[HomeAct]#11](f:0,a:1) destructor()
03-13 10:00:24.785 20010 4538 D BufferQueueConsumer: [VRI[HomeAct]#11(BLAST Consumer)11](id:4e2a0000000b,api:0,p:-1,c:20010) disconnect
03-13 10:00:24.796 20010 4538 D BLASTBufferQueue: [VRI[HomeAct]#9](f:0,a:1) destructor()
03-13 10:00:24.796 20010 4538 D BufferQueueConsumer: [VRI[HomeAct]#9(BLAST Consumer)9](id:4e2a00000009,api:0,p:-1,c:20010) disconnect
03-13 10:00:24.812 20010 20010 D BufferQueueConsumer: [](id:4e2a0000000d,api:0,p:- 1,c:20010) connect: controlledByApp=false
03-13 10:00:24.814 20010 20010 I ForceDarkHelperStubImpl: setViewRootImplForceDark: false for com.hello.sandbox.ui.lock.AppLockActivity@9621238, reason: AppDarkModeEnable
03-13 10:00:24.816 20010 20010 D VRI[PopupWindow:e9e8563]: vri.reportNextDraw android.view.ViewRootImpl.performTraversals:3953 android.view.ViewRootImpl.doTraversal:2674 android.view.ViewRootImpl$TraversalRunnable.run:9867 android.view.Choreographer$CallbackRecord.run:1431 android.view.Choreographer$CallbackRecord.run:1439
03-13 10:00:24.816 20010 20010 D VRI[PopupWindow:e9e8563]: vri.Setup new sync id=0 syncSeqId=0
03-13 10:00:24.818 20010 4538 E gralloc4: Empty SMPTE 2094-40 data
03-13 10:00:24.818 20010 4538 D BLASTBufferQueue: [VRI[PopupWindow:e9e8563]#13] (f:0,a:1) acquireNextBufferLocked size=1080x253 mFrameNumber=1 applyTransaction=true mTimestamp=6348201593761(auto) mPendingTransactions.size=0 graphicBufferId=85942295593004 transform=0
03-13 10:00:24.819 20010 4538 W Parcel : Expecting binder but got null!
03-13 10:00:24.820 20010 20010 D VRI[PopupWindow:e9e8563]: vri.reportDrawFinished syncSeqId=0 android.view.ViewRootImpl.lambda$createSyncIfNeeded$4$android-view- ViewRootImpl:4021 android.view.ViewRootImpl$$ExternalSyntheticLambda1.run:6 android.os.Handler.handleCallback:942 android.os.Handler.dispatchMessage:99 android.os.Looper.loopOnce:211
03-13 10:00:24.824 20010 4538 E gralloc4: Empty SMPTE 2094-40 data
03-13 10:00:24.826 20010 20010 D VRI[PopupWindow:e9e8563]: vri.reportNextDraw android.view.ViewRootImpl.handleResized:2047 android.view.ViewRootImpl.-$ $Nest$mhandleResized:0 android.view.ViewRootImpl$ViewRootHandler.handleMessageImpl:6120 android.view.ViewRootImpl$ViewRootHandler.handleMessage:6084 android.os.Handler.dispatchMessage:106
03-13 10:00:24.830 20010 4538 E gralloc4: Empty SMPTE 2094-40 data
03-13 10:00:24.831 20010 20010 D VRI[PopupWindow:e9e8563]: vri.Setup new sync id=1 syncSeqId=0
03-13 10:00:24.835 20010 4538 E gralloc4: Empty SMPTE 2094-40 data
03-13 10:00:24.836 20010 4538 E gralloc4: Empty SMPTE 2094-40 data
03-13 10:00:24.837 20010 20010 D VRI[PopupWindow:e9e8563]: vri.reportDrawFinished syncSeqId=0 android.view.ViewRootImpl.lambda$createSyncIfNeeded$4$android-view- ViewRootImpl:4021 android.view.ViewRootImpl$$ExternalSyntheticLambda1.run:6 android.os.Handler.handleCallback:942 android.os.Handler.dispatchMessage:99 android.os.Looper.loopOnce:211
03-13 10:00:24.844 20010 4538 E gralloc4: Empty SMPTE 2094-40 data
03-13 10:00:24.845 20010 4538 E gralloc4: Empty SMPTE 2094-40 data
03-13 10:00:24.855 20010 4538 E gralloc4: Empty SMPTE 2094-40 data
03-13 10:00:24.857 20010 4538 E gralloc4: Empty SMPTE 2094-40 data
03-13 10:00:24.864 20010 4538 E gralloc4: Empty SMPTE 2094-40 data
03-13 10:00:24.866 20010 4538 E gralloc4: Empty SMPTE 2094-40 data
03-13 10:00:24.875 20010 4538 E gralloc4: Empty SMPTE 2094-40 data
03-13 10:00:24.877 20010 4538 E gralloc4: Empty SMPTE 2094-40 data
03-13 10:00:24.886 20010 4538 E gralloc4: Empty SMPTE 2094-40 data
03-13 10:00:24.888 20010 4538 E gralloc4: Empty SMPTE 2094-40 data
03-13 10:00:24.897 20010 4538 E gralloc4: Empty SMPTE 2094-40 data
03-13 10:00:24.898 20010 4538 E gralloc4: Empty SMPTE 2094-40 data
03-13 10:00:24.909 20010 4538 E gralloc4: Empty SMPTE 2094-40 data
03-13 10:00:24.911 20010 4538 E gralloc4: Empty SMPTE 2094-40 data
03-13 10:00:24.920 20010 4538 E gralloc4: Empty SMPTE 2094-40 data
03-13 10:00:24.922 20010 4538 E gralloc4: Empty SMPTE 2094-40 data
03-13 10:00:24.931 20010 4538 E gralloc4: Empty SMPTE 2094-40 data
03-13 10:00:24.932 20010 4538 E gralloc4: Empty SMPTE 2094-40 data
03-13 10:00:24.942 20010 4538 E gralloc4: Empty SMPTE 2094-40 data
03-13 10:00:24.943 20010 4538 E gralloc4: Empty SMPTE 2094-40 data
03-13 10:00:24.954 20010 4538 E gralloc4: Empty SMPTE 2094-40 data
03-13 10:00:24.955 20010 4538 E gralloc4: Empty SMPTE 2094-40 data
03-13 10:00:24.964 20010 4538 E gralloc4: Empty SMPTE 2094-40 data
03-13 10:00:24.965 20010 4538 E gralloc4: Empty SMPTE 2094-40 data
03-13 10:00:24.975 20010 4538 E gralloc4: Empty SMPTE 2094-40 data
03-13 10:00:24.976 20010 4538 E gralloc4: Empty SMPTE 2094-40 data
03-13 10:00:24.987 20010 4538 E gralloc4: Empty SMPTE 2094-40 data
03-13 10:00:24.988 20010 4538 E gralloc4: Empty SMPTE 2094-40 data
03-13 10:00:24.997 20010 4538 E gralloc4: Empty SMPTE 2094-40 data
03-13 10:00:24.998 20010 4538 E gralloc4: Empty SMPTE 2094-40 data
03-13 10:00:25.008 20010 4538 E gralloc4: Empty SMPTE 2094-40 data
03-13 10:00:25.010 20010 4538 E gralloc4: Empty SMPTE 2094-40 data
03-13 10:00:25.020 20010 4538 E gralloc4: Empty SMPTE 2094-40 data
03-13 10:00:25.022 20010 4538 E gralloc4: Empty SMPTE 2094-40 data
03-13 10:00:25.032 20010 4538 E gralloc4: Empty SMPTE 2094-40 data
03-13 10:00:25.033 20010 4538 E gralloc4: Empty SMPTE 2094-40 data
03-13 10:00:25.041 20010 4538 E gralloc4: Empty SMPTE 2094-40 data
03-13 10:00:25.042 20010 4538 E gralloc4: Empty SMPTE 2094-40 data
03-13 10:00:25.052 20010 4538 E gralloc4: Empty SMPTE 2094-40 data
03-13 10:00:25.053 20010 4538 E gralloc4: Empty SMPTE 2094-40 data
03-13 10:00:25.063 20010 4538 E gralloc4: Empty SMPTE 2094-40 data
03-13 10:00:25.064 20010 4538 E gralloc4: Empty SMPTE 2094-40 data
03-13 10:00:25.075 20010 4538 E gralloc4: Empty SMPTE 2094-40 data
03-13 10:00:25.086 20010 4538 E gralloc4: Empty SMPTE 2094-40 data
03-13 10:00:25.418 4700 4700 E Surface : freeAllBuffers: 1 buffers were freed while being dequeued!
03-13 10:00:25.419 4700 4700 D BLASTBufferQueue: [SurfaceView[com.dts.freefiremax/com.dts.freefireth.FFMainActivity]#4](f:0,a:0) destructor()
03-13 10:00:25.419 4700 4700 D BufferQueueConsumer: [SurfaceView[com.dts.freefiremax/com.dts.freefireth.FFMainActivity]#4(BLAST Consumer)4](id:125c00000004,api:0,p:-1,c:4700) disconnect
03-13 10:00:25.431 4700 4800 D libMEOW : meow delete tls: 0x7471662340
03-13 10:00:25.432 4700 4700 I Process : Process is going to kill itself!
03-13 10:00:25.432 4700 4700 I Process : java.lang.Exception
03-13 10:00:25.432 4700 4700 I Process : at android.os.Process.killProcess(Process.java:1330)
03-13 10:00:25.432 4700 4700 I Process : at com.unity3d.player.UnityPlayer.kill(Unknown Source:4)
03-13 10:00:25.432 4700 4700 I Process : at com.unity3d.player.UnityPlayer.destroy(Unknown Source:84)
03-13 10:00:25.432 4700 4700 I Process : at com.unity3d.player.UnityPlayerActivity.onDestroy(Unknown Source:2)
03-13 10:00:25.432 4700 4700 I Process : at com.dts.freefireth.FFMainActivity.onDestroy(Unknown Source:89)
03-13 10:00:25.432 4700 4700 I Process : at android.app.Activity.performDestroy(Activity.java:8875)
03-13 10:00:25.432 4700 4700 I Process : at android.app.Instrumentation.callActivityOnDestroy(Instrumentation.java:1472)
03-13 10:00:25.432 4700 4700 I Process : at com.hello.sandbox.fake.delegate.BaseInstrumentationDelegate.callActivityOnDestroy(B aseInstrumentationDelegate.java:1)
03-13 10:00:25.432 4700 4700 I Process : at android.app.ActivityThread.performDestroyActivity(ActivityThread.java:5693)
03-13 10:00:25.432 4700 4700 I Process : at android.app.ActivityThread.handleDestroyActivity(ActivityThread.java:5739)
03-13 10:00:25.432 4700 4700 I Process : at android.app.servertransaction.DestroyActivityItem.execute(DestroyActivityItem.java: 47)
03-13 10:00:25.432 4700 4700 I Process : at android.app.servertransaction.ActivityTransactionItem.execute(ActivityTransactionIt em.java:45)
03-13 10:00:25.432 4700 4700 I Process : at android.app.servertransaction.TransactionExecutor.executeLifecycleState(Transaction Executor.java:176)
03-13 10:00:25.432 4700 4700 I Process : at android.app.servertransaction.TransactionExecutor.execute(TransactionExecutor.java: 97)
03-13 10:00:25.432 4700 4700 I Process : at android.app.ActivityThread$H.handleMessage(ActivityThread.java:2443)
03-13 10:00:25.432 4700 4700 I Process : at android.os.Handler.dispatchMessage(Handler.java:106)
03-13 10:00:25.432 4700 4700 I Process : at android.os.Looper.loopOnce(Looper.java:211)
03-13 10:00:25.432 4700 4700 I Process : at android.os.Looper.loop(Looper.java:300)
03-13 10:00:25.432 4700 4700 I Process : at android.app.ActivityThread.main(ActivityThread.java:8348)
03-13 10:00:25.432 4700 4700 I Process : at java.lang.reflect.Method.invoke(Native Method)
03-13 10:00:25.432 4700 4700 I Process : at com.android.internal.os.RuntimeInit$MethodAndArgsCaller.run(RuntimeInit.java:582)
03-13 10:00:25.432 4700 4700 I Process : at com.android.internal.os.ZygoteInit.main(ZygoteInit.java:1028)
03-13 10:00:25.432 4700 4700 I Process : Sending signal. PID: 4700 SIG: 9
03-13 10:00:25.563 20143 24322 I Process : Sending signal. PID: 4700 SIG: 9
03-13 10:00:25.792 20010 20010 I HandWritingStubImpl: refreshLastKeyboardType: 1
03-13 10:00:25.792 20010 20010 I HandWritingStubImpl: getCurrentKeyboardType: 1
03-13 10:00:25.794 20010 4538 E gralloc4: Empty SMPTE 2094-40 data
03-13 10:00:25.806 20010 4538 E gralloc4: Empty SMPTE 2094-40 data
03-13 10:00:25.817 20010 4538 E gralloc4: Empty SMPTE 2094-40 data
03-13 10:00:25.828 20010 4538 E gralloc4: Empty SMPTE 2094-40 data
03-13 10:00:25.839 20010 4538 E gralloc4: Empty SMPTE 2094-40 data
03-13 10:00:25.850 20010 4538 E gralloc4: Empty SMPTE 2094-40 data
03-13 10:00:25.861 20010 4538 E gralloc4: Empty SMPTE 2094-40 data
03-13 10:00:25.872 20010 4538 E gralloc4: Empty SMPTE 2094-40 data
03-13 10:00:25.883 20010 4538 E gralloc4: Empty SMPTE 2094-40 data
03-13 10:00:25.894 20010 4538 E gralloc4: Empty SMPTE 2094-40 data
03-13 10:00:25.905 20010 4538 E gralloc4: Empty SMPTE 2094-40 data
03-13 10:00:25.917 20010 4538 E gralloc4: Empty SMPTE 2094-40 data
03-13 10:00:25.928 20010 4538 E gralloc4: Empty SMPTE 2094-40 data
03-13 10:00:25.939 20010 4538 E gralloc4: Empty SMPTE 2094-40 data
03-13 10:00:25.949 20010 4538 E gralloc4: Empty SMPTE 2094-40 data
03-13 10:00:25.960 20010 4538 E gralloc4: Empty SMPTE 2094-40 data
03-13 10:00:25.971 20010 4538 E gralloc4: Empty SMPTE 2094-40 data
03-13 10:00:25.982 20010 4538 E gralloc4: Empty SMPTE 2094-40 data
03-13 10:00:25.993 20010 4538 E gralloc4: Empty SMPTE 2094-40 data
03-13 10:00:26.005 20010 4538 E gralloc4: Empty SMPTE 2094-40 data
03-13 10:00:26.015 20010 4538 E gralloc4: Empty SMPTE 2094-40 data
03-13 10:00:26.027 20010 4538 E gralloc4: Empty SMPTE 2094-40 data
03-13 10:00:26.037 20010 4538 E gralloc4: Empty SMPTE 2094-40 data
03-13 10:00:26.048 20010 4538 E gralloc4: Empty SMPTE 2094-40 data
03-13 10:00:26.059 20010 4538 E gralloc4: Empty SMPTE 2094-40 data
03-13 10:00:26.459 20010 4538 E gralloc4: Empty SMPTE 2094-40 data
03-13 10:00:26.468 20010 4538 E gralloc4: Empty SMPTE 2094-40 data
03-13 10:00:26.481 20010 4538 E gralloc4: Empty SMPTE 2094-40 data
03-13 10:00:26.495 20010 4538 E gralloc4: Empty SMPTE 2094-40 data
03-13 10:00:26.505 20010 4538 E gralloc4: Empty SMPTE 2094-40 data
03-13 10:00:26.516 20010 4538 E gralloc4: Empty SMPTE 2094-40 data
03-13 10:00:26.527 20010 4538 E gralloc4: Empty SMPTE 2094-40 data
03-13 10:00:26.538 20010 4538 E gralloc4: Empty SMPTE 2094-40 data
03-13 10:00:26.549 20010 4538 E gralloc4: Empty SMPTE 2094-40 data
03-13 10:00:26.560 20010 4538 E gralloc4: Empty SMPTE 2094-40 data
03-13 10:00:26.571 20010 4538 E gralloc4: Empty SMPTE 2094-40 data
03-13 10:00:26.583 20010 4538 E gralloc4: Empty SMPTE 2094-40 data
03-13 10:00:26.593 20010 4538 E gralloc4: Empty SMPTE 2094-40 data
03-13 10:00:26.604 20010 4538 E gralloc4: Empty SMPTE 2094-40 data
03-13 10:00:26.616 20010 4538 E gralloc4: Empty SMPTE 2094-40 data
03-13 10:00:26.627 20010 4538 E gralloc4: Empty SMPTE 2094-40 data
03-13 10:00:26.638 20010 4538 E gralloc4: Empty SMPTE 2094-40 data
03-13 10:00:26.649 20010 4538 E gralloc4: Empty SMPTE 2094-40 data
03-13 10:00:26.660 20010 4538 E gralloc4: Empty SMPTE 2094-40 data
03-13 10:00:26.671 20010 4538 E gralloc4: Empty SMPTE 2094-40 data
03-13 10:00:26.683 20010 4538 E gralloc4: Empty SMPTE 2094-40 data
03-13 10:00:26.694 20010 4538 E gralloc4: Empty SMPTE 2094-40 data
03-13 10:00:26.705 20010 4538 E gralloc4: Empty SMPTE 2094-40 data
03-13 10:00:26.716 20010 4538 E gralloc4: Empty SMPTE 2094-40 data
03-13 10:00:29.610 20010 4538 E gralloc4: Empty SMPTE 2094-40 data
03-13 10:00:29.620 20010 4538 E gralloc4: Empty SMPTE 2094-40 data
03-13 10:00:29.636 20010 4538 E gralloc4: Empty SMPTE 2094-40 data
03-13 10:00:29.646 20010 4538 E gralloc4: Empty SMPTE 2094-40 data
03-13 10:00:29.659 20010 4538 E gralloc4: Empty SMPTE 2094-40 data
03-13 10:00:29.672 20010 4538 E gralloc4: Empty SMPTE 2094-40 data
03-13 10:00:29.685 20010 4538 E gralloc4: Empty SMPTE 2094-40 data
03-13 10:00:29.698 20010 4538 E gralloc4: Empty SMPTE 2094-40 data
03-13 10:00:29.709 20010 4538 E gralloc4: Empty SMPTE 2094-40 data
03-13 10:00:29.720 20010 4538 E gralloc4: Empty SMPTE 2094-40 data
03-13 10:00:29.731 20010 4538 E gralloc4: Empty SMPTE 2094-40 data
03-13 10:00:29.742 20010 4538 E gralloc4: Empty SMPTE 2094-40 data
03-13 10:00:29.753 20010 4538 E gralloc4: Empty SMPTE 2094-40 data
03-13 10:00:29.764 20010 4538 E gralloc4: Empty SMPTE 2094-40 data
03-13 10:00:29.775 20010 4538 E gralloc4: Empty SMPTE 2094-40 data
03-13 10:00:29.786 20010 4538 E gralloc4: Empty SMPTE 2094-40 data
03-13 10:00:29.797 20010 4538 E gralloc4: Empty SMPTE 2094-40 data
03-13 10:00:29.808 20010 4538 E gralloc4: Empty SMPTE 2094-40 data
03-13 10:00:29.819 20010 4538 E gralloc4: Empty SMPTE 2094-40 data
03-13 10:00:29.830 20010 4538 E gralloc4: Empty SMPTE 2094-40 data
03-13 10:00:29.841 20010 4538 E gralloc4: Empty SMPTE 2094-40 data
03-13 10:00:29.852 20010 4538 E gralloc4: Empty SMPTE 2094-40 data
03-13 10:00:29.863 20010 4538 E gralloc4: Empty SMPTE 2094-40 data
03-13 10:00:29.875 20010 4538 E gralloc4: Empty SMPTE 2094-40 data
03-13 10:00:29.886 20010 4538 E gralloc4: Empty SMPTE 2094-40 data
03-13 10:00:29.897 20010 4538 E gralloc4: Empty SMPTE 2094-40 data
03-13 10:00:29.905 20010 4538 E gralloc4: Empty SMPTE 2094-40 data
03-13 10:00:29.907 20010 20010 I HandWritingStubImpl: refreshLastKeyboardType: 1
03-13 10:00:29.907 20010 20010 I HandWritingStubImpl: getCurrentKeyboardType: 1
03-13 10:00:29.917 20010 4538 E gralloc4: Empty SMPTE 2094-40 data
03-13 10:00:29.928 20010 4538 E gralloc4: Empty SMPTE 2094-40 data
03-13 10:00:29.939 20010 4538 E gralloc4: Empty SMPTE 2094-40 data
03-13 10:00:29.950 20010 4538 E gralloc4: Empty SMPTE 2094-40 data
03-13 10:00:29.964 20010 4538 E gralloc4: Empty SMPTE 2094-40 data
03-13 10:00:29.976 20010 4538 E gralloc4: Empty SMPTE 2094-40 data
03-13 10:00:29.986 20010 4538 E gralloc4: Empty SMPTE 2094-40 data
03-13 10:00:30.165 20010 4538 E gralloc4: Empty SMPTE 2094-40 data
03-13 10:00:30.275 20010 4538 E gralloc4: Empty SMPTE 2094-40 data
03-13 10:00:30.284 20010 4538 E gralloc4: Empty SMPTE 2094-40 data
03-13 10:00:30.297 20010 4538 E gralloc4: Empty SMPTE 2094-40 data
03-13 10:00:30.309 20010 4538 E gralloc4: Empty SMPTE 2094-40 data
03-13 10:00:30.322 20010 4538 E gralloc4: Empty SMPTE 2094-40 data
03-13 10:00:30.338 20010 4538 E gralloc4: Empty SMPTE 2094-40 data
03-13 10:00:30.348 20010 20097 D SessionLifecycleClient: Sending lifecycle 2 to service
03-13 10:00:30.348 20010 20385 D SessionLifecycleService: Activity backgrounding at 6353731
03-13 10:00:30.349 20010 4538 E gralloc4: Empty SMPTE 2094-40 data
03-13 10:00:30.359 20010 20010 I ForceDarkHelperStubImpl: setViewRootImplForceDark: false for com.hello.sandbox.ui.home.HomeAct@dfbbb31, reason: AppDarkModeEnable
03-13 10:00:30.359 20010 20010 I ForceDarkHelperStubImpl: setViewRootImplForceDark: false for com.hello.sandbox.ui.home.HomeAct@dfbbb31, reason: AppDarkModeEnable
03-13 10:00:30.359 20010 20010 I ForceDarkHelperStubImpl: setViewRootImplForceDark: false for com.hello.sandbox.ui.home.HomeAct@dfbbb31, reason: AppDarkModeEnable
03-13 10:00:30.361 20010 4538 E gralloc4: Empty SMPTE 2094-40 data
03-13 10:00:30.362 20010 20111 D SessionLifecycleClient: Sending lifecycle 1 to service
03-13 10:00:30.362 20010 20385 D SessionLifecycleService: Activity foregrounding at 6353745.
03-13 10:00:30.363 20010 20361 I MATDBManager: sqllite db insert success! insert row id:71
03-13 10:00:30.364 20010 20361 I MATDBManager: sqllite db capacity:3
03-13 10:00:30.365 20010 20361 I MATDBManager: sqllite db insert success! insert row id:72
03-13 10:00:30.366 20010 20361 I MATDBManager: sqllite db capacity:4
03-13 10:00:30.373 20010 20010 D BufferQueueConsumer: [](id:4e2a0000000e,api:0,p:- 1,c:20010) connect: controlledByApp=false
03-13 10:00:30.374 20010 20010 D VRI[HomeAct]: vri.reportNextDraw android.view.ViewRootImpl.performTraversals:3953 android.view.ViewRootImpl.doTraversal:2674 android.view.ViewRootImpl$TraversalRunnable.run:9867 android.view.Choreographer$CallbackRecord.run:1431 android.view.Choreographer$CallbackRecord.run:1439
03-13 10:00:30.374 20010 20010 D VRI[HomeAct]: vri.Setup new sync id=1 syncSeqId=0
03-13 10:00:30.379 20010 4538 E gralloc4: Empty SMPTE 2094-40 data
03-13 10:00:30.379 20010 4538 D BLASTBufferQueue: [VRI[HomeAct]#14](f:0,a:1) acquireNextBufferLocked size=1256x2576 mFrameNumber=1 applyTransaction=true mTimestamp=6353762521992(auto) mPendingTransactions.size=0 graphicBufferId=85942295593006 transform=0
03-13 10:00:30.384 20010 20010 D BufferQueueConsumer: [](id:4e2a0000000f,api:0,p:- 1,c:20010) connect: controlledByApp=false
03-13 10:00:30.385 20010 20010 D VRI[HomeAct]: vri.reportNextDraw android.view.ViewRootImpl.performTraversals:3953 android.view.ViewRootImpl.doTraversal:2674 android.view.ViewRootImpl$TraversalRunnable.run:9867 android.view.Choreographer$CallbackRecord.run:1431 android.view.Choreographer$CallbackRecord.run:1439
03-13 10:00:30.385 20010 20010 D VRI[HomeAct]: vri.Setup new sync id=3 syncSeqId=0
03-13 10:00:30.391 20010 4538 E gralloc4: Empty SMPTE 2094-40 data
03-13 10:00:30.392 20010 4538 D BLASTBufferQueue: [VRI[HomeAct]#15](f:0,a:1) acquireNextBufferLocked size=1080x2400 mFrameNumber=1 applyTransaction=true mTimestamp=6353774809146(auto) mPendingTransactions.size=0 graphicBufferId=85942295593009 transform=0
03-13 10:00:30.395 20010 20010 D BufferQueueConsumer: [](id:4e2a00000010,api:0,p:- 1,c:20010) connect: controlledByApp=false
03-13 10:00:30.395 20010 20010 D VRI[HomeAct]: vri.reportNextDraw android.view.ViewRootImpl.performTraversals:3953 android.view.ViewRootImpl.doTraversal:2674 android.view.ViewRootImpl$TraversalRunnable.run:9867 android.view.Choreographer$CallbackRecord.run:1431 android.view.Choreographer$CallbackRecord.run:1439
03-13 10:00:30.395 20010 20010 D VRI[HomeAct]: vri.Setup new sync id=3 syncSeqId=0
03-13 10:00:30.399 20010 4538 E gralloc4: Empty SMPTE 2094-40 data
03-13 10:00:30.399 20010 4538 D BLASTBufferQueue: [VRI[HomeAct]#16](f:0,a:1) acquireNextBufferLocked size=1256x2576 mFrameNumber=1 applyTransaction=true mTimestamp=6353782372761(auto) mPendingTransactions.size=0 graphicBufferId=85942295593012 transform=0
03-13 10:00:30.400 20010 20010 D VRI[HomeAct]: vri.reportDrawFinished syncSeqId=0 android.view.ViewRootImpl.lambda$createSyncIfNeeded$4$android-view- ViewRootImpl:4021 android.view.ViewRootImpl$$ExternalSyntheticLambda1.run:6 android.os.Handler.handleCallback:942 android.os.Handler.dispatchMessage:99 android.os.Looper.loopOnce:211
03-13 10:00:30.401 20010 20010 D VRI[HomeAct]: vri.reportDrawFinished syncSeqId=0 android.view.ViewRootImpl.lambda$createSyncIfNeeded$4$android-view- ViewRootImpl:4021 android.view.ViewRootImpl$$ExternalSyntheticLambda1.run:6 android.os.Handler.handleCallback:942 android.os.Handler.dispatchMessage:99 android.os.Looper.loopOnce:211
03-13 10:00:30.401 20010 20010 D VRI[HomeAct]: vri.reportDrawFinished syncSeqId=0 android.view.ViewRootImpl.lambda$createSyncIfNeeded$4$android-view- ViewRootImpl:4021 android.view.ViewRootImpl$$ExternalSyntheticLambda1.run:6 android.os.Handler.handleCallback:942 android.os.Handler.dispatchMessage:99 android.os.Looper.loopOnce:211
03-13 10:00:30.401 20010 20010 D DecorView[]: onWindowFocusChanged hasWindowFocus false
03-13 10:00:30.402 20010 20010 D VRI[HomeAct]: vri.reportNextDraw android.view.ViewRootImpl.handleResized:2047 android.view.ViewRootImpl.-$ $Nest$mhandleResized:0 android.view.ViewRootImpl$ViewRootHandler.handleMessageImpl:6120 android.view.ViewRootImpl$ViewRootHandler.handleMessage:6084 android.os.Handler.dispatchMessage:106
03-13 10:00:30.403 20010 4538 E gralloc4: Empty SMPTE 2094-40 data
03-13 10:00:30.405 20010 20010 D VRI[HomeAct]: vri.Setup new sync id=2 syncSeqId=0
03-13 10:00:30.407 20010 4538 E gralloc4: Empty SMPTE 2094-40 data
03-13 10:00:30.411 20010 4538 E gralloc4: Empty SMPTE 2094-40 data
03-13 10:00:30.413 20010 20010 D VRI[HomeAct]: vri.reportDrawFinished syncSeqId=0 android.view.ViewRootImpl.lambda$createSyncIfNeeded$4$android-view- ViewRootImpl:4021 android.view.ViewRootImpl$$ExternalSyntheticLambda1.run:6 android.os.Handler.handleCallback:942 android.os.Handler.dispatchMessage:99 android.os.Looper.loopOnce:211
03-13 10:00:30.415 20010 20010 D VRI[HomeAct]: vri.reportNextDraw android.view.ViewRootImpl.handleResized:2047 android.view.ViewRootImpl.-$ $Nest$mhandleResized:0 android.view.ViewRootImpl$ViewRootHandler.handleMessageImpl:6120 android.view.ViewRootImpl$ViewRootHandler.handleMessage:6084 android.os.Handler.dispatchMessage:106
03-13 10:00:30.417 20010 4538 E gralloc4: Empty SMPTE 2094-40 data
03-13 10:00:30.419 20010 20010 D VRI[HomeAct]: vri.Setup new sync id=4 syncSeqId=0
03-13 10:00:30.421 20010 4538 E gralloc4: Empty SMPTE 2094-40 data
03-13 10:00:30.425 20010 4538 E gralloc4: Empty SMPTE 2094-40 data
03-13 10:00:30.427 20010 20010 D VRI[HomeAct]: vri.reportDrawFinished syncSeqId=0 android.view.ViewRootImpl.lambda$createSyncIfNeeded$4$android-view- ViewRootImpl:4021 android.view.ViewRootImpl$$ExternalSyntheticLambda1.run:6 android.os.Handler.handleCallback:942 android.os.Handler.dispatchMessage:99 android.os.Looper.loopOnce:211
03-13 10:00:30.433 20010 4538 E gralloc4: Empty SMPTE 2094-40 data
03-13 10:00:30.437 20010 4538 E gralloc4: Empty SMPTE 2094-40 data
03-13 10:00:30.438 20010 20010 D DecorView[]: onWindowFocusChanged hasWindowFocus true
03-13 10:00:30.439 20010 20010 I HandWritingStubImpl: refreshLastKeyboardType: 1
03-13 10:00:30.439 20010 20010 I HandWritingStubImpl: getCurrentKeyboardType: 1
03-13 10:00:30.441 20010 4538 E gralloc4: Empty SMPTE 2094-40 data
03-13 10:00:30.444 20010 4538 E gralloc4: Empty SMPTE 2094-40 data
03-13 10:00:30.451 20010 4538 E gralloc4: Empty SMPTE 2094-40 data
03-13 10:00:30.454 20010 4538 E gralloc4: Empty SMPTE 2094-40 data
03-13 10:00:30.460 20010 4538 E gralloc4: Empty SMPTE 2094-40 data
03-13 10:00:30.463 20010 4538 E gralloc4: Empty SMPTE 2094-40 data
03-13 10:00:30.473 20010 4538 E gralloc4: Empty SMPTE 2094-40 data
03-13 10:00:30.481 20010 4538 E gralloc4: Empty SMPTE 2094-40 data
03-13 10:00:30.484 20010 4538 E gralloc4: Empty SMPTE 2094-40 data
03-13 10:00:30.492 20010 4538 E gralloc4: Empty SMPTE 2094-40 data
03-13 10:00:30.496 20010 4538 E gralloc4: Empty SMPTE 2094-40 data
03-13 10:00:30.507 20010 4538 E gralloc4: Empty SMPTE 2094-40 data
03-13 10:00:30.515 20010 4538 E gralloc4: Empty SMPTE 2094-40 data
03-13 10:00:30.518 20010 4538 E gralloc4: Empty SMPTE 2094-40 data
03-13 10:00:30.525 20010 4538 E gralloc4: Empty SMPTE 2094-40 data
03-13 10:00:30.529 20010 4538 E gralloc4: Empty SMPTE 2094-40 data
03-13 10:00:30.539 20010 4538 E gralloc4: Empty SMPTE 2094-40 data
03-13 10:00:30.547 20010 4538 E gralloc4: Empty SMPTE 2094-40 data
03-13 10:00:30.559 20010 4538 E gralloc4: Empty SMPTE 2094-40 data
03-13 10:00:30.581 20010 4538 E gralloc4: Empty SMPTE 2094-40 data
03-13 10:00:30.592 20010 4538 E gralloc4: Empty SMPTE 2094-40 data
03-13 10:00:30.614 20010 4538 E gralloc4: Empty SMPTE 2094-40 data
03-13 10:00:30.625 20010 4538 E gralloc4: Empty SMPTE 2094-40 data
03-13 10:00:30.649 20010 4538 E gralloc4: Empty SMPTE 2094-40 data
03-13 10:00:30.658 20010 4538 E gralloc4: Empty SMPTE 2094-40 data
