03-13 10:00:17.851 4700 4806 E gralloc4: Empty SMPTE 2094-40 data
03-13 10:00:17.861 4700 4806 E gralloc4: Empty SMPTE 2094-40 data
03-13 10:00:17.872 4700 4806 E gralloc4: Empty SMPTE 2094-40 data
03-13 10:00:17.884 4700 4806 E gralloc4: Empty SMPTE 2094-40 data
03-13 10:00:17.895 4700 4806 E gralloc4: Empty SMPTE 2094-40 data
03-13 10:00:17.906 4700 4806 E gralloc4: Empty SMPTE 2094-40 data
03-13 10:00:17.917 4700 4806 E gralloc4: Empty SMPTE 2094-40 data
03-13 10:00:17.927 4700 4806 E gralloc4: Empty SMPTE 2094-40 data
03-13 10:00:17.939 4700 4806 E gralloc4: Empty SMPTE 2094-40 data
03-13 10:00:17.951 4700 4806 E gralloc4: Empty SMPTE 2094-40 data
03-13 10:00:17.961 4700 4806 E gralloc4: Empty SMPTE 2094-40 data
03-13 10:00:17.972 4700 4806 E gralloc4: Empty SMPTE 2094-40 data
03-13 10:00:17.982 4700 4806 E gralloc4: Empty SMPTE 2094-40 data
03-13 10:00:17.995 4700 4806 E gralloc4: Empty SMPTE 2094-40 data
03-13 10:00:18.004 4700 4806 E gralloc4: Empty SMPTE 2094-40 data
03-13 10:00:18.017 4700 4806 E gralloc4: Empty SMPTE 2094-40 data
03-13 10:00:18.028 4700 4806 E gralloc4: Empty SMPTE 2094-40 data
03-13 10:00:18.037 4700 4806 E gralloc4: Empty SMPTE 2094-40 data
03-13 10:00:18.048 4700 4806 E gralloc4: Empty SMPTE 2094-40 data
03-13 10:00:18.061 4700 4806 E gralloc4: Empty SMPTE 2094-40 data
03-13 10:00:18.072 4700 4806 E gralloc4: Empty SMPTE 2094-40 data
03-13 10:00:18.083 4700 4806 E gralloc4: Empty SMPTE 2094-40 data
03-13 10:00:18.094 4700 4806 E gralloc4: Empty SMPTE 2094-40 data
03-13 10:00:18.105 4700 4806 E gralloc4: Empty SMPTE 2094-40 data
03-13 10:00:18.115 4700 4806 E gralloc4: Empty SMPTE 2094-40 data
03-13 10:00:18.128 4700 4806 E gralloc4: Empty SMPTE 2094-40 data
03-13 10:00:18.137 4700 4806 E gralloc4: Empty SMPTE 2094-40 data
03-13 10:00:18.150 4700 4806 E gralloc4: Empty SMPTE 2094-40 data
03-13 10:00:18.159 4700 4806 E gralloc4: Empty SMPTE 2094-40 data
03-13 10:00:18.172 4700 4806 E gralloc4: Empty SMPTE 2094-40 data
03-13 10:00:18.183 4700 4806 E gralloc4: Empty SMPTE 2094-40 data
03-13 10:00:18.192 4700 4806 E gralloc4: Empty SMPTE 2094-40 data
03-13 10:00:18.205 4700 4806 E gralloc4: Empty SMPTE 2094-40 data
03-13 10:00:18.216 4700 4806 E gralloc4: Empty SMPTE 2094-40 data
03-13 10:00:18.227 4700 4806 E gralloc4: Empty SMPTE 2094-40 data
03-13 10:00:18.238 4700 4806 E gralloc4: Empty SMPTE 2094-40 data
03-13 10:00:18.248 4700 4806 E gralloc4: Empty SMPTE 2094-40 data
03-13 10:00:18.261 4700 4806 E gralloc4: Empty SMPTE 2094-40 data
03-13 10:00:18.270 4700 4806 E gralloc4: Empty SMPTE 2094-40 data
03-13 10:00:18.282 4700 4806 E gralloc4: Empty SMPTE 2094-40 data
03-13 10:00:18.292 4700 4806 E gralloc4: Empty SMPTE 2094-40 data
03-13 10:00:18.304 4700 4806 E gralloc4: Empty SMPTE 2094-40 data
03-13 10:00:18.314 4700 4806 E gralloc4: Empty SMPTE 2094-40 data
03-13 10:00:18.327 4700 4806 E gralloc4: Empty SMPTE 2094-40 data
03-13 10:00:18.338 4700 4806 E gralloc4: Empty SMPTE 2094-40 data
03-13 10:00:18.349 4700 4806 E gralloc4: Empty SMPTE 2094-40 data
03-13 10:00:18.359 4700 4806 E gralloc4: Empty SMPTE 2094-40 data
03-13 10:00:18.370 4700 4806 E gralloc4: Empty SMPTE 2094-40 data
03-13 10:00:18.380 4700 4806 E gralloc4: Empty SMPTE 2094-40 data
03-13 10:00:18.392 4700 4806 E gralloc4: Empty SMPTE 2094-40 data
03-13 10:00:18.404 4700 4806 E gralloc4: Empty SMPTE 2094-40 data
03-13 10:00:18.415 4700 4806 E gralloc4: Empty SMPTE 2094-40 data
03-13 10:00:18.426 4700 4806 E gralloc4: Empty SMPTE 2094-40 data
03-13 10:00:18.437 4700 4806 E gralloc4: Empty SMPTE 2094-40 data
03-13 10:00:18.448 4700 4806 E gralloc4: Empty SMPTE 2094-40 data
03-13 10:00:18.459 4700 4806 E gralloc4: Empty SMPTE 2094-40 data
03-13 10:00:18.469 4700 4806 E gralloc4: Empty SMPTE 2094-40 data
03-13 10:00:18.482 4700 4806 E gralloc4: Empty SMPTE 2094-40 data
03-13 10:00:18.493 4700 4806 E gralloc4: Empty SMPTE 2094-40 data
03-13 10:00:18.501 4700 4806 E gralloc4: Empty SMPTE 2094-40 data
03-13 10:00:18.515 4700 4806 E gralloc4: Empty SMPTE 2094-40 data
03-13 10:00:18.526 4700 4806 E gralloc4: Empty SMPTE 2094-40 data
03-13 10:00:18.535 4700 4806 E gralloc4: Empty SMPTE 2094-40 data
03-13 10:00:18.547 4700 4806 E gralloc4: Empty SMPTE 2094-40 data
03-13 10:00:18.560 4700 4806 E gralloc4: Empty SMPTE 2094-40 data
03-13 10:00:18.569 4700 4806 E gralloc4: Empty SMPTE 2094-40 data
03-13 10:00:18.581 4700 4806 E gralloc4: Empty SMPTE 2094-40 data
03-13 10:00:18.591 4700 4806 E gralloc4: Empty SMPTE 2094-40 data
03-13 10:00:18.603 4700 4806 E gralloc4: Empty SMPTE 2094-40 data
03-13 10:00:18.614 4700 4806 E gralloc4: Empty SMPTE 2094-40 data
03-13 10:00:18.624 4700 4806 E gralloc4: Empty SMPTE 2094-40 data
03-13 10:00:18.635 4700 4806 E gralloc4: Empty SMPTE 2094-40 data
03-13 10:00:18.647 4700 4806 E gralloc4: Empty SMPTE 2094-40 data
03-13 10:00:18.658 4700 4806 E gralloc4: Empty SMPTE 2094-40 data
03-13 10:00:18.669 4700 4806 E gralloc4: Empty SMPTE 2094-40 data
03-13 10:00:18.679 4700 4806 E gralloc4: Empty SMPTE 2094-40 data
03-13 10:00:18.692 4700 4806 E gralloc4: Empty SMPTE 2094-40 data
03-13 10:00:18.701 4700 4806 E gralloc4: Empty SMPTE 2094-40 data
03-13 10:00:18.712 4700 4806 E gralloc4: Empty SMPTE 2094-40 data
03-13 10:00:18.724 4700 4806 E gralloc4: Empty SMPTE 2094-40 data
03-13 10:00:18.736 4700 4806 E gralloc4: Empty SMPTE 2094-40 data
03-13 10:00:18.746 4700 4806 E gralloc4: Empty SMPTE 2094-40 data
03-13 10:00:18.757 4700 4806 E gralloc4: Empty SMPTE 2094-40 data
03-13 10:00:18.770 4700 4806 E gralloc4: Empty SMPTE 2094-40 data
03-13 10:00:18.779 4700 4806 E gralloc4: Empty SMPTE 2094-40 data
03-13 10:00:18.790 4700 4806 E gralloc4: Empty SMPTE 2094-40 data
03-13 10:00:18.802 4700 4806 E gralloc4: Empty SMPTE 2094-40 data
03-13 10:00:18.814 4700 4806 E gralloc4: Empty SMPTE 2094-40 data
03-13 10:00:18.825 4700 4806 E gralloc4: Empty SMPTE 2094-40 data
03-13 10:00:18.836 4700 4806 E gralloc4: Empty SMPTE 2094-40 data
03-13 10:00:18.847 4700 4806 E gralloc4: Empty SMPTE 2094-40 data
03-13 10:00:18.858 4700 4806 E gralloc4: Empty SMPTE 2094-40 data
03-13 10:00:18.867 4700 4806 E gralloc4: Empty SMPTE 2094-40 data
03-13 10:00:18.880 4700 4806 E gralloc4: Empty SMPTE 2094-40 data
03-13 10:00:18.890 4700 4806 E gralloc4: Empty SMPTE 2094-40 data
03-13 10:00:18.902 4700 4806 E gralloc4: Empty SMPTE 2094-40 data
03-13 10:00:18.913 4700 4806 E gralloc4: Empty SMPTE 2094-40 data
03-13 10:00:18.924 4700 4806 E gralloc4: Empty SMPTE 2094-40 data
03-13 10:00:18.934 4700 4806 E gralloc4: Empty SMPTE 2094-40 data
03-13 10:00:18.946 4700 4806 E gralloc4: Empty SMPTE 2094-40 data
03-13 10:00:18.957 4700 4806 E gralloc4: Empty SMPTE 2094-40 data
03-13 10:00:18.969 4700 4806 E gralloc4: Empty SMPTE 2094-40 data
03-13 10:00:18.979 4700 4806 E gralloc4: Empty SMPTE 2094-40 data
03-13 10:00:18.991 4700 4806 E gralloc4: Empty SMPTE 2094-40 data
03-13 10:00:19.000 4700 4806 E gralloc4: Empty SMPTE 2094-40 data
03-13 10:00:19.013 4700 4806 E gralloc4: Empty SMPTE 2094-40 data
03-13 10:00:19.025 4700 4806 E gralloc4: Empty SMPTE 2094-40 data
03-13 10:00:19.035 4700 4806 E gralloc4: Empty SMPTE 2094-40 data
03-13 10:00:19.046 4700 4806 E gralloc4: Empty SMPTE 2094-40 data
03-13 10:00:19.055 4700 4806 E gralloc4: Empty SMPTE 2094-40 data
03-13 10:00:19.068 4700 4806 E gralloc4: Empty SMPTE 2094-40 data
03-13 10:00:19.078 4700 4806 E gralloc4: Empty SMPTE 2094-40 data
03-13 10:00:19.091 4700 4806 E gralloc4: Empty SMPTE 2094-40 data
03-13 10:00:19.102 4700 4806 E gralloc4: Empty SMPTE 2094-40 data
03-13 10:00:19.113 4700 4806 E gralloc4: Empty SMPTE 2094-40 data
03-13 10:00:19.123 4700 4806 E gralloc4: Empty SMPTE 2094-40 data
03-13 10:00:19.135 4700 4806 E gralloc4: Empty SMPTE 2094-40 data
03-13 10:00:19.146 4700 4806 E gralloc4: Empty SMPTE 2094-40 data
03-13 10:00:19.157 4700 4806 E gralloc4: Empty SMPTE 2094-40 data
03-13 10:00:19.168 4700 4806 E gralloc4: Empty SMPTE 2094-40 data
03-13 10:00:19.177 4700 4806 E gralloc4: Empty SMPTE 2094-40 data
03-13 10:00:19.189 4700 4806 E gralloc4: Empty SMPTE 2094-40 data
03-13 10:00:19.199 4700 4806 E gralloc4: Empty SMPTE 2094-40 data
03-13 10:00:19.210 4700 4806 E gralloc4: Empty SMPTE 2094-40 data
03-13 10:00:19.223 4700 4806 E gralloc4: Empty SMPTE 2094-40 data
03-13 10:00:19.232 4700 4806 E gralloc4: Empty SMPTE 2094-40 data
03-13 10:00:19.244 4700 4806 E gralloc4: Empty SMPTE 2094-40 data
03-13 10:00:19.255 4700 4806 E gralloc4: Empty SMPTE 2094-40 data
03-13 10:00:19.267 4700 4806 E gralloc4: Empty SMPTE 2094-40 data
03-13 10:00:19.279 4700 4806 E gralloc4: Empty SMPTE 2094-40 data
03-13 10:00:19.288 4700 4806 E gralloc4: Empty SMPTE 2094-40 data
03-13 10:00:19.298 4700 4806 E gralloc4: Empty SMPTE 2094-40 data
03-13 10:00:19.311 4700 4806 E gralloc4: Empty SMPTE 2094-40 data
03-13 10:00:19.322 4700 4806 E gralloc4: Empty SMPTE 2094-40 data
03-13 10:00:19.333 4700 4806 E gralloc4: Empty SMPTE 2094-40 data
03-13 10:00:19.343 4700 4806 E gralloc4: Empty SMPTE 2094-40 data
03-13 10:00:19.355 4700 4806 E gralloc4: Empty SMPTE 2094-40 data
03-13 10:00:19.366 4700 4806 E gralloc4: Empty SMPTE 2094-40 data
03-13 10:00:19.377 4700 4806 E gralloc4: Empty SMPTE 2094-40 data
03-13 10:00:19.388 4700 4806 E gralloc4: Empty SMPTE 2094-40 data
03-13 10:00:19.398 4700 4806 E gralloc4: Empty SMPTE 2094-40 data
03-13 10:00:19.407 4700 4806 E gralloc4: Empty SMPTE 2094-40 data
03-13 10:00:19.422 4700 4806 E gralloc4: Empty SMPTE 2094-40 data
03-13 10:00:19.432 4700 4806 E gralloc4: Empty SMPTE 2094-40 data
03-13 10:00:19.445 4700 4806 E gralloc4: Empty SMPTE 2094-40 data
03-13 10:00:19.452 4700 4806 E gralloc4: Empty SMPTE 2094-40 data
03-13 10:00:19.464 4700 4806 E gralloc4: Empty SMPTE 2094-40 data
03-13 10:00:19.474 4700 4806 E gralloc4: Empty SMPTE 2094-40 data
03-13 10:00:19.486 4700 4806 E gralloc4: Empty SMPTE 2094-40 data
03-13 10:00:19.500 4700 4806 E gralloc4: Empty SMPTE 2094-40 data
03-13 10:00:19.507 4700 4806 E gralloc4: Empty SMPTE 2094-40 data
03-13 10:00:19.522 4700 4806 E gralloc4: Empty SMPTE 2094-40 data
03-13 10:00:19.532 4700 4806 E gralloc4: Empty SMPTE 2094-40 data
03-13 10:00:19.543 4700 4806 E gralloc4: Empty SMPTE 2094-40 data
03-13 10:00:19.554 4700 4806 E gralloc4: Empty SMPTE 2094-40 data
03-13 10:00:19.566 4700 4806 E gralloc4: Empty SMPTE 2094-40 data
03-13 10:00:19.574 4700 4806 E gralloc4: Empty SMPTE 2094-40 data
03-13 10:00:19.586 4700 4806 E gralloc4: Empty SMPTE 2094-40 data
03-13 10:00:19.598 4700 4806 E gralloc4: Empty SMPTE 2094-40 data
03-13 10:00:19.609 4700 4806 E gralloc4: Empty SMPTE 2094-40 data
03-13 10:00:19.619 4700 4806 E gralloc4: Empty SMPTE 2094-40 data
03-13 10:00:19.631 4700 4806 E gralloc4: Empty SMPTE 2094-40 data
03-13 10:00:19.640 4700 4806 E gralloc4: Empty SMPTE 2094-40 data
03-13 10:00:19.653 4700 4806 E gralloc4: Empty SMPTE 2094-40 data
03-13 10:00:19.665 4700 4806 E gralloc4: Empty SMPTE 2094-40 data
03-13 10:00:19.675 4700 4806 E gralloc4: Empty SMPTE 2094-40 data
03-13 10:00:19.686 4700 4806 E gralloc4: Empty SMPTE 2094-40 data
03-13 10:00:19.697 4700 4806 E gralloc4: Empty SMPTE 2094-40 data
03-13 10:00:19.709 4700 4806 E gralloc4: Empty SMPTE 2094-40 data
03-13 10:00:19.718 4700 4806 E gralloc4: Empty SMPTE 2094-40 data
03-13 10:00:19.731 4700 4806 E gralloc4: Empty SMPTE 2094-40 data
03-13 10:00:19.742 4700 4806 E gralloc4: Empty SMPTE 2094-40 data
03-13 10:00:19.753 4700 4806 E gralloc4: Empty SMPTE 2094-40 data
03-13 10:00:19.764 4700 4806 E gralloc4: Empty SMPTE 2094-40 data
03-13 10:00:19.774 4700 4806 E gralloc4: Empty SMPTE 2094-40 data
03-13 10:00:19.786 4700 4806 E gralloc4: Empty SMPTE 2094-40 data
03-13 10:00:19.798 4700 4806 E gralloc4: Empty SMPTE 2094-40 data
03-13 10:00:19.808 4700 4806 E gralloc4: Empty SMPTE 2094-40 data
03-13 10:00:19.819 4700 4806 E gralloc4: Empty SMPTE 2094-40 data
03-13 10:00:19.830 4700 4806 E gralloc4: Empty SMPTE 2094-40 data
03-13 10:00:19.840 4700 4806 E gralloc4: Empty SMPTE 2094-40 data
03-13 10:00:19.851 4700 4806 E gralloc4: Empty SMPTE 2094-40 data
03-13 10:00:19.861 4700 4806 E gralloc4: Empty SMPTE 2094-40 data
03-13 10:00:19.874 4700 4806 E gralloc4: Empty SMPTE 2094-40 data
03-13 10:00:19.885 4700 4806 E gralloc4: Empty SMPTE 2094-40 data
03-13 10:00:19.897 4700 4806 E gralloc4: Empty SMPTE 2094-40 data
03-13 10:00:19.909 4700 4806 E gralloc4: Empty SMPTE 2094-40 data
03-13 10:00:19.920 4700 4806 E gralloc4: Empty SMPTE 2094-40 data
03-13 10:00:19.931 4700 4806 E gralloc4: Empty SMPTE 2094-40 data
03-13 10:00:19.940 4700 4806 E gralloc4: Empty SMPTE 2094-40 data
03-13 10:00:19.952 4700 4806 E gralloc4: Empty SMPTE 2094-40 data
03-13 10:00:19.965 4700 4806 E gralloc4: Empty SMPTE 2094-40 data
03-13 10:00:19.975 4700 4806 E gralloc4: Empty SMPTE 2094-40 data
03-13 10:00:19.987 4700 4806 E gralloc4: Empty SMPTE 2094-40 data
03-13 10:00:19.998 4700 4806 E gralloc4: Empty SMPTE 2094-40 data
03-13 10:00:20.006 4700 4806 E gralloc4: Empty SMPTE 2094-40 data
03-13 10:00:20.019 4700 4806 E gralloc4: Empty SMPTE 2094-40 data
03-13 10:00:20.029 4700 4806 E gralloc4: Empty SMPTE 2094-40 data
03-13 10:00:20.042 4700 4806 E gralloc4: Empty SMPTE 2094-40 data
03-13 10:00:20.053 4700 4806 E gralloc4: Empty SMPTE 2094-40 data
03-13 10:00:20.063 4700 4806 E gralloc4: Empty SMPTE 2094-40 data
03-13 10:00:20.073 4700 4806 E gralloc4: Empty SMPTE 2094-40 data
03-13 10:00:20.085 4700 4806 E gralloc4: Empty SMPTE 2094-40 data
03-13 10:00:20.094 4700 4934 I LicenseChecker: Check timed out.
03-13 10:00:20.099 4700 4806 E gralloc4: Empty SMPTE 2094-40 data
03-13 10:00:20.120 4700 4806 E gralloc4: Empty SMPTE 2094-40 data
03-13 10:00:24.105 4700 4700 D MIUIInput: [KeyEvent] ViewRootImpl windowName 'com.dts.freefiremax/com.unity3d.plugin.downloader.UnityDownloaderActivity', KeyEvent { action=ACTION_DOWN, keyCode=KEYCODE_BACK, scanCode=0, metaState=0, flags=0x48, repeatCount=0, eventTime=6347488000000, downTime=6347488000000, deviceId=-1, source=0x101, displayId=-1 }, phoneEventTime=10:00:24.105
03-13 10:00:24.105 4700 4700 D MIUIInput: [KeyEvent] ViewRootImpl windowName 'com.dts.freefiremax/com.unity3d.plugin.downloader.UnityDownloaderActivity', KeyEvent { action=ACTION_UP, keyCode=KEYCODE_BACK, scanCode=0, metaState=0, flags=0x48, repeatCount=0, eventTime=6347488000000, downTime=6347488000000, deviceId=-1, source=0x101, displayId=-1 }, phoneEventTime=10:00:24.105
03-13 10:00:24.114 4700 4700 E OBB : Call Unity to Close UnityActivity
03-13 10:00:24.115 4700 4700 V VRI[UnityDownloaderActivity]: [ANR Warning]Input routeing takes more than 6000ms since 1970-01-01 05:30:00.000, this = com.mediatek.view.impl.ViewDebugManagerImpl@869a1a9
03-13 10:00:24.115 4700 4700 V VRI[UnityDownloaderActivity]: Input event delivered to android.view.ViewRootImpl$NativePostImeInputStage@f609ae2 at 2025-03- 13 10:00:24.106
03-13 10:00:24.115 4700 4700 V VRI[UnityDownloaderActivity]: Input event delivered to android.view.ViewRootImpl$ImeInputStage@e926cc4 at 2025-03-13 10:00:24.106
03-13 10:00:24.115 4700 4700 V VRI[UnityDownloaderActivity]: Input event delivered to android.view.ViewRootImpl$EarlyPostImeInputStage@51437ad at 2025-03-13 10:00:24.106
03-13 10:00:24.115 4700 4700 V VRI[UnityDownloaderActivity]: Input event delivered to android.view.ViewRootImpl$NativePreImeInputStage@24ddf56 at 2025-03-13 10:00:24.106
03-13 10:00:24.115 4700 4700 V VRI[UnityDownloaderActivity]: Input event delivered to android.view.ViewRootImpl$SyntheticInputStage@6ab9130 at 2025-03-13 10:00:24.114
03-13 10:00:24.116 4700 4700 V VRI[UnityDownloaderActivity]: Input event delivered to android.view.ViewRootImpl$ViewPostImeInputStage@81efe73 at 2025-03-13 10:00:24.106
03-13 10:00:24.116 4700 4700 V VRI[UnityDownloaderActivity]: Input event delivered to android.view.ViewRootImpl$ViewPreImeInputStage@7b87bd7 at 2025-03-13 10:00:24.106
03-13 10:00:24.116 4700 4700 V VRI[UnityDownloaderActivity]: [ANR Warning]Input routeing takes more than 6000ms since 1970-01-01 05:30:00.000, this = com.mediatek.view.impl.ViewDebugManagerImpl@869a1a9
03-13 10:00:24.116 4700 4700 V VRI[UnityDownloaderActivity]: Input event delivered to android.view.ViewRootImpl$NativePostImeInputStage@f609ae2 at 2025-03- 13 10:00:24.116
03-13 10:00:24.116 4700 4700 V VRI[UnityDownloaderActivity]: Input event delivered to android.view.ViewRootImpl$EarlyPostImeInputStage@51437ad at 2025-03-13 10:00:24.116
03-13 10:00:24.116 4700 4700 V VRI[UnityDownloaderActivity]: Input event delivered to android.view.ViewRootImpl$SyntheticInputStage@6ab9130 at 2025-03-13 10:00:24.116
03-13 10:00:24.116 4700 4700 V VRI[UnityDownloaderActivity]: Input event delivered to android.view.ViewRootImpl$ViewPostImeInputStage@81efe73 at 2025-03-13 10:00:24.116
03-13 10:00:24.132 4700 4700 I ForceDarkHelperStubImpl: setViewRootImplForceDark: false for com.dts.freefireth.FFMainActivity@1c4b406, reason: AppDarkModeEnable
03-13 10:00:24.149 4700 4700 D BufferQueueConsumer: [](id:125c00000003,api:0,p:- 1,c:4700) connect: controlledByApp=false
03-13 10:00:24.155 4700 4700 D BufferQueueConsumer: [](id:125c00000004,api:0,p:- 1,c:4700) connect: controlledByApp=false
03-13 10:00:24.156 4700 4700 D VRI[FFMainActivity]: vri.reportNextDraw android.view.ViewRootImpl.performTraversals:3953 android.view.ViewRootImpl.doTraversal:2674 android.view.ViewRootImpl$TraversalRunnable.run:9867 android.view.Choreographer$CallbackRecord.run:1431 android.view.Choreographer$CallbackRecord.run:1439
03-13 10:00:24.156 4700 4700 D SurfaceView: UPDATE Surface(name=SurfaceView[com.dts.freefiremax/com.dts.freefireth.FFMainActivity])/ @0xf09c8eb, mIsProjectionMode = false
03-13 10:00:24.157 4700 4700 D VRI[FFMainActivity]: vri.Setup new sync id=2 syncSeqId=0
03-13 10:00:24.157 4700 4700 E SurfaceSyncer: Failed to find sync for id=0
03-13 10:00:24.157 4700 4700 E SurfaceSyncer: Failed to find sync for id=1
03-13 10:00:24.166 4700 4806 E gralloc4: Empty SMPTE 2094-40 data
03-13 10:00:24.166 4700 4806 D BLASTBufferQueue: [VRI[FFMainActivity]#3](f:0,a:1) acquireNextBufferLocked size=2400x1080 mFrameNumber=1 applyTransaction=true mTimestamp=6347548989376(auto) mPendingTransactions.size=0 graphicBufferId=20186346291211 transform=4
03-13 10:00:24.167 4700 4700 D VRI[FFMainActivity]: vri.reportDrawFinished syncSeqId=0 android.view.ViewRootImpl.lambda$createSyncIfNeeded$4$android-view- ViewRootImpl:4021 android.view.ViewRootImpl$$ExternalSyntheticLambda1.run:6 android.os.Handler.handleCallback:942 android.os.Handler.dispatchMessage:99 android.os.Looper.loopOnce:211
03-13 10:00:24.170 4700 4700 D VRI[FFMainActivity]: vri.reportNextDraw android.view.ViewRootImpl.handleResized:2047 android.view.ViewRootImpl.-$ $Nest$mhandleResized:0 android.view.ViewRootImpl$ViewRootHandler.handleMessageImpl:6120 android.view.ViewRootImpl$ViewRootHandler.handleMessage:6084 android.os.Handler.dispatchMessage:106
03-13 10:00:24.170 4700 4700 D DecorView[]: onWindowFocusChanged hasWindowFocus false
03-13 10:00:24.174 20197 21431 D MeasurementService: bound by: GetServiceRequest{serviceId=MEASUREMENT, gmsVersion=12451000, packageName='com.dts.freefiremax', extras=Bundle[{}]}
03-13 10:00:24.177 4700 4700 D VRI[FFMainActivity]: vri.Setup new sync id=3 syncSeqId=0
03-13 10:00:24.177 4700 4700 E SurfaceSyncer: Failed to find sync for id=0
03-13 10:00:24.177 4700 4700 E SurfaceSyncer: Failed to find sync for id=1
03-13 10:00:24.183 4700 4806 E gralloc4: Empty SMPTE 2094-40 data
03-13 10:00:24.184 4700 4700 D VRI[FFMainActivity]: vri.reportDrawFinished syncSeqId=0 android.view.ViewRootImpl.lambda$createSyncIfNeeded$4$android-view- ViewRootImpl:4021 android.view.ViewRootImpl$$ExternalSyntheticLambda1.run:6 android.os.Handler.handleCallback:942 android.os.Handler.dispatchMessage:99 android.os.Looper.loopOnce:211
03-13 10:00:24.190 20197 21431 D MeasurementService: sendCurrentScreen(0, null, null, com.dts.freefiremax)
03-13 10:00:24.192 20197 21431 D MeasurementService: sendCurrentScreen(3842639553682995828, null, FFMainActivity, com.dts.freefiremax)
03-13 10:00:24.198 4700 4700 D DecorView[]: onWindowFocusChanged hasWindowFocus true
03-13 10:00:24.198 4700 4700 I HandWritingStubImpl: refreshLastKeyboardType: 1
03-13 10:00:24.198 4700 4700 I HandWritingStubImpl: getCurrentKeyboardType: 1
03-13 10:00:24.207 4700 4800 D AudioTrack: start(421): 0x754e816a00, prior state:STATE_STOPPED
03-13 10:00:24.207 4700 4700 D MediaRouter: onRestoreRoute() : route=RouteInfo{ name=Phone, description=null, status=null, category=RouteCategory{ name=System types=ROUTE_TYPE_LIVE_AUDIO ROUTE_TYPE_LIVE_VIDEO groupable=false }, supportedTypes=ROUTE_TYPE_LIVE_AUDIO ROUTE_TYPE_LIVE_VIDEO , presentationDisplay=null }
03-13 10:00:24.208 4700 4700 V MediaRouter: Selecting route: RouteInfo{ name=Phone, description=null, status=null, category=RouteCategory{ name=System types=ROUTE_TYPE_LIVE_AUDIO ROUTE_TYPE_LIVE_VIDEO groupable=false }, supportedTypes=ROUTE_TYPE_LIVE_AUDIO ROUTE_TYPE_LIVE_VIDEO , presentationDisplay=null }
03-13 10:00:24.259 20197 21431 D MeasurementService: sendCurrentScreen(0, null, null, com.dts.freefiremax)
03-13 10:00:24.312 4700 4800 D .secretspace:p1: PlayerBase::stop() from IPlayer
03-13 10:00:24.312 4700 4800 D AudioTrack: stop(421): 0x754e816a00, prior state:STATE_ACTIVE
03-13 10:00:24.312 4700 4800 D AudioTrackShared: this(0x74a5702ce0), mCblk(0x75f8136000), front(182528), mIsOut 1, interrupt() FUTEX_WAKE
03-13 10:00:24.314 4700 4800 D AudioTrack: stop(421): 0x754e816a00 stop done
03-13 10:00:24.315 4700 4800 D AudioTrack: stop(421): 0x754e816a00, prior state:STATE_STOPPED
03-13 10:00:24.315 4700 4800 D AudioTrack: ~AudioTrack(421): 0x754e816a00
03-13 10:00:24.315 4700 4800 D AudioTrack: stop(421): 0x754e816a00, prior state:STATE_STOPPED
03-13 10:00:24.315 4700 4800 D AudioTrackShared: this(0x74a5702ce0), mCblk(0x75f8136000), front(182528), mIsOut 1, interrupt() FUTEX_WAKE
03-13 10:00:24.326 4700 4849 D libMEOW : meow delete tls: 0x748821ee00
03-13 10:00:24.360 4700 4800 E Surface : freeAllBuffers: 1 buffers were freed while being dequeued!
03-13 10:00:24.375 4700 4700 W Activity: PerfMonitor: Slow Operation: Activity com.dts.freefiremax/com.dts.freefireth.FFMainActivity onPause took 118ms
03-13 10:00:24.379 20010 20010 I ForceDarkHelperStubImpl: setViewRootImplForceDark: false for com.hello.sandbox.ui.home.HomeAct@dfbbb31, reason: AppDarkModeEnable
03-13 10:00:24.380 20010 20010 I ForceDarkHelperStubImpl: setViewRootImplForceDark: false for com.hello.sandbox.ui.home.HomeAct@dfbbb31, reason: AppDarkModeEnable
03-13 10:00:24.388 4700 4700 D DecorView[]: onWindowFocusChanged hasWindowFocus false
03-13 10:00:24.398 20010 20010 D BufferQueueConsumer: [](id:4e2a00000009,api:0,p:- 1,c:20010) connect: controlledByApp=false
03-13 10:00:24.399 20010 20010 D VRI[HomeAct]: vri.reportNextDraw android.view.ViewRootImpl.performTraversals:3953 android.view.ViewRootImpl.doTraversal:2674 android.view.ViewRootImpl$TraversalRunnable.run:9867 android.view.Choreographer$CallbackRecord.run:1431 android.view.Choreographer$CallbackRecord.run:1439
03-13 10:00:24.399 20010 20010 D VRI[HomeAct]: vri.Setup new sync id=1 syncSeqId=0
03-13 10:00:24.403 4700 4712 F .secretspace:p1: verification.cc:124] GC tried to mark invalid reference 0x3e9133e0
03-13 10:00:24.403 4700 4712 F .secretspace:p1: verification.cc:124] ref=0x3e9133e0 <invalid address>
03-13 10:00:24.403 4700 4712 F .secretspace:p1: verification.cc:124] holder=0x0 <invalid address>
03-13 10:00:24.403 4700 4712 F .secretspace:p1: verification.cc:124] 0xb400007601d35380 main space (region space) 0x14000000-0x34000000
03-13 10:00:24.403 4700 4712 F .secretspace:p1: verification.cc:124] 0xb400007601d35668 region space live bitmap[begin=0x14000000,end=0x34000000]
03-13 10:00:24.403 4700 4712 F .secretspace:p1: verification.cc:124] 0xb400007601d35668 region space live bitmap[begin=0x14000000,end=0x34000000]
03-13 10:00:24.403 4700 4712 F .secretspace:p1: verification.cc:124] 0xb400007601d32a80 SpaceTypeImageSpace begin=0x6f5c5000,end=0x6ff519c0,size=9778KB,name="/data/misc/apexdata/ com.android.art/dalvik-cache/arm64/boot.art"]
03-13 10:00:24.403 4700 4712 F .secretspace:p1: verification.cc:124] 0xb400007601d32b08 imagespace /data/misc/apexdata/com.android.art/dalvik-cache/arm64/boot.art live-bitmap 0[begin=0x6f5c5000,end=0x6ff51c00]
03-13 10:00:24.403 4700 4712 F .secretspace:p1: verification.cc:124] 0xb400007601d32b08 imagespace /data/misc/apexdata/com.android.art/dalvik-cache/arm64/boot.art live-bitmap 0[begin=0x6f5c5000,end=0x6ff51c00]
03-13 10:00:24.403 4700 4712 F .secretspace:p1: verification.cc:124] 0xb400007601d32d80 SpaceTypeImageSpace begin=0x71ca7000,end=0x71f93d70,size=2995KB,name="/data/misc/apexdata/ com.android.art/dalvik-cache/arm64/boot-framework-adservices.art"]
03-13 10:00:24.403 4700 4712 F .secretspace:p1: verification.cc:124] 0xb400007601d32e08 imagespace /data/misc/apexdata/com.android.art/dalvik-cache/arm64/boot-framework- adservices.art live-bitmap 1[begin=0x71ca7000,end=0x71f94000]
03-13 10:00:24.403 4700 4712 F .secretspace:p1: verification.cc:124] 0xb400007601d32e08 imagespace /data/misc/apexdata/com.android.art/dalvik-cache/arm64/boot-framework- adservices.art live-bitmap 1[begin=0x71ca7000,end=0x71f94000]
03-13 10:00:24.403 4700 4712 F .secretspace:p1: verification.cc:124] 0xb4000075352d5300 SpaceTypeZygoteSpace begin=0x72386000,end=0x72a2f000,size=6820KB,name="Zygote space"]
03-13 10:00:24.403 4700 4712 F .secretspace:p1: verification.cc:124] 0xb4000075352d5390 allocspace zygote / non moving space live-bitmap 0[begin=0x72386000,end=0x72a2f000]
03-13 10:00:24.403 4700 4712 F .secretspace:p1: verification.cc:124] 0xb4000075352d5410 allocspace zygote / non moving space live-bitmap 0[begin=0x72386000,end=0x72a2f000]
03-13 10:00:24.403 4700 4712 F .secretspace:p1: verification.cc:124] 0xb4000075352d5080 SpaceTypeMallocSpace begin=0x72a2f000,end=0x72a3a000,limit=0x76386000,size=44KB,capacity=57MB,non_growth _limit_capacity=57MB,name="non moving space"]
03-13 10:00:24.403 4700 4712 F .secretspace:p1: verification.cc:124] 0xb4000075352d5110 allocspace non moving space live-bitmap 1[begin=0x72a2f000,end=0x76386000]
03-13 10:00:24.403 4700 4712 F .secretspace:p1: verification.cc:124] 0xb4000075352d5190 allocspace non moving space mark-bitmap 1[begin=0x72a2f000,end=0x76386000]
03-13 10:00:24.403 4700 4712 F .secretspace:p1: verification.cc:124] 0x7601e3ac00 SpaceTypeImageSpace begin=0x9e386000,end=0x9e4cb7f8,size=1301KB,name="/data/app/~~1Bk6MROiQfGvVpSFz9OLn Q==/com.hello.miheapp.secretspace-JmIjTfn7MY8hPq_HPSN-Qg==/oat/arm64/base.art"]
03-13 10:00:24.403 4700 4712 F .secretspace:p1: verification.cc:124] 0x7601e3ac88 imagespace /data/app/~~1Bk6MROiQfGvVpSFz9OLnQ==/com.hello.miheapp.secretspace- JmIjTfn7MY8hPq_HPSN-Qg==/oat/arm64/base.art live-bitmap 2[begin=0x9e386000,end=0x9e4cb800]
03-13 10:00:24.403 4700 4712 F .secretspace:p1: verification.cc:124] 0x7601e3ac88 imagespace /data/app/~~1Bk6MROiQfGvVpSFz9OLnQ==/com.hello.miheapp.secretspace- JmIjTfn7MY8hPq_HPSN-Qg==/oat/arm64/base.art live-bitmap 2[begin=0x9e386000,end=0x9e4cb800]
03-13 10:00:24.403 4700 4712 F .secretspace:p1: verification.cc:124] 0x75352a0c00 SpaceTypeImageSpace begin=0x9e604000,end=0x9e604310,size=784B,name="/data/misc/apexdata/ com.android.art/dalvik-cache/arm64/ system@[email protected]@classes.art"]
03-13 10:00:24.403 4700 4712 F .secretspace:p1: verification.cc:124] 0x75352a0c88 imagespace /data/misc/apexdata/com.android.art/dalvik-cache/arm64/system@[email protected] [email protected] live-bitmap 3[begin=0x9e604000,end=0x9e604400]
03-13 10:00:24.403 4700 4712 F .secretspace:p1: verification.cc:124] 0x75352a0c88 imagespace /data/misc/apexdata/com.android.art/dalvik-cache/arm64/system@[email protected] [email protected] live-bitmap 3[begin=0x9e604000,end=0x9e604400]
03-13 10:00:24.403 4700 4712 F .secretspace:p1: verification.cc:124] 0xb400007601dacf00 free list large object space - begin: 0x76386000 end: 0x86386000
03-13 10:00:24.403 4700 4712 F .secretspace:p1: verification.cc:124] Large object at address: 0x76386000 of length 118784 bytes
03-13 10:00:24.403 4700 4712 F .secretspace:p1: verification.cc:124] Large object at address: 0x763a3000 of length 16384 bytes
03-13 10:00:24.403 4700 4712 F .secretspace:p1: verification.cc:124] Large object at address: 0x763a7000 of length 94208 bytes
03-13 10:00:24.403 4700 4712 F .secretspace:p1: verification.cc:124] Large object at address: 0x763be000 of length 16384 bytes
03-13 10:00:24.403 4700 4712 F .secretspace:p1: verification.cc:124] Large object at address: 0x763c2000 of length 20480 bytes
03-13 10:00:24.403 4700 4712 F .secretspace:p1: verification.cc:124] Free block at address: 0x763c7000 of length 4096 bytes
03-13 10:00:24.403 4700 4712 F .secretspace:p1: verification.cc:124] Large object at address: 0x763c8000 of length 49152 bytes
03-13 10:00:24.403 4700 4712 F .secretspace:p1: verification.cc:124] Large object at address: 0x763d4000 of length 49152 bytes
03-13 10:00:24.403 4700 4712 F .secretspace:p1: verification.cc:124] Large object at address: 0x763e0000 of length 65536 bytes
03-13 10:00:24.403 4700 4712 F .secretspace:p1: verification.cc:124] Large object at address: 0x763f0000 of length 28672 bytes
03-13 10:00:24.403 4700 4712 F .secretspace:p1: verification.cc:124] Large object at address: 0x763f7000 of length 28672 bytes
03-13 10:00:24.403 4700 4712 F .secretspace:p1: verification.cc:124] Large object at address: 0x763fe000 of length 16384 bytes
03-13 10:00:24.403 4700 4712 F .secretspace:p1: verification.cc:124] Large object at address: 0x76402000 of length 24576 bytes
03-13 10:00:24.403 4700 4712 F .secretspace:p1: verification.cc:124] Large object at address: 0x76408000 of length 20480 bytes
03-13 10:00:24.403 4700 4712 F .secretspace:p1: verification.cc:124] Large object at address: 0x7640d000 of length 28672 bytes
03-13 10:00:24.403 4700 4712 F .secretspace:p1: verification.cc:124] Free block at address: 0x76414000 of length 12288 bytes
03-13 10:00:24.403 4700 4712 F .secretspace:p1: verification.cc:124] Large object at address: 0x76417000 of length 16384 bytes
03-13 10:00:24.403 4700 4712 F .secretspace:p1: verification.cc:124] Large object at address: 0x7641b000 of length 20480 bytes
03-13 10:00:24.403 4700 4712 F .secretspace:p1: verification.cc:124] Large object at address: 0x76420000 of length 16384 bytes
03-13 10:00:24.403 4700 4712 F .secretspace:p1: verification.cc:124] Large object at address: 0x76424000 of length 16384 bytes
03-13 10:00:24.403 4700 4712 F .secretspace:p1: verification.cc:124] Large object at address: 0x76428000 of length 24576 bytes
03-13 10:00:24.403 4700 4712 F .secretspace:p1: verification.cc:124] Large object at address: 0x7642e000 of length 28672 bytes
03-13 10:00:24.403 4700 4712 F .secretspace:p1: verification.cc:124] Large object at address: 0x76435000 of length 28672 bytes
03-13 10:00:24.403 4700 4712 F .secretspace:p1: verification.cc:124] Large object at address: 0x7643c000 of length 28672 bytes
03-13 10:00:24.403 4700 4712 F .secretspace:p1: verification.cc:124] Large object at address: 0x76443000 of length 16384 bytes
03-13 10:00:24.403 4700 4712 F .secretspace:p1: verification.cc:124] Free block at address: 0x76447000 of length 8192 bytes
03-13 10:00:24.403 4700 4712 F .secretspace:p1: verification.cc:124] Large object at address: 0x76449000 of length 24576 bytes
03-13 10:00:24.403 4700 4712 F .secretspace:p1: verification.cc:124] Large object at address: 0x7644f000 of length 57344 bytes
03-13 10:00:24.403 4700 4712 F .secretspace:p1: verification.cc:124] Free block at address: 0x7645d000 of length 4096 bytes
03-13 10:00:24.403 4700 4712 F .secretspace:p1: verification.cc:124] Large object at address: 0x7645e000 of length 262144 bytes
03-13 10:00:24.403 4700 4712 F .secretspace:p1: verification.cc:124] Large object at address: 0x7649e000 of length 32768 bytes
03-13 10:00:24.403 4700 4712 F .secretspace:p1: verification.cc:124] Large object at address: 0x764a6000 of length 24576 bytes
03-13 10:00:24.403 4700 4712 F .secretspace:p1: verification.cc:124] Large object at address: 0x764ac000 of length 24576 bytes
03-13 10:00:24.403 4700 4712 F .secretspace:p1: verification.cc:124] Large object at address: 0x764b2000 of length 458752 bytes
03-13 10:00:24.403 4700 4712 F .secretspace:p1: verification.cc:124] Free block at address: 0x76522000 of length 20480 bytes
03-13 10:00:24.403 4700 4712 F .secretspace:p1: verification.cc:124] Large object at address: 0x76527000 of length 16384 bytes
03-13 10:00:24.403 4700 4712 F .secretspace:p1: verification.cc:124] Large object at address: 0x7652b000 of length 16384 bytes
03-13 10:00:24.403 4700 4712 F .secretspace:p1: verification.cc:124] Large object at address: 0x7652f000 of length 16384 bytes
03-13 10:00:24.403 4700 4712 F .secretspace:p1: verification.cc:124] Free block at address: 0x76533000 of length 65536 bytes
03-13 10:00:24.403 4700 4712 F .secretspace:p1: verification.cc:124] Large object at address: 0x76543000 of length 65536 bytes
03-13 10:00:24.403 4700 4712 F .secretspace:p1: verification.cc:124] Large object at address: 0x76553000 of length 16384 bytes
03-13 10:00:24.403 4700 4712 F .secretspace:p1: verification.cc:124] Large object at address: 0x76557000 of length 16384 bytes
03-13 10:00:24.403 4700 4712 F .secretspace:p1: verification.cc:124] Large object at address: 0x7655b000 of length 102400 bytes
03-13 10:00:24.403 4700 4712 F .secretspace:p1: verification.cc:124] Large object at address: 0x76574000 of length 36864 bytes
03-13 10:00:24.403 4700 4712 F .secretspace:p1: verification.cc:124] Free block at address: 0x7657d000 of length 8192 bytes
03-13 10:00:24.403 4700 4712 F .secretspace:p1: verification.cc:124] Large object at address: 0x7657f000 of length 147456 bytes
03-13 10:00:24.403 4700 4712 F .secretspace:p1: verification.cc:124] Large object at address: 0x765a3000 of length 20480 bytes
03-13 10:00:24.403 4700 4712 F .secretspace:p1: verification.cc:124] Free block at address: 0x765a8000 of length 20480 bytes
03-13 10:00:24.403 4700 4712 F .secretspace:p1: verification.cc:124] Large object at address: 0x765ad000 of length 40960 bytes
03-13 10:00:24.403 4700 4712 F .secretspace:p1: verification.cc:124] Large object at address: 0x765b7000 of length 16384 bytes
03-13 10:00:24.403 4700 4712 F .secretspace:p1: verification.cc:124] Large object at address: 0x765bb000 of length 16384 bytes
03-13 10:00:24.403 4700 4712 F .secretspace:p1: verification.cc:124] Free block at address: 0x765bf000 of length 16384 bytes
03-13 10:00:24.403 4700 4712 F .secretspace:p1: verification.cc:124] Large object at address: 0x765c3000 of length 16384 bytes
03-13 10:00:24.403 4700 4712 F .secretspace:p1: verification.cc:124] Free block at address: 0x765c7000 of length 49152 bytes
03-13 10:00:24.403 4700 4712 F .secretspace:p1: verification.cc:124] Large object at address: 0x765d3000 of length 49152 bytes
03-13 10:00:24.403 4700 4712 F .secretspace:p1: verification.cc:124] Large object at address: 0x765df000 of length 69632 bytes
03-13 10:00:24.403 4700 4712 F .secretspace:p1: verification.cc:124] Free block at address: 0x765f0000 of length 307200 bytes
03-13 10:00:24.403 4700 4712 F .secretspace:p1: verification.cc:124] Large object at address: 0x7663b000 of length 53248 bytes
03-13 10:00:24.403 4700 4712 F .secretspace:p1: verification.cc:124] Free block at address: 0x76648000 of length 700416 bytes
03-13 10:00:24.403 4700 4712 F .secretspace:p1: verification.cc:124] Large object at address: 0x766f3000 of length 20480 bytes
03-13 10:00:24.403 4700 4712 F .secretspace:p1: verification.cc:124] Large object at address: 0x766f8000 of length 20480 bytes
03-13 10:00:24.403 4700 4712 F .secretspace:p1: verification.cc:124] Large object at address: 0x766fd000 of length 20480 bytes
03-13 10:00:24.403 4700 4712 F .secretspace:p1: verification.cc:124] Large object at address: 0x76702000 of length 20480 bytes
03-13 10:00:24.403 4700 4712 F .secretspace:p1: verification.cc:124] Large object at address: 0x76707000 of length 20480 bytes
03-13 10:00:24.403 4700 4712 F .secretspace:p1: verification.cc:124] Large object at address: 0x7670c000 of length 20480 bytes
03-13 10:00:24.403 4700 4712 F .secretspace:p1: verification.cc:124] Large object at address: 0x76711000 of length 20480 bytes
03-13 10:00:24.403 4700 4712 F .secretspace:p1: verification.cc:124] Large object at address: 0x76716000 of length 20480 bytes
03-13 10:00:24.403 4700 4712 F .secretspace:p1: verification.cc:124] Free block at address: 0x7671b000 of length 1191936 bytes
03-13 10:00:24.403 4700 4712 F .secretspace:p1: verification.cc:124] Large object at address: 0x7683e000 of length 20480 bytes
03-13 10:00:24.403 4700 4712 F .secretspace:p1: verification.cc:124] Large object at address: 0x76843000 of length 20480 bytes
03-13 10:00:24.403 4700 4712 F .secretspace:p1: verification.cc:124] Large object at address: 0x76848000 of length 20480 bytes
03-13 10:00:24.403 4700 4712 F .secretspace:p1: verification.cc:124] Large object at address: 0x7684d000 of length 20480 bytes
03-13 10:00:24.403 4700 4712 F .secretspace:p1: verification.cc:124] Free block at address: 0x76852000 of length 263405568 bytes
03-13 10:00:24.403 4700 4712 F .secretspace:p1: verification.cc:124]
03-13 10:00:24.403 4700 4712 F .secretspace:p1: verification.cc:124] MemMap:
03-13 10:00:24.403 4700 4712 F .secretspace:p1: verification.cc:124] [MemMap: 0x14000000+0x20000P prot=0x3 main space (region space)]
03-13 10:00:24.403 4700 4712 F .secretspace:p1: verification.cc:124] [MemMap: 0x6f5c5000+0x157bP prot=0x3 /data/misc/apexdata/com.android.art/dalvik-cache/boot.art]
03-13 10:00:24.403 4700 4712 F .secretspace:p1: verification.cc:124] [MemMap: 0x70b40000+0x1167P prot=0x0 Boot image reservation]
03-13 10:00:24.403 4700 4712 F .secretspace:p1: verification.cc:124] [MemMap: 0x70b40000+0x1165P(4) prot=0x0 /data/misc/apexdata/com.android.art/dalvik-cache/arm64/boot.oat]
03-13 10:00:24.403 4700 4712 F .secretspace:p1: verification.cc:124] [MemMap: 0x71bca000+0xdbP prot=0x3 /data/misc/apexdata/com.android.art/dalvik-cache/arm64/boot.vdex]
03-13 10:00:24.403 4700 4712 F .secretspace:p1: verification.cc:124] [MemMap: 0x71ca5000+0x2P(2) prot=0x0 /data/misc/apexdata/com.android.art/dalvik-cache/arm64/boot.oat]
03-13 10:00:24.403 4700 4712 F .secretspace:p1: verification.cc:124] [MemMap: 0x71ca7000+0x6a6P prot=0x3 /data/misc/apexdata/com.android.art/dalvik-cache/boot- framework-adservices.art]
03-13 10:00:24.403 4700 4712 F .secretspace:p1: verification.cc:124] [MemMap: 0x7234d000+0x39P prot=0x0 Boot image reservation]
03-13 10:00:24.403 4700 4712 F .secretspace:p1: verification.cc:124] [MemMap: 0x7234d000+0x37P(2) prot=0x0 /data/misc/apexdata/com.android.art/dalvik-cache/arm64/boot-framework- adservices.oat]
03-13 10:00:24.403 4700 4712 F .secretspace:p1: verification.cc:124] [MemMap: 0x7235f000+0x25P prot=0x3 /data/misc/apexdata/com.android.art/dalvik-cache/arm64/boot-framework- adservices.vdex]
03-13 10:00:24.403 4700 4712 F .secretspace:p1: verification.cc:124] [MemMap: 0x72384000+0x2P(2) prot=0x0 /data/misc/apexdata/com.android.art/dalvik-cache/arm64/boot-framework- adservices.oat]
03-13 10:00:24.403 4700 4712 F .secretspace:p1: verification.cc:124] [MemMap: 0x72386000+0x6a9P prot=0x3 zygote space]
03-13 10:00:24.403 4700 4712 F .secretspace:p1: verification.cc:124] [MemMap: 0x72a2f000+0x3957P prot=0x3 non moving space]
03-13 10:00:24.403 4700 4712 F .secretspace:p1: verification.cc:124] [MemMap: 0x76386000+0x10000P prot=0x3 free list large object space]
03-13 10:00:24.403 4700 4712 F .secretspace:p1: verification.cc:124] [MemMap: 0x96386000+0x2000P prot=0x1 zygote-data-code-cache]
03-13 10:00:24.403 4700 4712 F .secretspace:p1: verification.cc:124] [MemMap: 0x98386000+0x2000P prot=0x5 zygote-jit-code-cache]
03-13 10:00:24.403 4700 4712 F .secretspace:p1: verification.cc:124] [MemMap: 0x9a386000+0x2000P prot=0x1 data-code-cache]
03-13 10:00:24.403 4700 4712 F .secretspace:p1: verification.cc:124] [MemMap: 0x9c386000+0x2000P prot=0x5 jit-code-cache]
03-13 10:00:24.403 4700 4712 F .secretspace:p1: verification.cc:124] [MemMap: 0x9e386000+0x27eP prot=0x3 /data/app/~~1Bk6MROiQfGvVpSFz9OLnQ==/com.hello.miheapp.secretspace- JmIjTfn7MY8hPq_HPSN-Qg==/oat/arm64/base.art]
03-13 10:00:24.403 4700 4712 F .secretspace:p1: verification.cc:124] [MemMap: 0x9e604000+0x1P prot=0x3 /data/misc/apexdata/com.android.art/dalvik-cache/arm64/system@[email protected] [email protected]]
03-13 10:00:24.403 4700 4712 F .secretspace:p1: verification.cc:124] [MemMap: 0xebad6000+0x1P prot=0x0 Sentinel fault page]
03-13 10:00:24.403 4700 4712 F .secretspace:p1: verification.cc:124] [MemMap: 0x74bea22000+0x858P(2) prot=0x0 /data/data/com.hello.miheapp.secretspace/sandbox/data/app/com.google.android.gms/ oat/arm64/base.odex]
03-13 10:00:24.403 4700 4712 F .secretspace:p1: verification.cc:124] [MemMap: 0x74bea3a000+0x840P prot=0x3 /data/user/0/com.hello.miheapp.secretspace/sandbox/data/app/com.google.android.gms/ oat/arm64/base.vdex]
03-13 10:00:24.403 4700 4712 F .secretspace:p1: verification.cc:124] [MemMap: 0x74bf27a000+0x2P(2) prot=0x0 /data/data/com.hello.miheapp.secretspace/sandbox/data/app/com.google.android.gms/ oat/arm64/base.odex]
03-13 10:00:24.403 4700 4712 F .secretspace:p1: verification.cc:124] [MemMap: 0x74c3312000+0x786P prot=0x3 /data/user/0/com.hello.miheapp.secretspace/sandbox/data/app/com.dts.freefiremax/ oat/arm64/base.vdex]
03-13 10:00:24.403 4700 4712 F .secretspace:p1: verification.cc:124] [MemMap: 0x74d5a3e000+0x1374P(5) prot=0x0 /data/app/~~1Bk6MROiQfGvVpSFz9OLnQ==/com.hello.miheapp.secretspace- JmIjTfn7MY8hPq_HPSN-Qg==/oat/arm64/base.odex]
03-13 10:00:24.403 4700 4712 F .secretspace:p1: verification.cc:124] [MemMap: 0x74d60ab000+0xd07P prot=0x3 /data/app/~~1Bk6MROiQfGvVpSFz9OLnQ==/com.hello.miheapp.secretspace- JmIjTfn7MY8hPq_HPSN-Qg==/oat/arm64/base.vdex]
03-13 10:00:24.403 4700 4712 F .secretspace:p1: verification.cc:124] [MemMap: 0x74d6db2000+0x2P(2) prot=0x0 /data/app/~~1Bk6MROiQfGvVpSFz9OLnQ==/com.hello.miheapp.secretspace- JmIjTfn7MY8hPq_HPSN-Qg==/oat/arm64/base.odex]
03-13 10:00:24.403 4700 4712 F .secretspace:p1: verification.cc:124] [MemMap: 0x753e639000+0x7aP prot=0x1 classes.dex mapped directly in memory from /system/framework/org.apache.http.legacy.jar]
03-13 10:00:24.403 4700 4712 F .secretspace:p1: verification.cc:124] [MemMap: 0x753f26d000+0xe6P prot=0x3 allocspace non moving space mark-bitmap 1]
03-13 10:00:24.403 4700 4712 F .secretspace:p1: verification.cc:124] [MemMap: 0x753f353000+0xe6P prot=0x3 allocspace non moving space live-bitmap 1]
03-13 10:00:24.403 4700 4712 F .secretspace:p1: verification.cc:124] [MemMap: 0x753f439000+0x2000P prot=0x3 data-code-cache-rw]
03-13 10:00:24.403 4700 4712 F .secretspace:p1: verification.cc:124] [MemMap: 0x7541439000+0x2000P prot=0x3 jit-code-cache-rw]
03-13 10:00:24.403 4700 4712 F .secretspace:p1: verification.cc:124] [MemMap: 0x754a076000+0x64P prot=0x3 indirect ref table]
03-13 10:00:24.403 4700 4712 F .secretspace:p1: verification.cc:124] [MemMap: 0x754a0da000+0x100P prot=0x3 non-moving-space inter region ref bitmap]
03-13 10:00:24.403 4700 4712 F .secretspace:p1: verification.cc:124] [MemMap: 0x754a1da000+0x1000P prot=0x3 region-space inter region ref bitmap]
03-13 10:00:24.403 4700 4712 F .secretspace:p1: verification.cc:124] [MemMap: 0x754b1da000+0x200P prot=0x3 rb copying gc mark stack]
03-13 10:00:24.403 4700 4712 F .secretspace:p1: verification.cc:124] [MemMap: 0x754b3da000+0x800P prot=0x3 concurrent copying gc mark stack]
03-13 10:00:24.403 4700 4712 F .secretspace:p1: verification.cc:124] [MemMap: 0x754bbda000+0x200P prot=0x3 rb copying gc mark stack]
03-13 10:00:24.403 4700 4712 F .secretspace:p1: verification.cc:124] [MemMap: 0x754bdda000+0x800P prot=0x3 concurrent copying gc mark stack]
03-13 10:00:24.403 4700 4712 F .secretspace:p1: verification.cc:124] [MemMap: 0x754c5da000+0x801P prot=0x3 live stack]
03-13 10:00:24.403 4700 4712 F .secretspace:p1: verification.cc:124] [MemMap: 0x754cddb000+0x801P prot=0x3 allocation stack]
03-13 10:00:24.403 4700 4712 F .secretspace:p1: verification.cc:124] [MemMap: 0x754d5dc000+0x401P prot=0x3 card table]
03-13 10:00:24.403 4700 4712 F .secretspace:p1: verification.cc:124] [MemMap: 0x754d9dd000+0x80P prot=0x3 large object free list space allocation info map]
03-13 10:00:24.403 4700 4712 F .secretspace:p1: verification.cc:124] [MemMap: 0x754dadd000+0x800P prot=0x3 region space live bitmap]
03-13 10:00:24.403 4700 4712 F .secretspace:p1: verification.cc:124] [MemMap: 0x754e351000+0xdP(5) prot=0x0 /data/misc/apexdata/com.android.art/dalvik-cache/arm64/system@[email protected] [email protected]]
03-13 10:00:24.403 4700 4712 F .secretspace:p1: verification.cc:124] [MemMap: 0x754e35d000+0x1P prot=0x3 /data/misc/apexdata/com.android.art/dalvik-cache/arm64/system@[email protected] [email protected]]
03-13 10:00:24.403 4700 4712 F .secretspace:p1: verification.cc:124] [MemMap: 0x754e35e000+0x2P(2) prot=0x0 /data/misc/apexdata/com.android.art/dalvik-cache/arm64/system@[email protected] [email protected]]
03-13 10:00:24.403 4700 4712 F .secretspace:p1: verification.cc:124] [MemMap: 0x754eadd000+0x100P prot=0x3 allocspace zygote / non moving space mark-bitmap 0]
03-13 10:00:24.403 4700 4712 F .secretspace:p1: verification.cc:124] [MemMap: 0x754ebdd000+0x100P prot=0x3 allocspace zygote / non moving space live-bitmap 0]
03-13 10:00:24.403 4700 4712 F .secretspace:p1: verification.cc:124] [MemMap: 0x754ecdd000+0xf7P prot=0x1 classes.dex mapped directly in memory from /apex/com.android.wifi/javalib/framework-wifi.jar]
03-13 10:00:24.403 4700 4712 F .secretspace:p1: verification.cc:124] [MemMap: 0x754edd4000+0x7aP prot=0x1 classes.dex mapped directly in memory from /apex/com.android.tethering/javalib/framework-connectivity-t.jar]
03-13 10:00:24.403 4700 4712 F .secretspace:p1: verification.cc:124] [MemMap: 0x754ee4e000+0x1e6P prot=0x1 classes.dex mapped directly in memory from /apex/com.android.tethering/javalib/framework-connectivity.jar]
03-13 10:00:24.403 4700 4712 F .secretspace:p1: verification.cc:124] [MemMap: 0x754f034000+0xbdP prot=0x1 classes.dex mapped directly in memory from /apex/com.android.media/javalib/updatable-media.jar]
03-13 10:00:24.403 4700 4712 F .secretspace:p1: verification.cc:124] [MemMap: 0x754f0f1000+0xb8P prot=0x1 classes.dex mapped directly in memory from /apex/com.android.ipsec/javalib/android.net.ipsec.ike.jar]
03-13 10:00:24.403 4700 4712 F .secretspace:p1: verification.cc:124] [MemMap: 0x754f1a9000+0x7bP prot=0x1 classes.dex mapped directly in memory from /apex/com.android.conscrypt/javalib/conscrypt.jar]
03-13 10:00:24.403 4700 4712 F .secretspace:p1: verification.cc:124] [MemMap: 0x754f224000+0x11fP prot=0x1 classes.dex mapped directly in memory from /apex/com.android.btservices/javalib/framework-bluetooth.jar]
03-13 10:00:24.403 4700 4712 F .secretspace:p1: verification.cc:124] [MemMap: 0x754f343000+0x82P prot=0x1 classes.dex mapped directly in memory from /apex/com.android.adservices/javalib/framework-adservices.jar]
03-13 10:00:24.403 4700 4712 F .secretspace:p1: verification.cc:124] [MemMap: 0x754f3c5000+0x2b4P prot=0x1 classes.dex mapped directly in memory from /apex/com.android.i18n/javalib/core-icu4j.jar]
03-13 10:00:24.403 4700 4712 F .secretspace:p1: verification.cc:124] [MemMap: 0x754f679000+0x94P prot=0x1 classes.dex mapped directly in memory from /system_ext/framework/miui-telephony-common.jar]
03-13 10:00:24.403 4700 4712 F .secretspace:p1: verification.cc:124] [MemMap: 0x754f70d000+0x4f2P prot=0x1 classes.dex mapped directly in memory from /system_ext/framework/miui-framework.jar]
03-13 10:00:24.403 4700 4712 F .secretspace:p1: verification.cc:124] [MemMap: 0x754fbff000+0x72P prot=0x1 classes.dex mapped directly in memory from /system/framework/mediatek-framework.jar]
03-13 10:00:24.403 4700 4712 F .secretspace:p1: verification.cc:124] [MemMap: 0x754fc71000+0x38cP prot=0x1 classes.dex mapped directly in memory from /system/framework/mediatek-telephony-common.jar]
03-13 10:00:24.403 4700 4712 F .secretspace:p1: verification.cc:124] [MemMap: 0x754fffd000+0xcaP prot=0x1 classes.dex mapped directly in memory from /system/framework/voip-common.jar]
03-13 10:00:24.403 4700 4712 F .secretspace:p1: verification.cc:124] [MemMap: 0x75500c7000+0x380P prot=0x1 classes.dex mapped directly in memory from /system/framework/telephony-common.jar]
03-13 10:00:24.403 4700 4712 F .secretspace:p1: verification.cc:124] [MemMap: 0x7550447000+0x996P prot=0x1 classes4.dex mapped directly in memory from /system/framework/framework.jar]
03-13 10:00:24.403 4700 4712 F .secretspace:p1: verification.cc:124] [MemMap: 0x7550ddd000+0x8c3P prot=0x1 classes3.dex mapped directly in memory from /system/framework/framework.jar]
03-13 10:00:24.403 4700 4712 F .secretspace:p1: verification.cc:124] [MemMap: 0x75516a0000+0x8b9P prot=0x1 classes2.dex mapped directly in memory from /system/framework/framework.jar]
03-13 10:00:24.403 4700 4712 F .secretspace:p1: verification.cc:124] [MemMap: 0x7551f59000+0x91aP prot=0x1 classes.dex mapped directly in memory from /system/framework/framework.jar]
03-13 10:00:24.403 4700 4712 F .secretspace:p1: verification.cc:124] [MemMap: 0x7552873000+0x58dP prot=0x1 classes.dex mapped directly in memory from /apex/com.android.art/javalib/core-oj.jar]
03-13 10:00:24.403 4700 4712 F .secretspace:p1: verification.cc:124] [MemMap: 0x7553a4a000+0x91P prot=0x1 classes.dex mapped directly in memory from /system/framework/ims-common.jar]
03-13 10:00:24.403 4700 4712 F .secretspace:p1: verification.cc:124] [MemMap: 0x7553adb000+0x125P prot=0x1 classes.dex mapped directly in memory from /apex/com.android.art/javalib/apache-xml.jar]
03-13 10:00:24.403 4700 4712 F .secretspace:p1: verification.cc:124] [MemMap: 0x75570a6000+0x12dP prot=0x1 classes.dex mapped directly in memory from /apex/com.android.art/javalib/bouncycastle.jar]
