03-13 10:00:41.468 20010 4538 E gralloc4: Empty SMPTE 2094-40 data
03-13 10:00:41.502 20010 4538 E gralloc4: Empty SMPTE 2094-40 data
03-13 10:00:41.524 20010 4538 E gralloc4: Empty SMPTE 2094-40 data
03-13 10:00:41.535 20010 4538 E gralloc4: Empty SMPTE 2094-40 data
03-13 10:00:41.557 20010 4538 E gralloc4: Empty SMPTE 2094-40 data
03-13 10:00:41.568 20010 4538 E gralloc4: Empty SMPTE 2094-40 data
03-13 10:00:41.589 20010 4538 E gralloc4: Empty SMPTE 2094-40 data
03-13 10:00:41.601 20010 4538 E gralloc4: Empty SMPTE 2094-40 data
03-13 10:00:41.623 20010 4538 E gralloc4: Empty SMPTE 2094-40 data
03-13 10:00:41.633 20010 4538 E gralloc4: Empty SMPTE 2094-40 data
03-13 10:00:41.656 20010 4538 E gralloc4: Empty SMPTE 2094-40 data
03-13 10:00:41.667 20010 4538 E gralloc4: Empty SMPTE 2094-40 data
03-13 10:00:41.690 20010 4538 E gralloc4: Empty SMPTE 2094-40 data
03-13 10:00:41.699 20010 4538 E gralloc4: Empty SMPTE 2094-40 data
03-13 10:00:41.722 20010 4538 E gralloc4: Empty SMPTE 2094-40 data
03-13 10:00:41.733 20010 4538 E gralloc4: Empty SMPTE 2094-40 data
03-13 10:00:41.755 20010 4538 E gralloc4: Empty SMPTE 2094-40 data
03-13 10:00:41.767 20010 4538 E gralloc4: Empty SMPTE 2094-40 data
03-13 10:00:41.789 20010 4538 E gralloc4: Empty SMPTE 2094-40 data
03-13 10:00:41.799 20010 4538 E gralloc4: Empty SMPTE 2094-40 data
03-13 10:00:41.821 20010 4538 E gralloc4: Empty SMPTE 2094-40 data
03-13 10:00:41.832 20010 4538 E gralloc4: Empty SMPTE 2094-40 data
03-13 10:00:41.854 20010 4538 E gralloc4: Empty SMPTE 2094-40 data
03-13 10:00:41.867 20010 4538 E gralloc4: Empty SMPTE 2094-40 data
03-13 10:00:41.888 20010 4538 E gralloc4: Empty SMPTE 2094-40 data
03-13 10:00:41.900 20010 4538 E gralloc4: Empty SMPTE 2094-40 data
03-13 10:00:41.921 20010 4538 E gralloc4: Empty SMPTE 2094-40 data
03-13 10:00:41.933 20010 4538 E gralloc4: Empty SMPTE 2094-40 data
03-13 10:00:41.954 20010 4538 E gralloc4: Empty SMPTE 2094-40 data
03-13 10:00:41.967 20010 4538 E gralloc4: Empty SMPTE 2094-40 data
03-13 10:00:41.988 20010 4538 E gralloc4: Empty SMPTE 2094-40 data
03-13 10:00:41.998 20010 4538 E gralloc4: Empty SMPTE 2094-40 data
03-13 10:00:42.020 20010 4538 E gralloc4: Empty SMPTE 2094-40 data
03-13 10:00:42.033 20010 4538 E gralloc4: Empty SMPTE 2094-40 data
03-13 10:00:42.054 20010 4538 E gralloc4: Empty SMPTE 2094-40 data
03-13 10:00:42.066 20010 4538 E gralloc4: Empty SMPTE 2094-40 data
03-13 10:00:42.087 20010 4538 E gralloc4: Empty SMPTE 2094-40 data
03-13 10:00:42.099 20010 4538 E gralloc4: Empty SMPTE 2094-40 data
03-13 10:00:42.120 20010 4538 E gralloc4: Empty SMPTE 2094-40 data
03-13 10:00:42.132 20010 4538 E gralloc4: Empty SMPTE 2094-40 data
03-13 10:00:42.154 20010 4538 E gralloc4: Empty SMPTE 2094-40 data
03-13 10:00:42.165 20010 4538 E gralloc4: Empty SMPTE 2094-40 data
03-13 10:00:42.186 20010 4538 E gralloc4: Empty SMPTE 2094-40 data
03-13 10:00:42.198 20010 4538 E gralloc4: Empty SMPTE 2094-40 data
03-13 10:00:42.220 20010 4538 E gralloc4: Empty SMPTE 2094-40 data
03-13 10:00:42.232 20010 4538 E gralloc4: Empty SMPTE 2094-40 data
03-13 10:00:42.252 20010 4538 E gralloc4: Empty SMPTE 2094-40 data
03-13 10:00:42.265 20010 4538 E gralloc4: Empty SMPTE 2094-40 data
03-13 10:00:42.286 20010 4538 E gralloc4: Empty SMPTE 2094-40 data
03-13 10:00:42.298 20010 4538 E gralloc4: Empty SMPTE 2094-40 data
03-13 10:00:42.319 20010 4538 E gralloc4: Empty SMPTE 2094-40 data
03-13 10:00:42.331 20010 4538 E gralloc4: Empty SMPTE 2094-40 data
03-13 10:00:42.352 20010 4538 E gralloc4: Empty SMPTE 2094-40 data
03-13 10:00:42.361 20010 4538 E gralloc4: Empty SMPTE 2094-40 data
03-13 10:00:42.385 20010 4538 E gralloc4: Empty SMPTE 2094-40 data
03-13 10:00:42.398 20010 4538 E gralloc4: Empty SMPTE 2094-40 data
03-13 10:00:42.419 20010 4538 E gralloc4: Empty SMPTE 2094-40 data
03-13 10:00:42.431 20010 4538 E gralloc4: Empty SMPTE 2094-40 data
03-13 10:00:42.452 20010 4538 E gralloc4: Empty SMPTE 2094-40 data
03-13 10:00:42.464 20010 4538 E gralloc4: Empty SMPTE 2094-40 data
03-13 10:00:42.485 20010 4538 E gralloc4: Empty SMPTE 2094-40 data
03-13 10:00:42.497 20010 4538 E gralloc4: Empty SMPTE 2094-40 data
03-13 10:00:42.518 20010 4538 E gralloc4: Empty SMPTE 2094-40 data
03-13 10:00:42.531 20010 4538 E gralloc4: Empty SMPTE 2094-40 data
03-13 10:00:42.552 20010 4538 E gralloc4: Empty SMPTE 2094-40 data
03-13 10:00:42.563 20010 4538 E gralloc4: Empty SMPTE 2094-40 data
03-13 10:00:42.585 20010 4538 E gralloc4: Empty SMPTE 2094-40 data
03-13 10:00:42.596 20010 4538 E gralloc4: Empty SMPTE 2094-40 data
03-13 10:00:42.618 20010 4538 E gralloc4: Empty SMPTE 2094-40 data
03-13 10:00:42.630 20010 4538 E gralloc4: Empty SMPTE 2094-40 data
03-13 10:00:42.652 20010 4538 E gralloc4: Empty SMPTE 2094-40 data
03-13 10:00:42.663 20010 4538 E gralloc4: Empty SMPTE 2094-40 data
03-13 10:00:42.684 20010 4538 E gralloc4: Empty SMPTE 2094-40 data
03-13 10:00:42.696 20010 4538 E gralloc4: Empty SMPTE 2094-40 data
03-13 10:00:42.717 20010 4538 E gralloc4: Empty SMPTE 2094-40 data
03-13 10:00:42.730 20010 4538 E gralloc4: Empty SMPTE 2094-40 data
03-13 10:00:42.751 20010 4538 E gralloc4: Empty SMPTE 2094-40 data
03-13 10:00:42.763 20010 4538 E gralloc4: Empty SMPTE 2094-40 data
03-13 10:00:42.784 20010 4538 E gralloc4: Empty SMPTE 2094-40 data
03-13 10:00:42.796 20010 4538 E gralloc4: Empty SMPTE 2094-40 data
03-13 10:00:42.817 20010 4538 E gralloc4: Empty SMPTE 2094-40 data
03-13 10:00:42.828 20010 4538 E gralloc4: Empty SMPTE 2094-40 data
03-13 10:00:42.850 20010 4538 E gralloc4: Empty SMPTE 2094-40 data
03-13 10:00:42.863 20010 4538 E gralloc4: Empty SMPTE 2094-40 data
03-13 10:00:42.883 20010 4538 E gralloc4: Empty SMPTE 2094-40 data
03-13 10:00:42.896 20010 4538 E gralloc4: Empty SMPTE 2094-40 data
03-13 10:00:42.917 20010 4538 E gralloc4: Empty SMPTE 2094-40 data
03-13 10:00:42.929 20010 4538 E gralloc4: Empty SMPTE 2094-40 data
03-13 10:00:42.950 20010 4538 E gralloc4: Empty SMPTE 2094-40 data
03-13 10:00:42.963 20010 4538 E gralloc4: Empty SMPTE 2094-40 data
03-13 10:00:42.983 20010 4538 E gralloc4: Empty SMPTE 2094-40 data
03-13 10:00:42.995 20010 4538 E gralloc4: Empty SMPTE 2094-40 data
03-13 10:00:43.016 20010 4538 E gralloc4: Empty SMPTE 2094-40 data
03-13 10:00:43.029 20010 4538 E gralloc4: Empty SMPTE 2094-40 data
03-13 10:00:43.050 20010 4538 E gralloc4: Empty SMPTE 2094-40 data
03-13 10:00:43.063 20010 4538 E gralloc4: Empty SMPTE 2094-40 data
03-13 10:00:43.084 20010 4538 E gralloc4: Empty SMPTE 2094-40 data
03-13 10:00:43.094 20010 4538 E gralloc4: Empty SMPTE 2094-40 data
03-13 10:00:43.116 20010 4538 E gralloc4: Empty SMPTE 2094-40 data
03-13 10:00:43.128 20010 4538 E gralloc4: Empty SMPTE 2094-40 data
03-13 10:00:43.149 20010 4538 E gralloc4: Empty SMPTE 2094-40 data
03-13 10:00:43.162 20010 4538 E gralloc4: Empty SMPTE 2094-40 data
03-13 10:00:43.183 20010 4538 E gralloc4: Empty SMPTE 2094-40 data
03-13 10:00:43.195 20010 4538 E gralloc4: Empty SMPTE 2094-40 data
03-13 10:00:43.216 20010 4538 E gralloc4: Empty SMPTE 2094-40 data
03-13 10:00:43.228 20010 4538 E gralloc4: Empty SMPTE 2094-40 data
03-13 10:00:43.249 20010 4538 E gralloc4: Empty SMPTE 2094-40 data
03-13 10:00:43.262 20010 4538 E gralloc4: Empty SMPTE 2094-40 data
03-13 10:00:43.283 20010 4538 E gralloc4: Empty SMPTE 2094-40 data
03-13 10:00:43.294 20010 4538 E gralloc4: Empty SMPTE 2094-40 data
03-13 10:00:43.316 20010 4538 E gralloc4: Empty SMPTE 2094-40 data
03-13 10:00:43.328 20010 4538 E gralloc4: Empty SMPTE 2094-40 data
03-13 10:00:43.349 20010 4538 E gralloc4: Empty SMPTE 2094-40 data
03-13 10:00:43.360 20010 4538 E gralloc4: Empty SMPTE 2094-40 data
03-13 10:00:43.382 20010 4538 E gralloc4: Empty SMPTE 2094-40 data
03-13 10:00:43.394 20010 4538 E gralloc4: Empty SMPTE 2094-40 data
03-13 10:00:43.415 20010 4538 E gralloc4: Empty SMPTE 2094-40 data
03-13 10:00:43.427 20010 4538 E gralloc4: Empty SMPTE 2094-40 data
03-13 10:00:43.448 20010 4538 E gralloc4: Empty SMPTE 2094-40 data
03-13 10:00:43.461 20010 4538 E gralloc4: Empty SMPTE 2094-40 data
03-13 10:00:43.482 20010 4538 E gralloc4: Empty SMPTE 2094-40 data
03-13 10:00:43.492 20010 4538 E gralloc4: Empty SMPTE 2094-40 data
03-13 10:00:43.514 20010 4538 E gralloc4: Empty SMPTE 2094-40 data
03-13 10:00:43.527 20010 4538 E gralloc4: Empty SMPTE 2094-40 data
03-13 10:00:43.547 20010 4538 E gralloc4: Empty SMPTE 2094-40 data
03-13 10:00:43.560 20010 4538 E gralloc4: Empty SMPTE 2094-40 data
03-13 10:00:43.582 20010 4538 E gralloc4: Empty SMPTE 2094-40 data
03-13 10:00:43.592 20010 4538 E gralloc4: Empty SMPTE 2094-40 data
03-13 10:00:43.614 20010 4538 E gralloc4: Empty SMPTE 2094-40 data
03-13 10:00:43.626 20010 4538 E gralloc4: Empty SMPTE 2094-40 data
03-13 10:00:43.647 20010 4538 E gralloc4: Empty SMPTE 2094-40 data
03-13 10:00:43.659 20010 4538 E gralloc4: Empty SMPTE 2094-40 data
03-13 10:00:43.680 20010 4538 E gralloc4: Empty SMPTE 2094-40 data
03-13 10:00:43.693 20010 4538 E gralloc4: Empty SMPTE 2094-40 data
03-13 10:00:43.714 20010 4538 E gralloc4: Empty SMPTE 2094-40 data
03-13 10:00:43.726 20010 4538 E gralloc4: Empty SMPTE 2094-40 data
03-13 10:00:43.747 20010 4538 E gralloc4: Empty SMPTE 2094-40 data
03-13 10:00:43.759 20010 4538 E gralloc4: Empty SMPTE 2094-40 data
03-13 10:00:43.780 20010 4538 E gralloc4: Empty SMPTE 2094-40 data
03-13 10:00:43.793 20010 4538 E gralloc4: Empty SMPTE 2094-40 data
03-13 10:00:43.813 20010 4538 E gralloc4: Empty SMPTE 2094-40 data
03-13 10:00:43.826 20010 4538 E gralloc4: Empty SMPTE 2094-40 data
03-13 10:00:43.847 20010 4538 E gralloc4: Empty SMPTE 2094-40 data
03-13 10:00:43.859 20010 4538 E gralloc4: Empty SMPTE 2094-40 data
03-13 10:00:43.880 20010 4538 E gralloc4: Empty SMPTE 2094-40 data
03-13 10:00:43.892 20010 4538 E gralloc4: Empty SMPTE 2094-40 data
03-13 10:00:43.913 20010 4538 E gralloc4: Empty SMPTE 2094-40 data
03-13 10:00:43.925 20010 4538 E gralloc4: Empty SMPTE 2094-40 data
03-13 10:00:43.946 20010 4538 E gralloc4: Empty SMPTE 2094-40 data
03-13 10:00:43.968 20010 4538 E gralloc4: Empty SMPTE 2094-40 data
03-13 10:00:43.980 20010 4538 E gralloc4: Empty SMPTE 2094-40 data
03-13 10:00:43.991 20010 4538 E gralloc4: Empty SMPTE 2094-40 data
03-13 10:00:44.012 20010 4538 E gralloc4: Empty SMPTE 2094-40 data
03-13 10:00:44.022 20010 4538 E gralloc4: Empty SMPTE 2094-40 data
03-13 10:00:44.046 20010 4538 E gralloc4: Empty SMPTE 2094-40 data
03-13 10:00:44.058 20010 4538 E gralloc4: Empty SMPTE 2094-40 data
03-13 10:00:44.079 20010 4538 E gralloc4: Empty SMPTE 2094-40 data
03-13 10:00:44.101 20010 4538 E gralloc4: Empty SMPTE 2094-40 data
03-13 10:00:44.113 20010 4538 E gralloc4: Empty SMPTE 2094-40 data
03-13 10:00:44.134 20010 4538 E gralloc4: Empty SMPTE 2094-40 data
03-13 10:00:44.146 20010 4538 E gralloc4: Empty SMPTE 2094-40 data
03-13 10:00:44.157 20010 4538 E gralloc4: Empty SMPTE 2094-40 data
03-13 10:00:44.179 20010 4538 E gralloc4: Empty SMPTE 2094-40 data
03-13 10:00:44.191 20010 4538 E gralloc4: Empty SMPTE 2094-40 data
03-13 10:00:44.213 20010 4538 E gralloc4: Empty SMPTE 2094-40 data
03-13 10:00:44.234 20010 4538 E gralloc4: Empty SMPTE 2094-40 data
03-13 10:00:44.244 20010 4538 E gralloc4: Empty SMPTE 2094-40 data
03-13 10:00:44.267 20010 4538 E gralloc4: Empty SMPTE 2094-40 data
03-13 10:00:44.278 20010 4538 E gralloc4: Empty SMPTE 2094-40 data
03-13 10:00:44.301 20010 4538 E gralloc4: Empty SMPTE 2094-40 data
03-13 10:00:44.312 20010 4538 E gralloc4: Empty SMPTE 2094-40 data
03-13 10:00:44.324 20010 4538 E gralloc4: Empty SMPTE 2094-40 data
03-13 10:00:44.345 20010 4538 E gralloc4: Empty SMPTE 2094-40 data
03-13 10:00:44.367 20010 4538 E gralloc4: Empty SMPTE 2094-40 data
03-13 10:00:44.378 20010 4538 E gralloc4: Empty SMPTE 2094-40 data
03-13 10:00:44.401 20010 4538 E gralloc4: Empty SMPTE 2094-40 data
03-13 10:00:44.411 20010 4538 E gralloc4: Empty SMPTE 2094-40 data
03-13 10:00:44.432 20010 4538 E gralloc4: Empty SMPTE 2094-40 data
03-13 10:00:44.445 20010 4538 E gralloc4: Empty SMPTE 2094-40 data
03-13 10:00:44.466 20010 4538 E gralloc4: Empty SMPTE 2094-40 data
03-13 10:00:44.479 20010 4538 E gralloc4: Empty SMPTE 2094-40 data
03-13 10:00:44.499 20010 4538 E gralloc4: Empty SMPTE 2094-40 data
03-13 10:00:44.512 20010 4538 E gralloc4: Empty SMPTE 2094-40 data
03-13 10:00:44.533 20010 4538 E gralloc4: Empty SMPTE 2094-40 data
03-13 10:00:44.545 20010 4538 E gralloc4: Empty SMPTE 2094-40 data
03-13 10:00:44.566 20010 4538 E gralloc4: Empty SMPTE 2094-40 data
03-13 10:00:44.579 20010 4538 E gralloc4: Empty SMPTE 2094-40 data
03-13 10:00:44.600 20010 4538 E gralloc4: Empty SMPTE 2094-40 data
03-13 10:00:44.607 20010 4538 E gralloc4: Empty SMPTE 2094-40 data
03-13 10:00:44.630 20010 4538 E gralloc4: Empty SMPTE 2094-40 data
03-13 10:00:44.641 20010 4538 E gralloc4: Empty SMPTE 2094-40 data
03-13 10:00:44.662 20010 4538 E gralloc4: Empty SMPTE 2094-40 data
03-13 10:00:44.673 20010 4538 E gralloc4: Empty SMPTE 2094-40 data
03-13 10:00:44.696 20010 4538 E gralloc4: Empty SMPTE 2094-40 data
03-13 10:00:44.707 20010 4538 E gralloc4: Empty SMPTE 2094-40 data
03-13 10:00:44.732 20010 4538 E gralloc4: Empty SMPTE 2094-40 data
03-13 10:00:44.744 20010 4538 E gralloc4: Empty SMPTE 2094-40 data
03-13 10:00:44.762 20010 4538 E gralloc4: Empty SMPTE 2094-40 data
03-13 10:00:44.773 20010 4538 E gralloc4: Empty SMPTE 2094-40 data
03-13 10:00:44.796 20010 4538 E gralloc4: Empty SMPTE 2094-40 data
03-13 10:00:44.806 20010 4538 E gralloc4: Empty SMPTE 2094-40 data
03-13 10:00:44.831 20010 4538 E gralloc4: Empty SMPTE 2094-40 data
03-13 10:00:44.844 20010 4538 E gralloc4: Empty SMPTE 2094-40 data
03-13 10:00:44.864 20010 4538 E gralloc4: Empty SMPTE 2094-40 data
03-13 10:00:44.876 20010 4538 E gralloc4: Empty SMPTE 2094-40 data
03-13 10:00:44.896 20010 4538 E gralloc4: Empty SMPTE 2094-40 data
03-13 10:00:44.907 20010 4538 E gralloc4: Empty SMPTE 2094-40 data
03-13 10:00:44.929 20010 4538 E gralloc4: Empty SMPTE 2094-40 data
03-13 10:00:44.938 20010 4538 E gralloc4: Empty SMPTE 2094-40 data
03-13 10:00:44.963 20010 4538 E gralloc4: Empty SMPTE 2094-40 data
03-13 10:00:44.972 20010 4538 E gralloc4: Empty SMPTE 2094-40 data
03-13 10:00:44.994 20010 4538 E gralloc4: Empty SMPTE 2094-40 data
03-13 10:00:45.006 20010 4538 E gralloc4: Empty SMPTE 2094-40 data
03-13 10:00:45.028 20010 4538 E gralloc4: Empty SMPTE 2094-40 data
03-13 10:00:45.043 20010 4538 E gralloc4: Empty SMPTE 2094-40 data
03-13 10:00:45.064 20010 4538 E gralloc4: Empty SMPTE 2094-40 data
03-13 10:00:45.076 20010 4538 E gralloc4: Empty SMPTE 2094-40 data
03-13 10:00:45.097 20010 4538 E gralloc4: Empty SMPTE 2094-40 data
03-13 10:00:45.109 20010 4538 E gralloc4: Empty SMPTE 2094-40 data
03-13 10:00:45.130 20010 4538 E gralloc4: Empty SMPTE 2094-40 data
03-13 10:00:45.143 20010 4538 E gralloc4: Empty SMPTE 2094-40 data
03-13 10:00:45.164 20010 4538 E gralloc4: Empty SMPTE 2094-40 data
03-13 10:00:45.175 20010 4538 E gralloc4: Empty SMPTE 2094-40 data
03-13 10:00:45.194 20010 4538 E gralloc4: Empty SMPTE 2094-40 data
03-13 10:00:45.209 20010 4538 E gralloc4: Empty SMPTE 2094-40 data
03-13 10:00:45.230 20010 4538 E gralloc4: Empty SMPTE 2094-40 data
03-13 10:00:45.242 20010 4538 E gralloc4: Empty SMPTE 2094-40 data
03-13 10:00:45.262 20010 4538 E gralloc4: Empty SMPTE 2094-40 data
03-13 10:00:45.275 20010 4538 E gralloc4: Empty SMPTE 2094-40 data
03-13 10:00:45.294 20010 4538 E gralloc4: Empty SMPTE 2094-40 data
03-13 10:00:45.309 20010 4538 E gralloc4: Empty SMPTE 2094-40 data
03-13 10:00:45.330 20010 4538 E gralloc4: Empty SMPTE 2094-40 data
03-13 10:00:45.342 20010 4538 E gralloc4: Empty SMPTE 2094-40 data
03-13 10:00:45.363 20010 4538 E gralloc4: Empty SMPTE 2094-40 data
03-13 10:00:45.375 20010 4538 E gralloc4: Empty SMPTE 2094-40 data
03-13 10:00:45.394 20010 4538 E gralloc4: Empty SMPTE 2094-40 data
03-13 10:00:45.408 20010 4538 E gralloc4: Empty SMPTE 2094-40 data
03-13 10:00:45.429 20010 4538 E gralloc4: Empty SMPTE 2094-40 data
03-13 10:00:45.441 20010 4538 E gralloc4: Empty SMPTE 2094-40 data
03-13 10:00:45.456 20010 4538 E gralloc4: Empty SMPTE 2094-40 data
03-13 10:00:45.466 20010 4538 E gralloc4: Empty SMPTE 2094-40 data
03-13 10:00:45.489 20010 4538 E gralloc4: Empty SMPTE 2094-40 data
03-13 10:00:45.500 20010 4538 E gralloc4: Empty SMPTE 2094-40 data
03-13 10:00:45.522 20010 4538 E gralloc4: Empty SMPTE 2094-40 data
03-13 10:00:45.545 20010 20361 I MATDBManager: sqllite db insert success! insert row id:75
03-13 10:00:45.545 20010 20361 I MATDBManager: sqllite db capacity:2
03-13 10:00:45.546 20010 4538 E gralloc4: Empty SMPTE 2094-40 data
03-13 10:00:45.547 20010 20097 D SessionLifecycleClient: Sending lifecycle 2 to service
03-13 10:00:45.547 20010 4538 E gralloc4: Empty SMPTE 2094-40 data
03-13 10:00:45.547 20010 20385 D SessionLifecycleService: Activity backgrounding at 6368930
03-13 10:00:45.549 20010 20361 I MATDBManager: sqllite db insert success! insert row id:76
03-13 10:00:45.549 20010 20361 I MATDBManager: sqllite db capacity:3
03-13 10:00:45.566 20010 4538 E gralloc4: Empty SMPTE 2094-40 data
03-13 10:00:45.567 20010 4538 E gralloc4: Empty SMPTE 2094-40 data
03-13 10:00:45.568 20010 5069 D libMEOW : meow new tls: 0x74cac0fa40
03-13 10:00:45.568 20010 5069 D libMEOW : applied 1 plugins for [com.hello.miheapp.secretspace]:
03-13 10:00:45.568 20010 5069 D libMEOW : plugin 1: [libMEOW_gift.so]:
03-13 10:00:45.568 20010 5069 D libMEOW : meow delete tls: 0x74cac0fa40
03-13 10:00:45.580 20010 20010 D IS_CTS_MODE: false
03-13 10:00:45.580 20010 20010 D MULTI_WINDOW_ENABLED: false
03-13 10:00:45.580 20010 20010 D DecorView[]: getWindowModeFromSystem windowmode is 1
03-13 10:00:45.584 20010 20097 D SessionLifecycleClient: Sending lifecycle 1 to service
03-13 10:00:45.584 20010 20385 D SessionLifecycleService: Activity foregrounding at 6368967.
03-13 10:00:45.585 20010 20361 I MATDBManager: sqllite db insert success! insert row id:77
03-13 10:00:45.585 20010 20361 I MATDBManager: sqllite db capacity:4
03-13 10:00:45.589 20010 4538 W libc : Access denied finding property "ro.vendor.display.iris_x7.support"
03-13 10:00:45.589 20010 20010 I ForceDarkHelperStubImpl: setViewRootImplForceDark: false for com.hello.sandbox.profile.owner.ui.act.OpenProfileOwnerGuideActivity@3699ca3, reason: AppDarkModeEnable
03-13 10:00:45.589 20010 20010 D VRI[OpenProfileOwnerGuideActivity]: hardware acceleration = true, forceHwAccelerated = false
03-13 10:00:45.596 20010 4538 E gralloc4: Empty SMPTE 2094-40 data
03-13 10:00:45.604 20010 20010 D BufferQueueConsumer: [](id:4e2a00000012,api:0,p:- 1,c:20010) connect: controlledByApp=false
03-13 10:00:45.606 20010 20010 D VRI[OpenProfileOwnerGuideActivity]: vri.reportNextDraw android.view.ViewRootImpl.performTraversals:3953 android.view.ViewRootImpl.doTraversal:2674 android.view.ViewRootImpl$TraversalRunnable.run:9867 android.view.Choreographer$CallbackRecord.run:1431 android.view.Choreographer$CallbackRecord.run:1439
03-13 10:00:45.606 20010 20010 D VRI[OpenProfileOwnerGuideActivity]: vri.Setup new sync id=0 syncSeqId=0
03-13 10:00:45.614 20010 4538 E gralloc4: Empty SMPTE 2094-40 data
03-13 10:00:45.614 20010 4538 D BLASTBufferQueue: [VRI[OpenProfileOwnerGuideActivity]#18](f:0,a:1) acquireNextBufferLocked size=1080x2400 mFrameNumber=1 applyTransaction=true mTimestamp=6368997116839(auto) mPendingTransactions.size=0 graphicBufferId=85942295593019 transform=0
03-13 10:00:45.615 20010 4538 W Parcel : Expecting binder but got null!
03-13 10:00:45.616 20010 20010 D VRI[OpenProfileOwnerGuideActivity]: vri.reportDrawFinished syncSeqId=0 android.view.ViewRootImpl.lambda$createSyncIfNeeded$4$android-view- ViewRootImpl:4021 android.view.ViewRootImpl$$ExternalSyntheticLambda1.run:6 android.os.Handler.handleCallback:942 android.os.Handler.dispatchMessage:99 android.os.Looper.loopOnce:211
03-13 10:00:45.620 20010 4538 E gralloc4: Empty SMPTE 2094-40 data
03-13 10:00:45.621 20010 20010 D DecorView[]: onWindowFocusChanged hasWindowFocus false
03-13 10:00:45.623 20010 4538 E gralloc4: Empty SMPTE 2094-40 data
03-13 10:00:45.626 20010 4538 E gralloc4: Empty SMPTE 2094-40 data
03-13 10:00:45.632 20010 4538 E gralloc4: Empty SMPTE 2094-40 data
03-13 10:00:45.634 20010 4538 E gralloc4: Empty SMPTE 2094-40 data
03-13 10:00:45.642 20010 20010 D DecorView[]: onWindowFocusChanged hasWindowFocus true
03-13 10:00:45.642 20010 20010 I HandWritingStubImpl: refreshLastKeyboardType: 1
03-13 10:00:45.642 20010 20010 I HandWritingStubImpl: getCurrentKeyboardType: 1
03-13 10:00:45.644 20010 4538 E gralloc4: Empty SMPTE 2094-40 data
03-13 10:00:45.654 20010 4538 E gralloc4: Empty SMPTE 2094-40 data
03-13 10:00:45.657 20010 4538 E gralloc4: Empty SMPTE 2094-40 data
03-13 10:00:45.659 20010 4538 E gralloc4: Empty SMPTE 2094-40 data
03-13 10:00:45.667 20010 4538 E gralloc4: Empty SMPTE 2094-40 data
03-13 10:00:45.670 20010 4538 E gralloc4: Empty SMPTE 2094-40 data
03-13 10:00:45.676 20010 4538 E gralloc4: Empty SMPTE 2094-40 data
03-13 10:00:45.687 20010 4538 E gralloc4: Empty SMPTE 2094-40 data
03-13 10:00:45.689 20010 4538 E gralloc4: Empty SMPTE 2094-40 data
03-13 10:00:45.698 20010 4538 E gralloc4: Empty SMPTE 2094-40 data
03-13 10:00:45.700 20010 4538 E gralloc4: Empty SMPTE 2094-40 data
03-13 10:00:45.703 20010 4538 E gralloc4: Empty SMPTE 2094-40 data
03-13 10:00:45.710 20010 4538 E gralloc4: Empty SMPTE 2094-40 data
03-13 10:00:45.721 20010 4538 E gralloc4: Empty SMPTE 2094-40 data
03-13 10:00:45.722 20010 4538 E gralloc4: Empty SMPTE 2094-40 data
03-13 10:00:45.732 20010 4538 E gralloc4: Empty SMPTE 2094-40 data
03-13 10:00:45.733 20010 4538 E gralloc4: Empty SMPTE 2094-40 data
03-13 10:00:45.734 20010 4538 E gralloc4: Empty SMPTE 2094-40 data
03-13 10:00:45.742 20010 4538 E gralloc4: Empty SMPTE 2094-40 data
03-13 10:00:45.754 20010 4538 E gralloc4: Empty SMPTE 2094-40 data
03-13 10:00:45.756 20010 4538 E gralloc4: Empty SMPTE 2094-40 data
03-13 10:00:45.765 20010 4538 E gralloc4: Empty SMPTE 2094-40 data
03-13 10:00:45.767 20010 4538 E gralloc4: Empty SMPTE 2094-40 data
03-13 10:00:45.768 20010 4538 E gralloc4: Empty SMPTE 2094-40 data
03-13 10:00:45.775 20010 20010 D View : [Warning] assignParent to null: this = DecorView@3763873[HomeAct]
03-13 10:00:45.775 20010 4538 E gralloc4: Empty SMPTE 2094-40 data
03-13 10:00:45.788 20010 4538 E gralloc4: Empty SMPTE 2094-40 data
03-13 10:00:45.789 20010 20473 D BLASTBufferQueue: [VRI[HomeAct]#17](f:0,a:1) destructor()
03-13 10:00:45.789 20010 20473 D BufferQueueConsumer: [VRI[HomeAct]#17(BLAST Consumer)17](id:4e2a00000011,api:0,p:-1,c:20010) disconnect
03-13 10:00:45.789 20010 4538 E gralloc4: Empty SMPTE 2094-40 data
03-13 10:00:45.799 20010 4538 E gralloc4: Empty SMPTE 2094-40 data
03-13 10:00:45.821 20010 4538 E gralloc4: Empty SMPTE 2094-40 data
03-13 10:00:45.822 20010 4538 E gralloc4: Empty SMPTE 2094-40 data
03-13 10:00:45.832 20010 4538 E gralloc4: Empty SMPTE 2094-40 data
03-13 10:00:45.855 20010 4538 E gralloc4: Empty SMPTE 2094-40 data
03-13 10:00:45.856 20010 4538 E gralloc4: Empty SMPTE 2094-40 data
03-13 10:00:45.865 20010 4538 E gralloc4: Empty SMPTE 2094-40 data
03-13 10:00:45.888 20010 4538 E gralloc4: Empty SMPTE 2094-40 data
03-13 10:00:45.900 20010 4538 E gralloc4: Empty SMPTE 2094-40 data
03-13 10:00:45.903 20010 4538 E gralloc4: Empty SMPTE 2094-40 data
03-13 10:00:45.921 20010 4538 E gralloc4: Empty SMPTE 2094-40 data
03-13 10:00:45.933 20010 4538 E gralloc4: Empty SMPTE 2094-40 data
03-13 10:00:45.936 20010 4538 E gralloc4: Empty SMPTE 2094-40 data
03-13 10:00:45.953 20010 4538 E gralloc4: Empty SMPTE 2094-40 data
03-13 10:00:45.955 20010 4538 E gralloc4: Empty SMPTE 2094-40 data
03-13 10:00:45.965 20010 4538 E gralloc4: Empty SMPTE 2094-40 data
03-13 10:00:45.989 20010 4538 E gralloc4: Empty SMPTE 2094-40 data
03-13 10:00:45.992 20010 4538 E gralloc4: Empty SMPTE 2094-40 data
03-13 10:00:45.998 20010 4538 E gralloc4: Empty SMPTE 2094-40 data
03-13 10:00:46.020 20010 4538 E gralloc4: Empty SMPTE 2094-40 data
03-13 10:00:46.022 20010 4538 E gralloc4: Empty SMPTE 2094-40 data
03-13 10:00:46.031 20010 4538 E gralloc4: Empty SMPTE 2094-40 data
03-13 10:00:46.055 20010 4538 E gralloc4: Empty SMPTE 2094-40 data
03-13 10:00:46.058 20010 4538 E gralloc4: Empty SMPTE 2094-40 data
03-13 10:00:46.064 20010 4538 E gralloc4: Empty SMPTE 2094-40 data
03-13 10:00:46.088 20010 4538 E gralloc4: Empty SMPTE 2094-40 data
03-13 10:00:46.099 20010 4538 E gralloc4: Empty SMPTE 2094-40 data
03-13 10:00:46.102 20010 4538 E gralloc4: Empty SMPTE 2094-40 data
03-13 10:00:46.119 20010 4538 E gralloc4: Empty SMPTE 2094-40 data
03-13 10:00:46.121 20010 4538 E gralloc4: Empty SMPTE 2094-40 data
03-13 10:00:46.131 20010 4538 E gralloc4: Empty SMPTE 2094-40 data
03-13 10:00:46.149 20010 20010 D BLASTBufferQueue: [VRI[HomeAct]#15](f:0,a:1) destructor()
03-13 10:00:46.149 20010 20010 D BufferQueueConsumer: [VRI[HomeAct]#15(BLAST Consumer)15](id:4e2a0000000f,api:0,p:-1,c:20010) disconnect
03-13 10:00:46.167 20010 4538 E gralloc4: Empty SMPTE 2094-40 data
03-13 10:00:46.186 20010 4538 E gralloc4: Empty SMPTE 2094-40 data
03-13 10:00:46.221 20010 4538 E gralloc4: Empty SMPTE 2094-40 data
03-13 10:00:46.254 20010 4538 E gralloc4: Empty SMPTE 2094-40 data
03-13 10:00:46.288 20010 4538 E gralloc4: Empty SMPTE 2094-40 data
03-13 10:00:46.320 20010 4538 E gralloc4: Empty SMPTE 2094-40 data
03-13 10:00:46.357 20010 4538 E gralloc4: Empty SMPTE 2094-40 data
03-13 10:00:46.390 20010 4538 E gralloc4: Empty SMPTE 2094-40 data
03-13 10:00:46.423 20010 4538 E gralloc4: Empty SMPTE 2094-40 data
03-13 10:00:46.456 20010 4538 E gralloc4: Empty SMPTE 2094-40 data
03-13 10:00:46.489 20010 4538 E gralloc4: Empty SMPTE 2094-40 data
03-13 10:00:46.522 20010 4538 E gralloc4: Empty SMPTE 2094-40 data
03-13 10:00:46.554 20010 4538 E gralloc4: Empty SMPTE 2094-40 data
03-13 10:00:46.588 20010 4538 E gralloc4: Empty SMPTE 2094-40 data
03-13 10:00:46.621 20010 4538 E gralloc4: Empty SMPTE 2094-40 data
03-13 10:00:46.656 20010 4538 E gralloc4: Empty SMPTE 2094-40 data
03-13 10:00:46.689 20010 4538 E gralloc4: Empty SMPTE 2094-40 data
03-13 10:00:46.720 20010 4538 E gralloc4: Empty SMPTE 2094-40 data
03-13 10:00:46.754 20010 4538 E gralloc4: Empty SMPTE 2094-40 data
03-13 10:00:46.788 20010 4538 E gralloc4: Empty SMPTE 2094-40 data
03-13 10:00:46.821 20010 4538 E gralloc4: Empty SMPTE 2094-40 data
03-13 10:00:46.855 20010 4538 E gralloc4: Empty SMPTE 2094-40 data
03-13 10:00:46.888 20010 4538 E gralloc4: Empty SMPTE 2094-40 data
03-13 10:00:46.922 20010 4538 E gralloc4: Empty SMPTE 2094-40 data
03-13 10:00:46.954 20010 4538 E gralloc4: Empty SMPTE 2094-40 data
03-13 10:00:46.986 20010 4538 E gralloc4: Empty SMPTE 2094-40 data
03-13 10:00:47.021 20010 4538 E gralloc4: Empty SMPTE 2094-40 data
03-13 10:00:47.052 20010 4538 E gralloc4: Empty SMPTE 2094-40 data
03-13 10:00:47.087 20010 4538 E gralloc4: Empty SMPTE 2094-40 data
03-13 10:00:47.118 20010 4538 E gralloc4: Empty SMPTE 2094-40 data
03-13 10:00:47.154 20010 4538 E gralloc4: Empty SMPTE 2094-40 data
03-13 10:00:47.185 20010 4538 E gralloc4: Empty SMPTE 2094-40 data
03-13 10:00:47.221 20010 4538 E gralloc4: Empty SMPTE 2094-40 data
03-13 10:00:47.252 20010 4538 E gralloc4: Empty SMPTE 2094-40 data
03-13 10:00:47.287 20010 4538 E gralloc4: Empty SMPTE 2094-40 data
03-13 10:00:47.319 20010 4538 E gralloc4: Empty SMPTE 2094-40 data
03-13 10:00:47.353 20010 4538 E gralloc4: Empty SMPTE 2094-40 data
03-13 10:00:47.387 20010 4538 E gralloc4: Empty SMPTE 2094-40 data
03-13 10:00:47.417 20010 4538 E gralloc4: Empty SMPTE 2094-40 data
03-13 10:00:47.453 20010 4538 E gralloc4: Empty SMPTE 2094-40 data
03-13 10:00:47.484 20010 4538 E gralloc4: Empty SMPTE 2094-40 data
03-13 10:00:47.513 20010 4538 E gralloc4: Empty SMPTE 2094-40 data
03-13 10:00:47.544 20010 20361 I MATDBManager: sqllite db insert success! insert row id:78
03-13 10:00:47.545 20010 20361 I MATDBManager: sqllite db capacity:5
03-13 10:00:47.563 20010 20111 D SessionLifecycleClient: Sending lifecycle 2 to service
03-13 10:00:47.563 20010 20385 D SessionLifecycleService: Activity backgrounding at 6370946
03-13 10:00:47.564 20010 4538 E gralloc4: Empty SMPTE 2094-40 data
03-13 10:00:47.580 20010 20010 D DecorView[]: onWindowFocusChanged hasWindowFocus false
03-13 10:00:47.581 20010 4538 E gralloc4: Empty SMPTE 2094-40 data
03-13 10:00:47.613 20010 4538 E gralloc4: Empty SMPTE 2094-40 data
03-13 10:00:47.648 20010 4538 E gralloc4: Empty SMPTE 2094-40 data
03-13 10:00:47.681 20010 4538 E gralloc4: Empty SMPTE 2094-40 data
03-13 10:00:47.713 20010 4538 E gralloc4: Empty SMPTE 2094-40 data
03-13 10:00:47.747 20010 4538 E gralloc4: Empty S