03-13 09:59:44.401 20010 4538 E gralloc4: Empty SMPTE 2094-40 data
03-13 09:59:44.412 20010 4538 E gralloc4: Empty SMPTE 2094-40 data
03-13 09:59:44.423 20010 4538 E gralloc4: Empty SMPTE 2094-40 data
03-13 09:59:44.434 20010 4538 E gralloc4: Empty SMPTE 2094-40 data
03-13 09:59:44.445 20010 4538 E gralloc4: Empty SMPTE 2094-40 data
03-13 09:59:44.456 20010 4538 E gralloc4: Empty SMPTE 2094-40 data
03-13 09:59:44.467 20010 20010 I HandWritingStubImpl: refreshLastKeyboardType: 1
03-13 09:59:44.467 20010 20010 I HandWritingStubImpl: getCurrentKeyboardType: 1
03-13 09:59:44.467 20010 4538 E gralloc4: Empty SMPTE 2094-40 data
03-13 09:59:44.480 20010 4538 E gralloc4: Empty SMPTE 2094-40 data
03-13 09:59:44.490 20010 4538 E gralloc4: Empty SMPTE 2094-40 data
03-13 09:59:44.502 20010 4538 E gralloc4: Empty SMPTE 2094-40 data
03-13 09:59:44.512 20010 4538 E gralloc4: Empty SMPTE 2094-40 data
03-13 09:59:44.523 20010 4538 E gralloc4: Empty SMPTE 2094-40 data
03-13 09:59:44.534 20010 4538 E gralloc4: Empty SMPTE 2094-40 data
03-13 09:59:44.545 20010 4538 E gralloc4: Empty SMPTE 2094-40 data
03-13 09:59:44.556 20010 4538 E gralloc4: Empty SMPTE 2094-40 data
03-13 09:59:44.567 20010 4538 E gralloc4: Empty SMPTE 2094-40 data
03-13 09:59:44.579 20010 4538 E gralloc4: Empty SMPTE 2094-40 data
03-13 09:59:44.589 20010 4538 E gralloc4: Empty SMPTE 2094-40 data
03-13 09:59:44.600 20010 4538 E gralloc4: Empty SMPTE 2094-40 data
03-13 09:59:44.611 20010 4538 E gralloc4: Empty SMPTE 2094-40 data
03-13 09:59:44.623 20010 4538 E gralloc4: Empty SMPTE 2094-40 data
03-13 09:59:44.634 20010 4538 E gralloc4: Empty SMPTE 2094-40 data
03-13 09:59:44.645 20010 4538 E gralloc4: Empty SMPTE 2094-40 data
03-13 09:59:44.656 20010 4538 E gralloc4: Empty SMPTE 2094-40 data
03-13 09:59:44.667 20010 4538 E gralloc4: Empty SMPTE 2094-40 data
03-13 09:59:44.678 20010 4538 E gralloc4: Empty SMPTE 2094-40 data
03-13 09:59:44.689 20010 4538 E gralloc4: Empty SMPTE 2094-40 data
03-13 09:59:44.700 20010 4538 E gralloc4: Empty SMPTE 2094-40 data
03-13 09:59:44.711 20010 4538 E gralloc4: Empty SMPTE 2094-40 data
03-13 09:59:44.722 20010 4538 E gralloc4: Empty SMPTE 2094-40 data
03-13 09:59:44.732 20010 4538 E gralloc4: Empty SMPTE 2094-40 data
03-13 09:59:44.873 20010 20014 W app.secretspace: Missing inline cache for void android.view.InputEventLogStubImpl.logOnInputEvent(android.view.InputEvent, java.lang.String)
03-13 09:59:44.899 20010 4538 E gralloc4: Empty SMPTE 2094-40 data
03-13 09:59:45.133 20010 4538 E gralloc4: Empty SMPTE 2094-40 data
03-13 09:59:45.143 20010 4538 E gralloc4: Empty SMPTE 2094-40 data
03-13 09:59:45.153 20010 4538 E gralloc4: Empty SMPTE 2094-40 data
03-13 09:59:45.164 20010 4538 E gralloc4: Empty SMPTE 2094-40 data
03-13 09:59:45.176 20010 4538 E gralloc4: Empty SMPTE 2094-40 data
03-13 09:59:45.186 20010 4538 E gralloc4: Empty SMPTE 2094-40 data
03-13 09:59:45.198 20010 4538 E gralloc4: Empty SMPTE 2094-40 data
03-13 09:59:45.208 20010 4538 E gralloc4: Empty SMPTE 2094-40 data
03-13 09:59:45.219 20010 4538 E gralloc4: Empty SMPTE 2094-40 data
03-13 09:59:45.231 20010 4538 E gralloc4: Empty SMPTE 2094-40 data
03-13 09:59:45.242 20010 4538 E gralloc4: Empty SMPTE 2094-40 data
03-13 09:59:45.254 20010 4538 E gralloc4: Empty SMPTE 2094-40 data
03-13 09:59:45.264 20010 4538 E gralloc4: Empty SMPTE 2094-40 data
03-13 09:59:45.276 20010 4538 E gralloc4: Empty SMPTE 2094-40 data
03-13 09:59:45.286 20010 4538 E gralloc4: Empty SMPTE 2094-40 data
03-13 09:59:45.297 20010 4538 E gralloc4: Empty SMPTE 2094-40 data
03-13 09:59:45.308 20010 4538 E gralloc4: Empty SMPTE 2094-40 data
03-13 09:59:45.319 20010 4538 E gralloc4: Empty SMPTE 2094-40 data
03-13 09:59:45.330 20010 4538 E gralloc4: Empty SMPTE 2094-40 data
03-13 09:59:45.339 20010 4538 E gralloc4: Empty SMPTE 2094-40 data
03-13 09:59:45.350 20010 4538 E gralloc4: Empty SMPTE 2094-40 data
03-13 09:59:45.361 20010 4538 E gralloc4: Empty SMPTE 2094-40 data
03-13 09:59:45.372 20010 4538 E gralloc4: Empty SMPTE 2094-40 data
03-13 09:59:45.383 20010 4538 E gralloc4: Empty SMPTE 2094-40 data
03-13 09:59:45.400 20010 4538 E gralloc4: Empty SMPTE 2094-40 data
03-13 09:59:45.408 20010 4538 E gralloc4: Empty SMPTE 2094-40 data
03-13 09:59:45.419 20010 4538 E gralloc4: Empty SMPTE 2094-40 data
03-13 09:59:45.430 20010 4538 E gralloc4: Empty SMPTE 2094-40 data
03-13 09:59:45.441 20010 4538 E gralloc4: Empty SMPTE 2094-40 data
03-13 09:59:45.452 20010 4538 E gralloc4: Empty SMPTE 2094-40 data
03-13 09:59:45.463 20010 4538 E gralloc4: Empty SMPTE 2094-40 data
03-13 09:59:45.862 20010 4538 E gralloc4: Empty SMPTE 2094-40 data
03-13 09:59:45.873 20010 4538 E gralloc4: Empty SMPTE 2094-40 data
03-13 09:59:45.885 20010 4538 E gralloc4: Empty SMPTE 2094-40 data
03-13 09:59:45.898 20010 4538 E gralloc4: Empty SMPTE 2094-40 data
03-13 09:59:45.910 20010 4538 E gralloc4: Empty SMPTE 2094-40 data
03-13 09:59:45.924 20010 4538 E gralloc4: Empty SMPTE 2094-40 data
03-13 09:59:45.936 20010 4538 E gralloc4: Empty SMPTE 2094-40 data
03-13 09:59:45.948 20010 4538 E gralloc4: Empty SMPTE 2094-40 data
03-13 09:59:45.959 20010 4538 E gralloc4: Empty SMPTE 2094-40 data
03-13 09:59:45.970 20010 4538 E gralloc4: Empty SMPTE 2094-40 data
03-13 09:59:45.981 20010 4538 E gralloc4: Empty SMPTE 2094-40 data
03-13 09:59:45.992 20010 4538 E gralloc4: Empty SMPTE 2094-40 data
03-13 09:59:46.003 20010 4538 E gralloc4: Empty SMPTE 2094-40 data
03-13 09:59:46.014 20010 4538 E gralloc4: Empty SMPTE 2094-40 data
03-13 09:59:46.026 20010 4538 E gralloc4: Empty SMPTE 2094-40 data
03-13 09:59:46.036 20010 4538 E gralloc4: Empty SMPTE 2094-40 data
03-13 09:59:46.048 20010 4538 E gralloc4: Empty SMPTE 2094-40 data
03-13 09:59:46.059 20010 4538 E gralloc4: Empty SMPTE 2094-40 data
03-13 09:59:46.070 20010 4538 E gralloc4: Empty SMPTE 2094-40 data
03-13 09:59:46.080 20010 4538 E gralloc4: Empty SMPTE 2094-40 data
03-13 09:59:46.092 20010 4538 E gralloc4: Empty SMPTE 2094-40 data
03-13 09:59:46.103 20010 4538 E gralloc4: Empty SMPTE 2094-40 data
03-13 09:59:46.114 20010 4538 E gralloc4: Empty SMPTE 2094-40 data
03-13 09:59:46.646 20010 4538 E gralloc4: Empty SMPTE 2094-40 data
03-13 09:59:49.162 20010 4538 E gralloc4: Empty SMPTE 2094-40 data
03-13 09:59:49.246 20010 4538 E gralloc4: Empty SMPTE 2094-40 data
03-13 09:59:49.254 20010 4538 E gralloc4: Empty SMPTE 2094-40 data
03-13 09:59:49.266 20010 4538 E gralloc4: Empty SMPTE 2094-40 data
03-13 09:59:49.278 20010 4538 E gralloc4: Empty SMPTE 2094-40 data
03-13 09:59:49.288 20010 4538 E gralloc4: Empty SMPTE 2094-40 data
03-13 09:59:49.302 20010 4538 E gralloc4: Empty SMPTE 2094-40 data
03-13 09:59:49.315 20010 4538 E gralloc4: Empty SMPTE 2094-40 data
03-13 09:59:49.327 20010 4538 E gralloc4: Empty SMPTE 2094-40 data
03-13 09:59:49.339 20010 4538 E gralloc4: Empty SMPTE 2094-40 data
03-13 09:59:49.350 20010 4538 E gralloc4: Empty SMPTE 2094-40 data
03-13 09:59:49.362 20010 4538 E gralloc4: Empty SMPTE 2094-40 data
03-13 09:59:49.372 20010 4538 E gralloc4: Empty SMPTE 2094-40 data
03-13 09:59:49.383 20010 4538 E gralloc4: Empty SMPTE 2094-40 data
03-13 09:59:49.395 20010 4538 E gralloc4: Empty SMPTE 2094-40 data
03-13 09:59:49.406 20010 4538 E gralloc4: Empty SMPTE 2094-40 data
03-13 09:59:49.417 20010 4538 E gralloc4: Empty SMPTE 2094-40 data
03-13 09:59:49.427 20010 4538 E gralloc4: Empty SMPTE 2094-40 data
03-13 09:59:49.438 20010 4538 E gralloc4: Empty SMPTE 2094-40 data
03-13 09:59:49.450 20010 4538 E gralloc4: Empty SMPTE 2094-40 data
03-13 09:59:49.461 20010 4538 E gralloc4: Empty SMPTE 2094-40 data
03-13 09:59:49.472 20010 4538 E gralloc4: Empty SMPTE 2094-40 data
03-13 09:59:49.483 20010 4538 E gralloc4: Empty SMPTE 2094-40 data
03-13 09:59:49.494 20010 4538 E gralloc4: Empty SMPTE 2094-40 data
03-13 09:59:49.505 20010 4538 E gralloc4: Empty SMPTE 2094-40 data
03-13 09:59:49.516 20010 4538 E gralloc4: Empty SMPTE 2094-40 data
03-13 09:59:49.527 20010 4538 E gralloc4: Empty SMPTE 2094-40 data
03-13 09:59:49.538 20010 4538 E gralloc4: Empty SMPTE 2094-40 data
03-13 09:59:49.549 20010 4538 E gralloc4: Empty SMPTE 2094-40 data
03-13 09:59:49.560 20010 4538 E gralloc4: Empty SMPTE 2094-40 data
03-13 09:59:49.571 20010 4538 E gralloc4: Empty SMPTE 2094-40 data
03-13 09:59:49.964 20010 4538 E gralloc4: Empty SMPTE 2094-40 data
03-13 09:59:49.972 20010 4538 E gralloc4: Empty SMPTE 2094-40 data
03-13 09:59:49.984 20010 4538 E gralloc4: Empty SMPTE 2094-40 data
03-13 09:59:49.995 20010 4538 E gralloc4: Empty SMPTE 2094-40 data
03-13 09:59:50.006 20010 4538 E gralloc4: Empty SMPTE 2094-40 data
03-13 09:59:50.017 20010 4538 E gralloc4: Empty SMPTE 2094-40 data
03-13 09:59:50.028 20010 4538 E gralloc4: Empty SMPTE 2094-40 data
03-13 09:59:50.036 20010 4538 E gralloc4: Empty SMPTE 2094-40 data
03-13 09:59:50.047 20010 4538 E gralloc4: Empty SMPTE 2094-40 data
03-13 09:59:50.059 20010 4538 E gralloc4: Empty SMPTE 2094-40 data
03-13 09:59:50.070 20010 4538 E gralloc4: Empty SMPTE 2094-40 data
03-13 09:59:50.081 20010 4538 E gralloc4: Empty SMPTE 2094-40 data
03-13 09:59:50.092 20010 4538 E gralloc4: Empty SMPTE 2094-40 data
03-13 09:59:50.103 20010 4538 E gralloc4: Empty SMPTE 2094-40 data
03-13 09:59:50.116 20010 4538 E gralloc4: Empty SMPTE 2094-40 data
03-13 09:59:50.129 20010 4538 E gralloc4: Empty SMPTE 2094-40 data
03-13 09:59:50.138 20010 4538 E gralloc4: Empty SMPTE 2094-40 data
03-13 09:59:50.150 20010 4538 E gralloc4: Empty SMPTE 2094-40 data
03-13 09:59:50.160 20010 4538 E gralloc4: Empty SMPTE 2094-40 data
03-13 09:59:50.171 20010 4538 E gralloc4: Empty SMPTE 2094-40 data
03-13 09:59:50.182 20010 4538 E gralloc4: Empty SMPTE 2094-40 data
03-13 09:59:50.194 20010 4538 E gralloc4: Empty SMPTE 2094-40 data
03-13 09:59:50.205 20010 4538 E gralloc4: Empty SMPTE 2094-40 data
03-13 09:59:50.216 20010 4538 E gralloc4: Empty SMPTE 2094-40 data
03-13 09:59:50.226 20010 4538 E gralloc4: Empty SMPTE 2094-40 data
03-13 09:59:50.423 20010 20010 I HandWritingStubImpl: refreshLastKeyboardType: 1
03-13 09:59:50.424 20010 20010 I HandWritingStubImpl: getCurrentKeyboardType: 1
03-13 09:59:50.427 20010 4538 E gralloc4: Empty SMPTE 2094-40 data
03-13 09:59:50.791 20010 4538 E gralloc4: Empty SMPTE 2094-40 data
03-13 09:59:50.804 20010 4538 E gralloc4: Empty SMPTE 2094-40 data
03-13 09:59:50.814 20010 4538 E gralloc4: Empty SMPTE 2094-40 data
03-13 09:59:50.824 20010 4538 E gralloc4: Empty SMPTE 2094-40 data
03-13 09:59:50.836 20010 4538 E gralloc4: Empty SMPTE 2094-40 data
03-13 09:59:50.848 20010 4538 E gralloc4: Empty SMPTE 2094-40 data
03-13 09:59:50.862 20010 4538 E gralloc4: Empty SMPTE 2094-40 data
03-13 09:59:50.874 20010 4538 E gralloc4: Empty SMPTE 2094-40 data
03-13 09:59:50.887 20010 4538 E gralloc4: Empty SMPTE 2094-40 data
03-13 09:59:50.896 20010 4538 E gralloc4: Empty SMPTE 2094-40 data
03-13 09:59:50.906 20010 4538 E gralloc4: Empty SMPTE 2094-40 data
03-13 09:59:50.918 20010 4538 E gralloc4: Empty SMPTE 2094-40 data
03-13 09:59:50.929 20010 4538 E gralloc4: Empty SMPTE 2094-40 data
03-13 09:59:50.941 20010 4538 E gralloc4: Empty SMPTE 2094-40 data
03-13 09:59:50.952 20010 4538 E gralloc4: Empty SMPTE 2094-40 data
03-13 09:59:50.963 20010 4538 E gralloc4: Empty SMPTE 2094-40 data
03-13 09:59:50.974 20010 4538 E gralloc4: Empty SMPTE 2094-40 data
03-13 09:59:50.985 20010 4538 E gralloc4: Empty SMPTE 2094-40 data
03-13 09:59:50.996 20010 4538 E gralloc4: Empty SMPTE 2094-40 data
03-13 09:59:51.007 20010 4538 E gralloc4: Empty SMPTE 2094-40 data
03-13 09:59:51.018 20010 4538 E gralloc4: Empty SMPTE 2094-40 data
03-13 09:59:51.029 20010 4538 E gralloc4: Empty SMPTE 2094-40 data
03-13 09:59:51.040 20010 4538 E gralloc4: Empty SMPTE 2094-40 data
03-13 09:59:51.052 20010 4538 E gralloc4: Empty SMPTE 2094-40 data
03-13 09:59:51.062 20010 4538 E gralloc4: Empty SMPTE 2094-40 data
03-13 09:59:51.073 20010 4538 E gralloc4: Empty SMPTE 2094-40 data
03-13 09:59:51.079 20010 20010 I HandWritingStubImpl: refreshLastKeyboardType: 1
03-13 09:59:51.079 20010 20010 I HandWritingStubImpl: getCurrentKeyboardType: 1
03-13 09:59:51.087 20010 4538 E gralloc4: Empty SMPTE 2094-40 data
03-13 09:59:51.095 20010 4538 E gralloc4: Empty SMPTE 2094-40 data
03-13 09:59:51.106 20010 4538 E gralloc4: Empty SMPTE 2094-40 data
03-13 09:59:51.119 20010 4538 E gralloc4: Empty SMPTE 2094-40 data
03-13 09:59:51.130 20010 4538 E gralloc4: Empty SMPTE 2094-40 data
03-13 09:59:51.140 20010 4538 E gralloc4: Empty SMPTE 2094-40 data
03-13 09:59:51.151 20010 4538 E gralloc4: Empty SMPTE 2094-40 data
03-13 09:59:51.163 20010 4538 E gralloc4: Empty SMPTE 2094-40 data
03-13 09:59:51.174 20010 4538 E gralloc4: Empty SMPTE 2094-40 data
03-13 09:59:51.185 20010 4538 E gralloc4: Empty SMPTE 2094-40 data
03-13 09:59:51.196 20010 4538 E gralloc4: Empty SMPTE 2094-40 data
03-13 09:59:51.207 20010 4538 E gralloc4: Empty SMPTE 2094-40 data
03-13 09:59:51.219 20010 4538 E gralloc4: Empty SMPTE 2094-40 data
03-13 09:59:51.228 20010 4538 E gralloc4: Empty SMPTE 2094-40 data
03-13 09:59:51.238 20010 4538 E gralloc4: Empty SMPTE 2094-40 data
03-13 09:59:51.249 20010 4538 E gralloc4: Empty SMPTE 2094-40 data
03-13 09:59:51.260 20010 4538 E gralloc4: Empty SMPTE 2094-40 data
03-13 09:59:51.271 20010 4538 E gralloc4: Empty SMPTE 2094-40 data
03-13 09:59:51.282 20010 4538 E gralloc4: Empty SMPTE 2094-40 data
03-13 09:59:51.293 20010 4538 E gralloc4: Empty SMPTE 2094-40 data
03-13 09:59:51.304 20010 4538 E gralloc4: Empty SMPTE 2094-40 data
03-13 09:59:51.315 20010 4538 E gralloc4: Empty SMPTE 2094-40 data
03-13 09:59:51.326 20010 4538 E gralloc4: Empty SMPTE 2094-40 data
03-13 09:59:51.337 20010 4538 E gralloc4: Empty SMPTE 2094-40 data
03-13 09:59:51.348 20010 4538 E gralloc4: Empty SMPTE 2094-40 data
03-13 09:59:51.362 20010 4538 E gralloc4: Empty SMPTE 2094-40 data
03-13 09:59:51.673 20010 4538 E gralloc4: Empty SMPTE 2094-40 data
03-13 09:59:51.683 20010 4538 E gralloc4: Empty SMPTE 2094-40 data
03-13 09:59:51.692 20010 4538 E gralloc4: Empty SMPTE 2094-40 data
03-13 09:59:51.704 20010 4538 E gralloc4: Empty SMPTE 2094-40 data
03-13 09:59:51.714 20010 4538 E gralloc4: Empty SMPTE 2094-40 data
03-13 09:59:51.726 20010 4538 E gralloc4: Empty SMPTE 2094-40 data
03-13 09:59:51.739 20010 4538 E gralloc4: Empty SMPTE 2094-40 data
03-13 09:59:51.751 20010 4538 E gralloc4: Empty SMPTE 2094-40 data
03-13 09:59:51.762 20010 4538 E gralloc4: Empty SMPTE 2094-40 data
03-13 09:59:51.773 20010 4538 E gralloc4: Empty SMPTE 2094-40 data
03-13 09:59:51.781 20010 4538 E gralloc4: Empty SMPTE 2094-40 data
03-13 09:59:51.792 20010 4538 E gralloc4: Empty SMPTE 2094-40 data
03-13 09:59:51.803 20010 4538 E gralloc4: Empty SMPTE 2094-40 data
03-13 09:59:51.814 20010 4538 E gralloc4: Empty SMPTE 2094-40 data
03-13 09:59:51.825 20010 4538 E gralloc4: Empty SMPTE 2094-40 data
03-13 09:59:51.836 20010 4538 E gralloc4: Empty SMPTE 2094-40 data
03-13 09:59:51.847 20010 4538 E gralloc4: Empty SMPTE 2094-40 data
03-13 09:59:51.866 20010 4538 E gralloc4: Empty SMPTE 2094-40 data
03-13 09:59:51.872 20010 4538 E gralloc4: Empty SMPTE 2094-40 data
03-13 09:59:51.883 20010 4538 E gralloc4: Empty SMPTE 2094-40 data
03-13 09:59:51.894 20010 4538 E gralloc4: Empty SMPTE 2094-40 data
03-13 09:59:51.905 20010 4538 E gralloc4: Empty SMPTE 2094-40 data
03-13 09:59:51.916 20010 4538 E gralloc4: Empty SMPTE 2094-40 data
03-13 09:59:51.927 20010 4538 E gralloc4: Empty SMPTE 2094-40 data
03-13 09:59:52.074 20010 20110 D SessionLifecycleClient: Sending lifecycle 2 to service
03-13 09:59:52.075 20010 20385 D SessionLifecycleService: Activity backgrounding at 6315457
03-13 09:59:52.075 20010 4538 E gralloc4: Empty SMPTE 2094-40 data
03-13 09:59:52.085 20010 4579 D libMEOW : meow new tls: 0x74bc05d540
03-13 09:59:52.085 20010 4579 D libMEOW : applied 1 plugins for [com.hello.miheapp.secretspace]:
03-13 09:59:52.085 20010 4579 D libMEOW : plugin 1: [libMEOW_gift.so]:
03-13 09:59:52.085 20010 4579 D libMEOW : meow delete tls: 0x74bc05d540
03-13 09:59:52.103 20010 20010 D ScrollerOptimizationManager: registerConfigChangedListener
03-13 09:59:52.110 20010 20010 D IS_CTS_MODE: false
03-13 09:59:52.110 20010 20010 D MULTI_WINDOW_ENABLED: false
03-13 09:59:52.111 20010 20010 D DecorView[]: getWindowModeFromSystem windowmode is 1
03-13 09:59:52.134 20010 20113 D SessionLifecycleClient: Sending lifecycle 1 to service
03-13 09:59:52.134 20010 20385 D SessionLifecycleService: Activity foregrounding at 6315517.
03-13 09:59:52.136 20010 20361 I MATDBManager: sqllite db insert success! insert row id:57
03-13 09:59:52.136 20010 20361 I MATDBManager: sqllite db capacity:1
03-13 09:59:52.143 20010 4538 W libc : Access denied finding property "ro.vendor.display.iris_x7.support"
03-13 09:59:52.143 20010 20010 I ForceDarkHelperStubImpl: setViewRootImplForceDark: false for com.hello.sandbox.ui.home.HomeAct@dfbbb31, reason: AppDarkModeEnable
03-13 09:59:52.143 20010 20010 D VRI[HomeAct]: hardware acceleration = true, forceHwAccelerated = false
03-13 09:59:52.154 20010 20109 I IconCustomizer: com.dts.freefiremax.png adaptiveIcon2Drawable size 132
03-13 09:59:52.174 20010 20010 D BufferQueueConsumer: [](id:4e2a00000002,api:0,p:- 1,c:20010) connect: controlledByApp=false
03-13 09:59:52.188 20010 20010 D ScrollerOptimizationManager: registerConfigChangedListener
03-13 09:59:52.202 20010 20010 D ScrollerOptimizationManager: registerConfigChangedListener
03-13 09:59:52.204 20010 20010 D ScrollerOptimizationManager: registerConfigChangedListener
03-13 09:59:52.222 20010 20010 D ScrollerOptimizationManager: registerConfigChangedListener
03-13 09:59:52.254 20010 20010 D ScrollerOptimizationManager: registerConfigChangedListener
03-13 09:59:52.278 20010 20010 D VRI[HomeAct]: vri.reportNextDraw android.view.ViewRootImpl.performTraversals:3953 android.view.ViewRootImpl.doTraversal:2674 android.view.ViewRootImpl$TraversalRunnable.run:9867 android.view.Choreographer$CallbackRecord.run:1431 android.view.Choreographer$CallbackRecord.run:1439
03-13 09:59:52.278 20010 20010 D VRI[HomeAct]: vri.Setup new sync id=0 syncSeqId=0
03-13 09:59:52.293 20010 4538 E gralloc4: Empty SMPTE 2094-40 data
03-13 09:59:52.293 20010 4538 D BLASTBufferQueue: [VRI[HomeAct]#2](f:0,a:1) acquireNextBufferLocked size=1080x2400 mFrameNumber=1 applyTransaction=true mTimestamp=6315676372221(auto) mPendingTransactions.size=0 graphicBufferId=85942295592968 transform=0
03-13 09:59:52.294 20010 4538 W Parcel : Expecting binder but got null!
03-13 09:59:52.294 20010 20010 D VRI[HomeAct]: vri.reportDrawFinished syncSeqId=0 android.view.ViewRootImpl.lambda$createSyncIfNeeded$4$android-view- ViewRootImpl:4021 android.view.ViewRootImpl$$ExternalSyntheticLambda1.run:6 android.os.Handler.handleCallback:942 android.os.Handler.dispatchMessage:99 android.os.Looper.loopOnce:211
03-13 09:59:52.295 20010 20010 D DecorView[]: onWindowFocusChanged hasWindowFocus false
03-13 09:59:52.307 20010 4538 E gralloc4: Empty SMPTE 2094-40 data
03-13 09:59:52.309 20010 4538 E gralloc4: Empty SMPTE 2094-40 data
03-13 09:59:52.314 20010 20010 D DecorView[]: onWindowFocusChanged hasWindowFocus true
03-13 09:59:52.315 20010 20010 I HandWritingStubImpl: refreshLastKeyboardType: 1
03-13 09:59:52.315 20010 20010 I HandWritingStubImpl: getCurrentKeyboardType: 1
03-13 09:59:52.332 20010 4538 E gralloc4: Empty SMPTE 2094-40 data
03-13 09:59:52.335 20010 4538 E gralloc4: Empty SMPTE 2094-40 data
03-13 09:59:52.339 20010 4538 E gralloc4: Empty SMPTE 2094-40 data
03-13 09:59:52.349 20010 4538 E gralloc4: Empty SMPTE 2094-40 data
03-13 09:59:52.359 20010 4538 E gralloc4: Empty SMPTE 2094-40 data
03-13 09:59:52.361 20010 4538 E gralloc4: Empty SMPTE 2094-40 data
03-13 09:59:52.371 20010 4538 E gralloc4: Empty SMPTE 2094-40 data
03-13 09:59:52.382 20010 4538 E gralloc4: Empty SMPTE 2094-40 data
03-13 09:59:52.388 20010 4538 E gralloc4: Empty SMPTE 2094-40 data
03-13 09:59:52.394 20010 4538 E gralloc4: Empty SMPTE 2094-40 data
03-13 09:59:52.404 20010 4538 E gralloc4: Empty SMPTE 2094-40 data
03-13 09:59:52.415 20010 4538 E gralloc4: Empty SMPTE 2094-40 data
03-13 09:59:52.425 20010 4538 E gralloc4: Empty SMPTE 2094-40 data
03-13 09:59:52.428 20010 4538 E gralloc4: Empty SMPTE 2094-40 data
03-13 09:59:52.437 20010 4538 E gralloc4: Empty SMPTE 2094-40 data
03-13 09:59:52.448 20010 4538 E gralloc4: Empty SMPTE 2094-40 data
03-13 09:59:52.450 20010 4538 E gralloc4: Empty SMPTE 2094-40 data
03-13 09:59:52.460 20010 4538 E gralloc4: Empty SMPTE 2094-40 data
03-13 09:59:52.471 20010 4538 E gralloc4: Empty SMPTE 2094-40 data
03-13 09:59:52.482 20010 4538 E gralloc4: Empty SMPTE 2094-40 data
03-13 09:59:52.484 20010 4538 E gralloc4: Empty SMPTE 2094-40 data
03-13 09:59:52.495 20010 4538 E gralloc4: Empty SMPTE 2094-40 data
03-13 09:59:52.504 20010 4538 E gralloc4: Empty SMPTE 2094-40 data
03-13 09:59:52.515 20010 4538 E gralloc4: Empty SMPTE 2094-40 data
03-13 09:59:52.517 20010 4538 E gralloc4: Empty SMPTE 2094-40 data
03-13 09:59:52.526 20010 4538 E gralloc4: Empty SMPTE 2094-40 data
03-13 09:59:52.537 20010 4538 E gralloc4: Empty SMPTE 2094-40 data
03-13 09:59:52.548 20010 4538 E gralloc4: Empty SMPTE 2094-40 data
03-13 09:59:52.550 20010 4538 E gralloc4: Empty SMPTE 2094-40 data
03-13 09:59:52.559 20010 4538 E gralloc4: Empty SMPTE 2094-40 data
03-13 09:59:52.571 20010 4538 E gralloc4: Empty SMPTE 2094-40 data
03-13 09:59:52.582 20010 4538 E gralloc4: Empty SMPTE 2094-40 data
03-13 09:59:52.584 20010 4538 E gralloc4: Empty SMPTE 2094-40 data
03-13 09:59:52.613 20010 4538 E gralloc4: Empty SMPTE 2094-40 data
03-13 09:59:52.646 20010 4538 E gralloc4: Empty SMPTE 2094-40 data
03-13 09:59:52.680 20010 4538 E gralloc4: Empty SMPTE 2094-40 data
03-13 09:59:52.716 20010 4538 E gralloc4: Empty SMPTE 2094-40 data
03-13 09:59:52.746 20010 4538 E gralloc4: Empty SMPTE 2094-40 data
03-13 09:59:52.782 20010 4538 E gralloc4: Empty SMPTE 2094-40 data
03-13 09:59:52.814 20010 4538 E gralloc4: Empty SMPTE 2094-40 data
03-13 09:59:52.842 20010 20010 D BLASTBufferQueue: [VRI[PopupWindow:c2ee259]#1] (f:0,a:1) destructor()
03-13 09:59:52.842 20010 20010 D BufferQueueConsumer: [VRI[PopupWindow:c2ee259]#1(BLAST Consumer)1](id:4e2a00000001,api:0,p:-1,c:20010) disconnect
03-13 09:59:52.851 20010 20010 D BLASTBufferQueue: [VRI[AppLockActivity]#0] (f:0,a:1) destructor()
03-13 09:59:52.852 20010 20010 D BufferQueueConsumer: [VRI[AppLockActivity]#0(BLAST Consumer)0](id:4e2a00000000,api:0,p:-1,c:20010) disconnect
03-13 09:59:52.862 20010 20010 D View : [Warning] assignParent to null: this = DecorView@7ed40d3[AppLockActivity]
03-13 09:59:52.875 20010 20010 E WindowManager: android.view.WindowLeaked: Activity com.hello.sandbox.ui.lock.AppLockActivity has leaked window android.widget.PopupWindow$PopupDecorView{8b09b09 V.E...... R......D 0,0-1080,253} that was originally added here
03-13 09:59:52.875 20010 20010 E WindowManager: at android.view.ViewRootImpl.<init>(ViewRootImpl.java:1052)
03-13 09:59:52.875 20010 20010 E WindowManager: at android.view.ViewRootImpl.<init>(ViewRootImpl.java:1036)
03-13 09:59:52.875 20010 20010 E WindowManager: at android.view.WindowManagerGlobal.addView(WindowManagerGlobal.java:408)
03-13 09:59:52.875 20010 20010 E WindowManager: at android.view.WindowManagerGlobal.addView(WindowManagerGlobal.java:313)
03-13 09:59:52.875 20010 20010 E WindowManager: at android.view.WindowManagerImpl.addView(WindowManagerImpl.java:150)
03-13 09:59:52.875 20010 20010 E WindowManager: at android.widget.PopupWindow.invokePopup(PopupWindow.java:1583)
03-13 09:59:52.875 20010 20010 E WindowManager: at android.widget.PopupWindow.showAtLocation(PopupWindow.java:1349)
03-13 09:59:52.875 20010 20010 E WindowManager: at android.widget.PopupWindow.showAtLocation(PopupWindow.java:1315)
03-13 09:59:52.875 20010 20010 E WindowManager: at sh.i.k(SimplePushBubble.java:18)
03-13 09:59:52.875 20010 20010 E WindowManager: at sh.d.a(PushBubbleManager.java:24)
03-13 09:59:52.875 20010 20010 E WindowManager: at com.hello.sandbox.ui.lock.AppLockActivity.checkAndShowSecretTip(AppLockActivity.kt: 13)
03-13 09:59:52.875 20010 20010 E WindowManager: at com.hello.sandbox.ui.lock.AppLockActivity.onWindowFocusChanged(AppLockActivity.kt:3 )
03-13 09:59:52.875 20010 20010 E WindowManager: at i.i.onWindowFocusChanged(Unknown Source:2)
03-13 09:59:52.875 20010 20010 E WindowManager: at com.android.internal.policy.DecorView.onWindowFocusChanged(DecorView.java:1963)
03-13 09:59:52.875 20010 20010 E WindowManager: at android.view.View.dispatchWindowFocusChanged(View.java:15468)
03-13 09:59:52.875 20010 20010 E WindowManager: at android.view.ViewGroup.dispatchWindowFocusChanged(ViewGroup.java:1520)
03-13 09:59:52.875 20010 20010 E WindowManager: at android.view.ViewRootImpl.handleWindowFocusChanged(ViewRootImpl.java:4164)
03-13 09:59:52.875 20010 20010 E WindowManager: at android.view.ViewRootImpl.-$$Nest$mhandleWindowFocusChanged(Unknown Source:0)
03-13 09:59:52.875 20010 20010 E WindowManager: at android.view.ViewRootImpl$ViewRootHandler.handleMessageImpl(ViewRootImpl.java:6189)
03-13 09:59:52.875 20010 20010 E WindowManager: at android.view.ViewRootImpl$ViewRootHandler.handleMessage(ViewRootImpl.java:6084)
03-13 09:59:52.875 20010 20010 E WindowManager: at android.os.Handler.dispatchMessage(Handler.java:106)
03-13 09:59:52.875 20010 20010 E WindowManager: at android.os.Looper.loopOnce(Looper.java:211)
03-13 09:59:52.875 20010 20010 E WindowManager: at android.os.Looper.loop(Looper.java:300)
03-13 09:59:52.875 20010 20010 E WindowManager: at android.app.ActivityThread.main(ActivityThread.java:8348)
03-13 09:59:52.875 20010 20010 E WindowManager: at java.lang.reflect.Method.invoke(Native Method)
03-13 09:59:52.875 20010 20010 E WindowManager: at com.android.internal.os.RuntimeInit$MethodAndArgsCaller.run(RuntimeInit.java:582)
03-13 09:59:52.875 20010 20010 E WindowManager: at com.android.internal.os.ZygoteInit.main(ZygoteInit.java:1028)
03-13 09:59:52.876 20010 20010 D View : [Warning] assignParent to null: this = android.widget.PopupWindow$PopupDecorView{8b09b09 V.E...... R......D 0,0-1080,253}
03-13 09:59:52.887 20010 4538 E gralloc4: Empty SMPTE 2094-40 data
03-13 09:59:52.914 20010 4538 E gralloc4: Empty SMPTE 2094-40 data
03-13 09:59:52.945 20010 4538 E gralloc4: Empty SMPTE 2094-40 data
03-13 09:59:52.978 20010 4538 E gralloc4: Empty SMPTE 2094-40 data
03-13 09:59:53.012 20010 4538 E gralloc4: Empty SMPTE 2094-40 data
03-13 09:59:53.045 20010 4538 E gralloc4: Empty SMPTE 2094-40 data
03-13 09:59:53.079 20010 4538 E gralloc4: Empty SMPTE 2094-40 data
03-13 09:59:53.113 20010 4538 E gralloc4: Empty SMPTE 2094-40 data
03-13 09:59:53.146 20010 4538 E gralloc4: Empty SMPTE 2094-40 data
03-13 09:59:53.179 20010 4538 E gralloc4: Empty SMPTE 2094-40 data
03-13 09:59:53.215 20010 4538 E gralloc4: Empty SMPTE 2094-40 data
03-13 09:59:53.246 20010 4538 E gralloc4: Empty SMPTE 2094-40 data
03-13 09:59:53.279 20010 4538 E gralloc4: Empty SMPTE 2094-40 data
03-13 09:59:53.313 20010 4538 E gralloc4: Empty SMPTE 2094-40 data
03-13 09:59:53.347 20010 4538 E gralloc4: Empty SMPTE 2094-40 data
03-13 09:59:53.381 20010 4538 E gralloc4: Empty SMPTE 2094-40 data
03-13 09:59:53.416 20010 4538 E gralloc4: Empty SMPTE 2094-40 data
03-13 09:59:53.447 20010 4538 E gralloc4: Empty SMPTE 2094-40 data
03-13 09:59:53.482 20010 4538 E gralloc4: Empty SMPTE 2094-40 data
03-13 09:59:53.515 20010 4538 E gralloc4: Empty SMPTE 2094-40 data
03-13 09:59:53.546 20010 4538 E gralloc4: Empty SMPTE 2094-40 data
03-13 09:59:53.582 20010 4538 E gralloc4: Empty SMPTE 2094-40 data
03-13 09:59:53.615 20010 4538 E gralloc4: Empty SMPTE 2094-40 data
03-13 09:59:53.648 20010 4538 E gralloc4: Empty SMPTE 2094-40 data
03-13 09:59:53.681 20010 4538 E gralloc4: Empty SMPTE 2094-40 data
03-13 09:59:53.714 20010 4538 E gralloc4: Empty SMPTE 2094-40 data
03-13 09:59:53.741 20010 4538 E gralloc4: Empty SMPTE 2094-40 data
03-13 09:59:53.775 20010 4538 E gralloc4: Empty SMPTE 2094-40 data
03-13 09:59:53.822 20010 20097 D SessionLifecycleClient: Sending lifecycle 2 to service
03-13 09:59:53.822 20010 20385 D SessionLifecycleService: Activity backgrounding at 6317205
03-13 09:59:53.822 20010 4538 E gralloc4: Empty SMPTE 2094-40 data
03-13 09:59:53.832 20010 4630 D libMEOW : meow new tls: 0x748f9132c0
03-13 09:59:53.832 20010 4630 D libMEOW : applied 1 plugins for [com.hello.miheapp.secretspace]:
03-13 09:59:53.832 20010 4630 D libMEOW : plugin 1: [libMEOW_gift.so]:
03-13 09:59:53.834 20010 4630 D libMEOW : meow delete tls: 0x748f9132c0
03-13 09:59:53.842 20010 20010 D ScrollerOptimizationManager: registerConfigChangedListener
03-13 09:59:53.849 20010 20010 D IS_CTS_MODE: false
03-13 09:59:53.849 20010 20010 D MULTI_WINDOW_ENABLED: false
03-13 09:59:53.850 20010 20010 D DecorView[]: getWindowModeFromSystem windowmode is 1
03-13 09:59:53.852 20010 20110 D SessionLifecycleClient: Sending lifecycle 1 to service
03-13 09:59:53.852 20010 20385 D SessionLifecycleService: Activity foregrounding at 6317235.
03-13 09:59:53.855 20010 4538 W libc : Access denied finding property "ro.vendor.display.iris_x7.support"
03-13 09:59:53.855 20010 20010 I ForceDarkHelperStubImpl: setViewRootImplForceDark: false for com.hello.sandbox.ui.home.AppRequestPermissionAct@af5670b, reason: AppDarkModeEnable
03-13 09:59:53.855 20010 20010 D VRI[AppRequestPermissionAct]: hardware acceleration = true, forceHwAccelerated = false
03-13 09:59:53.867 20010 20010 D BufferQueueConsumer: [](id:4e2a00000003,api:0,p:- 1,c:20010) connect: controlledByApp=false
03-13 09:59:53.869 20010 20010 D VRI[AppRequestPermissionAct]: vri.reportNextDraw android.view.ViewRootImpl.performTraversals:3953 android.view.ViewRootImpl.doTraversal:2674 android.view.ViewRootImpl$TraversalRunnable.run:9867 android.view.Choreographer$CallbackRecord.run:1431 android.view.Choreographer$CallbackRecord.run:1439
03-13 09:59:53.869 20010 20010 D VRI[AppRequestPermissionAct]: vri.Setup new sync id=0 syncSeqId=0
03-13 09:59:53.876 20010 4538 E libEGL : pre_cache appList: com.android.calendar,com.android.contacts,com.android.fileexplorer,com.android.mms, com.android.settings,com.android.thememanager,com.miui.gallery,com.miui.notes,com.m iui.player,com.miui.securitycenter,com.miui.video,com.miui.weather2
03-13 09:59:53.894 20010 4538 E gralloc4: Empty SMPTE 2094-40 data
03-13 09:59:53.895 20010 4538 D BLASTBufferQueue: [VRI[AppRequestPermissionAct]#3] (f:0,a:1) acquireNextBufferLocked size=1080x2400 mFrameNumber=1 applyTransaction=true mTimestamp=6317277854990(auto) mPendingTransactions.size=0 graphicBufferId=85942295592971 transform=0
03-13 09:59:53.895 20010 4538 W Parcel : Expecting binder but got null!
03-13 09:59:53.896 20010 20010 D VRI[AppRequestPermissionAct]: vri.reportDrawFinished syncSeqId=0 android.view.ViewRootImpl.lambda$createSyncIfNeeded$4$android-view- ViewRootImpl:4021 android.view.ViewRootImpl$$ExternalSyntheticLambda1.run:6 android.os.Handler.handleCallback:942 android.os.Handler.dispatchMessage:99 android.os.Looper.loopOnce:211
03-13 09:59:53.898 20010 4538 E gralloc4: Empty SMPTE 2094-40 data
03-13 09:59:53.899 20010 20010 D DecorView[]: onWindowFocusChanged hasWindowFocus false
03-13 09:59:53.902 20010 4538 E gralloc4: Empty SMPTE 2094-40 data
03-13 09:59:53.910 20010 4538 E gralloc4: Empty SMPTE 2094-40 data
03-13 09:59:53.928 20010 20010 D DecorView[]: onWindowFocusChanged hasWindowFocus true
03-13 09:59:53.928 20010 20010 I HandWritingStubImpl: refreshLastKeyboardType: 1
03-13 09:59:53.928 20010 20010 I HandWritingStubImpl: getCurrentKeyboardType: 1
03-13 09:59:53.943 20010 4538 E gralloc4: Empty SMPTE 2094-40 data
03-13 09:59:53.975 20010 4538 E gralloc4: Empty SMPTE 2094-40 data
03-13 09:59:54.008 20010 4538 E gralloc4: Empty SMPTE 2094-40 data
03-13 09:59:54.042 20010 4538 E gralloc4: Empty SMPTE 2094-40 data
03-13 09:59:54.075 20010 4538 E gralloc4: Empty SMPTE 2094-40 data
03-13 09:59:54.108 20010 4538 E gralloc4: Empty SMPTE 2094-40 data
03-13 09:59:54.140 20010 4538 E gralloc4: Empty SMPTE 2094-40 data
03-13 09:59:54.165 20010 20361 I MATDBManager: sqllite db insert success! insert row id:58
03-13 09:59:54.166 20010 20361 I MATDBManager: sqllite db capacity:1
03-13 09:59:54.166 20010 20361 I MATDBManager: sqllite db insert success! insert row id:59
03-13 09:59:54.167 20010 20361 I MATDBManager: sqllite db capacity:2
03-13 09:59:54.167 20010 20361 I MATDBManager: sqllite db insert success! insert row id:60
03-13 09:59:54.168 20010 20361 I MATDBManager: sqllite db capacity:3
03-13 09:59:54.168 20010 20361 I MATDBManager: sqllite db insert success! insert row id:61
03-13 09:59:54.169 20010 20361 I MATDBManager: sqllite db capacity:4
03-13 09:59:54.174 20010 4538 E gralloc4: Empty SMPTE 2094-40 data
03-13 09:59:54.208 20010 4538 E gralloc4: Empty SMPTE 2094-40 data
03-13 09:59:54.241 20010 4538 E gralloc4: Empty SMPTE 2094-40 data
03-13 09:59:54.275 20010 4538 E gralloc4: Empty SMPTE 2094-40 data
03-13 09:59:54.308 20010 4538 E gralloc4: Empty SMPTE 2094-40 data
03-13 09:59:54.341 20010 4538 E gralloc4: Empty SMPTE 2094-40 data
03-13 09:59:54.374 20010 4538 E gralloc4: Empty SMPTE 2094-40 data
03-13 09:59:54.407 20010 4538 E gralloc4: Empty SMPTE 2094-40 data
03-13 09:59:54.420 20010 20010 D BLASTBufferQueue: [VRI[HomeAct]#2](f:0,a:1) destructor()
03-13 09:59:54.420 20010 20010 D BufferQueueConsumer: [VRI[HomeAct]#2(BLAST Consumer)2](id:4e2a00000002,api:0,p:-1,c:20010) disconnect
03-13 09:59:55.484 20010 4538 E gralloc4: Empty SMPTE 2094-40 data
03-13 09:59:55.498 20010 4538 E gralloc4: Empty SMPTE 2094-40 data
03-13 09:59:55.508 20010 4538 E gralloc4: Empty SMPTE 2094-40 data
03-13 09:59:55.521 20010 4538 E gralloc4: Empty SMPTE 2094-40 data
03-13 09:59:55.533 20010 4538 E gralloc4: Empty SMPTE 2094-40 data
03-13 09:59:55.544 20010 4538 E gralloc4: Empty SMPTE 2094-40 data
03-13 09:59:55.576 20010 4538 E gralloc4: Empty SMPTE 2094-40 data
03-13 09:59:55.578 20010 4538 E gralloc4: Empty SMPTE 2094-40 data
03-13 09:59:55.573 20010 20010 W FramePolicy: type=1400 audit(0.0:13460): avc: denied { ioctl } for path="/proc/perfmgr/perf_ioctl" dev="proc" ino=4026533749 ioctlcmd=0x6716 scontext=u:r:untrusted_app:s0:c57,c258,c512,c768 tcontext=u:object_r:proc_perfmgr:s0 tclass=file permissive=0 app=com.hello.miheapp.secretspace
03-13 09:59:55.579 20010 20399 I libPerfCtl: fbcNotifySbeRescue ret=-1
03-13 09:59:55.580 20010 20010 I ScrollIdentify: on fling
03-13 09:59:55.582 20010 4538 E gralloc4: Empty SMPTE 2094-40 data
03-13 09:59:55.589 20010 4538 E gralloc4: Empty SMPTE 2094-40 data
03-13 09:59:55.600 20010 4538 E gralloc4: Empty SMPTE 2094-40 data
03-13 09:59:55.612 20010 4538 E gralloc4: Empty SMPTE 2094-40 data
03-13 09:59:55.623 20010 4538 E gralloc4: Empty SMPTE 2094-40 data
03-13 09:59:55.633 20010 4538 E gralloc4: Empty SMPTE 2094-40 data
03-13 09:59:55.645 20010 4538 E gralloc4: Empty SMPTE 2094-40 data
03-13 09:59:55.656 20010 4538 E gralloc4: Empty SMPTE 2094-40 data
03-13 09:59:55.667 20010 4538 E gralloc4: Empty SMPTE 2094-40 data
03-13 09:59:55.678 20010 4538 E gralloc4: Empty SMPTE 2094-40 data
03-13 09:59:55.689 20010 4538 E gralloc4: Empty SMPTE 2094-40 data
03-13 09:59:55.700 20010 4538 E gralloc4: Empty SMPTE 2094-40 data
03-13 09:59:55.711 20010 4538 E gralloc4: Empty SMPTE 2094-40 data
03-13 09:59:55.722 20010 4538 E gralloc4: Empty SMPTE 2094-40 data
03-13 09:59:55.733 20010 4538 E gralloc4: Empty SMPTE 2094-40 data
03-13 09:59:55.744 20010 4538 E gralloc4: Empty SMPTE 2094-40 data
03-13 09:59:55.755 20010 4538 E gralloc4: Empty SMPTE 2094-40 data
03-13 09:59:55.766 20010 4538 E gralloc4: Empty SMPTE 2094-40 data
03-13 09:59:55.778 20010 4538 E gralloc4: Empty SMPTE 2094-40 data
03-13 09:59:55.788 20010 4538 E gralloc4: Empty SMPTE 2094-40 data
03-13 09:59:55.800 20010 4538 E gralloc4: Empty SMPTE 2094-40 data
03-13 09:59:55.811 20010 4538 E gralloc4: Empty SMPTE 2094-40 data
03-13 09:59:55.822 20010 4538 E gralloc4: Empty SMPTE 2094-40 data
03-13 09:59:55.833 20010 4538 E gralloc4: Empty SMPTE 2094-40 data
03-13 09:59:55.844 20010 4538 E gralloc4: Empty SMPTE 2094-40 data
03-13 09:59:55.855 20010 4538 E gralloc4: Empty SMPTE 2094-40 data
03-13 09:59:55.866 20010 4538 E gralloc4: Empty SMPTE 2094-40 data
03-13 09:59:55.877 20010 4538 E gralloc4: Empty SMPTE 2094-40 data
03-13 09:59:55.888 20010 4538 E gralloc4: Empty SMPTE 2094-40 data
03-13 09:59:55.899 20010 4538 E gralloc4: Empty SMPTE 2094-40 data
03-13 09:59:55.910 20010 4538 E gralloc4: Empty SMPTE 2094-40 data
03-13 09:59:55.921 20010 4538 E gralloc4: Empty SMPTE 2094-40 data
03-13 09:59:55.932 20010 4538 E gralloc4: Empty SMPTE 2094-40 data
03-13 09:59:55.943 20010 4538 E gralloc4: Empty SMPTE 2094-40 data
03-13 09:59:56.402 20010 20110 D SessionLifecycleClient: Sending lifecycle 2 to service
03-13 09:59:56.402 20010 20385 D SessionLifecycleService: Activity backgrounding at 6319785
03-13 09:59:56.435 20010 20010 D DecorView[]: onWindowFocusChanged hasWindowFocus false
03-13 09:59:57.248 20010 20010 D IS_CTS_MODE: false
03-13 09:59:57.248 20010 20010 D MULTI_WINDOW_ENABLED: false
03-13 09:59:57.270 20010 4538 W libc : Access denied finding property "ro.vendor.display.iris_x7.support"
03-13 09:59:57.271 20010 20010 I ForceDarkHelperStubImpl: setViewRootImplForceDark: false for com.hello.sandbox.ui.home.HomeAct@dfbbb31, reason: AppDarkModeEnable
03-13 09:59:57.271 20010 20010 D VRI[HomeAct]: hardware acceleration = true, forceHwAccelerated = false
03-13 09:59:57.272 20010 20010 D DecorView[]: updateDecorCaptionStatus windowMode is 1
03-13 09:59:57.301 20010 20010 W FramePolicy: type=1400 audit(0.0:13468): avc: denied { ioctl } for path="/proc/perfmgr/perf_ioctl" dev="proc" ino=4026533749 ioctlcmd=0x6716 scontext=u:r:untrusted_app:s0:c57,c258,c512,c768 tcontext=u:object_r:proc_perfmgr:s0 tclass=file permissive=0 app=com.hello.miheapp.secretspace
03-13 09:59:57.305 20010 20399 I libPerfCtl: fbcNotifySbeRescue ret=-1
03-13 09:59:58.412 20010 4555 I FA : Application backgrounded at: timestamp_millis: 1741840196410
03-13 10:00:01.505 20010 20010 D CompatibilityChangeReporter: Compat change id reported: 78294732; UID 10569; state: ENABLED
03-13 10:00:01.542 20010 20010 D DecorView[]: onWindowFocusChanged hasWindowFocus false
03-13 10:00:01.543 20010 20010 I ForceDarkHelperStubImpl: setViewRootImplForceDark: false for com.hello.sandbox.ui.home.HomeAct@dfbbb31, reason: AppDarkModeEnable
03-13 10:00:01.543 20010 20010 I ForceDarkHelperStubImpl: setViewRootImplForceDark: false for com.hello.sandbox.ui.home.HomeAct@dfbbb31, reason: AppDarkModeEnable
03-13 10:00:01.558 20010 20010 D BufferQueueConsumer: [](id:4e2a00000004,api:0,p:- 1,c:20010) connect: controlledByApp=false
03-13 10:00:01.559 20010 20010 D DecorView[]: updateDecorCaptionStatus windowMode is 1
03-13 10:00:01.560 20010 20010 I ForceDarkHelperStubImpl: setViewRootImplForceDark: false for com.hello.sandbox.ui.home.HomeAct@dfbbb31, reason: AppDarkModeEnable
03-13 10:00:01.562 20010 20010 D VRI[HomeAct]: vri.reportNextDraw android.view.ViewRootImpl.performTraversals:3953 android.view.ViewRootImpl.doTraversal:2674 android.view.ViewRootImpl$TraversalRunnable.run:9867 android.view.Choreographer$CallbackRecord.run:1431 android.view.Choreographer$CallbackRecord.run:1439
03-13 10:00:01.562 20010 20010 D VRI[HomeAct]: vri.Setup new sync id=0 syncSeqId=0
03-13 10:00:01.570 20010 4538 E gralloc4: Empty SMPTE 2094-40 data
03-13 10:00:01.571 20010 4538 D BLASTBufferQueue: [VRI[HomeAct]#4](f:0,a:1) acquireNextBufferLocked size=1256x2576 mFrameNumber=1 applyTransaction=true mTimestamp=6324953825683(auto) mPendingTransactions.size=0 graphicBufferId=85942295592974 transform=0
03-13 10:00:01.571 20010 4538 W Parcel : Expecting binder but got null!
03-13 10:00:01.572 20010 20010 D VRI[HomeAct]: vri.reportDrawFinished syncSeqId=0 android.view.ViewRootImpl.lambda$createSyncIfNeeded$4$android-view- ViewRootImpl:4021 android.view.ViewRootImpl$$ExternalSyntheticLambda1.run:6 android.os.Handler.handleCallback:942 android.os.Handler.dispatchMessage:99 android.os.Looper.loopOnce:211
03-13 10:00:01.575 20010 20010 D ScrollerOptimizationManager: registerConfigChangedListener
03-13 10:00:01.576 20010 20010 D IS_CTS_MODE: false
03-13 10:00:01.576 20010 20010 D MULTI_WINDOW_ENABLED: false
03-13 10:00:01.578 20010 4538 W libc : Access denied finding property "ro.vendor.display.iris_x7.support"
03-13 10:00:01.579 20010 20010 I ForceDarkHelperStubImpl: setViewRootImplForceDark: false for com.hello.sandbox.ui.home.HomeAct@dfbbb31, reason: AppDarkModeEnable
03-13 10:00:01.579 20010 20010 D VRI[HomeAct]: hardware acceleration = true, forceHwAccelerated = false
03-13 10:00:01.579 20010 20010 D DecorView[]: updateDecorCaptionStatus windowMode is 1
03-13 10:00:01.606 20010 20110 D SessionLifecycleClient: Sending lifecycle 1 to service
03-13 10:00:01.606 20010 20385 D SessionLifecycleService: Activity foregrounding at 6324989.
03-13 10:00:01.607 20010 20361 I MATDBManager: sqllite db insert success! insert row id:62
03-13 10:00:01.608 20010 20361 I MATDBManager: sqllite db capacity:5
03-13 10:00:01.618 20010 4538 E gralloc4: Empty SMPTE 2094-40 data
03-13 10:00:01.618 20010 4538 D BLASTBufferQueue: [VRI[HomeAct]#4](f:0,a:2) producer disconnected before acquireNextBufferLocked
03-13 10:00:01.623 20010 20010 D BufferQueueConsumer: [](id:4e2a00000005,api:0,p:- 1,c:20010) connect: controlledByApp=false
03-13 10:00:01.625 20010 20010 D VRI[HomeAct]: vri.reportNextDraw android.view.ViewRootImpl.performTraversals:3953 android.view.ViewRootImpl.doTraversal:2674 android.view.ViewRootImpl$TraversalRunnable.run:9867 android.view.Choreographer$CallbackRecord.run:1431 android.view.Choreographer$CallbackRecord.run:1439
03-13 10:00:01.625 20010 20010 D VRI[HomeAct]: vri.Setup new sync id=1 syncSeqId=0
03-13 10:00:01.635 20010 4538 E gralloc4: Empty SMPTE 2094-40 data
03-13 10:00:01.636 20010 4538 D BLASTBufferQueue: [VRI[HomeAct]#5](f:0,a:1) acquireNextBufferLocked size=1080x2400 mFrameNumber=1 applyTransaction=true mTimestamp=6325018411913(auto) mPendingTransactions.size=0 graphicBufferId=85942295592977 transform=0
03-13 10:00:01.647 20010 20010 D BufferQueueConsumer: [](id:4e2a00000006,api:0,p:- 1,c:20010) connect: controlledByApp=false
03-13 10:00:01.648 20010 20010 I ForceDarkHelperStubImpl: setViewRootImplForceDark: false for com.hello.sandbox.ui.home.HomeAct@dfbbb31, reason: AppDarkModeEnable
03-13 10:00:01.653 20010 20010 D VRI[HomeAct]: vri.reportNextDraw android.view.ViewRootImpl.performTraversals:3953 android.view.ViewRootImpl.doTraversal:2674 android.view.ViewRootImpl$TraversalRunnable.run:9867 android.view.Choreographer$CallbackRecord.run:1431 android.view.Choreographer$CallbackRecord.run:1439
03-13 10:00:01.653 20010 20010 D VRI[HomeAct]: vri.Setup new sync id=0 syncSeqId=0
03-13 10:00:01.658 20010 4538 E gralloc4: Empty SMPTE 2094-40 data
03-13 10:00:01.658 20010 4538 D BLASTBufferQueue: [VRI[HomeAct]#6](f:0,a:1) acquireNextBufferLocked size=1256x2576 mFrameNumber=1 applyTransaction=true mTimestamp=6325041123837(auto) mPendingTransactions.size=0 graphicBufferId=85942295592980 transform=0
03-13 10:00:01.659 20010 4538 W Parcel : Expecting binder but got null!
03-13 10:00:01.659 20010 20010 D VRI[HomeAct]: vri.reportDrawFinished syncSeqId=0 android.view.ViewRootImpl.lambda$createSyncIfNeeded$4$android-view- ViewRootImpl:4021 android.view.ViewRootImpl$$ExternalSyntheticLambda1.run:6 android.os.Handler.handleCallback:942 android.os.Handler.dispatchMessage:99 android.os.Looper.loopOnce:211
03-13 10:00:01.660 20010 20010 D VRI[HomeAct]: vri.reportDrawFinished syncSeqId=0 android.view.ViewRootImpl.lambda$createSyncIfNeeded$4$android-view- ViewRootImpl:4021 android.view.ViewRootImpl$$ExternalSyntheticLambda1.run:6 android.os.Handler.handleCallback:942 android.os.Handler.dispatchMessage:99 android.os.Looper.loopOnce:211
03-13 10:00:01.678 20010 4538 E gralloc4: Empty SMPTE 2094-40 data
03-13 10:00:01.682 20010 4538 E gralloc4: Empty SMPTE 2094-40 data
03-13 10:00:01.686 20010 4538 E gralloc4: Empty SMPTE 2094-40 data
03-13 10:00:01.687 20010 20010 D DecorView[]: onWindowFocusChanged hasWindowFocus true
03-13 10:00:01.687 20010 20010 I HandWritingStubImpl: refreshLastKeyboardType: 1
03-13 10:00:01.687 20010 20010 I HandWritingStubImpl: getCurrentKeyboardType: 1
03-13 10:00:01.693 20010 4538 E gralloc4: Empty SMPTE 2094-40 data
03-13 10:00:01.698 20010 4538 E gralloc4: Empty SMPTE 2094-40 data
03-13 10:00:01.699 20010 4538 E gralloc4: Empty SMPTE 2094-40 data
03-13 10:00:01.705 20010 4538 E gralloc4: Empty SMPTE 2094-40 data
03-13 10:00:01.717 20010 4538 E gralloc4: Empty SMPTE 2094-40 data
03-13 10:00:01.719 20010 4538 E gralloc4: Empty SMPTE 2094-40 data
03-13 10:00:01.728 20010 4538 E gralloc4: Empty SMPTE 2094-40 data
03-13 10:00:01.730 20010 4538 E gralloc4: Empty SMPTE 2094-40 data
03-13 10:00:01.736 20010 4538 E gralloc4: Empty SMPTE 2094-40 data
03-13 10:00:01.739 20010 4538 E gralloc4: Empty SMPTE 2094-40 data
03-13 10:00:01.748 20010 4538 E gralloc4: Empty SMPTE 2094-40 data
03-13 10:00:01.759 20010 4538 E gralloc4: Empty SMPTE 2094-40 data
03-13 10:00:01.762 20010 4538 E gralloc4: Empty SMPTE 2094-40 data
03-13 10:00:01.770 20010 4538 E gralloc4: Empty SMPTE 2094-40 data
03-13 10:00:01.773 20010 4538 E gralloc4: Empty SMPTE 2094-40 data
03-13 10:00:01.781 20010 4538 E gralloc4: Empty SMPTE 2094-40 data
03-13 10:00:01.792 20010 4538 E gralloc4: Empty SMPTE 2094-40 data
03-13 10:00:01.795 20010 4538 E gralloc4: Empty SMPTE 2094-40 data
03-13 10:00:01.804 20010 4538 E gralloc4: Empty SMPTE 2094-40 data
03-13 10:00:01.806 20010 4538 E gralloc4: Empty SMPTE 2094-40 data
03-13 10:00:01.814 20010 4538 E gralloc4: Empty SMPTE 2094-40 data
03-13 10:00:01.825 20010 4538 E gralloc4: Empty SMPTE 2094-40 data
03-13 10:00:01.827 20010 4538 E gralloc4: Empty SMPTE 2094-40 data
03-13 10:00:01.836 20010 4538 E gralloc4: Empty SMPTE 2094-40 data
03-13 10:00:01.839 20010 4538 E gralloc4: Empty SMPTE 2094-40 data
03-13 10:00:01.848 20010 4538 E gralloc4: Empty SMPTE 2094-40 data
03-13 10:00:01.860 20010 4538 E gralloc4: Empty SMPTE 2094-40 data
03-13 10:00:01.862 20010 4538 E gralloc4: Empty SMPTE 2094-40 data
03-13 10:00:01.870 20010 4538 E gralloc4: Empty SMPTE 2094-40 data
03-13 10:00:01.873 20010 4538 E gralloc4: Empty SMPTE 2094-40 data
03-13 10:00:01.881 20010 4538 E gralloc4: Empty SMPTE 2094-40 data
03-13 10:00:01.893 20010 4538 E gralloc4: Empty SMPTE 2094-40 data
03-13 10:00:01.895 20010 4538 E gralloc4: Empty SMPTE 2094-40 data
03-13 10:00:01.904 20010 4538 E gralloc4: Empty SMPTE 2094-40 data
03-13 10:00:01.906 20010 4538 E gralloc4: Empty SMPTE 2094-40 data
03-13 10:00:01.915 20010 4538 E gralloc4: Empty SMPTE 2094-40 data
03-13 10:00:01.925 20010 4538 E gralloc4: Empty SMPTE 2094-40 data
03-13 10:00:01.928 20010 4538 E gralloc4: Empty SMPTE 2094-40 data
03-13 10:00:01.934 20010 20361 I MATDBManager: sqllite db insert success! insert row id:63
03-13 10:00:01.935 20010 20361 I MATDBManager: sqllite db capacity:1
03-13 10:00:01.936 20010 20361 I MATDBManager: sqllite db insert success! insert row id:64
03-13 10:00:01.936 20010 20361 I MATDBManager: sqllite db capacity:2
03-13 10:00:01.938 20010 4538 E gralloc4: Empty SMPTE 2094-40 data
03-13 10:00:01.939 20010 4538 E gralloc4: Empty SMPTE 2094-40 data
03-13 10:00:01.947 20010 4538 E gralloc4: Empty SMPTE 2094-40 data
03-13 10:00:01.959 20010 4538 E gralloc4: Empty SMPTE 2094-40 data
03-13 10:00:01.961 20010 4538 E gralloc4: Empty SMPTE 2094-40 data
03-13 10:00:01.970 20010 4538 E gralloc4: Empty SMPTE 2094-40 data
03-13 10:00:01.972 20010 4538 E gralloc4: Empty SMPTE 2094-40 data
03-13 10:00:01.980 20010 4538 E gralloc4: Empty SMPTE 2094-40 data
03-13 10:00:01.993 20010 4538 E gralloc4: Empty SMPTE 2094-40 data
03-13 10:00:01.995 20010 4538 E gralloc4: Empty SMPTE 2094-40 data
03-13 10:00:02.002 20010 4538 E gralloc4: Empty SMPTE 2094-40 data
03-13 10:00:02.025 20010 4538 E gralloc4: Empty SMPTE 2094-40 data
03-13 10:00:02.036 20010 4538 E gralloc4: Empty SMPTE 2094-40 data
03-13 10:00:02.059 20010 4538 E gralloc4: Empty SMPTE 2094-40 data
03-13 10:00:02.069 20010 4538 E gralloc4: Empty SMPTE 2094-40 data
03-13 10:00:02.092 20010 4538 E gralloc4: Empty SMPTE 2094-40 data
03-13 10:00:02.103 20010 4538 E gralloc4: Empty SMPTE 2094-40 data
03-13 10:00:02.124 20010 4538 E gralloc4: Empty SMPTE 2094-40 data
03-13 10:00:02.136 20010 4538 E gralloc4: Empty SMPTE 2094-40 data
03-13 10:00:02.160 20010 4538 E gralloc4: Empty SMPTE 2094-40 data
03-13 10:00:02.199 20010 20010 D BLASTBufferQueue: [VRI[AppRequestPermissionAct]#3] (f:0,a:1) destructor()
03-13 10:00:02.200 20010 20010 D BufferQueueConsumer: [VRI[AppRequestPermissionAct]#3(BLAST Consumer)3](id:4e2a00000003,api:0,p:- 1,c:20010) disconnect
03-13 10:00:02.206 20010 4538 E gralloc4: Empty SMPTE 2094-40 data
03-13 10:00:02.209 20010 20010 D View : [Warning] assignParent to null: this = DecorView@f3f4cad[AppRequestPermissionAct]
03-13 10:00:02.228 20010 4538 E gralloc4: Empty SMPTE 2094-40 data
03-13 10:00:02.259 20010 4538 E gralloc4: Empty SMPTE 2094-40 data
03-13 10:00:02.270 20010 4538 E gralloc4: Empty SMPTE 2094-40 data
03-13 10:00:02.292 20010 4538 E gralloc4: Empty SMPTE 2094-40 data
03-13 10:00:02.304 20010 4538 E gralloc4: Empty SMPTE 2094-40 data
03-13 10:00:02.325 20010 4538 E gralloc4: Empty SMPTE 2094-40 data
03-13 10:00:02.359 20010 4538 E gralloc4: Empty SMPTE 2094-40 data
03-13 10:00:02.392 20010 4538 E gralloc4: Empty SMPTE 2094-40 data
03-13 10:00:02.425 20010 4538 E gralloc4: Empty SMPTE 2094-40 data
03-13 10:00:02.458 20010 4538 E gralloc4: Empty SMPTE 2094-40 data
03-13 10:00:02.492 20010 4538 E gralloc4: Empty SMPTE 2094-40 data
03-13 10:00:02.524 20010 4538 E gralloc4: Empty SMPTE 2094-40 data
03-13 10:00:02.558 20010 4538 E gralloc4: Empty SMPTE 2094-40 data
03-13 10:00:02.591 20010 4538 E gralloc4: Empty SMPTE 2094-40 data
03-13 10:00:02.624 20010 4538 E gralloc4: Empty SMPTE 2094-40 data
03-13 10:00:02.658 20010 4538 E gralloc4: Empty SMPTE 2094-40 data
