--------- beginning of system
11-14 07:22:42.168 26825 26825 D os.SingleLice: instance successfully.
com.transsion.freeform.v1.FreeformLice@89c3072 from
com.transsion.freeform.FreeformLiceFactory
11-14 07:22:42.168 26825 26825 D os.SingleLiceFactory: instance successfully.
com.transsion.freeform.v1.FreeformLice@89c3072 from
com.android.internal.IInternalViewLice
11-14 07:22:42.168 26825 26825 D os.SingleLice: instance successfully.
com.transsion.whitenavigation.v1.WhiteNavigationLice@b6f8cc3 from
com.transsion.whitenavigation.WhiteNavigationLiceFactory
11-14 07:22:42.168 26825 26825 D os.SingleLiceFactory: instance successfully.
com.transsion.whitenavigation.v1.WhiteNavigationLice@b6f8cc3 from
com.android.internal.IInternalViewLice
11-14 07:22:42.168 26825 26825 D os.SingleLice: instance successfully.
com.transsion.screenshothelper.v1.ScreenShotHelperImplLice@d348940 from
com.transsion.screenshothelper.ScreenShotHelperImplLiceFactory
11-14 07:22:42.168 26825 26825 D os.SingleLiceFactory: instance successfully.
com.transsion.screenshothelper.v1.ScreenShotHelperImplLice@d348940 from
com.android.internal.IInternalViewLice
11-14 07:22:42.168 26825 26825 D os.LiceInfo: instance successfully.
com.transsion.internal.InternalViewLice@8b02079 from
com.android.internal.IInternalViewLice
--------- beginning of main
11-14 07:22:42.169 26825 26825 I WhiteNavigationLice: Modify naviBarColor to
0xFFF0F0F0, and windowBackgroundColor is -328966 /windowIsTranslucent:false
11-14 07:22:42.198 26825 26825 E DB : Default script added
11-14 07:22:42.207 26825 26825 D arraylist: [{"arrayList":
[],"id":1,"setLastRecordedVideoName":0}]
11-14 07:22:42.212 26825 26837 D ActivityThreadLice: received OSMessage 110001
11-14 07:22:42.213 26825 26837 D ActivityThreadLice: send OSMessage 110001 to [-1]
11-14 07:22:42.214 26825 26837 D OSServiceManager: update local os service
os.activity from null to android.os.BinderProxy@fdc171e
11-14 07:22:42.216 26825 26825 D MultiLinkManager: smart_link is not supported
11-14 07:22:42.226 26825 26825 I SurfaceFactory: [static] sSurfaceFactory =
com.transsion.rt.SurfaceFactoryImpl@cae9091
11-14 07:22:42.282 26825 26931 W cr_media: BLUETOOTH_CONNECT permission is missing.
11-14 07:22:42.284 26825 26931 W cr_media: getBluetoothAdapter() requires BLUETOOTH
permission
11-14 07:22:42.284 26825 26931 W cr_media: registerBluetoothIntentsIfNeeded:
Requires BLUETOOTH permission
11-14 07:22:42.287 26825 26971 W libc : Access denied finding property
"vendor.mali.config"
11-14 07:22:42.310 26825 26888 W Ads : Update ad debug logging enablement as
false
11-14 07:22:42.352 26825 26971 W chromium: [WARNING:viz_main_impl.cc(85)]
VizNullHypothesis is disabled (not a warning)
11-14 07:22:42.369 26825 26825 I gralloc4: register: id=2670000ea40
11-14 07:22:42.370 26825 26825 E ion : ioctl c0044901 failed with code -1:
Inappropriate ioctl for device
11-14 07:22:42.409 26825 26940 W AudioCapabilities: Unsupported mime audio/mpeg-L1
11-14 07:22:42.410 26825 26940 W AudioCapabilities: Unsupported mime audio/mpeg-L2
11-14 07:22:42.631 26825 26825 I gralloc4: register: id=2670000ea42
11-14 07:22:42.709 26825 26825 I gralloc4: register: id=2670000ea43
11-14 07:22:42.738 26825 26825 I gralloc4: register: id=2670000ea44
11-14 07:22:43.193 26825 26825 I Ads : JS: The jsLoaded GMSG has been sent
(https://googleads.g.doubleclick.net/mads/static/mad/sdk/native/production/sdk-
core-v40-impl.html:796)
11-14 07:22:47.565 26825 26891 I FA : Application backgrounded at:
timestamp_millis: 1731540165564
11-14 07:22:58.845 26825 26825 I WhiteNavigationLice: Modify naviBarColor to
0xFFF0F0F0, and windowBackgroundColor is -328966 /windowIsTranslucent:false
11-14 07:22:58.927 26825 26825 E Adapter : Size of list 1
11-14 07:22:58.928 26825 26825 D MultiLinkManager: smart_link is not supported
11-14 07:22:59.108 26825 26825 I gralloc4: register: id=2670000ea50
11-14 07:22:59.118 26825 26825 I gralloc4: register: id=2670000ea51
11-14 07:22:59.138 26825 26825 I gralloc4: register: id=2670000ea52
11-14 07:22:59.167 26825 26825 I gralloc4: register: id=2670000ea53
11-14 07:22:59.604 26825 26825 I gralloc4: unregister: id=2670000ea40
11-14 07:22:59.604 26825 26825 I gralloc4: unregister: id=2670000ea42
11-14 07:22:59.604 26825 26825 I gralloc4: unregister: id=2670000ea44
11-14 07:22:59.605 26825 26825 I gralloc4: unregister: id=2670000ea43
11-14 07:23:01.010 26825 26825 I WhiteNavigationLice: Modify naviBarColor to
0xFFF0F0F0, and windowBackgroundColor is 0 /windowIsTranslucent:false
11-14 07:23:01.028 26825 26825 E Dialog : show dialog view =
DecorView@becc44e[ScriptsActivity]
11-14 07:23:01.050 26825 26825 I gralloc4: register: id=2670000ea54
11-14 07:23:02.473 26825 26825 I gralloc4: unregister: id=2670000ea54
11-14 07:23:02.492 26825 26825 E Dialog : remove dialog view =
DecorView@becc44e[ScriptsActivity]
11-14 07:23:02.544 26825 26825 I WhiteNavigationLice: Modify naviBarColor to
0xFFF0F0F0, and windowBackgroundColor is -328966 /windowIsTranslucent:false
11-14 07:23:02.561 26825 26825 D MultiLinkManager: smart_link is not supported
11-14 07:23:02.606 26825 26825 I gralloc4: register: id=2670000ea55
11-14 07:23:02.658 26825 26825 I gralloc4: register: id=2670000ea56
11-14 07:23:03.092 26825 26825 I gralloc4: unregister: id=2670000ea51
11-14 07:23:03.092 26825 26825 I gralloc4: unregister: id=2670000ea52
11-14 07:23:03.092 26825 26825 I gralloc4: unregister: id=2670000ea53
11-14 07:23:03.093 26825 26825 I gralloc4: unregister: id=2670000ea50
11-14 07:23:03.607 26825 26825 I gralloc4: unregister: id=2670000ea56
11-14 07:23:03.608 26825 26825 I gralloc4: unregister: id=2670000ea55
11-14 07:23:05.353 26825 26891 I FA : Application backgrounded at:
timestamp_millis: 1731540183314
11-14 07:23:56.104 26825 26825 D MultiLinkManager: smart_link is not supported
11-14 07:23:56.138 26825 26825 I gralloc4: register: id=2670000eae4
11-14 07:23:56.206 26825 26825 I gralloc4: register: id=2670000eae5
11-14 07:23:56.787 26825 26825 D CompatibilityChangeReporter: Compat change id
reported: 163400105; UID 10717; state: ENABLED
11-14 07:23:56.787 26825 26825 D InputMethodManager: showSoftInput()
view=androidx.appcompat.widget.AppCompatEditText{762bd2a VFED..CL. .F.P..ID 20,20-
636,1076 #7f0a02a2 app:id/scriptData aid=1073741825} flags=0 reason=SHOW_SOFT_INPUT
11-14 07:23:56.824 26825 26825 I AssistStructure: Flattened final assist data: 2556
bytes, containing 1 windows, 16 views
11-14 07:23:56.900 26825 26825 D InsetsController: show(ime(), fromIme=true)
11-14 07:23:56.922 26825 26825 I gralloc4: register: id=2670000eae8
11-14 07:23:57.503 26825 26825 D check : 1611
11-14 07:23:57.509 26825 26825 D check : 1612
11-14 07:23:57.946 26825 26825 D InputMethodManager: showSoftInput()
view=androidx.appcompat.widget.AppCompatEditText{cb563cc VFED..CL. .F.P..ID 0,30-
656,109 #7f0a02a4 app:id/scriptTitle aid=1073741824} flags=0 reason=SHOW_SOFT_INPUT
11-14 07:23:57.955 26825 26825 W IInputConnectionWrapper: requestCursorAnchorInfo
on inactive InputConnection
11-14 07:23:58.006 26825 26825 D InsetsController: show(ime(), fromIme=true)
11-14 07:23:58.012 26825 26825 D InsetsController: show(ime(), fromIme=true)
11-14 07:24:00.439 26825 26825 E Dialog : show dialog view =
DecorView@6ebc642[CreateScriptActivity]
11-14 07:24:00.460 26825 26825 I gralloc4: register: id=2670000eaef
11-14 07:24:01.281 26825 26825 I gralloc4: unregister: id=2670000eaef
11-14 07:24:01.292 26825 26825 E Dialog : remove dialog view =
DecorView@6ebc642[CreateScriptActivity]
11-14 07:24:01.336 26825 26825 I WhiteNavigationLice: Modify naviBarColor to
0xFFF0F0F0, and windowBackgroundColor is -328966 /windowIsTranslucent:false
11-14 07:24:01.379 26825 26825 D MultiLinkManager: smart_link is not supported
11-14 07:24:01.417 26825 26825 I gralloc4: register: id=2670000eaf1
11-14 07:24:01.418 26825 27553 D PurchaseActivity: Connection Established
11-14 07:24:01.517 26825 26825 W IInputConnectionWrapper: requestCursorAnchorInfo
on inactive InputConnection
11-14 07:24:01.561 26825 26825 I gralloc4: register: id=2670000eaf2
11-14 07:24:01.648 26825 26825 I gralloc4: register: id=2670000eaf3
11-14 07:24:01.905 26825 26825 I gralloc4: unregister: id=2670000eae4
11-14 07:24:01.905 26825 26825 I gralloc4: unregister: id=2670000eae5
11-14 07:24:01.905 26825 26825 I gralloc4: unregister: id=2670000eaf2
11-14 07:24:01.905 26825 26825 I gralloc4: unregister: id=2670000eae8
11-14 07:24:03.104 26825 26825 D MultiLinkManager: smart_link is not supported
11-14 07:24:03.130 26825 26825 I gralloc4: register: id=2670000eaf5
11-14 07:24:03.141 26825 26825 I gralloc4: register: id=2670000eaf6
11-14 07:24:03.179 26825 26825 I gralloc4: register: id=2670000eaf7
11-14 07:24:03.543 26825 26825 I gralloc4: unregister: id=2670000eaf1
11-14 07:24:03.544 26825 26825 I gralloc4: unregister: id=2670000eaf3
11-14 07:24:04.059 26825 26825 E Dialog : show dialog view =
DecorView@5fb7d15[CreateScriptActivity]
11-14 07:24:04.081 26825 26825 I gralloc4: register: id=2670000eaf8
11-14 07:24:05.005 26825 26825 I gralloc4: unregister: id=2670000eaf8
11-14 07:24:05.018 26825 26825 E Dialog : remove dialog view =
DecorView@5fb7d15[CreateScriptActivity]
11-14 07:24:05.039 26825 26825 I WhiteNavigationLice: Modify naviBarColor to
0xFFF0F0F0, and windowBackgroundColor is -328966 /windowIsTranslucent:false
11-14 07:24:05.096 26825 26825 D MultiLinkManager: smart_link is not supported
11-14 07:24:05.123 26825 27561 D PurchaseActivity: Connection Established
11-14 07:24:05.137 26825 26825 I gralloc4: register: id=2670000eaf9
11-14 07:24:05.154 26825 26825 I gralloc4: register: id=2670000eafa
11-14 07:24:05.624 26825 26825 I gralloc4: unregister: id=2670000eaf5
11-14 07:24:05.625 26825 26825 I gralloc4: unregister: id=2670000eaf7
11-14 07:24:05.626 26825 26825 I gralloc4: unregister: id=2670000eaf6
11-14 07:24:06.828 26825 27570 D CompatibilityChangeReporter: Compat change id
reported: 147798919; UID 10717; state: ENABLED
11-14 07:24:08.754 26825 26825 D MultiLinkManager: smart_link is not supported
11-14 07:24:08.779 26825 26825 I gralloc4: register: id=2670000eafc
11-14 07:24:08.818 26825 26825 I gralloc4: register: id=2670000eafd
11-14 07:24:09.173 26825 26825 I gralloc4: unregister: id=2670000eaf9
11-14 07:24:09.174 26825 26825 I gralloc4: unregister: id=2670000eafa
11-14 07:24:09.622 26825 26825 D InputMethodManager: showSoftInput()
view=androidx.appcompat.widget.AppCompatEditText{762bd2a VFED..CL. .F.P..ID 20,20-
636,1076 #7f0a02a2 app:id/scriptData aid=1073741825} flags=0 reason=SHOW_SOFT_INPUT
11-14 07:24:09.679 26825 26825 I gralloc4: register: id=2670000eafe
11-14 07:24:09.681 26825 26825 I gralloc4: register: id=2670000eaff
11-14 07:24:09.717 26825 26825 D InsetsController: show(ime(), fromIme=true)
11-14 07:24:09.739 26825 26825 I gralloc4: register: id=2670000eb02
11-14 07:24:10.130 26825 26825 D check : 1614
11-14 07:24:10.132 26825 26825 I gralloc4: unregister: id=2670000eafe
11-14 07:24:10.133 26825 26825 I gralloc4: unregister: id=2670000eaff
11-14 07:24:11.110 26825 26825 D check : 1612
11-14 07:24:11.232 26825 26825 D check : 1611
11-14 07:24:11.863 26825 26825 D check : 0
11-14 07:24:11.925 26825 26825 E Adapter : Size of list 1
11-14 07:24:11.926 26825 26825 D MultiLinkManager: smart_link is not supported
11-14 07:24:11.959 26825 26825 I gralloc4: register: id=2670000eb06
11-14 07:24:11.975 26825 26825 I gralloc4: register: id=2670000eb07
11-14 07:24:11.983 26825 26825 I gralloc4: register: id=2670000eb08
11-14 07:24:11.992 26825 26825 I gralloc4: register: id=2670000eb09
11-14 07:24:12.360 26825 26825 I gralloc4: unregister: id=2670000eafc
11-14 07:24:12.360 26825 26825 I gralloc4: unregister: id=2670000eb02
11-14 07:24:12.361 26825 26825 I gralloc4: unregister: id=2670000eafd
11-14 07:24:13.051 26825 26825 I gralloc4: unregister: id=2670000eb07
11-14 07:24:13.051 26825 26825 I gralloc4: unregister: id=2670000eb08
11-14 07:24:13.052 26825 26825 I gralloc4: unregister: id=2670000eb09
11-14 07:24:13.053 26825 26825 I gralloc4: unregister: id=2670000eb06
11-14 07:24:14.725 26825 27470 I FA : Application backgrounded at:
timestamp_millis: 1731540252688
11-14 07:24:22.915 26825 26825 D CompatibilityChangeReporter: Compat change id
reported: 150939131; UID 10717; state: ENABLED
11-14 07:24:31.513 26825 26843 I TRuntime.CctTransportBackend: Making request to:
https://firebaselogging.googleapis.com/v0cc/log/batch?format=json_proto3
11-14 07:24:31.885 26825 26843 I TRuntime.CctTransportBackend: Status Code: 200