10-16 09:48:39.502 25136 26559 I AXL : RPC_SCRCREATEOBJECT(463) 944
10-16 09:48:39.503 25136 26559 I AXL : RPC_SCRCREATEOBJECT(464) 944
10-16 09:48:39.503 25136 26559 I AXL : RPC_SCRCREATEOBJECT(465) 944
10-16 09:48:39.503 25136 26559 I AXL : RPC_SCRCREATEOBJECT(466) 19792
10-16 09:48:39.503 25136 26559 I AXL : RPC_SCRCREATEOBJECT(467) 2604
10-16 09:48:39.503 25136 26559 I AXL : RPC_SCRCREATEOBJECT(468) 19792
10-16 09:48:39.503 25136 26559 I AXL : RPC_SCRCREATEOBJECT(469) 17994
10-16 09:48:39.503 25136 26559 I AXL : RPC_SCRCREATEOBJECT(470) 19792
10-16 09:48:39.503 25136 26559 I AXL : RPC_SCRCREATEOBJECT(471) 19792
10-16 09:48:39.503 25136 26559 I AXL : RPC_SCRCREATEOBJECT(472) 19792
10-16 09:48:39.504 25136 26559 I AXL : RPC_SCRCREATEOBJECT(473) 18010
10-16 09:48:39.517 25136 26559 I AXL : RPC_SCRCREATEOBJECT(474) 0
10-16 09:48:39.517 25136 26559 I AXL : RPC_SCRCREATEOBJECT(475) 18000
10-16 09:48:39.517 25136 26559 I AXL : RPC_SCRCREATEOBJECT(476) 1491
10-16 09:48:39.517 25136 26559 I AXL : RPC_SCRCREATEOBJECT(477) 4763
10-16 09:48:39.517 25136 26559 I AXL : RPC_SCRCREATEOBJECT(478) 17990
10-16 09:48:39.517 25136 26559 I AXL : RPC_SCRCREATEOBJECT(479) 717
10-16 09:48:39.517 25136 26559 I AXL : RPC_SCRCREATEOBJECT(480) 717
10-16 09:48:39.517 25136 26559 I AXL : RPC_SCRCREATEOBJECT(481) 717
10-16 09:48:39.517 25136 26559 I AXL : RPC_SCRCREATEOBJECT(482) 717
10-16 09:48:39.517 25136 26559 I AXL : RPC_SCRCREATEOBJECT(483) 17992
10-16 09:48:39.533 25136 26559 I AXL : RPC_SCRCREATEOBJECT(484) 17992
10-16 09:48:39.533 25136 26559 I AXL : RPC_SCRCREATEOBJECT(485) 17988
10-16 09:48:39.533 25136 26559 I AXL : RPC_SCRCREATEOBJECT(486) 4764
10-16 09:48:39.534 25136 26559 I AXL : RPC_SCRCREATEOBJECT(487) 1597
10-16 09:48:39.534 25136 26559 I AXL : RPC_SCRCREATEOBJECT(488) 1597
10-16 09:48:39.534 25136 26559 I AXL : RPC_SCRCREATEOBJECT(489) 1597
10-16 09:48:39.534 25136 26559 I AXL : RPC_SCRCREATEOBJECT(490) 1597
10-16 09:48:39.534 25136 26559 I AXL : RPC_SCRCREATEOBJECT(491) 1597
10-16 09:48:39.534 25136 26559 I AXL : RPC_SCRCREATEOBJECT(492) 1597
10-16 09:48:39.534 25136 26559 I AXL : RPC_SCRCREATEOBJECT(493) 1597
10-16 09:48:39.550 25136 26559 I AXL : RPC_SCRCREATEOBJECT(494) 6965
10-16 09:48:39.550 25136 26559 I AXL : RPC_SCRCREATEOBJECT(495) 2108
10-16 09:48:39.550 25136 26559 I AXL : RPC_SCRCREATEOBJECT(496) 1294
10-16 09:48:39.550 25136 26559 I AXL : RPC_SCRCREATEOBJECT(497) 1294
10-16 09:48:39.550 25136 26559 I AXL : RPC_SCRCREATEOBJECT(498) 1294
10-16 09:48:39.550 25136 26559 I AXL : RPC_SCRCREATEOBJECT(499) 1294
10-16 09:48:39.550 25136 26559 I AXL : RPC_SCRCREATEOBJECT(500) 341
10-16 09:48:39.550 25136 26559 I AXL : RPC_SCRCREATEOBJECT(501) 2041
10-16 09:48:39.550 25136 26559 I AXL : RPC_SCRCREATEOBJECT(502) 4765
10-16 09:48:39.551 25136 26559 I AXL : RPC_SCRCREATEOBJECT(503) 17988
10-16 09:48:39.551 25136 26559 I AXL : RPC_SCRCREATEOBJECT(504) 17988
10-16 09:48:39.551 25136 26559 I AXL : RPC_SCRCREATEOBJECT(505) 17988
10-16 09:48:39.551 25136 26559 I AXL : RPC_SCRCREATEOBJECT(506) 17988
10-16 09:48:39.551 25136 26559 I AXL : RPC_SCRCREATEOBJECT(507) 17983
10-16 09:48:39.551 25136 26559 I AXL : RPC_SCRCREATEOBJECT(508) 17983
10-16 09:48:39.551 25136 26559 I AXL : RPC_SCRCREATEOBJECT(509) 17983
10-16 09:48:39.551 25136 26559 I AXL : RPC_SCRCREATEOBJECT(510) 17984
10-16 09:48:39.551 25136 26559 I AXL : RPC_SCRCREATEOBJECT(511) 17984
10-16 09:48:39.551 25136 26559 I AXL : RPC_SCRCREATEOBJECT(512) 17984
10-16 09:48:39.551 25136 26559 I AXL : RPC_SCRCREATEOBJECT(513) 17984
10-16 09:48:39.551 25136 26559 I AXL : RPC_SCRCREATEOBJECT(514) 17992
10-16 09:48:39.551 25136 26559 I AXL : RPC_SCRCREATEOBJECT(515) 17992
10-16 09:48:39.551 25136 26559 I AXL : RPC_SCRCREATEOBJECT(516) 17992
10-16 09:48:39.551 25136 26559 I AXL : RPC_SCRCREATEOBJECT(517) 17992
10-16 09:48:39.551 25136 26559 I AXL : RPC: InitGame
10-16 09:48:39.551 25136 26559 I AXL : Count = 455
10-16 09:48:39.552 25136 26559 I AXL : CPlayerPed::TogglePlayerControllable
10-16 09:48:39.586 25136 26559 I AXL : RPC: StopAudioStreamForPlayer
10-16 09:48:39.586 25136 26559 I AXL : RPC: ScrTogglePlayerSpectating
10-16 09:48:39.586 25136 26559 I AXL : toggle: 1
10-16 09:48:40.015 25136 26559 I AXL : RPC_SCRCREATEOBJECT(518) 1280
10-16 09:48:40.015 25136 26559 I AXL : RPC_SCRCREATEOBJECT(519) 1461
10-16 09:48:40.015 25136 26559 I AXL : RPC_SCRCREATEOBJECT(520) 1231
10-16 09:48:40.015 25136 26559 I AXL : RPC_SCRCREATEOBJECT(521) 1280
10-16 09:48:40.015 25136 26559 I AXL : RPC_SCRCREATEOBJECT(522) 792
10-16 09:48:40.015 25136 26559 I AXL : RPC_SCRCREATEOBJECT(523) 1461
10-16 09:48:40.015 25136 26559 I AXL : RPC_SCRCREATEOBJECT(524) 1280
10-16 09:48:40.015 25136 26559 I AXL : RPC_SCRCREATEOBJECT(525) 638
10-16 09:48:40.015 25136 26559 I AXL : RPC_SCRCREATEOBJECT(526) 1280
10-16 09:48:40.015 25136 26559 I AXL : RPC_SCRCREATEOBJECT(527) 1461
10-16 09:48:40.015 25136 26559 I AXL : RPC_SCRCREATEOBJECT(528) 792
10-16 09:48:40.015 25136 26559 I AXL : RPC_SCRCREATEOBJECT(529) 1231
10-16 09:48:40.016 25136 26559 I AXL : RPC_SCRCREATEOBJECT(530) 1281
10-16 09:48:40.016 25136 26559 I AXL : RPC_SCRCREATEOBJECT(531) 1281
10-16 09:48:40.016 25136 26559 I AXL : RPC_SCRCREATEOBJECT(532) 1281
10-16 09:48:40.016 25136 26559 I AXL : RPC_SCRCREATEOBJECT(533) 792
10-16 09:48:40.016 25136 26559 I AXL : RPC_SCRCREATEOBJECT(534) 1280
10-16 09:48:40.016 25136 26559 I AXL : RPC_SCRCREATEOBJECT(535) 1461
10-16 09:48:40.016 25136 26559 I AXL : RPC_SCRCREATEOBJECT(536) 1280
10-16 09:48:40.016 25136 26559 I AXL : RPC_SCRCREATEOBJECT(537) 1231
10-16 09:48:40.016 25136 26559 I AXL : RPC_SCRCREATEOBJECT(538) 792
10-16 09:48:40.016 25136 26559 I AXL : RPC_SCRCREATEOBJECT(539) 1461
10-16 09:48:40.016 25136 26559 I AXL : RPC_SCRCREATEOBJECT(540) 1280
10-16 09:48:40.016 25136 26559 I AXL : RPC_SCRCREATEOBJECT(541) 638
10-16 09:48:40.016 25136 26559 I AXL : RPC_SCRCREATEOBJECT(542) 1281
10-16 09:48:40.016 25136 26559 I AXL : RPC_SCRCREATEOBJECT(543) 1280
10-16 09:48:40.016 25136 26559 I AXL : RPC_SCRCREATEOBJECT(544) 1281
10-16 09:48:40.016 25136 26559 I AXL : RPC_SCRCREATEOBJECT(545) 1231
10-16 09:48:40.016 25136 26559 I AXL : RPC_SCRCREATEOBJECT(546) 1461
10-16 09:48:40.016 25136 26559 I AXL : RPC_SCRCREATEOBJECT(547) 1281
10-16 09:48:40.017 25136 26559 I AXL : RPC_SCRCREATEOBJECT(548) 1231
10-16 09:48:40.017 25136 26559 I AXL : RPC_SCRCREATEOBJECT(549) 792
10-16 09:48:40.017 25136 26559 I AXL : RPC_SCRCREATEOBJECT(550) 1280
10-16 09:48:40.017 25136 26559 I AXL : RPC_SCRCREATEOBJECT(551) 792
10-16 09:48:40.017 25136 26559 I AXL : RPC_SCRCREATEOBJECT(552) 1461
10-16 09:48:40.017 25136 26559 I AXL : RPC_SCRCREATEOBJECT(553) 1280
10-16 09:48:40.017 25136 26559 I AXL : RPC_SCRCREATEOBJECT(554) 1461
10-16 09:48:40.017 25136 26559 I AXL : RPC_SCRCREATEOBJECT(555) 638
10-16 09:48:40.017 25136 26559 I AXL : RPC_SCRCREATEOBJECT(556) 1280
10-16 09:48:40.017 25136 26559 I AXL : RPC_SCRCREATEOBJECT(557) 1461
10-16 09:48:40.017 25136 26559 I AXL : RPC_SCRCREATEOBJECT(558) 1280
10-16 09:48:40.017 25136 26559 I AXL : RPC_SCRCREATEOBJECT(559) 1231
10-16 09:48:40.017 25136 26559 I AXL : RPC_SCRCREATEOBJECT(560) 6189
10-16 09:48:40.017 25136 26559 I AXL : RPC_SCRCREATEOBJECT(561) 792
10-16 09:48:40.017 25136 26559 I AXL : RPC_SCRCREATEOBJECT(562) 1280
10-16 09:48:40.017 25136 26559 I AXL : RPC_SCRCREATEOBJECT(563) 1461
10-16 09:48:40.017 25136 26559 I AXL : RPC_SCRCREATEOBJECT(564) 1281
10-16 09:48:40.017 25136 26559 I AXL : RPC_SCRCREATEOBJECT(565) 1280
10-16 09:48:40.017 25136 26559 I AXL : RPC_SCRCREATEOBJECT(566) 1231
10-16 09:48:40.018 25136 26559 I AXL : RPC_SCRCREATEOBJECT(567) 792
10-16 09:48:40.018 25136 26559 I AXL : RPC_SCRCREATEOBJECT(568) 1281
10-16 09:48:40.018 25136 26559 I AXL : RPC_SCRCREATEOBJECT(569) 1281
10-16 09:48:40.018 25136 26559 I AXL : RPC_SCRCREATEOBJECT(570) 1231
10-16 09:48:40.018 25136 26559 I AXL : RPC_SCRCREATEOBJECT(571) 1280
10-16 09:48:40.018 25136 26559 I AXL : RPC_SCRCREATEOBJECT(572) 1461
10-16 09:48:40.018 25136 26559 I AXL : RPC_SCRCREATEOBJECT(573) 1281
10-16 09:48:40.018 25136 26559 I AXL : RPC_SCRCREATEOBJECT(574) 1281
10-16 09:48:40.018 25136 26559 I AXL : RPC_SCRCREATEOBJECT(575) 1280
10-16 09:48:40.018 25136 26559 I AXL : ScrInterpolateCamera
10-16 09:48:40.018 25136 26559 I AXL : ScrInterpolateCamera
10-16 09:48:40.182 25136 26559 I AXL : RPC_SCRCREATEOBJECT(518) 867
10-16 09:48:40.182 25136 26559 I AXL : RPC_SCRCREATEOBJECT(519) 867
10-16 09:48:40.182 25136 26559 I AXL : RPC_SCRCREATEOBJECT(520) 867
10-16 09:48:40.182 25136 26559 I AXL : RPC_SCRCREATEOBJECT(521) 867
10-16 09:48:40.182 25136 26559 I AXL : RPC_SCRCREATEOBJECT(522) 867
10-16 09:48:40.182 25136 26559 I AXL : RPC_SCRCREATEOBJECT(523) 867
10-16 09:48:40.182 25136 26559 I AXL : RPC_SCRCREATEOBJECT(524) 867
10-16 09:48:40.182 25136 26559 I AXL : RPC_SCRCREATEOBJECT(525) 867
10-16 09:48:40.743 25136 26573 I AXL :
/storage/emulated/0/Android/LOSTMAN/AUDIO/SFX/GENRL.osw
10-16 09:48:40.764 25136 26573 I AXL :
/storage/emulated/0/Android/LOSTMAN/AUDIO/SFX/GENRL.osw
10-16 09:48:40.831 25136 26559 I AXL : CreatePickup(1575, 80, 659, 921, -41)
10-16 09:48:40.835 25136 26559 I AXL : CreatePickup(1576, 80, 666, 924, -41)
10-16 09:48:43.288 25136 26559 I AXL : RPC: PlayAudioStreamForPlayer
10-16 09:48:43.404 25136 26944 D AAudioStream: setState(s#4) from 9 to 10
10-16 09:48:43.404 25136 26944 D AAudio : AAudioStream_requestStart(s#4) called
--------------
10-16 09:48:43.404 25136 26944 D AAudioStream: setState(s#4) from 10 to 3
10-16 09:48:43.404 25136 26944 D AudioTrack: start(14232): 0xe8809150, prior
state:STATE_STOPPED
10-16 09:48:43.419 25136 26944 D AAudio : AAudioStream_requestStart(s#4) returned
0 ---------
10-16 09:48:43.421 25136 26206 D AudioStreamTrack: onAudioDeviceUpdate() audioIo 13
devId 3 => 3
10-16 09:48:43.435 25136 26938 D AAudioStream: setState(s#4) from 3 to 4
10-16 09:48:44.088 25136 26573 I AXL :
/storage/emulated/0/Android/LOSTMAN/AUDIO/SFX/FEET.osw
10-16 09:48:44.092 25136 26573 I AXL :
/storage/emulated/0/Android/LOSTMAN/AUDIO/SFX/FEET.osw
10-16 09:48:44.094 25136 26573 I AXL :
/storage/emulated/0/Android/LOSTMAN/AUDIO/SFX/FEET.osw
10-16 09:48:44.096 25136 26573 I AXL :
/storage/emulated/0/Android/LOSTMAN/AUDIO/SFX/FEET.osw
10-16 09:48:44.097 25136 26573 I AXL :
/storage/emulated/0/Android/LOSTMAN/AUDIO/SFX/FEET.osw
10-16 09:48:45.822 25136 26559 I AXL : Removing from vehicle..
10-16 09:48:45.822 25136 26559 I AXL : Setting flag state..
10-16 09:48:45.822 25136 26559 I AXL : Calling destructor..
10-16 09:48:46.793 25136 26559 I AXL : CPlayerPed::TogglePlayerControllable
10-16 09:48:46.808 25136 25136 D CompatibilityChangeReporter: Compat change id
reported: 247079863; UID 10286; state: DISABLED
10-16 09:48:46.911 25136 26559 I AXL : RPC_SCRCREATEOBJECT(518) 19377
10-16 09:48:48.119 25136 26559 I AXL : RPC_SCRCREATEOBJECT(519) 19377
10-16 09:48:48.120 25136 26559 I AXL : RPC_SCRCREATEOBJECT(520) 19121
10-16 09:48:48.120 25136 26559 I AXL : RPC_SCRCREATEOBJECT(521) 19121
10-16 09:48:48.120 25136 26559 I AXL : RPC_SCRCREATEOBJECT(522) 19121
10-16 09:48:48.120 25136 26559 I AXL : RPC_SCRCREATEOBJECT(523) 19121
10-16 09:48:48.120 25136 26559 I AXL : RPC_SCRCREATEOBJECT(524) 19121
10-16 09:48:48.120 25136 26559 I AXL : RPC_SCRCREATEOBJECT(525) 19121
10-16 09:48:48.419 25136 26559 I AXL : RPC_SCRCREATEOBJECT(526) 19121
10-16 09:48:48.419 25136 26559 I AXL : RPC_SCRCREATEOBJECT(527) 19121
10-16 09:48:48.419 25136 26559 I AXL : RPC_SCRCREATEOBJECT(528) 19121
10-16 09:48:48.419 25136 26559 I AXL : RPC_SCRCREATEOBJECT(529) 19121
10-16 09:48:48.420 25136 26559 I AXL : RPC_SCRCREATEOBJECT(530) 19121
10-16 09:48:48.420 25136 26559 I AXL : RPC_SCRCREATEOBJECT(531) 19121
10-16 09:48:48.420 25136 26559 I AXL : RPC_SCRCREATEOBJECT(532) 19121
10-16 09:48:48.420 25136 26559 I AXL : RPC_SCRCREATEOBJECT(533) 1290
10-16 09:48:48.511 25136 25136 D InputMethodManager: invalidateInput sessionid: 0
10-16 09:48:48.518 25136 25136 I ImeTracker: com.samp.online:f8a6e259:
onRequestShow at ORIGIN_CLIENT_SHOW_SOFT_INPUT reason SHOW_SOFT_INPUT
10-16 09:48:48.523 25136 25136 D InputMethodManager: showSoftInput()
view=com.nvidia.devtech.CustomEditText{486cfef VFED..CL. .F.P..ID 0,0-708,75
#7f0a02ab app:id/sd_dialog_input aid=1073741824} flags=0 reason=SHOW_SOFT_INPUT
10-16 09:48:48.552 25136 25136 I AssistStructure: Flattened final assist data: 3764
bytes, containing 2 windows, 28 views
10-16 09:48:48.738 25136 26559 I AXL : RPC_SCRCREATEOBJECT(534) 19121
10-16 09:48:48.741 25136 26559 I AXL : RPC_SCRCREATEOBJECT(535) 19425
10-16 09:48:48.869 25136 25136 D InsetsController: show(ime(), fromIme=true)
10-16 09:48:48.940 25136 26299 E OpenGLRenderer: Unable to match the desired swap
behavior.
10-16 09:48:48.989 25136 25136 I AssistStructure: Flattened final assist data: 3772
bytes, containing 2 windows, 28 views
10-16 09:48:49.041 25136 26559 I AXL : RPC_SCRCREATEOBJECT(536) 18764
10-16 09:48:49.042 25136 26559 I AXL : RPC_SCRCREATEOBJECT(537) 19425
10-16 09:48:49.042 25136 26559 I AXL : RPC_SCRCREATEOBJECT(538) 19121
10-16 09:48:49.042 25136 26559 I AXL : RPC_SCRCREATEOBJECT(539) 19425
10-16 09:48:49.042 25136 26559 I AXL : RPC_SCRCREATEOBJECT(540) 19425
10-16 09:48:49.096 25136 25136 I ImeTracker: com.samp.online:f8a6e259: onShown
10-16 09:48:49.356 25136 26559 I AXL : RPC_SCRCREATEOBJECT(541) 19121
10-16 09:48:49.357 25136 26559 I AXL : RPC_SCRCREATEOBJECT(542) 19425
10-16 09:48:49.357 25136 26559 I AXL : RPC_SCRCREATEOBJECT(543) 19121
10-16 09:48:49.357 25136 26559 I AXL : RPC_SCRCREATEOBJECT(544) 19425
10-16 09:48:49.657 25136 26559 I AXL : RPC_SCRCREATEOBJECT(545) 18648
10-16 09:48:49.657 25136 26559 I AXL : RPC_SCRCREATEOBJECT(546) 19121
10-16 09:48:49.957 25136 26559 I AXL : RPC_SCRCREATEOBJECT(547) 19464
10-16 09:48:49.986 25136 26559 I AXL : RPC_SCRCREATEOBJECT(548) 18980
10-16 09:48:49.989 25136 26559 I AXL : RPC_SCRCREATEOBJECT(549) 19121
10-16 09:48:49.989 25136 26559 I AXL : RPC_SCRCREATEOBJECT(550) 19425
10-16 09:48:49.989 25136 26559 I AXL : RPC_SCRCREATEOBJECT(551) 19464
10-16 09:48:50.341 25136 26559 I AXL : RPC_SCRCREATEOBJECT(552) 19464
10-16 09:48:50.341 25136 26559 I AXL : RPC_SCRCREATEOBJECT(553) 19121
10-16 09:48:50.341 25136 26559 I AXL : RPC_SCRCREATEOBJECT(554) 19425
10-16 09:48:50.341 25136 26559 I AXL : RPC_SCRCREATEOBJECT(555) 18764
10-16 09:48:50.341 25136 26559 I AXL : RPC_SCRCREATEOBJECT(556) 19464
10-16 09:48:50.342 25136 26559 I AXL : RPC_SCRCREATEOBJECT(557) 11726
10-16 09:48:50.342 25136 26559 I AXL : RPC_SCRCREATEOBJECT(558) 1968
10-16 09:48:50.557 25136 26559 I AXL : RPC_SCRCREATEOBJECT(559) 19121
10-16 09:48:50.558 25136 26559 I AXL : RPC_SCRCREATEOBJECT(560) 19853
10-16 09:48:50.575 25136 26559 I AXL : RPC_SCRCREATEOBJECT(561) 1290
10-16 09:48:50.575 25136 26559 I AXL : RPC_SCRCREATEOBJECT(562) 1968
10-16 09:48:50.576 25136 26559 I AXL : RPC_SCRCREATEOBJECT(563) 19425
10-16 09:48:50.576 25136 26559 I AXL : RPC_SCRCREATEOBJECT(564) 19464
10-16 09:48:50.576 25136 26559 I AXL : RPC_SCRCREATEOBJECT(565) 19464
10-16 09:48:50.855 25136 26559 I AXL : RPC_SCRCREATEOBJECT(566) 19121
10-16 09:48:50.855 25136 26559 I AXL : RPC_SCRCREATEOBJECT(567) 14467
10-16 09:48:50.855 25136 26559 I AXL : RPC_SCRCREATEOBJECT(568) 1968
10-16 09:48:50.855 25136 26559 I AXL : RPC_SCRCREATEOBJECT(569) 11726
10-16 09:48:50.855 25136 26559 I AXL : RPC_SCRCREATEOBJECT(570) 19425
10-16 09:48:50.855 25136 26559 I AXL : RPC_SCRCREATEOBJECT(571) 19464
10-16 09:48:50.856 25136 26559 I AXL : RPC_SCRCREATEOBJECT(572) 19464
10-16 09:48:50.856 25136 26559 I AXL : RPC_SCRCREATEOBJECT(573) 18980
10-16 09:48:50.856 25136 26559 I AXL : RPC_SCRCREATEOBJECT(574) 19121
10-16 09:48:50.856 25136 26559 I AXL : RPC_SCRCREATEOBJECT(575) 1776
10-16 09:48:50.856 25136 26559 I AXL : RPC_SCRCREATEOBJECT(576) 19464
10-16 09:48:50.856 25136 26559 I AXL : RPC_SCRCREATEOBJECT(577) 18764
10-16 09:48:50.856 25136 26559 I AXL : RPC_SCRCREATEOBJECT(578) 2592
10-16 09:48:50.856 25136 26559 I AXL : RPC_SCRCREATEOBJECT(579) 19464
10-16 09:48:50.856 25136 26559 I AXL : RPC_SCRCREATEOBJECT(580) 1597
10-16 09:48:50.856 25136 26559 I AXL : RPC_SCRCREATEOBJECT(581) 1968
10-16 09:48:50.856 25136 26559 I AXL : RPC_SCRCREATEOBJECT(582) 18648
10-16 09:48:50.856 25136 26559 I AXL : RPC_SCRCREATEOBJECT(583) 19425
10-16 09:48:50.856 25136 26559 I AXL : RPC_SCRCREATEOBJECT(584) 19464
10-16 09:48:51.156 25136 26559 I AXL : RPC_SCRCREATEOBJECT(585) 19121
10-16 09:48:51.157 25136 26559 I AXL : RPC_SCRCREATEOBJECT(586) 19464
10-16 09:48:51.157 25136 26559 I AXL : RPC_SCRCREATEOBJECT(587) 11726
10-16 09:48:51.157 25136 26559 I AXL : RPC_SCRCREATEOBJECT(588) 1776
10-16 09:48:51.157 25136 26559 I AXL : RPC_SCRCREATEOBJECT(589) 1968
10-16 09:48:51.157 25136 26559 I AXL : RPC_SCRCREATEOBJECT(590) 750
10-16 09:48:51.157 25136 26559 I AXL : RPC_SCRCREATEOBJECT(591) 19425
10-16 09:48:51.158 25136 26559 I AXL : RPC_SCRCREATEOBJECT(592) 1806
10-16 09:48:51.158 25136 26559 I AXL : RPC_SCRCREATEOBJECT(593) 19464
10-16 09:48:51.158 25136 26559 I AXL : RPC_SCRCREATEOBJECT(594) 2165
10-16 09:48:51.158 25136 26559 I AXL : RPC_SCRCREATEOBJECT(595) 19121
10-16 09:48:51.159 25136 26559 I AXL : RPC_SCRCREATEOBJECT(596) 19650
10-16 09:48:51.165 25136 26559 I AXL : RPC_SCRCREATEOBJECT(597) 18762
10-16 09:48:51.165 25136 26559 I AXL : RPC_SCRCREATEOBJECT(598) 1968
10-16 09:48:51.165 25136 26559 I AXL : RPC_SCRCREATEOBJECT(599) 11726
10-16 09:48:51.166 25136 26559 I AXL : RPC_SCRCREATEOBJECT(600) 19650
10-16 09:48:51.166 25136 26559 I AXL : RPC_SCRCREATEOBJECT(601) 11726
10-16 09:48:51.479 25136 26559 I AXL : RPC_SCRCREATEOBJECT(602) 19464
10-16 09:48:51.480 25136 26559 I AXL : RPC_SCRCREATEOBJECT(603) 19374
10-16 09:48:51.480 25136 26559 I AXL : RPC_SCRCREATEOBJECT(604) 19403
10-16 09:48:51.480 25136 26559 I AXL : RPC_SCRCREATEOBJECT(605) 19464
10-16 09:48:51.481 25136 26559 I AXL : RPC_SCRCREATEOBJECT(606) 19121
10-16 09:48:51.481 25136 26559 I AXL : RPC_SCRCREATEOBJECT(607) 19403
10-16 09:48:51.481 25136 26559 I AXL : RPC_SCRCREATEOBJECT(608) 19304
10-16 09:48:51.481 25136 26559 I AXL : RPC_SCRCREATEOBJECT(609) 19464
10-16 09:48:51.481 25136 26559 I AXL : RPC_SCRCREATEOBJECT(610) 7313
10-16 09:48:51.481 25136 26559 I AXL : RPC_SCRCREATEOBJECT(611) 19464
10-16 09:48:51.481 25136 26559 I AXL : RPC_SCRCREATEOBJECT(612) 1806
10-16 09:48:51.482 25136 26559 I AXL : RPC_SCRCREATEOBJECT(613) 2165
10-16 09:48:51.482 25136 26559 I AXL : RPC_SCRCREATEOBJECT(614) 19464
10-16 09:48:51.482 25136 26559 I AXL : RPC_SCRCREATEOBJECT(615) 19650
10-16 09:48:51.511 25136 26559 I AXL : RPC_SCRCREATEOBJECT(616) 8057
10-16 09:48:51.520 25136 26559 I AXL : RPC_SCRCREATEOBJECT(617) 2164
10-16 09:48:51.520 25136 26559 I AXL : RPC_SCRCREATEOBJECT(618) 19121
10-16 09:48:51.520 25136 26559 I AXL : RPC_SCRCREATEOBJECT(619) 3532
10-16 09:48:51.520 25136 26559 I AXL : RPC_SCRCREATEOBJECT(620) 19464
10-16 09:48:51.520 25136 26559 I AXL : RPC_SCRCREATEOBJECT(621) 19304
10-16 09:48:51.786 25136 26559 I AXL : RPC_SCRCREATEOBJECT(622) 19387
10-16 09:48:51.786 25136 26559 I AXL : RPC_SCRCREATEOBJECT(623) 1806
10-16 09:48:51.786 25136 26559 I AXL : RPC_SCRCREATEOBJECT(624) 18762
10-16 09:48:51.786 25136 26559 I AXL : RPC_SCRCREATEOBJECT(625) 2164
10-16 09:48:51.786 25136 26559 I AXL : RPC_SCRCREATEOBJECT(626) 11726
10-16 09:48:51.786 25136 26559 I AXL : RPC_SCRCREATEOBJECT(627) 18980
10-16 09:48:51.787 25136 26559 I AXL : RPC_SCRCREATEOBJECT(628) 19121
10-16 09:48:51.787 25136 26559 I AXL : RPC_SCRCREATEOBJECT(629) 11726
10-16 09:48:51.787 25136 26559 I AXL : RPC_SCRCREATEOBJECT(630) 2165
10-16 09:48:51.787 25136 26559 I AXL : RPC_SCRCREATEOBJECT(631) 1727
10-16 09:48:51.787 25136 26559 I AXL : RPC_SCRCREATEOBJECT(632) 19464
10-16 09:48:51.787 25136 26559 I AXL : RPC_SCRCREATEOBJECT(633) 1523
10-16 09:48:51.787 25136 26559 I AXL : RPC_SCRCREATEOBJECT(634) 750
10-16 09:48:51.787 25136 26559 I AXL : RPC_SCRCREATEOBJECT(635) 2942
10-16 09:48:51.788 25136 26559 I AXL : RPC_SCRCREATEOBJECT(636) 3267
10-16 09:48:51.788 25136 26559 I AXL : RPC_SCRCREATEOBJECT(637) 11726
10-16 09:48:51.788 25136 26559 I AXL : RPC_SCRCREATEOBJECT(638) 19304
10-16 09:48:51.788 25136 26559 I AXL : RPC_SCRCREATEOBJECT(639) 19464
10-16 09:48:51.788 25136 26559 I AXL : RPC_SCRCREATEOBJECT(640) 19464
10-16 09:48:51.788 25136 26559 I AXL : RPC_SCRCREATEOBJECT(641) 7914
10-16 09:48:51.788 25136 26559 I AXL : RPC_SCRCREATEOBJECT(642) 2164
10-16 09:48:52.085 25136 26559 I AXL : RPC_SCRCREATEOBJECT(643) 19121
10-16 09:48:52.085 25136 26559 I AXL : RPC_SCRCREATEOBJECT(644) 19464
10-16 09:48:52.085 25136 26559 I AXL : RPC_SCRCREATEOBJECT(645) 1523
10-16 09:48:52.085 25136 26559 I AXL : RPC_SCRCREATEOBJECT(646) 19387
10-16 09:48:52.085 25136 26559 I AXL : RPC_SCRCREATEOBJECT(647) 1597
10-16 09:48:52.085 25136 26559 I AXL : RPC_SCRCREATEOBJECT(648) 13749
10-16 09:48:52.085 25136 26559 I AXL : RPC_SCRCREATEOBJECT(649) 19464
10-16 09:48:52.085 25136 26559 I AXL : RPC_SCRCREATEOBJECT(650) 1290
10-16 09:48:52.085 25136 26559 I AXL : RPC_SCRCREATEOBJECT(651) 2164
10-16 09:48:52.085 25136 26559 I AXL : RPC_SCRCREATEOBJECT(652) 1806
10-16 09:48:52.085 25136 26559 I AXL : RPC_SCRCREATEOBJECT(653) 1726
10-16 09:48:52.086 25136 26559 I AXL : RPC_SCRCREATEOBJECT(654) 2165
10-16 09:48:52.086 25136 26559 I AXL : RPC_SCRCREATEOBJECT(655) 1820
10-16 09:48:52.086 25136 26559 I AXL : RPC_SCRCREATEOBJECT(656) 2164
10-16 09:48:52.086 25136 26559 I AXL : RPC_SCRCREATEOBJECT(657) 19425
10-16 09:48:52.086 25136 26559 I AXL : RPC_SCRCREATEOBJECT(658) 11726
10-16 09:48:52.086 25136 26559 I AXL : RPC_SCRCREATEOBJECT(659) 2164
10-16 09:48:52.086 25136 26559 I AXL : RPC_SCRCREATEOBJECT(660) 19304
10-16 09:48:52.086 25136 26559 I AXL : RPC_SCRCREATEOBJECT(661) 19121
10-16 09:48:52.086 25136 26559 I AXL : RPC_SCRCREATEOBJECT(662) 3267
10-16 09:48:52.086 25136 26559 I AXL : RPC_SCRCREATEOBJECT(663) 7313
10-16 09:48:52.086 25136 26559 I AXL : RPC_SCRCREATEOBJECT(664) 11726
10-16 09:48:52.385 25136 26559 I AXL : RPC_SCRCREATEOBJECT(665) 1727
10-16 09:48:52.385 25136 26559 I AXL : RPC_SCRCREATEOBJECT(666) 3439
10-16 09:48:52.385 25136 26559 I AXL : RPC_SCRCREATEOBJECT(667) 3532
10-16 09:48:52.385 25136 26559 I AXL : RPC_SCRCREATEOBJECT(668) 18762
10-16 09:48:52.385 25136 26559 I AXL : RPC_SCRCREATEOBJECT(669) 1806
10-16 09:48:52.385 25136 26559 I AXL : RPC_SCRCREATEOBJECT(670) 19464
10-16 09:48:52.385 25136 26559 I AXL : RPC_SCRCREATEOBJECT(671) 2165
10-16 09:48:52.385 25136 26559 I AXL : RPC_SCRCREATEOBJECT(672) 11726
10-16 09:48:52.385 25136 26559 I AXL : RPC_SCRCREATEOBJECT(673) 19121
10-16 09:48:52.385 25136 26559 I AXL : RPC_SCRCREATEOBJECT(674) 19379
10-16 09:48:52.385 25136 26559 I AXL : RPC_SCRCREATEOBJECT(675) 19425
10-16 09:48:52.385 25136 26559 I AXL : RPC_SCRCREATEOBJECT(676) 19464
10-16 09:48:52.386 25136 26559 I AXL : RPC_SCRCREATEOBJECT(677) 2604
10-16 09:48:52.386 25136 26559 I AXL : RPC_SCRCREATEOBJECT(678) 19464
10-16 09:48:52.386 25136 26559 I AXL : RPC_SCRCREATEOBJECT(679) 19425
10-16 09:48:52.386 25136 26559 I AXL : RPC_SCRCREATEOBJECT(680) 19403
10-16 09:48:52.386 25136 26559 I AXL : RPC_SCRCREATEOBJECT(681) 19374
10-16 09:48:52.386 25136 26559 I AXL : RPC_SCRCREATEOBJECT(682) 19464
10-16 09:48:52.386 25136 26559 I AXL : RPC_SCRCREATEOBJECT(683) 19403
10-16 09:48:52.386 25136 26559 I AXL : RPC_SCRCREATEOBJECT(684) 19650
10-16 09:48:52.386 25136 26559 I AXL : RPC_SCRCREATEOBJECT(685) 18980
10-16 09:48:52.386 25136 26559 I AXL : RPC_SCRCREATEOBJECT(686) 19304
10-16 09:48:52.386 25136 26559 I AXL : RPC_SCRCREATEOBJECT(687) 1806
10-16 09:48:52.386 25136 26559 I AXL : RPC_SCRCREATEOBJECT(688) 3267
10-16 09:48:52.386 25136 26559 I AXL : RPC_SCRCREATEOBJECT(689) 19121
10-16 09:48:52.386 25136 26559 I AXL : RPC_SCRCREATEOBJECT(690) 3439
10-16 09:48:52.685 25136 26559 I AXL : RPC_SCRCREATEOBJECT(691) 19464
10-16 09:48:52.685 25136 26559 I AXL : RPC_SCRCREATEOBJECT(692) 19425
10-16 09:48:52.685 25136 26559 I AXL : RPC_SCRCREATEOBJECT(693) 19464
10-16 09:48:52.685 25136 26559 I AXL : RPC_SCRCREATEOBJECT(694) 19425
10-16 09:48:52.685 25136 26559 I AXL : RPC_SCRCREATEOBJECT(695) 1806
10-16 09:48:52.685 25136 26559 I AXL : RPC_SCRCREATEOBJECT(696) 11726
10-16 09:48:52.685 25136 26559 I AXL : RPC_SCRCREATEOBJECT(697) 2165
10-16 09:48:52.685 25136 26559 I AXL : RPC_SCRCREATEOBJECT(698) 19121
10-16 09:48:52.685 25136 26559 I AXL : RPC_SCRCREATEOBJECT(699) 11726
10-16 09:48:52.685 25136 26559 I AXL : RPC_SCRCREATEOBJECT(700) 2164
10-16 09:48:52.685 25136 26559 I AXL : RPC_SCRCREATEOBJECT(701) 19304
10-16 09:48:52.686 25136 26559 I AXL : RPC_SCRCREATEOBJECT(702) 644
10-16 09:48:52.686 25136 26559 I AXL : RPC_SCRCREATEOBJECT(703) 19464
10-16 09:48:52.686 25136 26559 I AXL : RPC_SCRCREATEOBJECT(704) 19464
10-16 09:48:52.686 25136 26559 I AXL : RPC_SCRCREATEOBJECT(705) 3439
10-16 09:48:52.686 25136 26559 I AXL : RPC_SCRCREATEOBJECT(706) 19853
10-16 09:48:52.686 25136 26559 I AXL : RPC_SCRCREATEOBJECT(707) 19464
10-16 09:48:52.686 25136 26559 I AXL : RPC_SCRCREATEOBJECT(708) 19650
10-16 09:48:52.686 25136 26559 I AXL : RPC_SCRCREATEOBJECT(709) 19465
10-16 09:48:52.686 25136 26559 I AXL : RPC_SCRCREATEOBJECT(710) 3267
10-16 09:48:53.001 25136 26559 I AXL : RPC_SCRCREATEOBJECT(711) 19121
10-16 09:48:53.001 25136 26559 I AXL : RPC_SCRCREATEOBJECT(712) 19425
10-16 09:48:53.002 25136 26559 I AXL : RPC_SCRCREATEOBJECT(713) 19464
10-16 09:48:53.002 25136 26559 I AXL : RPC_SCRCREATEOBJECT(714) 19379
10-16 09:48:53.002 25136 26559 I AXL : RPC_SCRCREATEOBJECT(715) 11726
10-16 09:48:53.002 25136 26559 I AXL : RPC_SCRCREATEOBJECT(716) 19121
10-16 09:48:53.002 25136 26559 I AXL : RPC_SCRCREATEOBJECT(717) 19464
10-16 09:48:53.002 25136 26559 I AXL : RPC_SCRCREATEOBJECT(718) 11726
10-16 09:48:53.002 25136 26559 I AXL : RPC_SCRCREATEOBJECT(719) 2604
10-16 09:48:53.002 25136 26559 I AXL : RPC_SCRCREATEOBJECT(720) 1491
10-16 09:48:53.002 25136 26559 I AXL : RPC_SCRCREATEOBJECT(721) 19465
10-16 09:48:53.002 25136 26559 I AXL : RPC_SCRCREATEOBJECT(722) 19464
10-16 09:48:53.002 25136 26559 I AXL : RPC_SCRCREATEOBJECT(723) 3439
10-16 09:48:53.002 25136 26559 I AXL : RPC_SCRCREATEOBJECT(724) 19465
10-16 09:48:53.002 25136 26559 I AXL : RPC_SCRCREATEOBJECT(725) 19464
10-16 09:48:53.002 25136 26559 I AXL : RPC_SCRCREATEOBJECT(726) 19304
10-16 09:48:53.002 25136 26559 I AXL : RPC_SCRCREATEOBJECT(727) 1256
10-16 09:48:53.002 25136 26559 I AXL : RPC_SCRCREATEOBJECT(728) 11726
10-16 09:48:53.002 25136 26559 I AXL : RPC_SCRCREATEOBJECT(729) 19121
10-16 09:48:53.002 25136 26559 I AXL : RPC_SCRCREATEOBJECT(730) 11726
10-16 09:48:53.003 25136 26559 I AXL : RPC_SCRCREATEOBJECT(731) 8057
10-16 09:48:53.003 25136 26559 I AXL : RPC_SCRCREATEOBJECT(732) 19464
10-16 09:48:53.003 25136 26559 I AXL : RPC_SCRCREATEOBJECT(733) 1806
10-16 09:48:53.003 25136 26559 I AXL : RPC_SCRCREATEOBJECT(734) 19464
10-16 09:48:53.003 25136 26559 I AXL : RPC_SCRCREATEOBJECT(735) 19650
10-16 09:48:53.003 25136 26559 I AXL : RPC_SCRCREATEOBJECT(736) 2010
10-16 09:48:53.302 25136 26559 I AXL : RPC_SCRCREATEOBJECT(737) 18980
10-16 09:48:53.302 25136 26559 I AXL : RPC_SCRCREATEOBJECT(738) 1491
10-16 09:48:53.302 25136 26559 I AXL : RPC_SCRCREATEOBJECT(739) 19370
10-16 09:48:53.308 25136 26559 I AXL : RPC_SCRCREATEOBJECT(740) 19853
10-16 09:48:53.308 25136 26559 I AXL : RPC_SCRCREATEOBJECT(741) 19464
10-16 09:48:53.308 25136 26559 I AXL : RPC_SCRCREATEOBJECT(742) 19464
10-16 09:48:53.309 25136 26559 I AXL : RPC_SCRCREATEOBJECT(743) 19379
10-16 09:48:53.309 25136 26559 I AXL : RPC_SCRCREATEOBJECT(744) 19121
10-16 09:48:53.309 25136 26559 I AXL : RPC_SCRCREATEOBJECT(745) 2681
10-16 09:48:53.309 25136 26559 I AXL : RPC_SCRCREATEOBJECT(746) 3267
10-16 09:48:53.309 25136 26559 I AXL : RPC_SCRCREATEOBJECT(747) 19465
10-16 09:48:53.309 25136 26559 I AXL : RPC_SCRCREATEOBJECT(748) 19465
10-16 09:48:53.309 25136 26559 I AXL : RPC_SCRCREATEOBJECT(749) 19464
10-16 09:48:53.309 25136 26559 I AXL : RPC_SCRCREATEOBJECT(750) 19465
10-16 09:48:53.309 25136 26559 I AXL : RPC_SCRCREATEOBJECT(751) 1491
10-16 09:48:53.309 25136 26559 I AXL : RPC_SCRCREATEOBJECT(752) 18980
10-16 09:48:53.309 25136 26559 I AXL : RPC_SCRCREATEOBJECT(753) 2681
10-16 09:48:53.309 25136 26559 I AXL : RPC_SCRCREATEOBJECT(754) 11726
10-16 09:48:53.309 25136 26559 I AXL : RPC_SCRCREATEOBJECT(755) 18648
10-16 09:48:53.309 25136 26559 I AXL : RPC_SCRCREATEOBJECT(756) 2164
10-16 09:48:53.310 25136 26559 I AXL : RPC_SCRCREATEOBJECT(757) 19464
10-16 09:48:53.310 25136 26559 I AXL : RPC_SCRCREATEOBJECT(758) 18648
10-16 09:48:53.310 25136 26559 I AXL : RPC_SCRCREATEOBJECT(759) 19465
10-16 09:48:53.310 25136 26559 I AXL : RPC_SCRCREATEOBJECT(760) 1491
10-16 09:48:53.310 25136 26559 I AXL : RPC_SCRCREATEOBJECT(761) 1290
10-16 09:48:53.310 25136 26559 I AXL : RPC_SCRCREATEOBJECT(762) 19464
10-16 09:48:53.310 25136 26559 I AXL : RPC_SCRCREATEOBJECT(763) 19304
10-16 09:48:53.310 25136 26559 I AXL : RPC_SCRCREATEOBJECT(764) 19304
10-16 09:48:53.310 25136 26559 I AXL : RPC_SCRCREATEOBJECT(765) 1726
10-16 09:48:53.310 25136 26559 I AXL : RPC_SCRCREATEOBJECT(766) 19121
10-16 09:48:53.310 25136 26559 I AXL : RPC_SCRCREATEOBJECT(767) 19464
10-16 09:48:53.310 25136 26559 I AXL : RPC_SCRCREATEOBJECT(768) 1708
10-16 09:48:53.310 25136 26559 I AXL : RPC_SCRCREATEOBJECT(769) 18980
10-16 09:48:53.608 25136 26559 I AXL : RPC_SCRCREATEOBJECT(770) 1256
10-16 09:48:53.608 25136 26559 I AXL : RPC_SCRCREATEOBJECT(771) 19464
10-16 09:48:53.608 25136 26559 I AXL : RPC_SCRCREATEOBJECT(772) 19121
10-16 09:48:53.608 25136 26559 I AXL : RPC_SCRCREATEOBJECT(773) 18762
10-16 09:48:53.613 25136 26559 I AXL : RPC_SCRCREATEOBJECT(774) 18762
10-16 09:48:53.614 25136 26559 I AXL : RPC_SCRCREATEOBJECT(775) 19464
10-16 09:48:53.614 25136 26559 I AXL : RPC_SCRCREATEOBJECT(776) 19464
10-16 09:48:53.614 25136 26559 I AXL : RPC_SCRCREATEOBJECT(777) 2604
10-16 09:48:53.614 25136 26559 I AXL : RPC_SCRCREATEOBJECT(778) 19121
10-16 09:48:53.614 25136 26559 I AXL : RPC_SCRCREATEOBJECT(779) 18980
10-16 09:48:53.614 25136 26559 I AXL : RPC_SCRCREATEOBJECT(780) 19464
10-16 09:48:53.614 25136 26559 I AXL : RPC_SCRCREATEOBJECT(781) 19464
10-16 09:48:53.614 25136 26559 I AXL : RPC_SCRCREATEOBJECT(782) 1708
10-16 09:48:53.614 25136 26559 I AXL : RPC_SCRCREATEOBJECT(783) 1704
10-16 09:48:53.614 25136 26559 I AXL : RPC_SCRCREATEOBJECT(784) 1726
10-16 09:48:53.614 25136 26559 I AXL : RPC_SCRCREATEOBJECT(785) 19121
10-16 09:48:53.614 25136 26559 I AXL : RPC_SCRCREATEOBJECT(786) 19464
10-16 09:48:53.614 25136 26559 I AXL : RPC_SCRCREATEOBJECT(787) 19379
10-16 09:48:53.614 25136 26559 I AXL : RPC_SCRCREATEOBJECT(788) 644
10-16 09:48:53.615 25136 26559 I AXL : RPC_SCRCREATEOBJECT(789) 19465
10-16 09:48:53.615 25136 26559 I AXL : RPC_SCRCREATEOBJECT(790) 1806
10-16 09:48:53.915 25136 26559 I AXL : RPC_SCRCREATEOBJECT(791) 19121
10-16 09:48:53.916 25136 26559 I AXL : RPC_SCRCREATEOBJECT(792) 644
10-16 09:48:53.916 25136 26559 I AXL : RPC_SCRCREATEOBJECT(793) 19121
10-16 09:48:53.916 25136 26559 I AXL : RPC_SCRCREATEOBJECT(794) 19464
10-16 09:48:53.916 25136 26559 I AXL : RPC_SCRCREATEOBJECT(795) 18762
10-16 09:48:53.917 25136 26559 I AXL : RPC_SCRCREATEOBJECT(796) 1775
10-16 09:48:53.917 25136 26559 I AXL : RPC_SCRCREATEOBJECT(797) 19465
10-16 09:48:53.917 25136 26559 I AXL : RPC_SCRCREATEOBJECT(798) 19121
10-16 09:48:53.917 25136 26559 I AXL : RPC_SCRCREATEOBJECT(799) 1491
10-16 09:48:53.918 25136 26559 I AXL : RPC_SCRCREATEOBJECT(800) 19464
10-16 09:48:53.918 25136 26559 I AXL : RPC_SCRCREATEOBJECT(801) 11726
10-16 09:48:53.918 25136 26559 I AXL : RPC_SCRCREATEOBJECT(802) 19304
10-16 09:48:53.918 25136 26559 I AXL : RPC_SCRCREATEOBJECT(803) 2165
10-16 09:48:53.918 25136 26559 I AXL : RPC_SCRCREATEOBJECT(804) 11726
10-16 09:48:53.918 25136 26559 I AXL : RPC_SCRCREATEOBJECT(805) 19121
10-16 09:48:53.919 25136 26559 I AXL : RPC_SCRCREATEOBJECT(806) 11726
10-16 09:48:53.919 25136 26559 I AXL : RPC_SCRCREATEOBJECT(807) 2604
10-16 09:48:54.218 25136 26559 I AXL : RPC_SCRCREATEOBJECT(808) 19121
10-16 09:48:54.219 25136 26559 I AXL : RPC_SCRCREATEOBJECT(809) 19121
10-16 09:48:54.219 25136 26559 I AXL : RPC_SCRCREATEOBJECT(810) 1716
10-16 09:48:54.220 25136 26559 I AXL : RPC_SCRCREATEOBJECT(811) 18762
10-16 09:48:54.220 25136 26559 I AXL : RPC_SCRCREATEOBJECT(812) 1708
10-16 09:48:54.220 25136 26559 I AXL : RPC_SCRCREATEOBJECT(813) 1726
10-16 09:48:54.221 25136 26559 I AXL : RPC_SCRCREATEOBJECT(814) 19464
10-16 09:48:54.221 25136 26559 I AXL : RPC_SCRCREATEOBJECT(815) 942
10-16 09:48:54.222 25136 26559 I AXL : RPC_SCRCREATEOBJECT(816) 18762
10-16 09:48:54.222 25136 26559 I AXL : RPC_SCRCREATEOBJECT(817) 19121
10-16 09:48:54.222 25136 26559 I AXL : RPC_SCRCREATEOBJECT(818) 19464
10-16 09:48:54.222 25136 26559 I AXL : RPC_SCRCREATEOBJECT(819) 19464
10-16 09:48:54.223 25136 26559 I AXL : RPC_SCRCREATEOBJECT(820) 1716
10-16 09:48:54.223 25136 26559 I AXL : RPC_SCRCREATEOBJECT(821) 942
10-16 09:48:54.223 25136 26559 I AXL : RPC_SCRCREATEOBJECT(822) 1708
10-16 09:48:54.223 25136 26559 I AXL : RPC_SCRCREATEOBJECT(823) 19121
10-16 09:48:54.523 25136 26559 I AXL : RPC_SCRCREATEOBJECT(824) 1726
10-16 09:48:54.524 25136 26559 I AXL : RPC_SCRCREATEOBJECT(825) 1716
10-16 09:48:54.524 25136 26559 I AXL : RPC_SCRCREATEOBJECT(826) 18762
10-16 09:48:54.524 25136 26559 I AXL : RPC_SCRCREATEOBJECT(827) 19464
10-16 09:48:54.524 25136 26559 I AXL : RPC_SCRCREATEOBJECT(828) 19464
10-16 09:48:54.524 25136 26559 I AXL : RPC_SCRCREATEOBJECT(829) 942
10-16 09:48:54.524 25136 26559 I AXL : RPC_SCRCREATEOBJECT(830) 19464
10-16 09:48:54.524 25136 26559 I AXL : RPC_SCRCREATEOBJECT(831) 19465
10-16 09:48:54.524 25136 26559 I AXL : RPC_SCRCREATEOBJECT(832) 19650
10-16 09:48:54.524 25136 26559 I AXL : RPC_SCRCREATEOBJECT(833) 19465
10-16 09:48:54.524 25136 26559 I AXL : RPC_SCRCREATEOBJECT(834) 19464
10-16 09:48:54.524 25136 26559 I AXL : RPC_SCRCREATEOBJECT(835) 18762
10-16 09:48:54.525 25136 26559 I AXL : RPC_SCRCREATEOBJECT(836) 1491
10-16 09:48:54.525 25136 26559 I AXL : RPC_SCRCREATEOBJECT(837) 644
10-16 09:48:54.525 25136 26559 I AXL : RPC_SCRCREATEOBJECT(838) 19464
10-16 09:48:54.525 25136 26559 I AXL : RPC_SCRCREATEOBJECT(839) 19304
10-16 09:48:54.525 25136 26559 I AXL : RPC_SCRCREATEOBJECT(840) 1716
10-16 09:48:54.824 25136 26559 I AXL : RPC_SCRCREATEOBJECT(841) 3802
10-16 09:48:54.824 25136 26559 I AXL : RPC_SCRCREATEOBJECT(842) 19464
10-16 09:48:54.824 25136 26559 I AXL : RPC_SCRCREATEOBJECT(843) 19464
10-16 09:48:54.824 25136 26559 I AXL : RPC_SCRCREATEOBJECT(844) 2010
10-16 09:48:54.824 25136 26559 I AXL : RPC_SCRCREATEOBJECT(845) 19465
10-16 09:48:54.824 25136 26559 I AXL : RPC_SCRCREATEOBJECT(846) 11726
10-16 09:48:54.824 25136 26559 I AXL : RPC_SCRCREATEOBJECT(847) 18762
10-16 09:48:54.824 25136 26559 I AXL : RPC_SCRCREATEOBJECT(848) 2296
10-16 09:48:54.824 25136 26559 I AXL : RPC_SCRCREATEOBJECT(849) 19379
10-16 09:48:55.124 25136 26559 I AXL : RPC_SCRCREATEOBJECT(850) 18762
10-16 09:48:55.124 25136 26559 I AXL : RPC_SCRCREATEOBJECT(851) 19650
10-16 09:48:55.124 25136 26559 I AXL : RPC_SCRCREATEOBJECT(852) 1491
10-16 09:48:55.124 25136 26559 I AXL : RPC_SCRCREATEOBJECT(853) 2161
10-16 09:48:55.124 25136 26559 I AXL : RPC_SCRCREATEOBJECT(854) 19379
10-16 09:48:55.124 25136 26559 I AXL : RPC_SCRCREATEOBJECT(855) 11726
10-16 09:48:55.124 25136 26559 I AXL : RPC_SCRCREATEOBJECT(856) 942
10-16 09:48:55.124 25136 26559 I AXL : RPC_SCRCREATEOBJECT(857) 19377
10-16 09:48:55.125 25136 26559 I AXL : RPC_SCRCREATEOBJECT(858) 19370
10-16 09:48:55.131 25136 26559 I AXL : RPC_SCRCREATEOBJECT(859) 19464
10-16 09:48:55.131 25136 26559 I AXL : RPC_SCRCREATEOBJECT(860) 18980
10-16 09:48:55.131 25136 26559 I AXL : RPC_SCRCREATEOBJECT(861) 19650
10-16 09:48:55.131 25136 26559 I AXL : RPC_SCRCREATEOBJECT(862) 1820
10-16 09:48:55.131 25136 26559 I AXL : RPC_SCRCREATEOBJECT(863) 19464
10-16 09:48:55.430 25136 26559 I AXL : RPC_SCRCREATEOBJECT(864) 3802
10-16 09:48:55.430 25136 26559 I AXL : RPC_SCRCREATEOBJECT(865) 19464
10-16 09:48:55.430 25136 26559 I AXL : RPC_SCRCREATEOBJECT(866) 2161
10-16 09:48:55.430 25136 26559 I AXL : RPC_SCRCREATEOBJECT(867) 11726
10-16 09:48:55.430 25136 26559 I AXL : RPC_SCRCREATEOBJECT(868) 1742
10-16 09:48:55.430 25136 26559 I AXL : RPC_SCRCREATEOBJECT(869) 19464
10-16 09:48:55.431 25136 26559 I AXL : RPC_SCRCREATEOBJECT(870) 1742
10-16 09:48:55.431 25136 26559 I AXL : RPC_SCRCREATEOBJECT(871) 1726
10-16 09:48:55.431 25136 26559 I AXL : RPC_SCRCREATEOBJECT(872) 19464
10-16 09:48:55.431 25136 26559 I AXL : RPC_SCRCREATEOBJECT(873) 19464
10-16 09:48:55.431 25136 26559 I AXL : RPC_SCRCREATEOBJECT(874) 19464
10-16 09:48:55.733 25136 26559 I AXL : RPC_SCRCREATEOBJECT(875) 2161
10-16 09:48:55.733 25136 26559 I AXL : RPC_SCRCREATEOBJECT(876) 19465
10-16 09:48:55.733 25136 26559 I AXL : RPC_SCRCREATEOBJECT(877) 1716
10-16 09:48:55.733 25136 26559 I AXL : RPC_SCRCREATEOBJECT(878) 19464
10-16 09:48:55.733 25136 26559 I AXL : RPC_SCRCREATEOBJECT(879) 19377
10-16 09:48:55.733 25136 26559 I AXL : RPC_SCRCREATEOBJECT(880) 2193
10-16 09:48:55.733 25136 26559 I AXL : RPC_SCRCREATEOBJECT(881) 1742
10-16 09:48:55.733 25136 26559 I AXL : RPC_SCRCREATEOBJECT(882) 1715
10-16 09:48:55.733 25136 26559 I AXL : RPC_SCRCREATEOBJECT(883) 1742
10-16 09:48:56.047 25136 26559 I AXL : RPC_SCRCREATEOBJECT(884) 19464
10-16 09:48:56.047 25136 26559 I AXL : RPC_SCRCREATEOBJECT(885) 1715
10-16 09:48:56.047 25136 26559 I AXL : RPC_SCRCREATEOBJECT(886) 1823
10-16 09:48:56.047 25136 26559 I AXL : RPC_SCRCREATEOBJECT(887) 1491
10-16 09:48:56.047 25136 26559 I AXL : RPC_SCRCREATEOBJECT(888) 19464
10-16 09:48:56.241 25136 25136 I ImeTracker: com.samp.online:e7218407:
onRequestHide at ORIGIN_CLIENT_HIDE_SOFT_INPUT reason HIDE_SOFT_INPUT
10-16 09:48:56.263 25136 25136 I AXL : CPlayerPed::TogglePlayerControllable
10-16 09:48:56.272 25136 25136 W WindowOnBackDispatcher: sendCancelIfRunning:
isInProgress=falsecallback=ImeCallback=ImeOnBackInvokedCallback@255282252
Callback=android.window.IOnBackInvokedCallback$Stub$Proxy@46e425
10-16 09:48:56.340 25136 26299 E OpenGLRenderer: Unable to match the desired swap
behavior.
10-16 09:48:56.347 25136 26559 I AXL : RPC_SCRCREATEOBJECT(889) 1715
10-16 09:48:56.347 25136 26559 I AXL : RPC_SCRCREATEOBJECT(890) 1823
10-16 09:48:56.348 25136 26559 I AXL : RPC_SCRCREATEOBJECT(891) 1715
10-16 09:48:56.348 25136 26559 I AXL : RPC_SCRCREATEOBJECT(892) 3802
10-16 09:48:56.348 25136 26559 I AXL : RPC_SCRCREATEOBJECT(893) 19464
10-16 09:48:56.348 25136 26559 I AXL : RPC_SCRCREATEOBJECT(894) 1742
10-16 09:48:56.348 25136 26559 I AXL : RPC_SCRCREATEOBJECT(895) 1715
10-16 09:48:56.490 25136 25136 I ImeTracker: com.samp.online:61ea65f2:
onRequestHide at ORIGIN_CLIENT_HIDE_SOFT_INPUT reason HIDE_SOFT_INPUT_BY_INSETS_API
10-16 09:48:56.493 25136 25136 I ImeTracker: com.samp.online:e7218407: onHidden
10-16 09:48:56.649 25136 26559 I AXL : RPC_SCRCREATEOBJECT(896) 2942
10-16 09:48:56.649 25136 26559 I AXL : RPC_SCRCREATEOBJECT(897) 1823
10-16 09:48:56.649 25136 26559 I AXL : RPC_SCRCREATEOBJECT(898) 1715
10-16 09:48:56.650 25136 26559 I AXL : RPC_SCRCREATEOBJECT(899) 19464
10-16 09:48:56.950 25136 26559 I AXL : RPC_SCRCREATEOBJECT(900) 1823
10-16 09:48:56.950 25136 26559 I AXL : RPC_SCRCREATEOBJECT(901) 1715
10-16 09:48:56.951 25136 26559 I AXL : RPC_SCRCREATEOBJECT(902) 1715
10-16 09:48:57.251 25136 26559 I AXL : RPC_SCRCREATEOBJECT(903) 1823
10-16 09:48:57.251 25136 26559 I AXL : RPC_SCRCREATEOBJECT(904) 1715
10-16 09:48:57.251 25136 26559 I AXL : RPC_SCRCREATEOBJECT(905) 19464
10-16 09:48:57.251 25136 26559 I AXL : RPC_SCRCREATEOBJECT(906) 19853
10-16 09:48:57.284 25136 26559 I AXL : RPC: ScrSetPlayerColor
10-16 09:48:57.284 25136 26559 I AXL : RPC: ScrSetSpawnInfo
10-16 09:48:57.284 25136 26559 I AXL : RPC: ScrTogglePlayerSpectating
10-16 09:48:57.284 25136 26559 I AXL : CPlayerPed::TogglePlayerControllable
10-16 09:48:57.285 25136 26559 I AXL : toggle: 0
10-16 09:48:57.324 25136 26559 I AXL : RPC: ScrSetPlayerHealth
10-16 09:48:57.324 25136 26559 I AXL : RPC: ScrSetPlayerArmour
10-16 09:48:57.324 25136 26559 I AXL : RPC: ScrApplyPlayerAnimation
10-16 09:48:57.324 25136 26559 I AXL : VENDING, null
10-16 09:48:57.342 25136 26559 I AXL : RPC: StopAudioStreamForPlayer
10-16 09:48:57.353 25136 26559 I AXL : RPC: ScrSetPlayerColor
10-16 09:48:57.353 25136 26559 I AXL : RPC: ScrSetPlayerColor
10-16 09:48:57.353 25136 26559 I AXL : RPC: ScrSetPlayerColor
10-16 09:48:57.353 25136 26559 I AXL : RPC: ScrSetMapIcon
10-16 09:48:57.353 25136 26559 I AXL : RPC: ScrSetMapIcon
10-16 09:48:57.353 25136 26559 I AXL : RPC: ScrSetMapIcon
10-16 09:48:57.353 25136 26559 I AXL : RPC: ScrSetMapIcon
10-16 09:48:57.353 25136 26559 I AXL : RPC: ScrSetMapIcon
10-16 09:48:57.353 25136 26559 I AXL : RPC: ScrSetMapIcon
10-16 09:48:57.353 25136 26559 I AXL : RPC: ScrSetMapIcon
10-16 09:48:57.353 25136 26559 I AXL : RPC: ScrSetMapIcon
10-16 09:48:57.353 25136 26559 I AXL : RPC: ScrSetMapIcon
10-16 09:48:57.353 25136 26559 I AXL : RPC: ScrSetMapIcon
10-16 09:48:57.354 25136 26559 I AXL : RPC: ScrSetPlayerInterior
10-16 09:48:57.354 25136 26559 I AXL : RPC: ScrSetPlayerPos
10-16 09:48:57.354 25136 26559 I AXL : RPC: ScrSetPlayerFacingAngle
10-16 09:48:57.354 25136 26559 I AXL : RPC: ScrSetCameraBehindPlayer
10-16 09:48:57.354 25136 26559 I AXL : RPC: ScrSetPlayerHealth
10-16 09:48:57.354 25136 26559 I AXL : RPC: ScrSetPlayerArmour
10-16 09:48:57.354 25136 26559 I AXL : RPC: ScrSetPlayerHealth
10-16 09:48:57.354 25136 26559 I AXL : RPC: ScrSetPlayerArmour
10-16 09:48:57.354 25136 26559 I AXL : RPC: ScrSetPlayerHealth
10-16 09:48:57.354 25136 26559 I AXL : RPC: ScrSetPlayerArmour
10-16 09:48:57.354 25136 26559 I AXL : RPC: ScrResetMoney
10-16 09:48:57.354 25136 26559 I AXL : RPC: ScrHaveSomeMoney
10-16 09:48:57.611 25136 26559 I AXL : ScrInterpolateCamera
10-16 09:48:57.611 25136 26559 I AXL : ScrInterpolateCamera
10-16 09:48:57.611 25136 26559 I AXL : RPC: ScrSetPlayerPos
10-16 09:48:57.611 25136 26559 I AXL : RPC: TogglePlayerControllable
10-16 09:48:57.611 25136 26559 I AXL : CPlayerPed::TogglePlayerControllable
10-16 09:48:57.611 25136 26559 I AXL : RPC: PlayAudioStreamForPlayer
10-16 09:49:00.824 25136 25136 D CompatibilityChangeReporter: Compat change id
reported: 150939131; UID 10286; state: DISABLED
10-16 09:49:03.080 25136 26559 I AXL : RPC: TogglePlayerControllable
10-16 09:49:03.080 25136 26559 I AXL : CPlayerPed::TogglePlayerControllable
10-16 09:49:03.080 25136 26559 I AXL : RPC: ScrSetCameraBehindPlayer
10-16 09:49:05.290 25136 26205 D com.samp.online: PlayerBase::~PlayerBase()
10-16 09:49:05.290 25136 26205 D com.samp.online: PlayerBase::~PlayerBase()
10-16 09:49:05.383 25136 25136 I ImeTracker: com.samp.online:1bc1e0ac:
onRequestHide at ORIGIN_CLIENT_HIDE_SOFT_INPUT reason HIDE_SOFT_INPUT
10-16 09:49:06.101 25136 26941 D AAudio : AAudioStream_requestStop(s#4) called
10-16 09:49:06.102 25136 26941 D AAudioStream: setState(s#4) from 4 to 9
10-16 09:49:06.102 25136 26941 D AudioTrack: stop(14232): 0xe8809150, prior
state:STATE_ACTIVE
10-16 09:49:06.102 25136 26941 D AudioTrackShared: this(0xe92d1d10),
mCblk(0xeea55000), front(1140834), mIsOut 1, interrupt() FUTEX_WAKE
10-16 09:49:06.103 25136 26941 D AudioTrack: stop(14232): 0xe8809150 stop done
10-16 09:49:06.946 25136 26247 I TRuntime.CctTransportBackend: Making request to:
https://crashlyticsreports-pa.googleapis.com/v1/firelog/legacy/batchlog
10-16 09:49:06.976 25136 26247 D TrafficStats: tagSocket(207) with
statsTag=0xffffffff, statsUid=-1
10-16 09:49:09.148 25136 26247 I TRuntime.CctTransportBackend: Status Code: 200
10-16 09:49:29.076 25136 26201 I com.samp.online: Background concurrent mark
compact GC freed 23MB AllocSpace bytes, 6(428KB) LOS objects, 76% free,
7588KB/31MB, paused 353us,5.456ms total 44.038ms
10-16 09:50:20.249 25136 25136 D TranClassInfo: instance successfully.
com.transsion.hubcore.widget.TranOverScrollerImpl@413b19c from
com.transsion.hubcore.widget.ITranOverScroller
10-16 09:50:20.249 25136 25136 E RecyclerView: Cannot scroll to position a
LayoutManager set. Call setLayoutManager with a non-null argument.
10-16 09:50:20.278 25136 25136 D skia : SkJpegCodec::onGetPixels + (1080, 696)
10-16 09:50:20.294 25136 25136 D skia : SkJpegCodec::onGetPixels -
10-16 09:50:20.374 25136 25136 D skia : onGetGainmapInfo: false.
10-16 09:50:20.385 25136 25136 W Glide : Failed to find GeneratedAppGlideModule.
You should include an annotationProcessor compile dependency on
com.github.bumptech.glide:compiler in your application and a @GlideModule annotated
AppGlideModule implementation or LibraryGlideModules will be silently ignored
10-16 09:50:20.414 25136 25136 W WindowOnBackDispatcher: OnBackInvokedCallback is
not enabled for the application.
10-16 09:50:20.414 25136 25136 W WindowOnBackDispatcher: Set
'android:enableOnBackInvokedCallback="true"' in the application manifest.
10-16 09:50:20.436 25136 25136 D VRI[PopupWindow:c206c01]: hardware acceleration =
true, forceHwAccelerated = false
10-16 09:50:20.436 25136 25136 D ViewRootImpl: setView appearance:0
PopupWindow:c206c01
10-16 09:50:20.445 25136 25136 D InputTransport: Create ARC handle: 0x6c788f50
10-16 09:50:20.445 25136 25136 D InputEventReceiver: Input log is disabled in
InputEventReceiver.
10-16 09:50:20.445 25136 25136 D InputTransport: Input log is disabled in
InputChannel.
10-16 09:50:20.470 25136 25136 D BufferQueueConsumer: [](id:623000000006,api:0,p:-
1,c:25136) connect: controlledByApp=false
10-16 09:50:20.474 25136 26299 E OpenGLRenderer: Unable to match the desired swap
behavior.
10-16 09:50:20.492 25136 26299 D BLASTBufferQueue: [VRI[PopupWindow:c206c01]#6]
(f:0,a:1) acquireNextBufferLocked size=473x135 mFrameNumber=1 applyTransaction=true
mTimestamp=262810564426818(auto) mPendingTransactions.size=0
graphicBufferId=107958297952311 transform=7
10-16 09:50:20.541 25136 25136 W Glide : Load failed for with size [1040x1040]
10-16 09:50:20.541 25136 25136 W Glide : class
com.bumptech.glide.load.engine.GlideException: Failed to load resource
10-16 09:50:20.562 25136 26299 E OpenGLRenderer: Unable to match the desired swap
behavior.
10-16 09:50:20.567 25136 26299 D BLASTBufferQueue: [VRI[PopupWindow:c206c01]#6]
(f:0,a:2) producer disconnected before acquireNextBufferLocked
10-16 09:50:23.206 25136 25136 W WindowOnBackDispatcher: sendCancelIfRunning:
isInProgress=falsecallback=android.view.ViewRootImpl$
$ExternalSyntheticLambda20@a855060
10-16 09:50:23.212 25136 25136 D View : [Warning] assignParent to null: this =
android.widget.PopupWindow$PopupDecorView{3a3cdde V.E...... R.....ID 0,0-297,103}
10-16 09:50:23.219 25136 25136 D BLASTBufferQueue: [VRI[PopupWindow:c206c01]#6]
(f:0,a:4) destructor()
10-16 09:50:23.219 25136 25136 D BufferQueueConsumer:
[VRI[PopupWindow:c206c01]#6(BLAST Consumer)6](id:623000000006,api:0,p:-1,c:25136)
disconnect
10-16 09:50:23.231 25136 25136 D InputTransport: Destroy ARC handle: 0x6c788f50
10-16 09:50:27.478 25136 25136 I config_debug: updateDecorCaptionStatus: {1.00001
520mcc?mnc [th_TH,en_US] ldltr sw400dp w871dp h376dp 432dpi nrml long widecg land
night finger -keyb/v/h -nav/h winConfig={ mBounds=Rect(0, 0 - 2460, 1080)
mAppBounds=Rect(0, 0 - 2352, 1080) mMaxBounds=Rect(0, 0 - 2460, 1080)
mDisplayRotation=ROTATION_270 mWindowingMode=fullscreen
mDisplayWindowingMode=fullscreen mMultiWindowMode=normal mMultiWindowId=0
mWindowResiable=6 mInLargeScreen=-1 mActivityType=standard mAlwaysOnTop=undefined
mRotation=ROTATION_270 mUiOptSpec=-1 mCurDisplayId=-1} s.2 fontWeightAdjustment=0}
fromMultiWindow: false
10-16 09:50:27.516 25136 25136 I config_debug: updateDecorCaptionStatus: {1.00001
520mcc?mnc [th_TH,en_US] ldltr sw400dp w871dp h376dp 432dpi nrml long widecg land
night finger -keyb/v/h -nav/h winConfig={ mBounds=Rect(0, 0 - 2460, 1080)
mAppBounds=Rect(0, 0 - 2352, 1080) mMaxBounds=Rect(0, 0 - 2460, 1080)
mDisplayRotation=ROTATION_270 mWindowingMode=fullscreen
mDisplayWindowingMode=fullscreen mMultiWindowMode=normal mMultiWindowId=0
mWindowResiable=6 mInLargeScreen=-1 mActivityType=standard mAlwaysOnTop=undefined
mRotation=ROTATION_270 mUiOptSpec=-1 mCurDisplayId=-1} s.2 fontWeightAdjustment=0}
fromMultiWindow: true
10-16 09:50:27.558 25136 25136 I System.out: Surface changed: 2460, 1080
10-16 09:50:27.561 25136 26299 E OpenGLRenderer: Unable to match the desired swap
behavior.
10-16 09:50:27.586 25136 26299 D BLASTBufferQueue: [VRI[GTASA]#3](f:0,a:5) producer
disconnected before acquireNextBufferLocked
10-16 09:50:27.633 25136 26299 E OpenGLRenderer: Unable to match the desired swap
behavior.
10-16 09:50:52.439 25136 26559 I AXL : RPC: ScrSetPlayerColor
10-16 09:50:52.440 25136 26559 I AXL : RPC: ScrSetPlayerColor
10-16 09:51:05.966 25136 25136 I config_debug: updateDecorCaptionStatus: {1.00001
520mcc?mnc [th_TH,en_US] ldltr sw400dp w871dp h376dp 432dpi nrml long widecg land
night finger -keyb/v/h -nav/h winConfig={ mBounds=Rect(0, 0 - 2460, 1080)
mAppBounds=Rect(108, 0 - 2460, 1080) mMaxBounds=Rect(0, 0 - 2460, 1080)
mDisplayRotation=ROTATION_90 mWindowingMode=fullscreen
mDisplayWindowingMode=fullscreen mMultiWindowMode=normal mMultiWindowId=0
mWindowResiable=6 mInLargeScreen=-1 mActivityType=standard mAlwaysOnTop=undefined
mRotation=ROTATION_90 mUiOptSpec=-1 mCurDisplayId=-1} s.2 fontWeightAdjustment=0}
fromMultiWindow: false
10-16 09:51:06.024 25136 25136 I config_debug: updateDecorCaptionStatus: {1.00001
520mcc?mnc [th_TH,en_US] ldltr sw400dp w871dp h376dp 432dpi nrml long widecg land
night finger -keyb/v/h -nav/h winConfig={ mBounds=Rect(0, 0 - 2460, 1080)
mAppBounds=Rect(108, 0 - 2460, 1080) mMaxBounds=Rect(0, 0 - 2460, 1080)
mDisplayRotation=ROTATION_90 mWindowingMode=fullscreen
mDisplayWindowingMode=fullscreen mMultiWindowMode=normal mMultiWindowId=0
mWindowResiable=6 mInLargeScreen=-1 mActivityType=standard mAlwaysOnTop=undefined
mRotation=ROTATION_90 mUiOptSpec=-1 mCurDisplayId=-1} s.3 fontWeightAdjustment=0}
fromMultiWindow: true
10-16 09:51:06.025 25136 25136 I System.out: Surface changed: 2460, 1080
