0xb400007099c7d7c0, reason connectToSurface
07-14 00:00:58.041 32551 1923 I MediaCodec: [c2.qti.vp9.decoder] setting surface
generation to 33332227
07-14 00:00:58.041 32551 1923 D SurfaceUtils: disconnecting from surface
0xb400007099c7d7c0, reason connectToSurface(reconnect)
07-14 00:00:58.041 32551 1923 D SurfaceUtils: connecting to surface
0xb400007099c7d7c0, reason connectToSurface(reconnect)
07-14 00:00:58.041 32551 1923 D CCodec : [initiateConfigureComponent:L887]
OplusFeedbackInfo mFeedbackID:-5476376654676481744
07-14 00:00:58.042 32551 1923 W AString : ctor got NULL, using empty string
instead
07-14 00:00:58.042 32551 1926 D CCodec : [c2.qti.vp9.decoder] buffers are bound
to CCodec for this session
07-14 00:00:58.042 32551 1926 D CCodecConfig: no c2 equivalents for log-session-id
07-14 00:00:58.042 32551 1926 D CCodecConfig: no c2 equivalents for color-standard
07-14 00:00:58.042 32551 1926 D CCodecConfig: no c2 equivalents for native-window
07-14 00:00:58.042 32551 1926 D CCodecConfig: no c2 equivalents for flags
07-14 00:00:58.043 32551 1926 D CCodecConfig: c2 config diff is c2::u32
default.color.matrix = 1
07-14 00:00:58.043 32551 1926 D CCodecConfig: c2::u32 default.color.primaries =
1
07-14 00:00:58.043 32551 1926 D CCodecConfig: c2::u32 default.color.range = 2
07-14 00:00:58.043 32551 1926 D CCodecConfig: c2::u32 default.color.transfer = 3
07-14 00:00:58.043 32551 1926 D CCodecConfig: c2::u32 raw.max-size.height = 1280
07-14 00:00:58.043 32551 1926 D CCodecConfig: c2::u32 raw.max-size.width = 720
07-14 00:00:58.043 32551 1926 D CCodecConfig: c2::u32 raw.size.height = 1280
07-14 00:00:58.043 32551 1926 D CCodecConfig: c2::u32 raw.size.width = 720
07-14 00:00:58.044 32551 1926 W Codec2Client: query -- param skipped: index =
1107298332.
07-14 00:00:58.044 32551 1926 D CCodec : client requested max input size 345600,
which is smaller than what component recommended (3133440); overriding with
component recommendation.
07-14 00:00:58.044 32551 1926 W CCodec : This behavior is subject to change. It
is recommended that app developers double check whether the requested max input
size is in reasonable range.
07-14 00:00:58.044 32551 1926 D CCodec : encoding statistics level = 0
07-14 00:00:58.044 32551 1926 D CCodec : setup formats input: AMessage(what =
0x00000000) = {
07-14 00:00:58.044 32551 1926 D CCodec : int32_t feature-secure-playback = 0
07-14 00:00:58.044 32551 1926 D CCodec : int32_t frame-rate = 30
07-14 00:00:58.044 32551 1926 D CCodec : int32_t height = 1280
07-14 00:00:58.044 32551 1926 D CCodec : int32_t max-input-size = 3133440
07-14 00:00:58.044 32551 1926 D CCodec : string mime = "video/x-vnd.on2.vp9"
07-14 00:00:58.044 32551 1926 D CCodec : int32_t priority = 0
07-14 00:00:58.044 32551 1926 D CCodec : int32_t profile = 1
07-14 00:00:58.044 32551 1926 D CCodec : int32_t width = 720
07-14 00:00:58.044 32551 1926 D CCodec : Rect crop(0, 0, 719, 1279)
07-14 00:00:58.044 32551 1926 D CCodec : }
07-14 00:00:58.044 32551 1926 D CCodec : setup formats output: AMessage(what =
0x00000000) = {
07-14 00:00:58.044 32551 1926 D CCodec : int32_t android._color-format = 0
07-14 00:00:58.044 32551 1926 D CCodec : int32_t android._video-scaling = 1
07-14 00:00:58.044 32551 1926 D CCodec : int32_t android._dataspace = 260
07-14 00:00:58.044 32551 1926 D CCodec : int32_t color-standard = 130817
07-14 00:00:58.044 32551 1926 D CCodec : int32_t color-range = 2
07-14 00:00:58.044 32551 1926 D CCodec : int32_t color-transfer = 65791
07-14 00:00:58.044 32551 1926 D CCodec : int32_t sar-height = 1
07-14 00:00:58.044 32551 1926 D CCodec : int32_t rotation-degrees = 0
07-14 00:00:58.044 32551 1926 D CCodec : Buffer hdr-static-info = {
07-14 00:00:58.044 32551 1926 D CCodec : 00000000: 00 00 00 00 00 00 00 00
00 00 00 00 00 00 00 00 ................
07-14 00:00:58.044 32551 1926 D CCodec : 00000010: 00 00 00 00 00 00 00 00
00 .........
07-14 00:00:58.044 32551 1926 D CCodec : }
07-14 00:00:58.044 32551 1926 D CCodec : int32_t sar-width = 1
07-14 00:00:58.044 32551 1926 D CCodec : Rect crop(0, 0, 719, 1279)
07-14 00:00:58.044 32551 1926 D CCodec : int32_t width = 720
07-14 00:00:58.044 32551 1926 D CCodec : int32_t feature-secure-playback = 0
07-14 00:00:58.044 32551 1926 D CCodec : int32_t frame-rate = 30
07-14 00:00:58.044 32551 1926 D CCodec : Buffer hdr10-plus-info = {
07-14 00:00:58.044 32551 1926 D CCodec : }
07-14 00:00:58.044 32551 1926 D CCodec : int32_t height = 1280
07-14 00:00:58.044 32551 1926 D CCodec : int32_t max-height = 1280
07-14 00:00:58.044 32551 1926 D CCodec : int32_t max-width = 720
07-14 00:00:58.044 32551 1926 D CCodec : string mime = "video/raw"
07-14 00:00:58.044 32551 1926 D CCodec : int32_t priority = 0
07-14 00:00:58.044 32551 1926 D CCodec : int32_t color-format = 2130708361
07-14 00:00:58.044 32551 1926 D CCodec : }
07-14 00:00:58.044 32551 1926 I CCodecConfig: query failed after returning 18
values (BAD_INDEX)
07-14 00:00:58.044 32551 1901 D MediaCodec: keep callback message for reclaim
07-14 00:00:58.050 32551 32551 D app_purchased: not_purchase_app_open
07-14 00:00:58.059 32551 1926 W Codec2Client: query -- param skipped: index =
1342179345.
07-14 00:00:58.059 32551 1926 W Codec2Client: query -- param skipped: index =
2415921170.
07-14 00:00:58.059 32551 1926 W Codec2Client: query -- param skipped: index =
1610614798.
07-14 00:00:58.059 32551 1926 D CCodecBufferChannel: [c2.qti.vp9.decoder#667]
Query input allocators returned 0 params => BAD_INDEX (6)
07-14 00:00:58.060 32551 1926 D CCodecBufferChannel: [c2.qti.vp9.decoder#667]
Created input block pool with allocatorID 16 => poolID 22 - OK (0)
07-14 00:00:58.060 32551 1926 D CCodecBufferChannel: [c2.qti.vp9.decoder#667]
start: max output delay 11
07-14 00:00:58.060 32551 1926 D CCodecBufferChannel: [c2.qti.vp9.decoder#667]
Query output allocators returned 0 params => BAD_INDEX (6)
07-14 00:00:58.060 32551 1926 D CCodecBufferChannel: [c2.qti.vp9.decoder#667]
Query output surface allocator returned 0 params => BAD_INDEX (6)
07-14 00:00:58.060 32551 1926 I CCodecBufferChannel: [c2.qti.vp9.decoder#667]
Created output block pool with allocatorID 18 => poolID 468 - OK
07-14 00:00:58.061 32551 1926 D CCodecBufferChannel: [c2.qti.vp9.decoder#667]
Configured output block pool ids 468 => OK
07-14 00:00:58.061 32551 1926 D Codec2-OutputBufferQueue: remote graphic buffer
migration 0/0
07-14 00:00:58.061 32551 1926 D Codec2Client: setOutputSurface -- failed to set
consumer usage (6/BAD_INDEX)
07-14 00:00:58.061 32551 1926 D Codec2Client: setOutputSurface --
generation=33332227 consumer usage=0x900
07-14 00:00:58.063 32551 1926 D Codec2Client: Surface configure completed
07-14 00:00:58.063 32551 1926 D CCodecBufferChannel: [c2.qti.vp9.decoder#667]
start: updating output delay 0
07-14 00:00:58.091 32551 1892 I OplusFeedbackInfo: 0xb400007299c4f950
c2.qti.vp9.decoder 720x1280 inputFps=4 outputFps=5 renderFps=0, discardFps=0
07-14 00:00:58.126 32551 1926 D CCodecConfig: c2 config diff is c2::u32
output.delay.value = 15
07-14 00:00:58.128 32551 1926 D CCodecBufferChannel: [c2.qti.vp9.decoder#667]
onWorkDone: updating output delay 15
07-14 00:00:58.128 32551 1926 I CCodecBufferChannel: [c2.qti.vp9.decoder#667]
onWorkDone: updating max output delay 22
07-14 00:00:58.128 32551 1926 D Codec2-OutputBufferQueue: set max dequeue count 22
from update
07-14 00:00:58.129 32551 1926 D CCodecConfig: c2 config diff is c2::u32
raw.color.matrix = 1
07-14 00:00:58.129 32551 1926 D CCodecConfig: c2::u32 raw.color.primaries = 1
07-14 00:00:58.129 32551 1926 D CCodecConfig: c2::u32 raw.color.range = 2
07-14 00:00:58.129 32551 1926 D CCodecConfig: c2::u32 raw.color.transfer = 3
07-14 00:00:58.129 32551 1926 D CCodecConfig: c2::u32 raw.crop.height = 1280
07-14 00:00:58.129 32551 1926 D CCodecConfig: c2::u32 raw.crop.left = 0
07-14 00:00:58.129 32551 1926 D CCodecConfig: c2::u32 raw.crop.top = 0
07-14 00:00:58.129 32551 1926 D CCodecConfig: c2::u32 raw.crop.width = 720
07-14 00:00:58.130 32551 1926 D CCodecBuffers: [c2.qti.vp9.decoder#667:2D-Output]
popFromStashAndRegister: at 1000000000000us, output format changed to AMessage(what
= 0x00000000) = {
07-14 00:00:58.130 32551 1926 D CCodecBuffers: int32_t android._color-format = 0
07-14 00:00:58.130 32551 1926 D CCodecBuffers: int32_t android._video-scaling =
1
07-14 00:00:58.130 32551 1926 D CCodecBuffers: int32_t android._dataspace = 260
07-14 00:00:58.130 32551 1926 D CCodecBuffers: int32_t color-standard = 1
07-14 00:00:58.130 32551 1926 D CCodecBuffers: int32_t color-range = 2
07-14 00:00:58.130 32551 1926 D CCodecBuffers: int32_t color-transfer = 3
07-14 00:00:58.130 32551 1926 D CCodecBuffers: int32_t sar-height = 1
07-14 00:00:58.130 32551 1926 D CCodecBuffers: int32_t rotation-degrees = 0
07-14 00:00:58.130 32551 1926 D CCodecBuffers: Buffer hdr-static-info = {
07-14 00:00:58.130 32551 1926 D CCodecBuffers: 00000000: 00 00 00 00 00 00 00
00 00 00 00 00 00 00 00 00 ................
07-14 00:00:58.130 32551 1926 D CCodecBuffers: 00000010: 00 00 00 00 00 00 00
00 00 .........
07-14 00:00:58.130 32551 1926 D CCodecBuffers: }
07-14 00:00:58.130 32551 1926 D CCodecBuffers: int32_t sar-width = 1
07-14 00:00:58.130 32551 1926 D CCodecBuffers: Rect crop(0, 0, 719, 1279)
07-14 00:00:58.130 32551 1926 D CCodecBuffers: int32_t width = 720
07-14 00:00:58.130 32551 1926 D CCodecBuffers: int32_t feature-secure-playback =
0
07-14 00:00:58.130 32551 1926 D CCodecBuffers: int32_t frame-rate = 30
07-14 00:00:58.130 32551 1926 D CCodecBuffers: Buffer hdr10-plus-info = {
07-14 00:00:58.130 32551 1926 D CCodecBuffers: }
07-14 00:00:58.130 32551 1926 D CCodecBuffers: int32_t height = 1280
07-14 00:00:58.130 32551 1926 D CCodecBuffers: int32_t max-height = 1280
07-14 00:00:58.130 32551 1926 D CCodecBuffers: int32_t max-width = 720
07-14 00:00:58.130 32551 1926 D CCodecBuffers: string mime = "video/raw"
07-14 00:00:58.130 32551 1926 D CCodecBuffers: int32_t priority = 0
07-14 00:00:58.130 32551 1926 D CCodecBuffers: int32_t color-format = 2130708361
07-14 00:00:58.130 32551 1926 D CCodecBuffers: }
07-14 00:00:58.151 32551 32551 D app_purchased: not_purchase_app_open
07-14 00:00:58.252 32551 32551 D app_purchased: not_purchase_app_open
07-14 00:00:58.353 32551 32551 D app_purchased: not_purchase_app_open
07-14 00:00:58.454 32551 32551 D app_purchased: not_purchase_app_open
07-14 00:00:58.555 32551 32551 D app_purchased: not_purchase_app_open
07-14 00:00:58.654 32551 32551 D app_purchased: not_purchase_app_open
07-14 00:00:58.755 32551 32551 D app_purchased: not_purchase_app_open
07-14 00:00:58.855 32551 32551 D app_purchased: not_purchase_app_open
07-14 00:00:58.916 32551 415 I AudioManager: In isSpeakerphoneOn(), calling
application: com.dual.space.parallel.apps.multiaccounts.appscloner
07-14 00:00:58.955 32551 32551 D app_purchased: not_purchase_app_open
07-14 00:00:59.056 32551 32551 D app_purchased: not_purchase_app_open
07-14 00:00:59.060 32551 416 E AppLovinSdk: [TaskFetchMediatedAd] Ad format
requested (INTER) does not match ad format for ad unit id 010eb3d17268aaff (NATIVE)
07-14 00:00:59.069 32551 1926 I OplusFeedbackInfo: 0xb400007299ca0850
c2.qti.vp9.decoder 720x1280 inputFps=4 outputFps=5 renderFps=0, discardFps=0
07-14 00:00:59.091 32551 1892 I OplusFeedbackInfo: 0xb400007299c4f950
c2.qti.vp9.decoder 720x1280 inputFps=4 outputFps=5 renderFps=0, discardFps=1
07-14 00:00:59.156 32551 32551 D app_purchased: not_purchase_app_open
07-14 00:00:59.255 32551 32551 D app_purchased: not_purchase_app_open
07-14 00:00:59.356 32551 32551 D app_purchased: not_purchase_app_open
07-14 00:00:59.457 32551 32551 D app_purchased: not_purchase_app_open
07-14 00:00:59.558 32551 32551 D app_purchased: not_purchase_app_open
07-14 00:00:59.658 32551 32551 D app_purchased: not_purchase_app_open
07-14 00:00:59.759 32551 32551 D app_purchased: not_purchase_app_open
07-14 00:00:59.859 32551 32551 D app_purchased: not_purchase_app_open
07-14 00:00:59.960 32551 32551 D app_purchased: not_purchase_app_open
07-14 00:01:00.061 32551 32551 D app_purchased: not_purchase_app_open
07-14 00:01:00.069 32551 1926 I OplusFeedbackInfo: 0xb400007299ca0850
c2.qti.vp9.decoder 720x1280 inputFps=4 outputFps=5 renderFps=0, discardFps=1
07-14 00:01:00.092 32551 1892 I OplusFeedbackInfo: 0xb400007299c4f950
c2.qti.vp9.decoder 720x1280 inputFps=4 outputFps=4 renderFps=0, discardFps=0
07-14 00:01:00.162 32551 32551 D app_purchased: not_purchase_app_open
07-14 00:01:00.262 32551 32551 D app_purchased: not_purchase_app_open
07-14 00:01:00.361 32551 32551 D app_purchased: not_purchase_app_open
07-14 00:01:00.462 32551 32551 D app_purchased: not_purchase_app_open
07-14 00:01:00.563 32551 32551 D app_purchased: not_purchase_app_open
07-14 00:01:00.663 32551 32551 D app_purchased: not_purchase_app_open
07-14 00:01:00.763 32551 32551 D app_purchased: not_purchase_app_open
07-14 00:01:00.862 32551 32551 D app_purchased: not_purchase_app_open
07-14 00:01:00.962 32551 32551 D app_purchased: not_purchase_app_open
07-14 00:01:01.062 32551 32551 D app_purchased: not_purchase_app_open
07-14 00:01:01.070 32551 1926 I OplusFeedbackInfo: 0xb400007299ca0850
c2.qti.vp9.decoder 720x1280 inputFps=4 outputFps=4 renderFps=0, discardFps=0
07-14 00:01:01.093 32551 1892 I OplusFeedbackInfo: 0xb400007299c4f950
c2.qti.vp9.decoder 720x1280 inputFps=4 outputFps=4 renderFps=0, discardFps=0
07-14 00:01:01.161 32551 32551 D app_purchased: not_purchase_app_open
07-14 00:01:01.262 32551 32551 D app_purchased: not_purchase_app_open
07-14 00:01:01.363 32551 32551 D app_purchased: not_purchase_app_open
07-14 00:01:01.463 32551 32551 D app_purchased: not_purchase_app_open
07-14 00:01:01.564 32551 32551 D app_purchased: not_purchase_app_open
07-14 00:01:01.663 32551 32551 D app_purchased: not_purchase_app_open
07-14 00:01:01.763 32551 32551 D app_purchased: not_purchase_app_open
07-14 00:01:01.865 32551 32551 D app_purchased: not_purchase_app_open
07-14 00:01:01.965 32551 32551 D app_purchased: not_purchase_app_open
07-14 00:01:02.065 32551 32551 D app_purchased: not_purchase_app_open
07-14 00:01:02.071 32551 1926 I OplusFeedbackInfo: 0xb400007299ca0850
c2.qti.vp9.decoder 720x1280 inputFps=4 outputFps=4 renderFps=0, discardFps=0
07-14 00:01:02.093 32551 1892 I OplusFeedbackInfo: 0xb400007299c4f950
c2.qti.vp9.decoder 720x1280 inputFps=4 outputFps=4 renderFps=0, discardFps=0
07-14 00:01:02.117 32551 1878 D BufferPoolAccessor2.0: bufferpool2
0xb400007299c8f2f8 : 5(40960 size) total buffers - 4(32768 size) used buffers -
21/28 (recycle/alloc) - 13/25 (fetch/transfer)
07-14 00:01:02.117 32551 1891 D BufferPoolAccessor2.0: bufferpool2
0xb400007299c5c2a8 : 5(15667200 size) total buffers - 4(12533760 size) used buffers
18/24 (recycle/alloc) - 11/22 (fetch/transfer)
07-14 00:01:02.165 32551 32551 D app_purchased: not_purchase_app_open
07-14 00:01:02.265 32551 32551 D app_purchased: not_purchase_app_open
07-14 00:01:02.365 32551 32551 D app_purchased: not_purchase_app_open
07-14 00:01:02.464 32551 32551 D app_purchased: not_purchase_app_open
07-14 00:01:02.564 32551 32551 D app_purchased: not_purchase_app_open
07-14 00:01:02.665 32551 32551 D app_purchased: not_purchase_app_open
07-14 00:01:02.783 32551 32551 D app_purchased: not_purchase_app_open
07-14 00:01:02.816 32551 416 I AudioManager: In isSpeakerphoneOn(), calling
application: com.dual.space.parallel.apps.multiaccounts.appscloner
07-14 00:01:02.883 32551 32551 D app_purchased: not_purchase_app_open
07-14 00:01:02.984 32551 32551 D app_purchased: not_purchase_app_open
07-14 00:01:03.069 32551 415 I AudioManager: In isSpeakerphoneOn(), calling
application: com.dual.space.parallel.apps.multiaccounts.appscloner
07-14 00:01:03.072 32551 1926 I OplusFeedbackInfo: 0xb400007299ca0850
c2.qti.vp9.decoder 720x1280 inputFps=4 outputFps=4 renderFps=0, discardFps=0
07-14 00:01:03.083 32551 32551 D app_purchased: not_purchase_app_open
07-14 00:01:03.094 32551 1892 I OplusFeedbackInfo: 0xb400007299c4f950
c2.qti.vp9.decoder 720x1280 inputFps=4 outputFps=4 renderFps=0, discardFps=0
07-14 00:01:03.137 32551 1917 D BufferPoolAccessor2.0: bufferpool2
0xb400007299c9ae48 : 5(40960 size) total buffers - 4(32768 size) used buffers -
24/30 (recycle/alloc) - 9/27 (fetch/transfer)
07-14 00:01:03.137 32551 1923 D BufferPoolAccessor2.0: bufferpool2
0xb400007299c9f848 : 5(15667200 size) total buffers - 4(12533760 size) used buffers
19/24 (recycle/alloc) - 7/22 (fetch/transfer)
07-14 00:01:03.184 32551 32551 D app_purchased: not_purchase_app_open
07-14 00:01:03.285 32551 32551 D app_purchased: not_purchase_app_open
07-14 00:01:03.289 32551 415 E AppLovinSdk: [TaskFetchMediatedAd] Ad format
requested (INTER) does not match ad format for ad unit id 010eb3d17268aaff (NATIVE)
07-14 00:01:03.385 32551 32551 D app_purchased: not_purchase_app_open
07-14 00:01:03.486 32551 32551 D app_purchased: not_purchase_app_open
07-14 00:01:03.585 32551 32551 D app_purchased: not_purchase_app_open
07-14 00:01:03.686 32551 32551 D app_purchased: not_purchase_app_open
07-14 00:01:03.787 32551 32551 D app_purchased: not_purchase_app_open
07-14 00:01:03.888 32551 32551 D app_purchased: not_purchase_app_open
07-14 00:01:03.988 32551 32551 D app_purchased: not_purchase_app_open
07-14 00:01:04.073 32551 1926 I OplusFeedbackInfo: 0xb400007299ca0850
c2.qti.vp9.decoder 720x1280 inputFps=4 outputFps=4 renderFps=0, discardFps=0
07-14 00:01:04.088 32551 32551 D app_purchased: not_purchase_app_open
07-14 00:01:04.094 32551 1892 I OplusFeedbackInfo: 0xb400007299c4f950
c2.qti.vp9.decoder 720x1280 inputFps=4 outputFps=0 renderFps=0, discardFps=0
07-14 00:01:04.189 32551 32551 D app_purchased: not_purchase_app_open
07-14 00:01:04.290 32551 32551 D app_purchased: not_purchase_app_open
07-14 00:01:04.390 32551 32551 D app_purchased: not_purchase_app_open
07-14 00:01:04.491 32551 32551 D app_purchased: not_purchase_app_open
07-14 00:01:04.592 32551 32551 D app_purchased: not_purchase_app_open
07-14 00:01:04.693 32551 32551 D app_purchased: not_purchase_app_open
07-14 00:01:04.793 32551 32551 D app_purchased: not_purchase_app_open
07-14 00:01:04.821 32551 32656 I FA : Application backgrounded at:
timestamp_millis: 1720911662819
07-14 00:01:04.893 32551 32551 D app_purchased: not_purchase_app_open
07-14 00:01:04.993 32551 32551 D app_purchased: not_purchase_app_open
07-14 00:01:05.073 32551 1926 I OplusFeedbackInfo: 0xb400007299ca0850
c2.qti.vp9.decoder 720x1280 inputFps=4 outputFps=0 renderFps=0, discardFps=0
07-14 00:01:05.093 32551 32551 D app_purchased: not_purchase_app_open
07-14 00:01:05.094 32551 1892 I OplusFeedbackInfo: 0xb400007299c4f950
c2.qti.vp9.decoder 720x1280 inputFps=0 outputFps=0 renderFps=0, discardFps=0
07-14 00:01:05.194 32551 32551 D app_purchased: not_purchase_app_open
07-14 00:01:05.294 32551 32551 D app_purchased: not_purchase_app_open
07-14 00:01:05.394 32551 32551 D app_purchased: not_purchase_app_open
07-14 00:01:05.493 32551 32551 D app_purchased: not_purchase_app_open
07-14 00:01:05.593 32551 32551 D app_purchased: not_purchase_app_open
07-14 00:01:05.693 32551 32551 D app_purchased: not_purchase_app_open
07-14 00:01:05.793 32551 32551 D app_purchased: not_purchase_app_open
07-14 00:01:05.893 32551 32551 D app_purchased: not_purchase_app_open
07-14 00:01:05.993 32551 32551 D app_purchased: not_purchase_app_open
07-14 00:01:06.075 32551 1926 I OplusFeedbackInfo: 0xb400007299ca0850
c2.qti.vp9.decoder 720x1280 inputFps=0 outputFps=0 renderFps=0, discardFps=0
07-14 00:01:06.094 32551 32551 D app_purchased: not_purchase_app_open
07-14 00:01:06.095 32551 1892 I OplusFeedbackInfo: 0xb400007299c4f950
c2.qti.vp9.decoder 720x1280 inputFps=0 outputFps=0 renderFps=0, discardFps=0
07-14 00:01:06.196 32551 32551 D app_purchased: not_purchase_app_open
07-14 00:01:06.296 32551 32551 D app_purchased: not_purchase_app_open
07-14 00:01:06.396 32551 32551 D app_purchased: not_purchase_app_open
07-14 00:01:06.496 32551 32551 D app_purchased: not_purchase_app_open
07-14 00:01:06.595 32551 32551 D app_purchased: not_purchase_app_open
07-14 00:01:06.696 32551 32551 D app_purchased: not_purchase_app_open
07-14 00:01:06.797 32551 32551 D app_purchased: not_purchase_app_open
07-14 00:01:06.898 32551 32551 D app_purchased: not_purchase_app_open
07-14 00:01:06.999 32551 32551 D app_purchased: not_purchase_app_open
07-14 00:01:07.076 32551 1926 I OplusFeedbackInfo: 0xb400007299ca0850
c2.qti.vp9.decoder 720x1280 inputFps=0 outputFps=0 renderFps=0, discardFps=0
07-14 00:01:07.095 32551 1892 I OplusFeedbackInfo: 0xb400007299c4f950
c2.qti.vp9.decoder 720x1280 inputFps=0 outputFps=0 renderFps=0, discardFps=0
07-14 00:01:07.095 32551 1892 D OplusFeedbackInfo: [notifyFpsToSF:L951] fixFps=0
currentFps=0 isRelease=0
07-14 00:01:07.099 32551 32551 D app_purchased: not_purchase_app_open
07-14 00:01:07.127 32551 1878 D BufferPoolAccessor2.0: bufferpool2
0xb400007299c8f2f8 : 5(40960 size) total buffers - 2(16384 size) used buffers -
39/46 (recycle/alloc) - 22/45 (fetch/transfer)
07-14 00:01:07.200 32551 32551 D app_purchased: not_purchase_app_open
07-14 00:01:07.300 32551 32551 D app_purchased: not_purchase_app_open
07-14 00:01:07.400 32551 32551 D app_purchased: not_purchase_app_open
07-14 00:01:07.501 32551 32551 D app_purchased: not_purchase_app_open
07-14 00:01:07.601 32551 32551 D app_purchased: not_purchase_app_open
07-14 00:01:07.702 32551 32551 D app_purchased: not_purchase_app_open
07-14 00:01:07.803 32551 32551 D app_purchased: not_purchase_app_open
07-14 00:01:07.904 32551 32551 D app_purchased: not_purchase_app_open
07-14 00:01:08.003 32551 32551 D app_purchased: not_purchase_app_open
07-14 00:01:08.033 32551 1066 D BufferPoolAccessor2.0: bufferpool2
0xb400007299c5c2a8 : 5(15667200 size) total buffers - 4(12533760 size) used buffers
22/28 (recycle/alloc) - 12/29 (fetch/transfer)
07-14 00:01:08.034 32551 1066 D BufferPoolAccessor2.0: evictor expired: 1,
evicted: 1
07-14 00:01:08.076 32551 1926 I OplusFeedbackInfo: 0xb400007299ca0850
c2.qti.vp9.decoder 720x1280 inputFps=0 outputFps=0 renderFps=0, discardFps=0
07-14 00:01:08.077 32551 1926 D OplusFeedbackInfo: [notifyFpsToSF:L951] fixFps=0
currentFps=0 isRelease=0
07-14 00:01:08.097 32551 1892 I OplusFeedbackInfo: 0xb400007299c4f950
c2.qti.vp9.decoder 720x1280 inputFps=0 outputFps=0 renderFps=0, discardFps=0
07-14 00:01:08.103 32551 32551 D app_purchased: not_purchase_app_open
07-14 00:01:08.204 32551 32551 D app_purchased: not_purchase_app_open
07-14 00:01:08.305 32551 32551 D app_purchased: not_purchase_app_open
07-14 00:01:08.405 32551 32551 D app_purchased: not_purchase_app_open
07-14 00:01:08.504 32551 32551 D app_purchased: not_purchase_app_open
07-14 00:01:08.606 32551 32551 D app_purchased: not_purchase_app_open
07-14 00:01:08.707 32551 32551 D app_purchased: not_purchase_app_open
07-14 00:01:08.763 32551 32575 I unts.appscloner: Background concurrent mark
compact GC freed 157811(8840KB) AllocSpace objects, 99(7068KB) LOS objects, 49%
free, 14MB/29MB, paused 2.959ms,3.780ms total 180.315ms
07-14 00:01:08.807 32551 32551 D app_purchased: not_purchase_app_open
07-14 00:01:08.907 32551 32551 D app_purchased: not_purchase_app_open
07-14 00:01:09.007 32551 32551 D app_purchased: not_purchase_app_open
07-14 00:01:09.034 32551 1066 D BufferPoolAccessor2.0: bufferpool2
0xb400007299c9f848 : 5(15667200 size) total buffers - 4(12533760 size) used buffers
23/28 (recycle/alloc) - 8/29 (fetch/transfer)
07-14 00:01:09.034 32551 1066 D BufferPoolAccessor2.0: evictor expired: 1,
evicted: 1
07-14 00:01:09.078 32551 1926 I OplusFeedbackInfo: 0xb400007299ca0850
c2.qti.vp9.decoder 720x1280 inputFps=0 outputFps=0 renderFps=0, discardFps=0
07-14 00:01:09.097 32551 1892 I OplusFeedbackInfo: 0xb400007299c4f950
c2.qti.vp9.decoder 720x1280 inputFps=0 outputFps=0 renderFps=0, discardFps=0
07-14 00:01:09.097 32551 1892 I OplusFeedbackInfo: send video stutter message
MM_FB_EventID#11002#ClientPid#32551#Key#-
5476376654676428464#Component#c2.qti.vp9.decoder#VideoInputFps#0#VideoOutputFps#0#V
ideoRenderFps#0#VideoHeight#1280#VideoWidth#720#IsMediaPlayer#0#LogLevel#3#FpsArray
#4/0/0/0/0/0#ModifiedVersion#5
07-14 00:01:09.106 32551 32551 D app_purchased: not_purchase_app_open
07-14 00:01:09.206 32551 32551 D app_purchased: not_purchase_app_open
07-14 00:01:09.306 32551 32551 D app_purchased: not_purchase_app_open
07-14 00:01:09.406 32551 32551 D app_purchased: not_purchase_app_open
07-14 00:01:09.507 32551 32551 D app_purchased: not_purchase_app_open
07-14 00:01:09.608 32551 32551 D app_purchased: not_purchase_app_open
07-14 00:01:09.708 32551 32551 D app_purchased: not_purchase_app_open
07-14 00:01:09.807 32551 32551 D app_purchased: not_purchase_app_open
07-14 00:01:09.908 32551 32551 D app_purchased: not_purchase_app_open
07-14 00:01:10.008 32551 32551 D app_purchased: not_purchase_app_open
07-14 00:01:10.078 32551 1926 I OplusFeedbackInfo: 0xb400007299ca0850
c2.qti.vp9.decoder 720x1280 inputFps=0 outputFps=0 renderFps=0, discardFps=0
07-14 00:01:10.078 32551 1926 I OplusFeedbackInfo: send video stutter message
MM_FB_EventID#11002#ClientPid#32551#Key#-
5476376654676096944#Component#c2.qti.vp9.decoder#VideoInputFps#0#VideoOutputFps#0#V
ideoRenderFps#0#VideoHeight#1280#VideoWidth#720#IsMediaPlayer#0#LogLevel#3#FpsArray
#4/0/0/0/0/0#ModifiedVersion#5
07-14 00:01:10.098 32551 1892 I OplusFeedbackInfo: 0xb400007299c4f950
c2.qti.vp9.decoder 720x1280 inputFps=0 outputFps=0 renderFps=0, discardFps=0
07-14 00:01:10.108 32551 32551 D app_purchased: not_purchase_app_open
07-14 00:01:10.208 32551 32551 D app_purchased: not_purchase_app_open
07-14 00:01:10.308 32551 32551 D app_purchased: not_purchase_app_open
07-14 00:01:10.408 32551 32551 D app_purchased: not_purchase_app_open
07-14 00:01:10.509 32551 32551 D app_purchased: not_purchase_app_open
07-14 00:01:10.609 32551 32551 D app_purchased: not_purchase_app_open
07-14 00:01:10.710 32551 32551 D app_purchased: not_purchase_app_open
07-14 00:01:10.810 32551 32551 D app_purchased: not_purchase_app_open
07-14 00:01:10.910 32551 32551 D app_purchased: not_purchase_app_open
07-14 00:01:11.011 32551 32551 D app_purchased: not_purchase_app_open
07-14 00:01:11.078 32551 1926 I OplusFeedbackInfo: 0xb400007299ca0850
c2.qti.vp9.decoder 720x1280 inputFps=0 outputFps=0 renderFps=0, discardFps=0
07-14 00:01:11.098 32551 1892 I OplusFeedbackInfo: 0xb400007299c4f950
c2.qti.vp9.decoder 720x1280 inputFps=0 outputFps=0 renderFps=0, discardFps=0
07-14 00:01:11.112 32551 32551 D app_purchased: not_purchase_app_open
07-14 00:01:11.212 32551 32551 D app_purchased: not_purchase_app_open
07-14 00:01:11.305 32551 415 I AudioManager: In isSpeakerphoneOn(), calling
application: com.dual.space.parallel.apps.multiaccounts.appscloner
07-14 00:01:11.313 32551 32551 D app_purchased: not_purchase_app_open
07-14 00:01:11.412 32551 32551 D app_purchased: not_purchase_app_open
07-14 00:01:11.512 32551 32551 D app_purchased: not_purchase_app_open
07-14 00:01:11.538 32551 416 E AppLovinSdk: [TaskFetchMediatedAd] Ad format
requested (INTER) does not match ad format for ad unit id 010eb3d17268aaff (NATIVE)
07-14 00:01:11.612 32551 32551 D app_purchased: not_purchase_app_open
07-14 00:01:11.712 32551 32551 D app_purchased: not_purchase_app_open
07-14 00:01:11.812 32551 32551 D app_purchased: not_purchase_app_open
07-14 00:01:11.912 32551 32551 D app_purchased: not_purchase_app_open
07-14 00:01:12.012 32551 32551 D app_purchased: not_purchase_app_open
07-14 00:01:12.035 32551 1066 D BufferPoolAccessor2.0: bufferpool2
0xb400007299c9ae48 : 5(40960 size) total buffers - 0(0 size) used buffers - 40/46
(recycle/alloc) - 17/46 (fetch/transfer)
07-14 00:01:12.035 32551 1066 D BufferPoolAccessor2.0: evictor expired: 2,
evicted: 2
07-14 00:01:12.079 32551 1926 I OplusFeedbackInfo: 0xb400007299ca0850
c2.qti.vp9.decoder 720x1280 inputFps=0 outputFps=0 renderFps=0, discardFps=0
07-14 00:01:12.098 32551 1892 I OplusFeedbackInfo: 0xb400007299c4f950
c2.qti.vp9.decoder 720x1280 inputFps=0 outputFps=0 renderFps=0, discardFps=0
07-14 00:01:12.112 32551 32551 D app_purchased: not_purchase_app_open
07-14 00:01:12.213 32551 32551 D app_purchased: not_purchase_app_open
07-14 00:01:12.314 32551 32551 D app_purchased: not_purchase_app_open
07-14 00:01:12.413 32551 32551 D app_purchased: not_purchase_app_open
07-14 00:01:12.513 32551 32551 D app_purchased: not_purchase_app_open
07-14 00:01:12.614 32551 32551 D app_purchased: not_purchase_app_open
07-14 00:01:12.714 32551 32551 D app_purchased: not_purchase_app_open
07-14 00:01:12.813 32551 32551 D app_purchased: not_purchase_app_open
07-14 00:01:12.914 32551 32551 D app_purchased: not_purchase_app_open
07-14 00:01:13.014 32551 32551 D app_purchased: not_purchase_app_open
07-14 00:01:13.079 32551 1926 I OplusFeedbackInfo: 0xb400007299ca0850
c2.qti.vp9.decoder 720x1280 inputFps=0 outputFps=0 renderFps=0, discardFps=0
07-14 00:01:13.099 32551 1892 I OplusFeedbackInfo: 0xb400007299c4f950
c2.qti.vp9.decoder 720x1280 inputFps=0 outputFps=0 renderFps=0, discardFps=0
07-14 00:01:13.115 32551 32551 D app_purchased: not_purchase_app_open
07-14 00:01:13.215 32551 32551 D app_purchased: not_purchase_app_open
07-14 00:01:13.315 32551 32551 D app_purchased: not_purchase_app_open
07-14 00:01:13.415 32551 32551 D app_purchased: not_purchase_app_open
07-14 00:01:13.514 32551 32551 D app_purchased: not_purchase_app_open
07-14 00:01:13.615 32551 32551 D app_purchased: not_purchase_app_open
07-14 00:01:13.716 32551 32551 D app_purchased: not_purchase_app_open
07-14 00:01:13.815 32551 32551 D app_purchased: not_purchase_app_open
07-14 00:01:13.915 32551 32551 D app_purchased: not_purchase_app_open
07-14 00:01:14.014 32551 32551 D app_purchased: not_purchase_app_open
07-14 00:01:14.079 32551 1926 I OplusFeedbackInfo: 0xb400007299ca0850
c2.qti.vp9.decoder 720x1280 inputFps=0 outputFps=0 renderFps=0, discardFps=0
07-14 00:01:14.099 32551 1892 I OplusFeedbackInfo: [sendFPSInfo:L700]
input/output/render 0fps over 10s, reduce print fps log
07-14 00:01:14.114 32551 32551 D app_purchased: not_purchase_app_open
07-14 00:01:14.214 32551 32551 D app_purchased: not_purchase_app_open
07-14 00:01:14.315 32551 32551 D app_purchased: not_purchase_app_open
07-14 00:01:14.415 32551 32551 D app_purchased: not_purchase_app_open
07-14 00:01:14.515 32551 32551 D app_purchased: not_purchase_app_open
07-14 00:01:14.615 32551 32551 D app_purchased: not_purchase_app_open
07-14 00:01:14.715 32551 32551 D app_purchased: not_purchase_app_open
07-14 00:01:14.815 32551 32551 D app_purchased: not_purchase_app_open
07-14 00:01:14.915 32551 32551 D app_purchased: not_purchase_app_open
07-14 00:01:15.014 32551 32551 D app_purchased: not_purchase_app_open
07-14 00:01:15.080 32551 1926 I OplusFeedbackInfo: [sendFPSInfo:L700]
input/output/render 0fps over 10s, reduce print fps log
07-14 00:01:15.114 32551 32551 D app_purchased: not_purchase_app_open
07-14 00:01:15.215 32551 32551 D app_purchased: not_purchase_app_open
07-14 00:01:15.315 32551 32551 D app_purchased: not_purchase_app_open
07-14 00:01:15.416 32551 32551 D app_purchased: not_purchase_app_open
07-14 00:01:15.517 32551 32551 D app_purchased: not_purchase_app_open
07-14 00:01:15.618 32551 32551 D app_purchased: not_purchase_app_open
07-14 00:01:15.718 32551 32551 D app_purchased: not_purchase_app_open
07-14 00:01:15.819 32551 32551 D app_purchased: not_purchase_app_open
07-14 00:01:15.920 32551 32551 D app_purchased: not_purchase_app_open
07-14 00:01:16.021 32551 32551 D app_purchased: not_purchase_app_open
07-14 00:01:16.120 32551 32551 D app_purchased: not_purchase_app_open
07-14 00:01:16.221 32551 32551 D app_purchased: not_purchase_app_open
07-14 00:01:16.321 32551 32551 D app_purchased: not_purchase_app_open
07-14 00:01:16.421 32551 32551 D app_purchased: not_purchase_app_open
07-14 00:01:16.521 32551 32551 D app_purchased: not_purchase_app_open
07-14 00:01:16.621 32551 32551 D app_purchased: not_purchase_app_open
07-14 00:01:16.722 32551 32551 D app_purchased: not_purchase_app_open
07-14 00:01:16.823 32551 32551 D app_purchased: not_purchase_app_open
07-14 00:01:16.924 32551 32551 D app_purchased: not_purchase_app_open
07-14 00:01:17.024 32551 32551 D app_purchased: not_purchase_app_open
07-14 00:01:17.123 32551 32551 D app_purchased: not_purchase_app_open
07-14 00:01:17.223 32551 32551 D app_purchased: not_purchase_app_open
07-14 00:01:17.325 32551 32551 D app_purchased: not_purchase_app_open
07-14 00:01:17.425 32551 32551 D app_purchased: not_purchase_app_open
07-14 00:01:17.526 32551 32551 D app_purchased: not_purchase_app_open
07-14 00:01:17.627 32551 32551 D app_purchased: not_purchase_app_open
07-14 00:01:17.727 32551 32551 D app_purchased: not_purchase_app_open
07-14 00:01:17.851 32551 32551 D app_purchased: not_purchase_app_open
07-14 00:01:17.951 32551 32551 D app_purchased: not_purchase_app_open
07-14 00:01:18.051 32551 32551 D app_purchased: not_purchase_app_open
07-14 00:01:18.151 32551 32551 D app_purchased: not_purchase_app_open
07-14 00:01:18.250 32551 32551 D app_purchased: not_purchase_app_open
07-14 00:01:18.351 32551 32551 D app_purchased: not_purchase_app_open
07-14 00:01:18.452 32551 32551 D app_purchased: not_purchase_app_open
07-14 00:01:18.553 32551 32551 D app_purchased: not_purchase_app_open
07-14 00:01:18.653 32551 32551 D app_purchased: not_purchase_app_open
07-14 00:01:18.754 32551 32551 D app_purchased: not_purchase_app_open
07-14 00:01:18.855 32551 32551 D app_purchased: not_purchase_app_open
07-14 00:01:18.956 32551 32551 D app_purchased: not_purchase_app_open
07-14 00:01:19.057 32551 32551 D app_purchased: not_purchase_app_open
07-14 00:01:19.157 32551 32551 D app_purchased: not_purchase_app_open
07-14 00:01:19.257 32551 32551 D app_purchased: not_purchase_app_open
07-14 00:01:19.357 32551 32551 D app_purchased: not_purchase_app_open
07-14 00:01:19.456 32551 32551 D app_purchased: not_purchase_app_open
07-14 00:01:19.557 32551 32551 D app_purchased: not_purchase_app_open
07-14 00:01:19.657 32551 32551 D app_purchased: not_purchase_app_open
07-14 00:01:19.757 32551 32551 D app_purchased: not_purchase_app_open
07-14 00:01:19.858 32551 32551 D app_purchased: not_purchase_app_open
07-14 00:01:19.959 32551 32551 D app_purchased: not_purchase_app_open
07-14 00:01:20.059 32551 32551 D app_purchased: not_purchase_app_open
07-14 00:01:20.159 32551 32551 D app_purchased: not_purchase_app_open
07-14 00:01:20.260 32551 32551 D app_purchased: not_purchase_app_open
07-14 00:01:20.360 32551 32551 D app_purchased: not_purchase_app_open
07-14 00:01:20.364 32551 32597 I TRuntime.CctTransportBackend: Making request to:
https://firebaselogging-pa.googleapis.com/v1/firelog/legacy/batchlog
07-14 00:01:20.375 32551 32597 D TrafficStats: tagSocket(247) with
statsTag=0xffffffff, statsUid=-1
07-14 00:01:20.460 32551 32551 D app_purchased: not_purchase_app_open
07-14 00:01:20.560 32551 32551 D app_purchased: not_purchase_app_open
07-14 00:01:20.661 32551 32551 D app_purchased: not_purchase_app_open
07-14 00:01:20.761 32551 32551 D app_purchased: not_purchase_app_open
07-14 00:01:20.862 32551 32551 D app_purchased: not_purchase_app_open
07-14 00:01:20.963 32551 32551 D app_purchased: not_purchase_app_open
07-14 00:01:21.064 32551 32551 D app_purchased: not_purchase_app_open
07-14 00:01:21.163 32551 32551 D app_purchased: not_purchase_app_open
07-14 00:01:21.264 32551 32551 D app_purchased: not_purchase_app_open
07-14 00:01:21.365 32551 32551 D app_purchased: not_purchase_app_open
07-14 00:01:21.465 32551 32551 D app_purchased: not_purchase_app_open
07-14 00:01:21.565 32551 32551 D app_purchased: not_purchase_app_open
07-14 00:01:21.667 32551 32551 D app_purchased: not_purchase_app_open
07-14 00:01:21.767 32551 32551 D app_purchased: not_purchase_app_open
07-14 00:01:21.867 32551 32551 D app_purchased: not_purchase_app_open
07-14 00:01:21.967 32551 32551 D app_purchased: not_purchase_app_open
07-14 00:01:22.067 32551 32551 D app_purchased: not_purchase_app_open
07-14 00:01:22.167 32551 32551 D app_purchased: not_purchase_app_open
07-14 00:01:22.266 32551 32551 D app_purchased: not_purchase_app_open
07-14 00:01:22.366 32551 32551 D app_purchased: not_purchase_app_open
07-14 00:01:22.467 32551 32551 D app_purchased: not_purchase_app_open
07-14 00:01:22.568 32551 32551 D app_purchased: not_purchase_app_open
07-14 00:01:22.668 32551 32551 D app_purchased: not_purchase_app_open
07-14 00:01:22.768 32551 32551 D app_purchased: not_purchase_app_open
07-14 00:01:22.791 32551 32597 I TRuntime.CctTransportBackend: Status Code: ٢٠٠
07-14 00:01:22.868 32551 32551 D app_purchased: not_purchase_app_open
07-14 00:01:22.969 32551 32551 D app_purchased: not_purchase_app_open
07-14 00:01:23.070 32551 32551 D app_purchased: not_purchase_app_open
07-14 00:01:23.170 32551 32551 D app_purchased: not_purchase_app_open
07-14 00:01:23.270 32551 32551 D app_purchased: not_purchase_app_open
07-14 00:01:23.369 32551 32551 D app_purchased: not_purchase_app_open
07-14 00:01:23.468 32551 32551 D app_purchased: not_purchase_app_open
07-14 00:01:23.568 32551 32551 D app_purchased: not_purchase_app_open
07-14 00:01:23.668 32551 32551 D app_purchased: not_purchase_app_open
07-14 00:01:23.768 32551 32551 D app_purchased: not_purchase_app_open
07-14 00:01:23.868 32551 32551 D app_purchased: not_purchase_app_open
07-14 00:01:23.968 32551 32551 D app_purchased: not_purchase_app_open
07-14 00:01:24.069 32551 32551 D app_purchased: not_purchase_app_open
07-14 00:01:24.168 32551 32551 D app_purchased: not_purchase_app_open
07-14 00:01:24.268 32551 32551 D app_purchased: not_purchase_app_open
07-14 00:01:24.368 32551 32551 D app_purchased: not_purchase_app_open
07-14 00:01:24.468 32551 32551 D app_purchased: not_purchase_app_open
07-14 00:01:24.568 32551 32551 D app_purchased: not_purchase_app_open
07-14 00:01:24.667 32551 32551 D app_purchased: not_purchase_app_open
07-14 00:01:24.768 32551 32551 D app_purchased: not_purchase_app_open
07-14 00:01:24.868 32551 32551 D app_purchased: not_purchase_app_open
07-14 00:01:24.968 32551 32551 D app_purchased: not_purchase_app_open
07-14 00:01:25.069 32551 32551 D app_purchased: not_purchase_app_open
07-14 00:01:25.169 32551 32551 D app_purchased: not_purchase_app_open
07-14 00:01:25.269 32551 32551 D app_purchased: not_purchase_app_open
07-14 00:01:25.369 32551 32551 D app_purchased: not_purchase_app_open
07-14 00:01:25.469 32551 32551 D app_purchased: not_purchase_app_open
07-14 00:01:25.570 32551 32551 D app_purchased: not_purchase_app_open
07-14 00:01:25.671 32551 32551 D app_purchased: not_purchase_app_open
07-14 00:01:25.772 32551 32551 D app_purchased: not_purchase_app_open
07-14 00:01:25.874 32551 32551 D app_purchased: not_purchase_app_open
07-14 00:01:25.975 32551 32551 D app_purchased: not_purchase_app_open
07-14 00:01:26.075 32551 32551 D app_purchased: not_purchase_app_open
07-14 00:01:26.177 32551 32551 D app_purchased: not_purchase_app_open
07-14 00:01:26.278 32551 32551 D app_purchased: not_purchase_app_open
07-14 00:01:26.380 32551 32551 D app_purchased: not_purchase_app_open
07-14 00:01:26.480 32551 32551 D app_purchased: not_purchase_app_open
07-14 00:01:26.580 32551 32551 D app_purchased: not_purchase_app_open
07-14 00:01:26.680 32551 32551 D app_purchased: not_purchase_app_open
07-14 00:01:26.780 32551 32551 D app_purchased: not_purchase_app_open
07-14 00:01:26.880 32551 32551 D app_purchased: not_purchase_app_open
07-14 00:01:26.980 32551 32551 D app_purchased: not_purchase_app_open
07-14 00:01:27.081 32551 32551 D app_purchased: not_purchase_app_open
07-14 00:01:27.182 32551 32551 D app_purchased: not_purchase_app_open
07-14 00:01:27.236 32551 1073 I OplusFeedbackInfo: 0xb400007299c8ad70
c2.qti.vp9.decoder 720x1280 inputFps=0 outputFps=0 renderFps=0, discardFps=0
07-14 00:01:27.282 32551 32551 D app_purchased: not_purchase_app_open
07-14 00:01:27.382 32551 32551 D app_purchased: not_purchase_app_open
07-14 00:01:27.482 32551 32551 D app_purchased: not_purchase_app_open
07-14 00:01:27.556 32551 415 I AudioManager: In isSpeakerphoneOn(), calling
application: com.dual.space.parallel.apps.multiaccounts.appscloner
07-14 00:01:27.583 32551 32551 D app_purchased: not_purchase_app_open
07-14 00:01:27.682 32551 32551 D app_purchased: not_purchase_app_open
07-14 00:01:27.711 32551 416 E AppLovinSdk: [TaskFetchMediatedAd] Ad format
requested (INTER) does not match ad format for ad unit id 010eb3d17268aaff (NATIVE)
07-14 00:01:27.783 32551 32551 D app_purchased: not_purchase_app_open
07-14 00:01:27.884 32551 32551 D app_purchased: not_purchase_app_open
07-14 00:01:27.984 32551 32551 D app_purchased: not_purchase_app_open
07-14 00:01:28.084 32551 32551 D app_purchased: not_purchase_app_open
07-14 00:01:28.184 32551 32551 D app_purchased: not_purchase_app_open
07-14 00:01:28.283 32551 32551 D app_purchased: not_purchase_app_open
07-14 00:01:28.383 32551 32551 D app_purchased: not_purchase_app_open
07-14 00:01:28.484 32551 32551 D app_purchased: not_purchase_app_open
07-14 00:01:28.584 32551 32551 D app_purchased: not_purchase_app_open
07-14 00:01:28.685 32551 32551 D app_purchased: not_purchase_app_open
07-14 00:01:28.785 32551 32551 D app_purchased: not_purchase_app_open
07-14 00:01:28.886 32551 32551 D app_purchased: not_purchase_app_open
07-14 00:01:28.986 32551 32551 D app_purchased: not_purchase_app_open
07-14 00:01:29.086 32551 32551 D app_purchased: not_purchase_app_open
07-14 00:01:29.186 32551 32551 D app_purchased: not_purchase_app_open
07-14 00:01:29.287 32551 32551 D app_purchased: not_purchase_app_open
07-14 00:01:29.387 32551 32551 D app_purchased: not_purchase_app_open
07-14 00:01:29.486 32551 32551 D app_purchased: not_purchase_app_open
07-14 00:01:29.587 32551 32551 D app_purchased: not_purchase_app_open
07-14 00:01:29.687 32551 32551 D app_purchased: not_purchase_app_open
07-14 00:01:29.787 32551 32551 D app_purchased: not_purchase_app_open
07-14 00:01:29.887 32551 32551 D app_purchased: not_purchase_app_open
07-14 00:01:29.987 32551 32551 D app_purchased: not_purchase_app_open
07-14 00:01:30.087 32551 32551 D app_purchased: not_purchase_app_open
07-14 00:01:30.187 32551 32551 D app_purchased: not_purchase_app_open
07-14 00:01:30.288 32551 32551 D app_purchased: not_purchase_app_open
07-14 00:01:30.389 32551 32551 D app_purchased: not_purchase_app_open
07-14 00:01:30.489 32551 32551 D app_purchased: not_purchase_app_open
07-14 00:01:30.589 32551 32551 D app_purchased: not_purchase_app_open
07-14 00:01:30.689 32551 32551 D app_purchased: not_purchase_app_open
07-14 00:01:30.790 32551 32551 D app_purchased: not_purchase_app_open
07-14 00:01:30.890 32551 32551 D app_purchased: not_purchase_app_open
07-14 00:01:30.989 32551 32551 D app_purchased: not_purchase_app_open
07-14 00:01:31.090 32551 32551 D app_purchased: not_purchase_app_open
07-14 00:01:31.192 32551 32551 D app_purchased: not_purchase_app_open
07-14 00:01:31.292 32551 32551 D app_purchased: not_purchase_app_open
07-14 00:01:31.393 32551 32551 D app_purchased: not_purchase_app_open
07-14 00:01:31.493 32551 32551 D app_purchased: not_purchase_app_open
07-14 00:01:31.594 32551 32551 D app_purchased: not_purchase_app_open
07-14 00:01:31.694 32551 32551 D app_purchased: not_purchase_app_open
07-14 00:01:31.795 32551 32551 D app_purchased: not_purchase_app_open
07-14 00:01:31.895 32551 32551 D app_purchased: not_purchase_app_open
07-14 00:01:31.994 32551 32551 D app_purchased: not_purchase_app_open
07-14 00:01:32.095 32551 32551 D app_purchased: not_purchase_app_open
07-14 00:01:32.195 32551 32551 D app_purchased: not_purchase_app_open
07-14 00:01:32.296 32551 32551 D app_purchased: not_purchase_app_open
07-14 00:01:32.397 32551 32551 D app_purchased: not_purchase_app_open
07-14 00:01:32.497 32551 32551 D app_purchased: not_purchase_app_open
07-14 00:01:32.598 32551 32551 D app_purchased: not_purchase_app_open
07-14 00:01:32.698 32551 32551 D app_purchased: not_purchase_app_open
07-14 00:01:32.798 32551 32551 D app_purchased: not_purchase_app_open
07-14 00:01:32.900 32551 32551 D app_purchased: not_purchase_app_open
07-14 00:01:33.001 32551 32551 D app_purchased: not_purchase_app_open
07-14 00:01:33.102 32551 32551 D app_purchased: not_purchase_app_open
07-14 00:01:33.202 32551 32551 D app_purchased: not_purchase_app_open
07-14 00:01:33.303 32551 32551 D app_purchased: not_purchase_app_open
07-14 00:01:33.403 32551 32551 D app_purchased: not_purchase_app_open
07-14 00:01:33.503 32551 32551 D app_purchased: not_purchase_app_open
07-14 00:01:33.603 32551 32551 D app_purchased: not_purchase_app_open
07-14 00:01:33.703 32551 32551 D app_purchased: not_purchase_app_open
07-14 00:01:33.803 32551 32551 D app_purchased: not_purchase_app_open
07-14 00:01:33.903 32551 32551 D app_purchased: not_purchase_app_open
07-14 00:01:34.004 32551 32551 D app_purchased: not_purchase_app_open
07-14 00:01:34.105 32551 32551 D app_purchased: not_purchase_app_open
07-14 00:01:34.205 32551 32551 D app_purchased: not_purchase_app_open
07-14 00:01:34.305 32551 32551 D app_purchased: not_purchase_app_open
07-14 00:01:34.405 32551 32551 D app_purchased: not_purchase_app_open
07-14 00:01:34.506 32551 32551 D app_purchased: not_purchase_app_open
07-14 00:01:34.606 32551 32551 D app_purchased: not_purchase_app_open
07-14 00:01:34.706 32551 32551 D app_purchased: not_purchase_app_open
07-14 00:01:34.806 32551 32551 D app_purchased: not_purchase_app_open
07-14 00:01:34.906 32551 32551 D app_purchased: not_purchase_app_open
07-14 00:01:35.006 32551 32551 D app_purchased: not_purchase_app_open
07-14 00:01:35.105 32551 32551 D app_purchased: not_purchase_app_open
07-14 00:01:35.206 32551 32551 D app_purchased: not_purchase_app_open
07-14 00:01:35.306 32551 32551 D app_purchased: not_purchase_app_open
07-14 00:01:35.406 32551 32551 D app_purchased: not_purchase_app_open
07-14 00:01:35.506 32551 32551 D app_purchased: not_purchase_app_open
07-14 00:01:35.606 32551 32551 D app_purchased: not_purchase_app_open
07-14 00:01:35.707 32551 32551 D app_purchased: not_purchase_app_open
07-14 00:01:35.808 32551 32551 D app_purchased: not_purchase_app_open
07-14 00:01:35.909 32551 32551 D app_purchased: not_purchase_app_open
07-14 00:01:36.010 32551 32551 D app_purchased: not_purchase_app_open
07-14 00:01:36.111 32551 32551 D app_purchased: not_purchase_app_open
07-14 00:01:36.211 32551 32551 D app_purchased: not_purchase_app_open
07-14 00:01:36.312 32551 32551 D app_purchased: not_purchase_app_open
07-14 00:01:36.412 32551 32551 D app_purchased: not_purchase_app_open
07-14 00:01:36.513 32551 32551 D app_purchased: not_purchase_app_open
07-14 00:01:36.614 32551 32551 D app_purchased: not_purchase_app_open
07-14 00:01:36.715 32551 32551 D app_purchased: not_purchase_app_open
07-14 00:01:36.816 32551 32551 D app_purchased: not_purchase_app_open
07-14 00:01:36.916 32551 32551 D app_purchased: not_purchase_app_open
07-14 00:01:37.016 32551 32551 D app_purchased: not_purchase_app_open
07-14 00:01:37.117 32551 32551 D app_purchased: not_purchase_app_open
07-14 00:01:37.218 32551 32551 D app_purchased: not_purchase_app_open
07-14 00:01:37.319 32551 32551 D app_purchased: not_purchase_app_open
07-14 00:01:37.419 32551 32551 D app_purchased: not_purchase_app_open
07-14 00:01:37.520 32551 32551 D app_purchased: not_purchase_app_open
07-14 00:01:37.621 32551 32551 D app_purchased: not_purchase_app_open
07-14 00:01:37.722 32551 32551 D app_purchased: not_purchase_app_open
07-14 00:01:37.821 32551 32551 D app_purchased: not_purchase_app_open
07-14 00:01:37.921 32551 32551 D app_purchased: not_purchase_app_open
07-14 00:01:38.022 32551 32551 D app_purchased: not_purchase_app_open
07-14 00:01:38.122 32551 32551 D app_purchased: not_purchase_app_open
07-14 00:01:38.223 32551 32551 D app_purchased: not_purchase_app_open
07-14 00:01:38.323 32551 32551 D app_purchased: not_purchase_app_open
07-14 00:01:38.424 32551 32551 D app_purchased: not_purchase_app_open
07-14 00:01:38.525 32551 32551 D app_purchased: not_purchase_app_open
07-14 00:01:38.625 32551 32551 D app_purchased: not_purchase_app_open
07-14 00:01:38.726 32551 32551 D app_purchased: not_purchase_app_open
07-14 00:01:38.827 32551 32551 D app_purchased: not_purchase_app_open
07-14 00:01:38.927 32551 32551 D app_purchased: not_purchase_app_open
07-14 00:01:39.027 32551 32551 D app_purchased: not_purchase_app_open
07-14 00:01:39.128 32551 32551 D app_purchased: not_purchase_app_open
07-14 00:01:39.229 32551 32551 D app_purchased: not_purchase_app_open
07-14 00:01:39.329 32551 32551 D app_purchased: not_purchase_app_open
07-14 00:01:39.429 32551 32551 D app_purchased: not_purchase_app_open
07-14 00:01:39.530 32551 32551 D app_purchased: not_purchase_app_open
07-14 00:01:39.630 32551 32551 D app_purchased: not_purchase_app_open
07-14 00:01:39.731 32551 32551 D app_purchased: not_purchase_app_open
07-14 00:01:39.831 32551 32551 D app_purchased: not_purchase_app_open
07-14 00:01:39.930 32551 32551 D app_purchased: not_purchase_app_open
07-14 00:01:40.030 32551 32551 D app_purchased: not_purchase_app_open
07-14 00:01:40.131 32551 32551 D app_purchased: not_purchase_app_open
07-14 00:01:40.232 32551 32551 D app_purchased: not_purchase_app_open
07-14 00:01:40.333 32551 32551 D app_purchased: not_purchase_app_open
07-14 00:01:40.434 32551 32551 D app_purchased: not_purchase_app_open
07-14 00:01:40.534 32551 32551 D app_purchased: not_purchase_app_open
07-14 00:01:40.634 32551 32551 D app_purchased: not_purchase_app_open
07-14 00:01:40.734 32551 32551 D app_purchased: not_purchase_app_open
07-14 00:01:40.833 32551 32551 D app_purchased: not_purchase_app_open
07-14 00:01:40.932 32551 32551 D app_purchased: not_purchase_app_open
07-14 00:01:41.032 32551 32551 D app_purchased: not_purchase_app_open
07-14 00:01:41.133 32551 32551 D app_purchased: not_purchase_app_open
07-14 00:01:41.241 32551 32551 D app_purchased: not_purchase_app_open
07-14 00:01:41.341 32551 32551 D app_purchased: not_purchase_app_open
07-14 00:01:41.441 32551 32551 D app_purchased: not_purchase_app_open
