01-30 15:43:39.042 24399 24609 D IconCustomizer: Content Ratio = -1.0
01-30 15:43:39.045 24399 24609 D IconCustomizer: Generate customized icon for com.nfs.underground2.png
01-30 15:43:39.045 24399 24609 W Bitmap : Called getDensity() on a recycle()'d bitmap! This is undefined behavior!
01-30 15:43:39.087 24399 24609 D IconCustomizer: Content Ratio = -1.0
01-30 15:43:39.090 24399 24609 D IconCustomizer: Generate customized icon for net.metareverse.hyperdownloader.png
01-30 15:43:39.091 24399 24609 W Bitmap : Called getDensity() on a recycle()'d bitmap! This is undefined behavior!
01-30 15:43:39.108 24399 24609 D IconCustomizer: Content Ratio = -1.0
01-30 15:43:39.111 24399 24609 D IconCustomizer: Generate customized icon for com.paradyme.solarsmash.png
01-30 15:43:39.112 24399 24609 W Bitmap : Called getDensity() on a recycle()'d bitmap! This is undefined behavior!
01-30 15:43:39.143 24399 24609 D IconCustomizer: Content Ratio = -1.0
01-30 15:43:39.144 24399 24609 D IconCustomizer: Generate customized icon for com.google.android.apps.safetyhub.png
01-30 15:43:39.145 24399 24609 W Bitmap : Called getDensity() on a recycle()'d bitmap! This is undefined behavior!
01-30 15:43:39.164 24399 24609 D IconCustomizer: Content Ratio = 0.6813187
01-30 15:43:39.165 24399 24609 D IconCustomizer: Generate customized icon for com.mi.android.globallauncher.png
01-30 15:43:39.166 24399 24609 W Bitmap : Called getDensity() on a recycle()'d bitmap! This is undefined behavior!
01-30 15:43:39.226 24399 24609 D IconCustomizer: Content Ratio = -1.0
01-30 15:43:39.229 24399 24609 D IconCustomizer: Generate customized icon for repost.share.instagram.videodownloader.photodownloader.png
01-30 15:43:39.229 24399 24609 W Bitmap : Called getDensity() on a recycle()'d bitmap! This is undefined behavior!
01-30 15:43:39.244 24399 24609 D IconCustomizer: Content Ratio = -1.0
01-30 15:43:39.247 24399 24609 D IconCustomizer: Generate customized icon for com.android.vending.png
01-30 15:43:39.248 24399 24609 W Bitmap : Called getDensity() on a recycle()'d bitmap! This is undefined behavior!
01-30 15:43:39.272 24399 24609 D IconCustomizer: Content Ratio = -1.0
01-30 15:43:39.272 24399 24609 D IconCustomizer: Generate customized icon for com.google.android.adservices.api.png
01-30 15:43:39.273 24399 24609 W Bitmap : Called getDensity() on a recycle()'d bitmap! This is undefined behavior!
01-30 15:43:39.293 24399 24609 D IconCustomizer: Content Ratio = -1.0
01-30 15:43:39.295 24399 24609 D IconCustomizer: Generate customized icon for com.opensooq.OpenSooq.png
01-30 15:43:39.295 24399 24609 W Bitmap : Called getDensity() on a recycle()'d bitmap! This is undefined behavior!
01-30 15:43:39.372 24399 24609 D IconCustomizer: Content Ratio = -1.0
01-30 15:43:39.375 24399 24609 D IconCustomizer: Generate customized icon for mobi.square.sr.android.png
01-30 15:43:39.376 24399 24609 W Bitmap : Called getDensity() on a recycle()'d bitmap! This is undefined behavior!
01-30 15:43:39.384 24399 24609 D IconCustomizer: Content Ratio = -1.0
01-30 15:43:39.386 24399 24609 D IconCustomizer: Generate customized icon for com.xiaomi.barrage.png
01-30 15:43:39.387 24399 24609 W Bitmap : Called getDensity() on a recycle()'d bitmap! This is undefined behavior!
01-30 15:43:39.413 24399 24609 D IconCustomizer: Content Ratio = -1.0
01-30 15:43:39.416 24399 24609 D IconCustomizer: Generate customized icon for com.video_converter.video_compressor.png
01-30 15:43:39.417 24399 24609 W Bitmap : Called getDensity() on a recycle()'d bitmap! This is undefined behavior!
01-30 15:43:39.449 24399 24609 D IconCustomizer: Content Ratio = -1.0
01-30 15:43:39.450 24399 24609 D IconCustomizer: Generate customized icon for com.allakore.swapnoroot.png
01-30 15:43:39.451 24399 24609 W Bitmap : Called getDensity() on a recycle()'d bitmap! This is undefined behavior!
01-30 15:43:39.472 24399 24609 D IconCustomizer: Content Ratio = -1.0
01-30 15:43:39.475 24399 24609 D IconCustomizer: Generate customized icon for com.Pulsar.GrandTruckSimulator2.png
01-30 15:43:39.476 24399 24609 W Bitmap : Called getDensity() on a recycle()'d bitmap! This is undefined behavior!
01-30 15:43:39.502 24399 24609 D IconCustomizer: Content Ratio = -1.0
01-30 15:43:39.503 24399 24609 D IconCustomizer: Generate customized icon for com.storysaver.videodownloaderfacebook.png
01-30 15:43:39.504 24399 24609 W Bitmap : Called getDensity() on a recycle()'d bitmap! This is undefined behavior!
01-30 15:43:39.567 24399 24609 D IconCustomizer: Content Ratio = 0.5081967
01-30 15:43:39.568 24399 24609 D IconCustomizer: Generate customized icon for com.isw6sec.png
01-30 15:43:39.569 24399 24609 W Bitmap : Called getDensity() on a recycle()'d bitmap! This is undefined behavior!
01-30 15:43:39.586 24399 24609 D IconCustomizer: Content Ratio = 1.1666666
01-30 15:43:39.586 24399 24609 D IconCustomizer: Generate customized icon for com.bilkon.easypiano.png
01-30 15:43:39.587 24399 24609 W Bitmap : Called getDensity() on a recycle()'d bitmap! This is undefined behavior!
01-30 15:43:39.629 24399 24609 D IconCustomizer: Content Ratio = 1.1666666
01-30 15:43:39.629 24399 24609 D IconCustomizer: Generate customized icon for cm.clean.master.cleaner.booster.cpu.cooler.png
01-30 15:43:39.630 24399 24609 W Bitmap : Called getDensity() on a recycle()'d bitmap! This is undefined behavior!
01-30 15:43:39.661 24399 24609 D IconCustomizer: Content Ratio = 0.32723576
01-30 15:43:39.662 24399 24609 D IconCustomizer: Generate customized icon for tiktok.tiktokvideodownloader.savetiktokvideo.nowatermark.png
01-30 15:43:39.663 24399 24609 W Bitmap : Called getDensity() on a recycle()'d bitmap! This is undefined behavior!
01-30 15:43:39.694 24399 24609 D IconCustomizer: Content Ratio = 1.1666666
01-30 15:43:39.695 24399 24609 D IconCustomizer: Generate customized icon for volumebooster.sound.booster.png
01-30 15:43:39.696 24399 24609 W Bitmap : Called getDensity() on a recycle()'d bitmap! This is undefined behavior!
01-30 15:43:39.704 24399 24609 D IconCustomizer: Content Ratio = 0.97637796
01-30 15:43:39.705 24399 24609 D IconCustomizer: Generate customized icon for com.android.hotwordenrollment.xgoogle.png
01-30 15:43:39.705 24399 24609 W Bitmap : Called getDensity() on a recycle()'d bitmap! This is undefined behavior!
01-30 15:43:39.722 24399 24609 D IconCustomizer: Content Ratio = -1.0
01-30 15:43:39.724 24399 24609 D IconCustomizer: Generate customized icon for me.okitastudio.crosshairherofps.png
01-30 15:43:39.724 24399 24609 W Bitmap : Called getDensity() on a recycle()'d bitmap! This is undefined behavior!
01-30 15:43:39.764 24399 24609 D IconCustomizer: Content Ratio = -1.0
01-30 15:43:39.767 24399 24609 D IconCustomizer: Generate customized icon for com.photoroom.app.png
01-30 15:43:39.768 24399 24609 W Bitmap : Called getDensity() on a recycle()'d bitmap! This is undefined behavior!
01-30 15:43:39.804 24399 24609 D IconCustomizer: Content Ratio = -1.0
01-30 15:43:39.805 24399 24609 D IconCustomizer: Generate customized icon for com.amazon.mp3.png
01-30 15:43:39.806 24399 24609 W Bitmap : Called getDensity() on a recycle()'d bitmap! This is undefined behavior!
01-30 15:43:39.840 24399 24609 D IconCustomizer: Content Ratio = 1.0081301
01-30 15:43:39.841 24399 24609 D IconCustomizer: Generate customized icon for es.ottplayer.tv.png
01-30 15:43:39.842 24399 24609 W Bitmap : Called getDensity() on a recycle()'d bitmap! This is undefined behavior!
01-30 15:43:39.874 24399 24609 D IconCustomizer: Content Ratio = -1.0
01-30 15:43:39.877 24399 24609 D IconCustomizer: Generate customized icon for com.android.MGC.png
01-30 15:43:39.878 24399 24609 W Bitmap : Called getDensity() on a recycle()'d bitmap! This is undefined behavior!
01-30 15:43:39.887 24399 24609 D IconCustomizer: Content Ratio = -1.0
01-30 15:43:39.888 24399 24609 D IconCustomizer: Generate customized icon for com.android.egg.png
01-30 15:43:39.889 24399 24609 W Bitmap : Called getDensity() on a recycle()'d bitmap! This is undefined behavior!
01-30 15:43:39.921 24399 24609 D IconCustomizer: Content Ratio = 1.1666666
01-30 15:43:39.922 24399 24609 D IconCustomizer: Generate customized icon for com.infinityvector.assolutoracing.png
01-30 15:43:39.922 24399 24609 W Bitmap : Called getDensity() on a recycle()'d bitmap! This is undefined behavior!
01-30 15:43:39.935 24399 24609 D IconCustomizer: Content Ratio = 1.4504504
01-30 15:43:39.936 24399 24609 D IconCustomizer: Generate customized icon for com.mmigroup.fmradio.png
01-30 15:43:39.937 24399 24609 W Bitmap : Called getDensity() on a recycle()'d bitmap! This is undefined behavior!
01-30 15:43:39.951 24399 24609 D IconCustomizer: Content Ratio = 0.96875
01-30 15:43:39.952 24399 24609 D IconCustomizer: Generate customized icon for my.game.sntat.png
01-30 15:43:39.952 24399 24609 W Bitmap : Called getDensity() on a recycle()'d bitmap! This is undefined behavior!
01-30 15:43:40.051 24399 24609 D IconCustomizer: Content Ratio = 0.21815719
01-30 15:43:40.052 24399 24609 D IconCustomizer: Generate customized icon for com.amal.png
01-30 15:43:40.053 24399 24609 W Bitmap : Called getDensity() on a recycle()'d bitmap! This is undefined behavior!
01-30 15:43:40.070 24399 24415 I osomod.freegame: Background concurrent copying GC freed 69263(3246KB) AllocSpace objects, 148(16MB) LOS objects, 49% free, 20MB/41MB, paused 45us,92us total 116.316ms
01-30 15:43:40.082 24399 24609 D IconCustomizer: Content Ratio = 1.1666666
01-30 15:43:40.083 24399 24609 D IconCustomizer: Generate customized icon for com.skgames.trafficrider.png
01-30 15:43:40.085 24399 24609 W Bitmap : Called getDensity() on a recycle()'d bitmap! This is undefined behavior!
01-30 15:43:40.100 24399 24658 D TrafficStats: tagSocket(177) with statsTag=0xffffffff, statsUid=-1
01-30 15:43:40.118 24399 24609 D IconCustomizer: Content Ratio = 1.308943
01-30 15:43:40.119 24399 24609 D IconCustomizer: Generate customized icon for vpn.japan.png
01-30 15:43:40.120 24399 24609 W Bitmap : Called getDensity() on a recycle()'d bitmap! This is undefined behavior!
01-30 15:43:40.180 24399 24609 D IconCustomizer: Content Ratio = -1.0
01-30 15:43:40.183 24399 24609 D IconCustomizer: Generate customized icon for com.itdeveapps.customaim.png
01-30 15:43:40.184 24399 24609 W Bitmap : Called getDensity() on a recycle()'d bitmap! This is undefined behavior!
01-30 15:43:40.255 24399 24609 D IconCustomizer: Content Ratio = -1.0
01-30 15:43:40.258 24399 24609 D IconCustomizer: Generate customized icon for com.grill.shockpad.png
01-30 15:43:40.259 24399 24609 W Bitmap : Called getDensity() on a recycle()'d bitmap! This is undefined behavior!
01-30 15:43:40.300 24399 24609 D IconCustomizer: Content Ratio = -1.0
01-30 15:43:40.302 24399 24609 D IconCustomizer: Generate customized icon for com.rumblesushi.drivers.png
01-30 15:43:40.303 24399 24609 W Bitmap : Called getDensity() on a recycle()'d bitmap! This is undefined behavior!
01-30 15:43:40.324 24399 24609 D IconCustomizer: Content Ratio = 1.1666666
01-30 15:43:40.325 24399 24609 D IconCustomizer: Generate customized icon for com.FozerGames.VAZCrashTestCarSimulator.png
01-30 15:43:40.326 24399 24609 W Bitmap : Called getDensity() on a recycle()'d bitmap! This is undefined behavior!
01-30 15:43:40.355 24399 24609 D IconCustomizer: Content Ratio = -1.0
01-30 15:43:40.357 24399 24609 D IconCustomizer: Generate customized icon for com.pinterest.png
01-30 15:43:40.357 24399 24609 W Bitmap : Called getDensity() on a recycle()'d bitmap! This is undefined behavior!
01-30 15:43:40.378 24399 24609 D IconCustomizer: Content Ratio = 0.97637796
01-30 15:43:40.379 24399 24609 D IconCustomizer: Generate customized icon for com.google.android.as.png
01-30 15:43:40.379 24399 24609 W Bitmap : Called getDensity() on a recycle()'d bitmap! This is undefined behavior!
01-30 15:43:40.412 24399 24609 D IconCustomizer: Content Ratio = 0.68508285
01-30 15:43:40.413 24399 24609 D IconCustomizer: Generate customized icon for com.silead.fingerprint.png
01-30 15:43:40.414 24399 24609 W Bitmap : Called getDensity() on a recycle()'d bitmap! This is undefined behavior!
01-30 15:43:40.467 24399 24609 D IconCustomizer: Content Ratio = 0.6966292
01-30 15:43:40.468 24399 24609 D IconCustomizer: Generate customized icon for com.happymod.apk.png
01-30 15:43:40.469 24399 24609 W Bitmap : Called getDensity() on a recycle()'d bitmap! This is undefined behavior!
01-30 15:43:40.483 24399 24609 D IconCustomizer: Content Ratio = 1.1666666
01-30 15:43:40.484 24399 24609 D IconCustomizer: Generate customized icon for com.TheAnbari.Drift.png
01-30 15:43:40.484 24399 24609 W Bitmap : Called getDensity() on a recycle()'d bitmap! This is undefined behavior!
01-30 15:43:40.494 24399 24609 D IconCustomizer: Content Ratio = 0.875
01-30 15:43:40.495 24399 24609 D IconCustomizer: Generate customized icon for com.miui.cleaner.png
01-30 15:43:40.496 24399 24609 W Bitmap : Called getDensity() on a recycle()'d bitmap! This is undefined behavior!
01-30 15:43:40.531 24399 24609 D IconCustomizer: Content Ratio = -1.0
01-30 15:43:40.534 24399 24609 D IconCustomizer: Generate customized icon for com.vodigitalarts.rally1.png
01-30 15:43:40.535 24399 24609 W Bitmap : Called getDensity() on a recycle()'d bitmap! This is undefined behavior!
01-30 15:43:40.555 24399 24609 D IconCustomizer: Content Ratio = -1.0
01-30 15:43:40.557 24399 24609 D IconCustomizer: Generate customized icon for com.metacortext.letsy.png
01-30 15:43:40.558 24399 24609 W Bitmap : Called getDensity() on a recycle()'d bitmap! This is undefined behavior!
01-30 15:43:40.596 24399 24609 D IconCustomizer: Content Ratio = -1.0
01-30 15:43:40.598 24399 24609 D IconCustomizer: Generate customized icon for io.faceapp.png
01-30 15:43:40.599 24399 24609 W Bitmap : Called getDensity() on a recycle()'d bitmap! This is undefined behavior!
01-30 15:43:40.644 24399 24609 D IconCustomizer: Content Ratio = -1.0
01-30 15:43:40.647 24399 24609 D IconCustomizer: Generate customized icon for com.yahoo.mobile.client.android.weather.png
01-30 15:43:40.648 24399 24609 W Bitmap : Called getDensity() on a recycle()'d bitmap! This is undefined behavior!
01-30 15:43:40.678 24399 24609 D IconCustomizer: Content Ratio = 1.308943
01-30 15:43:40.679 24399 24609 D IconCustomizer: Generate customized icon for china.vpn_tap2free.png
01-30 15:43:40.680 24399 24609 W Bitmap : Called getDensity() on a recycle()'d bitmap! This is undefined behavior!
01-30 15:43:40.710 24399 24609 D IconCustomizer: Content Ratio = -1.0
01-30 15:43:40.713 24399 24609 D IconCustomizer: Generate customized icon for com.galaxy.starmap.png
01-30 15:43:40.714 24399 24609 W Bitmap : Called getDensity() on a recycle()'d bitmap! This is undefined behavior!
01-30 15:43:40.734 24399 24609 D IconCustomizer: Content Ratio = -1.0
01-30 15:43:40.736 24399 24609 D IconCustomizer: Generate customized icon for any.icon.png
01-30 15:43:40.736 24399 24609 W Bitmap : Called getDensity() on a recycle()'d bitmap! This is undefined behavior!
01-30 15:43:40.783 24399 24609 D IconCustomizer: Content Ratio = -1.0
01-30 15:43:40.785 24399 24609 D IconCustomizer: Generate customized icon for com.lensa.app.png
01-30 15:43:40.786 24399 24609 W Bitmap : Called getDensity() on a recycle()'d bitmap! This is undefined behavior!
01-30 15:43:40.817 24399 24609 D IconCustomizer: Content Ratio = -1.0
01-30 15:43:40.819 24399 24609 D IconCustomizer: Generate customized icon for com.digidust.elokence.akinator.freemium.png
01-30 15:43:40.820 24399 24609 W Bitmap : Called getDensity() on a recycle()'d bitmap! This is undefined behavior!
01-30 15:43:40.832 24399 24609 D IconCustomizer: Content Ratio = -1.0
01-30 15:43:40.833 24399 24609 D IconCustomizer: Generate customized icon for com.google.android.setupwizard.png
01-30 15:43:40.834 24399 24609 W Bitmap : Called getDensity() on a recycle()'d bitmap! This is undefined behavior!
01-30 15:43:40.865 24399 24609 D IconCustomizer: Content Ratio = -1.0
01-30 15:43:40.867 24399 24609 D IconCustomizer: Generate customized icon for com.tamata.retail.app.png
01-30 15:43:40.868 24399 24609 W Bitmap : Called getDensity() on a recycle()'d bitmap! This is undefined behavior!
01-30 15:43:40.889 24399 24609 D IconCustomizer: Content Ratio = -1.0
01-30 15:43:40.890 24399 24609 D IconCustomizer: Generate customized icon for com.controller.connect.Ps.png
01-30 15:43:40.891 24399 24609 W Bitmap : Called getDensity() on a recycle()'d bitmap! This is undefined behavior!
01-30 15:43:40.945 24399 24609 D IconCustomizer: Content Ratio = 0.6813187
01-30 15:43:40.946 24399 24609 D IconCustomizer: Generate customized icon for com.enw6sec.png
01-30 15:43:40.946 24399 24609 W Bitmap : Called getDensity() on a recycle()'d bitmap! This is undefined behavior!
01-30 15:43:40.963 24399 24609 D IconCustomizer: Content Ratio = 1.1666666
01-30 15:43:40.964 24399 24609 D IconCustomizer: Generate customized icon for com.WandaSoftware.TruckersofEurope3.png
01-30 15:43:40.965 24399 24609 W Bitmap : Called getDensity() on a recycle()'d bitmap! This is undefined behavior!
01-30 15:43:40.996 24399 24609 D IconCustomizer: Content Ratio = -1.0
01-30 15:43:40.999 24399 24609 D IconCustomizer: Generate customized icon for com.fira.pubggfx.png
01-30 15:43:41.000 24399 24609 W Bitmap : Called getDensity() on a recycle()'d bitmap! This is undefined behavior!
01-30 15:43:41.008 24399 24609 D IconCustomizer: Content Ratio = 1.0333333
01-30 15:43:41.009 24399 24609 D IconCustomizer: Generate customized icon for com.facebook.services.png
01-30 15:43:41.010 24399 24609 W Bitmap : Called getDensity() on a recycle()'d bitmap! This is undefined behavior!
01-30 15:43:41.043 24399 24609 D IconCustomizer: Content Ratio = -1.0
01-30 15:43:41.045 24399 24609 D IconCustomizer: Generate customized icon for instagram.video.downloader.story.saver.png
01-30 15:43:41.046 24399 24609 W Bitmap : Called getDensity() on a recycle()'d bitmap! This is undefined behavior!
01-30 15:43:41.067 24399 24609 D IconCustomizer: Content Ratio = -1.0
01-30 15:43:41.070 24399 24609 D IconCustomizer: Generate customized icon for com.vitotechnology.StarWalk2Free.png
01-30 15:43:41.071 24399 24609 W Bitmap : Called getDensity() on a recycle()'d bitmap! This is undefined behavior!
01-30 15:43:41.086 24399 24609 D IconCustomizer: Content Ratio = -1.0
01-30 15:43:41.087 24399 24609 D IconCustomizer: Generate customized icon for com.miui.miinput.png
01-30 15:43:41.088 24399 24609 W Bitmap : Called getDensity() on a recycle()'d bitmap! This is undefined behavior!
01-30 15:43:41.096 24399 24609 D IconCustomizer: Content Ratio = 0.97637796
01-30 15:43:41.096 24399 24609 D IconCustomizer: Generate customized icon for com.android.hotwordenrollment.okgoogle.png
01-30 15:43:41.097 24399 24609 W Bitmap : Called getDensity() on a recycle()'d bitmap! This is undefined behavior!
01-30 15:43:41.131 24399 24609 D IconCustomizer: Content Ratio = -1.0
01-30 15:43:41.133 24399 24609 D IconCustomizer: Generate customized icon for com.onlineradiofm.phonkmusic.png
01-30 15:43:41.134 24399 24609 W Bitmap : Called getDensity() on a recycle()'d bitmap! This is undefined behavior!
01-30 15:43:41.153 24399 24609 D IconCustomizer: Content Ratio = -1.0
01-30 15:43:41.156 24399 24609 D IconCustomizer: Generate customized icon for com.therise.streetracing.png
01-30 15:43:41.156 24399 24609 W Bitmap : Called getDensity() on a recycle()'d bitmap! This is undefined behavior!
01-30 15:43:41.183 24399 24609 D IconCustomizer: Content Ratio = 1.1666666
01-30 15:43:41.184 24399 24609 D IconCustomizer: Generate customized icon for com.sofeh.android.musicstudio3.png
01-30 15:43:41.184 24399 24609 W Bitmap : Called getDensity() on a recycle()'d bitmap! This is undefined behavior!
01-30 15:43:41.214 24399 24609 D IconCustomizer: Content Ratio = 0.89855075
01-30 15:43:41.215 24399 24609 D IconCustomizer: Generate customized icon for com.snaptube.premium.png
01-30 15:43:41.216 24399 24609 W Bitmap : Called getDensity() on a recycle()'d bitmap! This is undefined behavior!
01-30 15:43:41.232 24399 24609 D IconCustomizer: Content Ratio = 1.0189873
01-30 15:43:41.232 24399 24609 D IconCustomizer: Generate customized icon for com.blaze.telegramstickermaker.png
01-30 15:43:41.233 24399 24609 W Bitmap : Called getDensity() on a recycle()'d bitmap! This is undefined behavior!
01-30 15:43:41.280 24399 24609 D IconCustomizer: Content Ratio = -1.0
01-30 15:43:41.282 24399 24609 D IconCustomizer: Generate customized icon for com.allgta.gtacheats.free.png
01-30 15:43:41.282 24399 24609 W Bitmap : Called getDensity() on a recycle()'d bitmap! This is undefined behavior!
01-30 15:43:41.379 24399 24609 D IconCustomizer: Content Ratio = -1.0
01-30 15:43:41.381 24399 24609 D IconCustomizer: Generate customized icon for com.asiacell.asiacellodp.png
01-30 15:43:41.381 24399 24609 W Bitmap : Called getDensity() on a recycle()'d bitmap! This is undefined behavior!
01-30 15:43:41.412 24399 24609 D IconCustomizer: Content Ratio = -1.0
01-30 15:43:41.415 24399 24609 D IconCustomizer: Generate customized icon for com.instagram.barcelona.png
01-30 15:43:41.416 24399 24609 W Bitmap : Called getDensity() on a recycle()'d bitmap! This is undefined behavior!
01-30 15:43:41.480 24399 24609 D IconCustomizer: Content Ratio = 1.1666666
01-30 15:43:41.480 24399 24609 D IconCustomizer: Generate customized icon for com.avecreation.drivingzone2pro.png
01-30 15:43:41.481 24399 24609 W Bitmap : Called getDensity() on a recycle()'d bitmap! This is undefined behavior!
01-30 15:43:41.507 24399 24609 D IconCustomizer: Content Ratio = -1.0
01-30 15:43:41.510 24399 24609 D IconCustomizer: Generate customized icon for com.drivezone.car.race.game.png
01-30 15:43:41.510 24399 24609 W Bitmap : Called getDensity() on a recycle()'d bitmap! This is undefined behavior!
01-30 15:43:41.541 24399 24609 D IconCustomizer: Content Ratio = -1.0
01-30 15:43:41.543 24399 24609 D IconCustomizer: Generate customized icon for com.minicades.stockcars.png
01-30 15:43:41.544 24399 24609 W Bitmap : Called getDensity() on a recycle()'d bitmap! This is undefined behavior!
01-30 15:43:41.555 24399 24609 D IconCustomizer: Content Ratio = -1.0
01-30 15:43:41.556 24399 24609 D IconCustomizer: Generate customized icon for com.google.android.captiveportallogin.png
01-30 15:43:41.556 24399 24609 W Bitmap : Called getDensity() on a recycle()'d bitmap! This is undefined behavior!
01-30 15:43:41.588 24399 24609 D IconCustomizer: Content Ratio = -1.0
01-30 15:43:41.589 24399 24609 D IconCustomizer: Generate customized icon for com.bigwinepot.nwdn.international.png
01-30 15:43:41.590 24399 24609 W Bitmap : Called getDensity() on a recycle()'d bitmap! This is undefined behavior!
01-30 15:43:41.609 24399 24609 D IconCustomizer: Content Ratio = -1.0
01-30 15:43:41.611 24399 24609 D IconCustomizer: Generate customized icon for com.rarlab.rar.png
01-30 15:43:41.612 24399 24609 W Bitmap : Called getDensity() on a recycle()'d bitmap! This is undefined behavior!
01-30 15:43:41.634 24399 24609 D IconCustomizer: Content Ratio = -1.0
01-30 15:43:41.635 24399 24609 D IconCustomizer: Generate customized icon for com.lightricks.photoleap.png
01-30 15:43:41.636 24399 24609 W Bitmap : Called getDensity() on a recycle()'d bitmap! This is undefined behavior!
01-30 15:43:41.666 24399 24609 D IconCustomizer: Content Ratio = -1.0
01-30 15:43:41.668 24399 24609 D IconCustomizer: Generate customized icon for com.twitter.android.png
01-30 15:43:41.669 24399 24609 W Bitmap : Called getDensity() on a recycle()'d bitmap! This is undefined behavior!
01-30 15:43:41.685 24399 24609 D IconCustomizer: Content Ratio = -1.0
01-30 15:43:41.686 24399 24609 D IconCustomizer: Generate customized icon for rk.android.app.shortcutmaker.png
01-30 15:43:41.687 24399 24609 W Bitmap : Called getDensity() on a recycle()'d bitmap! This is undefined behavior!
01-30 15:43:41.707 24399 24609 D IconCustomizer: Content Ratio = -1.0
01-30 15:43:41.709 24399 24609 D IconCustomizer: Generate customized icon for eu.tsoml.graphicssettings.png
01-30 15:43:41.709 24399 24609 W Bitmap : Called getDensity() on a recycle()'d bitmap! This is undefined behavior!
01-30 15:43:41.728 24399 24609 D IconCustomizer: Content Ratio = 1.1666666
01-30 15:43:41.729 24399 24609 D IconCustomizer: Generate customized icon for tr.com.tiramisu.driftmax.png
01-30 15:43:41.730 24399 24609 W Bitmap : Called getDensity() on a recycle()'d bitmap! This is undefined behavior!
01-30 15:43:41.751 24399 24609 D IconCustomizer: Content Ratio = -1.0
01-30 15:43:41.753 24399 24609 D IconCustomizer: Generate customized icon for twelve.clock.mibrahim.png
01-30 15:43:41.753 24399 24609 W Bitmap : Called getDensity() on a recycle()'d bitmap! This is undefined behavior!
01-30 15:43:41.823 24399 24609 D IconCustomizer: Content Ratio = -1.0
01-30 15:43:41.825 24399 24609 D IconCustomizer: Generate customized icon for com.vitotechnology.sky.tonight.map.star.walk.png
01-30 15:43:41.826 24399 24609 W Bitmap : Called getDensity() on a recycle()'d bitmap! This is undefined behavior!
01-30 15:43:41.843 24399 24609 D IconCustomizer: Content Ratio = 2.3333333
01-30 15:43:41.844 24399 24609 D IconCustomizer: Generate customized icon for com.jana.tube.video.png
01-30 15:43:41.845 24399 24609 W Bitmap : Called getDensity() on a recycle()'d bitmap! This is undefined behavior!
01-30 15:43:41.868 24399 24609 D IconCustomizer: Content Ratio = -1.0
01-30 15:43:41.869 24399 24609 D IconCustomizer: Generate customized icon for shahfaiz.codes9.png
01-30 15:43:41.870 24399 24609 W Bitmap : Called getDensity() on a recycle()'d bitmap! This is undefined behavior!
01-30 15:43:41.892 24399 24609 D IconCustomizer: Content Ratio = 0.67083335
01-30 15:43:41.892 24399 24609 D IconCustomizer: Generate customized icon for video.downloader.tik.tok.no.watermark.tmate.saver.download.png
01-30 15:43:41.893 24399 24609 W Bitmap : Called getDensity() on a recycle()'d bitmap! This is undefined behavior!
01-30 15:43:41.926 24399 24609 D IconCustomizer: Content Ratio = 1.1666666
01-30 15:43:41.927 24399 24609 D IconCustomizer: Generate customized icon for com.MA.LAC.png
01-30 15:43:41.928 24399 24609 W Bitmap : Called getDensity() on a recycle()'d bitmap! This is undefined behavior!
01-30 15:43:42.006 24399 24609 D IconCustomizer: Content Ratio = 0.10915254
01-30 15:43:42.007 24399 24609 D IconCustomizer: Generate customized icon for com.kunpo88.baba2.tay.png
01-30 15:43:42.008 24399 24609 W Bitmap : Called getDensity() on a recycle()'d bitmap! This is undefined behavior!
01-30 15:43:42.031 24399 24609 D IconCustomizer: Content Ratio = -1.0
01-30 15:43:42.033 24399 24609 D IconCustomizer: Generate customized icon for com.bdroid.videocompressorandconverter.png
01-30 15:43:42.034 24399 24609 W Bitmap : Called getDensity() on a recycle()'d bitmap! This is undefined behavior!
01-30 15:43:42.058 24399 24609 D IconCustomizer: Content Ratio = 1.1666666
01-30 15:43:42.058 24399 24609 D IconCustomizer: Generate customized icon for com.maleo.bussimulatorid.png
01-30 15:43:42.059 24399 24609 W Bitmap : Called getDensity() on a recycle()'d bitmap! This is undefined behavior!
01-30 15:43:42.083 24399 24609 D IconCustomizer: Content Ratio = 0.7285068
01-30 15:43:42.084 24399 24609 D IconCustomizer: Generate customized icon for iq.earthlink.ftth.png
01-30 15:43:42.085 24399 24609 W Bitmap : Called getDensity() on a recycle()'d bitmap! This is undefined behavior!
01-30 15:43:42.108 24399 24659 D TrafficStats: tagSocket(133) with statsTag=0xffffffff, statsUid=-1
01-30 15:43:42.109 24399 24609 D IconCustomizer: Content Ratio = -1.0
01-30 15:43:42.111 24399 24609 D IconCustomizer: Generate customized icon for au.com.revheadz.revheadz.png
01-30 15:43:42.112 24399 24609 W Bitmap : Called getDensity() on a recycle()'d bitmap! This is undefined behavior!
01-30 15:43:42.133 24399 24609 D IconCustomizer: Content Ratio = 0.875
01-30 15:43:42.133 24399 24609 D IconCustomizer: Generate customized icon for com.rusya.cartycoon.png
01-30 15:43:42.134 24399 24609 W Bitmap : Called getDensity() on a recycle()'d bitmap! This is undefined behavior!
01-30 15:43:42.145 24399 24609 D IconCustomizer: Content Ratio = 1.1809524
01-30 15:43:42.146 24399 24609 D IconCustomizer: Generate customized icon for com.amazon.appmanager.png
01-30 15:43:42.146 24399 24609 W Bitmap : Called getDensity() on a recycle()'d bitmap! This is undefined behavior!
01-30 15:43:42.161 24399 24609 D IconCustomizer: Content Ratio = 1.1666666
01-30 15:43:42.162 24399 24609 D IconCustomizer: Generate customized icon for free.vpnrussia.secure.unlimited.turbo.unblock.proxy.png
01-30 15:43:42.163 24399 24609 W Bitmap : Called getDensity() on a recycle()'d bitmap! This is undefined behavior!
01-30 15:43:42.194 24399 24609 D IconCustomizer: Content Ratio = -1.0
01-30 15:43:42.196 24399 24609 D IconCustomizer: Generate customized icon for ai.moises.png
01-30 15:43:42.196 24399 24609 W Bitmap : Called getDensity() on a recycle()'d bitmap! This is undefined behavior!
01-30 15:43:42.254 24399 24609 D IconCustomizer: Content Ratio = -1.0
01-30 15:43:42.257 24399 24609 D IconCustomizer: Generate customized icon for com.google.android.apps.fitness.png
01-30 15:43:42.258 24399 24609 W Bitmap : Called getDensity() on a recycle()'d bitmap! This is undefined behavior!
01-30 15:43:42.298 24399 24609 D IconCustomizer: Content Ratio = -1.0
01-30 15:43:42.300 24399 24609 D IconCustomizer: Generate customized icon for ship.simulator.river.climb.png
01-30 15:43:42.301 24399 24609 W Bitmap : Called getDensity() on a recycle()'d bitmap! This is undefined behavior!
01-30 15:43:42.345 24399 24609 D IconCustomizer: Content Ratio = -1.0
01-30 15:43:42.346 24399 24609 D IconCustomizer: Generate customized icon for com.modcombo.app.png
01-30 15:43:42.347 24399 24609 W Bitmap : Called getDensity() on a recycle()'d bitmap! This is undefined behavior!
01-30 15:43:42.364 24399 24609 D IconCustomizer: Content Ratio = -1.0
01-30 15:43:42.366 24399 24609 D IconCustomizer: Generate customized icon for com.pixeldev.APEXRacers.png
01-30 15:43:42.367 24399 24609 W Bitmap : Called getDensity() on a recycle()'d bitmap! This is undefined behavior!
01-30 15:43:42.375 24399 24609 D IconCustomizer: Content Ratio = 1.1666666
01-30 15:43:42.376 24399 24609 D IconCustomizer: Generate customized icon for com.xiaomi.glgm.png
01-30 15:43:42.377 24399 24609 W Bitmap : Called getDensity() on a recycle()'d bitmap! This is undefined behavior!
01-30 15:43:42.392 24399 24609 D IconCustomizer: Content Ratio = 1.1666666
01-30 15:43:42.392 24399 24609 D IconCustomizer: Generate customized icon for free.vpnegypt.turbo.secure.tunnel.unblock.proxy.png
01-30 15:43:42.393 24399 24609 W Bitmap : Called getDensity() on a recycle()'d bitmap! This is undefined behavior!
01-30 15:43:42.425 24399 24609 D IconCustomizer: Content Ratio = -1.0
01-30 15:43:42.428 24399 24609 D IconCustomizer: Generate customized icon for net.zedge.android.png
01-30 15:43:42.428 24399 24609 W Bitmap : Called getDensity() on a recycle()'d bitmap! This is undefined behavior!
01-30 15:43:42.449 24399 24609 D IconCustomizer: Content Ratio = 0.77403843
01-30 15:43:42.450 24399 24609 D IconCustomizer: Generate customized icon for com.triversoft.icamera.ioscamera15.png
01-30 15:43:42.451 24399 24609 W Bitmap : Called getDensity() on a recycle()'d bitmap! This is undefined behavior!
01-30 15:43:42.478 24399 24609 D IconCustomizer: Content Ratio = -1.0
01-30 15:43:42.480 24399 24609 D IconCustomizer: Generate customized icon for com.mobiletrendyapps.speaker.cleaner.remove.water.png
01-30 15:43:42.481 24399 24609 W Bitmap : Called getDensity() on a recycle()'d bitmap! This is undefined behavior!
01-30 15:43:42.488 24399 24609 D IconCustomizer: Content Ratio = -1.0
01-30 15:43:42.488 24399 24609 D IconCustomizer: Generate customized icon for com.google.android.packageinstaller.png
01-30 15:43:42.489 24399 24609 W Bitmap : Called getDensity() on a recycle()'d bitmap! This is undefined behavior!
01-30 15:43:42.513 24399 24609 D IconCustomizer: Content Ratio = 1.1666666
01-30 15:43:42.514 24399 24609 D IconCustomizer: Generate customized icon for iplayer.link.mdisk.terabox.com.png
01-30 15:43:42.514 24399 24609 W Bitmap : Called getDensity() on a recycle()'d bitmap! This is undefined behavior!
01-30 15:43:42.530 24399 24609 D IconCustomizer: Content Ratio = -1.0
01-30 15:43:42.533 24399 24609 D IconCustomizer: Generate customized icon for app.lawnchair.lawnfeed.png
01-30 15:43:42.533 24399 24609 W Bitmap : Called getDensity() on a recycle()'d bitmap! This is undefined behavior!
01-30 15:43:42.548 24399 24609 D IconCustomizer: Content Ratio = -1.0
01-30 15:43:42.549 24399 24609 D IconCustomizer: Generate customized icon for com.waddensky.nightshift.png
01-30 15:43:42.550 24399 24609 W Bitmap : Called getDensity() on a recycle()'d bitmap! This is undefined behavior!
01-30 15:43:42.603 24399 24609 D IconCustomizer: Content Ratio = 0.43631437
01-30 15:43:42.603 24399 24609 D IconCustomizer: Generate customized icon for com.roasterygames.devicestycoon.png
01-30 15:43:42.604 24399 24609 W Bitmap : Called getDensity() on a recycle()'d bitmap! This is undefined behavior!
01-30 15:43:42.686 24399 24609 D IconCustomizer: Content Ratio = -1.0
01-30 15:43:42.687 24399 24609 D IconCustomizer: Generate customized icon for com.epicgames.portal.png
01-30 15:43:42.688 24399 24609 W Bitmap : Called getDensity() on a recycle()'d bitmap! This is undefined behavior!
01-30 15:43:42.730 24399 24609 D IconCustomizer: Content Ratio = -1.0
01-30 15:43:42.732 24399 24609 D IconCustomizer: Generate customized icon for com.google.android.videos.png
01-30 15:43:42.733 24399 24609 W Bitmap : Called getDensity() on a recycle()'d bitmap! This is undefined behavior!
01-30 15:43:42.783 24399 24609 D IconCustomizer: Content Ratio = -1.0
01-30 15:43:42.786 24399 24609 D IconCustomizer: Generate customized icon for com.unrealgames.RacinginCar2020.png
01-30 15:43:42.786 24399 24609 W Bitmap : Called getDensity() on a recycle()'d bitmap! This is undefined behavior!
01-30 15:43:42.896 24399 24399 D DecorView[]: onWindowFocusChanged hasWindowFocus false
01-30 15:43:42.963 24399 24609 D IconCustomizer: Content Ratio = -1.0
01-30 15:43:42.965 24399 24609 D IconCustomizer: Generate customized icon for com.education.android.h.intelligence.png
01-30 15:43:42.968 24399 24609 W Bitmap : Called getDensity() on a recycle()'d bitmap! This is undefined behavior!
01-30 15:43:42.994 24399 24609 D IconCustomizer: Content Ratio = -1.0
01-30 15:43:42.997 24399 24609 D IconCustomizer: Generate customized icon for nullsroyale.rel.free.png
01-30 15:43:42.998 24399 24609 W Bitmap : Called getDensity() on a recycle()'d bitmap! This is undefined behavior!
01-30 15:43:43.073 24399 24609 D IconCustomizer: Content Ratio = -1.0
01-30 15:43:43.076 24399 24609 D IconCustomizer: Generate customized icon for com.dywx.larkplayer.png
01-30 15:43:43.076 24399 24609 W Bitmap : Called getDensity() on a recycle()'d bitmap! This is undefined behavior!
01-30 15:43:43.128 24399 24609 D IconCustomizer: Content Ratio = 1.1666666
01-30 15:43:43.130 24399 24609 D IconCustomizer: Generate customized icon for com.yalla.korascore.png
01-30 15:43:43.131 24399 24609 W Bitmap : Called getDensity() on a recycle()'d bitmap! This is undefined behavior!
01-30 15:43:43.161 24399 24609 D IconCustomizer: Content Ratio = 1.1666666
01-30 15:43:43.162 24399 24609 D IconCustomizer: Generate customized icon for com.tojgames.trafficracer.png
01-30 15:43:43.163 24399 24609 W Bitmap : Called getDensity() on a recycle()'d bitmap! This is undefined behavior!
01-30 15:43:43.198 24399 24609 D IconCustomizer: Content Ratio = 1.308943
01-30 15:43:43.200 24399 24609 D IconCustomizer: Generate customized icon for vpn.australia_tap2free.png
01-30 15:43:43.202 24399 24609 W Bitmap : Called getDensity() on a recycle()'d bitmap! This is undefined behavior!
01-30 15:43:43.220 24399 24609 D IconCustomizer: Content Ratio = 1.1666666
01-30 15:43:43.221 24399 24609 D IconCustomizer: Generate customized icon for com.okamiinteractive.Rsport.modyolo.png
01-30 15:43:43.221 24399 24609 W Bitmap : Called getDensity() on a recycle()'d bitmap! This is undefined behavior!
01-30 15:43:43.255 24399 24609 D IconCustomizer: Content Ratio = -1.0
01-30 15:43:43.258 24399 24609 D IconCustomizer: Generate customized icon for com.UCMobile.intl.png
01-30 15:43:43.259 24399 24609 W Bitmap : Called getDensity() on a recycle()'d bitmap! This is undefined behavior!
01-30 15:43:43.315 24399 24609 D IconCustomizer: Content Ratio = 0.51666665
01-30 15:43:43.316 24399 24609 D IconCustomizer: Generate customized icon for com.arw6sec.png
01-30 15:43:43.317 24399 24609 W Bitmap : Called getDensity() on a recycle()'d bitmap! This is undefined behavior!
01-30 15:43:43.456 24399 24609 D IconCustomizer: Content Ratio = -1.0
01-30 15:43:43.457 24399 24609 D IconCustomizer: Generate customized icon for com.wallisonfx.videovelocity.png
01-30 15:43:43.458 24399 24609 W Bitmap : Called getDensity() on a recycle()'d bitmap! This is undefined behavior!
01-30 15:43:43.516 24399 24609 D IconCustomizer: Content Ratio = 1.2014925
01-30 15:43:43.517 24399 24609 D IconCustomizer: Generate customized icon for com.app.mobaryatv6.png
01-30 15:43:43.518 24399 24609 W Bitmap : Called getDensity() on a recycle()'d bitmap! This is undefined behavior!
01-30 15:43:43.573 24399 24399 D Tinker.DefaultAppLike: onTrimMemory level:20
01-30 15:43:43.775 24399 24609 D IconCustomizer: Content Ratio = -1.0
01-30 15:43:43.786 24399 24609 D IconCustomizer: Generate customized icon for com.google.android.calendar.png
01-30 15:43:43.788 24399 24609 W Bitmap : Called getDensity() on a recycle()'d bitmap! This is undefined behavior!
01-30 15:43:43.881 24399 24609 D IconCustomizer: Content Ratio = 1.1666666
01-30 15:43:43.883 24399 24609 D IconCustomizer: Generate customized icon for air.com.A3dtuning.Tuning3D.png
01-30 15:43:43.885 24399 24609 W Bitmap : Called getDensity() on a recycle()'d bitmap! This is undefined behavior!
01-30 15:43:43.966 24399 24609 D IconCustomizer: Content Ratio = -1.0
01-30 15:43:43.970 24399 24609 D IconCustomizer: Generate customized icon for com.truedevelopersstudio.automatictap.autoclicker.png
01-30 15:43:43.972 24399 24609 W Bitmap : Called getDensity() on a recycle()'d bitmap! This is undefined behavior!
01-30 15:43:43.993 24399 24609 D IconCustomizer: Content Ratio = 1.1666666
01-30 15:43:43.994 24399 24609 D IconCustomizer: Generate customized icon for com.boundax.koreapreloadappinstaller.png
01-30 15:43:43.996 24399 24609 W Bitmap : Called getDensity() on a recycle()'d bitmap! This is undefined behavior!
01-30 15:43:44.030 24399 24609 D IconCustomizer: Content Ratio = 1.0420169
01-30 15:43:44.031 24399 24609 D IconCustomizer: Generate customized icon for ahf.dummynation.png
01-30 15:43:44.033 24399 24609 W Bitmap : Called getDensity() on a recycle()'d bitmap! This is undefined behavior!
01-30 15:43:44.043 24399 24775 I AppsFlyer_6.2.3: onBecameBackground
01-30 15:43:44.044 24399 24775 I AppsFlyer_6.2.3: callStatsBackground background call
01-30 15:43:44.044 24399 24775 I AppsFlyer_6.2.3: app went to background
01-30 15:43:44.044 24399 24775 D AppsFlyer_6.2.3: Stats call is disabled, ignore ...
01-30 15:43:44.045 24399 24775 D AppsFlyer_6.2.3: RD status is OFF
01-30 15:43:44.095 24399 24609 D IconCustomizer: Content Ratio = -1.0
01-30 15:43:44.101 24399 24609 D IconCustomizer: Generate customized icon for app.arcopypaste.png
01-30 15:43:44.103 24399 24609 W Bitmap : Called getDensity() on a recycle()'d bitmap! This is undefined behavior!
01-30 15:43:44.119 24399 24660 D TrafficStats: tagSocket(162) with statsTag=0xffffffff, statsUid=-1
01-30 15:43:44.145 24399 24656 D AppLovinSdk: [AppLovinSdk]
01-30 15:43:44.145 24399 24656 D AppLovinSdk: ========================================
01-30 15:43:44.145 24399 24656 D AppLovinSdk: =====AppLovin SDK=====
01-30 15:43:44.145 24399 24656 D AppLovinSdk: ===SDK Versions===
01-30 15:43:44.145 24399 24656 D AppLovinSdk: Version: 11.5.3
01-30 15:43:44.145 24399 24656 D AppLovinSdk: Plugin Version:
01-30 15:43:44.145 24399 24656 D AppLovinSdk: Ad Review Version:
01-30 15:43:44.145 24399 24656 D AppLovinSdk: OM SDK Version: 1.3.30-Applovin
01-30 15:43:44.145 24399 24656 D AppLovinSdk: ===Device Info===
01-30 15:43:44.145 24399 24656 D AppLovinSdk: OS: 13 (TIRAMISU - API 33)
01-30 15:43:44.145 24399 24656 D AppLovinSdk: GAID: <Enable verbose logging to see the GAID to use for test devices - https://monetization-support.applovin.com/hc/en- us/articles/236114328-How-can-I-expose-verbose-logging-for-the-SDK>
01-30 15:43:44.145 24399 24656 D AppLovinSdk: Model: 2201116PG
01-30 15:43:44.145 24399 24656 D AppLovinSdk: Locale: en_US
01-30 15:43:44.145 24399 24656 D AppLovinSdk: Emulator: false
01-30 15:43:44.145 24399 24656 D AppLovinSdk: Tablet: false
01-30 15:43:44.145 24399 24656 D AppLovinSdk: ===App Info===
01-30 15:43:44.145 24399 24656 D AppLovinSdk: Application ID: com.sosomod.freegame
01-30 15:43:44.145 24399 24656 D AppLovinSdk: Target SDK: 26
01-30 15:43:44.145 24399 24656 D AppLovinSdk: ExoPlayer Version: 2015001
01-30 15:43:44.145 24399 24656 D AppLovinSdk: ===SDK Settings===
01-30 15:43:44.145 24399 24656 D AppLovinSdk: SDK Key: al- aTWTMpb85h7TNMe4GtBrSeCSuThCUJu1wMLpfkMRZShDto5tZOAoNiS-zfLx_iX41NmdgB2egS9VT99vDJV
01-30 15:43:44.145 24399 24656 D AppLovinSdk: Mediation Provider: max
01-30 15:43:44.145 24399 24656 D AppLovinSdk: TG: 37
01-30 15:43:44.145 24399 24656 D AppLovinSdk: Test Mode On: false
01-30 15:43:44.145 24399 24656 D AppLovinSdk: Verbose Logging On: false
01-30 15:43:44.145 24399 24656 D AppLovinSdk: ===Privacy States===
01-30 15:43:44.145 24399 24656 D AppLovinSdk: Please review AppLovin MAX documentation to be compliant with regional privacy policies.
01-30 15:43:44.145 24399 24656 D AppLovinSdk:
01-30 15:43:44.145 24399 24656 D AppLovinSdk: Age Restricted User - No value set
01-30 15:43:44.145 24399 24656 D AppLovinSdk: Has User Consent - No value set
01-30 15:43:44.145 24399 24656 D AppLovinSdk: "Do Not Sell" - No value set
01-30 15:43:44.145 24399 24656 D AppLovinSdk: ========================================
01-30 15:43:44.160 24399 24399 E AdUtil : splash initializeSdk
01-30 15:43:44.176 24399 24658 D TrafficStats: tagSocket(173) with statsTag=0xffffffff, statsUid=-1
01-30 15:43:44.176 24399 24659 D TrafficStats: tagSocket(174) with statsTag=0xffffffff, statsUid=-1
01-30 15:43:44.179 24399 24660 D TrafficStats: tagSocket(177) with statsTag=0xffffffff, statsUid=-1
01-30 15:43:44.180 24399 24657 D TrafficStats: tagSocket(172) with statsTag=0xffffffff, statsUid=-1
01-30 15:43:44.251 24399 24609 D IconCustomizer: Content Ratio = -1.0
01-30 15:43:44.258 24399 24609 D IconCustomizer: Generate customized icon for net.metareverse.gcamloader.png
01-30 15:43:44.261 24399 24609 W Bitmap : Called getDensity() on a recycle()'d bitmap! This is undefined behavior!
01-30 15:43:44.282 24399 24609 D IconCustomizer: Content Ratio = 1.0420169
01-30 15:43:44.284 24399 24609 D IconCustomizer: Generate customized icon for com.android.dreams.phototable.png
01-30 15:43:44.286 24399 24609 W Bitmap : Called getDensity() on a recycle()'d bitmap! This is undefined behavior!
01-30 15:43:44.310 24399 24609 D IconCustomizer: Content Ratio = 1.4247788
01-30 15:43:44.312 24399 24609 D IconCustomizer: Generate customized icon for com.miui.audiomonitor.png
01-30 15:43:44.314 24399 24609 W Bitmap : Called getDensity() on a recycle()'d bitmap! This is undefined behavior!
01-30 15:43:44.408 24399 24609 D IconCustomizer: Content Ratio = -1.0
01-30 15:43:44.414 24399 24609 D IconCustomizer: Generate customized icon for com.avg.cleaner.png
01-30 15:43:44.417 24399 24609 W Bitmap : Called getDensity() on a recycle()'d bitmap! This is undefined behavior!
01-30 15:43:44.473 24399 24609 D IconCustomizer: Content Ratio = 0.51666665
01-30 15:43:44.475 24399 24609 D IconCustomizer: Generate customized icon for com.phyw6td.png
01-30 15:43:44.478 24399 24609 W Bitmap : Called getDensity() on a recycle()'d bitmap! This is undefined behavior!
01-30 15:43:44.552 24399 24609 D IconCustomizer: Content Ratio = 1.3529412
01-30 15:43:44.553 24399 24609 D IconCustomizer: Generate customized icon for com.xiaomi.mtb.png
01-30 15:43:44.556 24399 24609 W Bitmap : Called getDensity() on a recycle()'d bitmap! This is undefined behavior!
01-30 15:43:44.619 24399 24609 D IconCustomizer: Content Ratio = -1.0
01-30 15:43:44.627 24399 24609 D IconCustomizer: Generate customized icon for com.argeneration.teleportscanner.png
01-30 15:43:44.629 24399 24609 W Bitmap : Called getDensity() on a recycle()'d bitmap! This is undefined behavior!
01-30 15:43:44.810 24399 24609 D IconCustomizer: Content Ratio = 0.10915254
01-30 15:43:44.816 24399 24609 D IconCustomizer: Generate customized icon for com.mobile.bizo.slowmotion.png
01-30 15:43:44.818 24399 24609 W Bitmap : Called getDensity() on a recycle()'d bitmap! This is undefined behavior!
01-30 15:43:44.932 24399 24609 D IconCustomizer: Content Ratio = 0.43631437
01-30 15:43:44.935 24399 24609 D IconCustomizer: Generate customized icon for com.wondershare.filmorago.png
01-30 15:43:44.937 24399 24609 W Bitmap : Called getDensity() on a recycle()'d bitmap! This is undefined behavior!
01-30 15:43:45.007 24399 24609 D IconCustomizer: Content Ratio = 1.3305786
01-30 15:43:45.009 24399 24609 D IconCustomizer: Generate customized icon for com.actionsmicro.ezcastpro.png
01-30 15:43:45.011 24399 24609 W Bitmap : Called getDensity() on a recycle()'d bitmap! This is undefined behavior!
01-30 15:43:45.190 24399 24609 D IconCustomizer: Content Ratio = -1.0
01-30 15:43:45.194 24399 24609 D IconCustomizer: Generate customized icon for com.actionsmicro.usbdisplay.png
01-30 15:43:45.196 24399 24609 W Bitmap : Called getDensity() on a recycle()'d bitmap! This is undefined behavior!
01-30 15:43:45.304 24399 24609 D IconCustomizer: Content Ratio = 1.1666666
01-30 15:43:45.305 24399 24609 D IconCustomizer: Generate customized icon for com0.Company.ProductName1.png
01-30 15:43:45.308 24399 24609 W Bitmap : Called getDensity() on a recycle()'d bitmap! This is undefined behavior!
01-30 15:43:45.327 24399 24609 D IconCustomizer: Content Ratio = 0.89855075
01-30 15:43:45.328 24399 24609 D IconCustomizer: Generate customized icon for com.silead.factorytest.png
01-30 15:43:45.330 24399 24609 W Bitmap : Called getDensity() on a recycle()'d bitmap! This is undefined behavior!
01-30 15:43:45.393 24399 24609 D IconCustomizer: Content Ratio = -1.0
01-30 15:43:45.400 24399 24609 D IconCustomizer: Generate customized icon for com.oimvo.discdj.png
01-30 15:43:45.402 24399 24609 W Bitmap : Called getDensity() on a recycle()'d bitmap! This is undefined behavior!
01-30 15:43:45.426 24399 24609 D IconCustomizer: Content Ratio = 0.9612403
01-30 15:43:45.427 24399 24609 D IconCustomizer: Generate customized icon for com.vpn.powervpn2.png
01-30 15:43:45.429 24399 24609 W Bitmap : Called getDensity() on a recycle()'d bitmap! This is undefined behavior!
01-30 15:43:46.334 24399 24507 I FA : Application backgrounded at: timestamp_millis: 1706618623638
01-30 15:43:46.336 24399 24609 D IconCustomizer: Content Ratio = -1.0
01-30 15:43:46.368 24399 24609 D IconCustomizer: Generate customized icon for tech.enjaz.qicardservices.png
01-30 15:43:46.374 24399 24609 W Bitmap : Called getDensity() on a recycle()'d bitmap! This is undefined behavior!
01-30 15:43:46.565 24399 24609 D IconCustomizer: Content Ratio = -1.0
01-30 15:43:46.574 24399 24609 D IconCustomizer: Generate customized icon for com.olzhas.carparking.multyplayer.png
01-30 15:43:46.576 24399 24609 W Bitmap : Called getDensity() on a recycle()'d bitmap! This is undefined behavior!
01-30 15:43:46.629 24399 24609 D IconCustomizer: Content Ratio = -1.0
01-30 15:43:46.639 24399 24609 D IconCustomizer: Generate customized icon for ru.unisamp_mobile.launcher.png
01-30 15:43:46.642 24399 24609 W Bitmap : Called getDensity() on a recycle()'d bitmap! This is undefined behavior!
01-30 15:43:46.695 24399 24609 D IconCustomizer: Content Ratio = -1.0
01-30 15:43:46.705 24399 24609 D IconCustomizer: Generate customized icon for com.cloudflare.onedotonedotonedotone.png
01-30 15:43:46.707 24399 24609 W Bitmap : Called getDensity() on a recycle()'d bitmap! This is undefined behavior!
01-30 15:43:46.826 24399 24609 D IconCustomizer: Content Ratio = 1.1666666
01-30 15:43:46.827 24399 24609 D IconCustomizer: Generate customized icon for net.pro.playmods.png
01-30 15:43:46.830 24399 24609 W Bitmap : Called getDensity() on a recycle()'d bitmap! This is undefined behavior!
01-30 15:43:46.891 24399 24609 D IconCustomizer: Content Ratio = -1.0
01-30 15:43:46.894 24399 24609 D IconCustomizer: Generate customized icon for com.google.android.apps.photosgo.png
01-30 15:43:46.897 24399 24609 W Bitmap : Called getDensity() on a recycle()'d bitmap! This is undefined behavior!
01-30 15:43:47.020 24399 24399 D Tinker.DefaultAppLike: onTrimMemory level:10
01-30 15:43:47.047 24399 24609 D IconCustomizer: Content Ratio = 1.1666666
01-30 15:43:47.050 24399 24609 D IconCustomizer: Generate customized icon for com.accordion.pro.camera.png
01-30 15:43:47.055 24399 24609 W Bitmap : Called getDensity() on a recycle()'d bitmap! This is undefined behavior!
01-30 15:43:47.194 24399 24609 D IconCustomizer: Content Ratio = 0.67391306
01-30 15:43:47.197 24399 24609 D IconCustomizer: Generate customized icon for com.bgm.gfx.png
01-30 15:43:47.204 24399 24609 W Bitmap : Called getDensity() on a recycle()'d bitmap! This is undefined behavior!
01-30 15:43:47.330 24399 24609 D IconCustomizer: Content Ratio = 0.5081967
01-30 15:43:47.332 24399 24609 D IconCustomizer: Generate customized icon for com.math3sec.png
01-30 15:43:47.334 24399 24609 W Bitmap : Called getDensity() on a recycle()'d bitmap! This is undefined behavior!
