We take content rights seriously. If you suspect this is your content, claim it here.
Available Formats
Download as TXT, PDF, TXT or read online on Scribd
You are on page 1/ 31
--------- beginning of main
01-30 15:43:35.543 24399 24399 V Tinker.SamplePatchListener: application
maxMemory:256
01-30 15:43:35.545 24399 24399 W Tinker.Tinker: tinker patch directory: /data/user/0/com.sosomod.freegame/tinker
01-30 15:43:35.547 24399 24399 I Tinker.Tinker: try to install tinker, isEnable: true, version: 1.9.14.18
01-30 15:43:35.548 24399 24399 I Tinker.TinkerLoadResult: parseTinkerResult loadCode:-2, process name:com.sosomod.freegame, main process:true, systemOTA:false, fingerPrint:POCO/veux_p_global/veux:13/TKQ1.221114.001/V14.0.4.0.TKCMIXM:user/ release-keys, oatDir:null, useInterpretMode:false
01-30 15:43:35.548 24399 24399 W Tinker.TinkerLoadResult: can't find patch file, is ok, just return
01-30 15:43:35.548 24399 24399 I Tinker.DefaultLoadReporter: patch loadReporter onLoadResult: patch load result, path:/data/user/0/com.sosomod.freegame/tinker, code: -2, cost: 2ms
01-30 15:43:35.548 24399 24399 W Tinker.Tinker: tinker load fail!
01-30 15:43:35.564 24399 24399 D AppLovinSdk: [DataCollector] Could not collect AppSet ID.
01-30 15:43:35.570 24399 24399 D AppLovinSdk: [AppLovinSdk] Attaching Activity lifecycle manager...
01-30 15:43:35.589 24399 24399 D CompatibilityChangeReporter: Compat change id reported: 183155436; UID 10431; state: DISABLED
01-30 15:43:35.590 24399 24399 I FirebaseApp: Device unlocked: initializing all Firebase APIs for app [DEFAULT]
01-30 15:43:35.602 24399 24399 I FirebaseInitProvider: FirebaseApp initialization successful
01-30 15:43:35.986 24399 24399 W osomod.freegame: type=1400 audit(0.0:211206): avc: denied { read } for name="u:object_r:vendor_displayfeature_prop:s0" dev="tmpfs" ino=11235 scontext=u:r:untrusted_app_27:s0:c512,c768 tcontext=u:object_r:vendor_displayfeature_prop:s0 tclass=file permissive=0 app=com.sosomod.freegame
01-30 15:43:35.615 24399 24490 W ziparchive: Unable to open '/data/user_de/0/com.google.android.gms/app_chimera/m/00000094/DynamiteLoader.dm': No such file or directory
01-30 15:43:35.616 24399 24490 W ziparchive: Unable to open '/data/user_de/0/com.google.android.gms/app_chimera/m/00000094/DynamiteLoader.dm': No such file or directory
01-30 15:43:35.622 24399 24490 I DynamiteModule: Considering local module com.google.android.gms.measurement.dynamite:51 and remote module com.google.android.gms.measurement.dynamite:97
01-30 15:43:35.622 24399 24490 I DynamiteModule: Selected remote version of com.google.android.gms.measurement.dynamite, version >= 97
01-30 15:43:35.622 24399 24490 V DynamiteModule: Dynamite loader version >= 2, using loadModule2NoCrashUtils
01-30 15:43:35.637 24399 24491 D nativeloader: Configuring clns-6 for other apk /system/framework/com.android.media.remotedisplay.jar. target_sdk_version=34, uses_libraries=ALL, library_path=/data/app/~~h0R6fwXLkGYxOfwqmfUWdw==/com.google.android.gms- IynQfIcoeI-eQB8Z7Mu8Aw==/lib/arm:/data/app/~~h0R6fwXLkGYxOfwqmfUWdw==/ com.google.android.gms-IynQfIcoeI-eQB8Z7Mu8Aw==/base.apk!/lib/armeabi-v7a, permitted_path=/data:/mnt/expand:/data/user/0/com.google.android.gms
01-30 15:43:35.637 24399 24491 D nativeloader: Extending system_exposed_libraries: libbinauralrenderer_wrapper.qti.so:libhoaeffects.qti.so:libQOC.qti.so:libmisys_jni. xiaomi.so:libupdateprof.qti.so:libthermalclient.qti.so:libQOC.qti.so:libdiag_system .qti.so:libqape.qti.so:liblistenjni.qti.so
01-30 15:43:35.642 24399 24491 D nativeloader: Configuring clns-7 for other apk /system/framework/com.android.location.provider.jar. target_sdk_version=34, uses_libraries=ALL, library_path=/data/app/~~h0R6fwXLkGYxOfwqmfUWdw==/com.google.android.gms- IynQfIcoeI-eQB8Z7Mu8Aw==/lib/arm:/data/app/~~h0R6fwXLkGYxOfwqmfUWdw==/ com.google.android.gms-IynQfIcoeI-eQB8Z7Mu8Aw==/base.apk!/lib/armeabi-v7a, permitted_path=/data:/mnt/expand:/data/user/0/com.google.android.gms
01-30 15:43:35.642 24399 24491 D nativeloader: Extending system_exposed_libraries: libbinauralrenderer_wrapper.qti.so:libhoaeffects.qti.so:libQOC.qti.so:libmisys_jni. xiaomi.so:libupdateprof.qti.so:libthermalclient.qti.so:libQOC.qti.so:libdiag_system .qti.so:libqape.qti.so:liblistenjni.qti.so
01-30 15:43:35.648 24399 24491 D nativeloader: Configuring clns-8 for other apk /data/app/~~h0R6fwXLkGYxOfwqmfUWdw==/com.google.android.gms-IynQfIcoeI- eQB8Z7Mu8Aw==/base.apk. target_sdk_version=34, uses_libraries=, library_path=/data/app/~~h0R6fwXLkGYxOfwqmfUWdw==/com.google.android.gms- IynQfIcoeI-eQB8Z7Mu8Aw==/lib/arm:/data/app/~~h0R6fwXLkGYxOfwqmfUWdw==/ com.google.android.gms-IynQfIcoeI-eQB8Z7Mu8Aw==/base.apk!/lib/armeabi-v7a, permitted_path=/data:/mnt/expand:/data/user/0/com.google.android.gms
01-30 15:43:35.649 24399 24490 W System : ClassLoader referenced unknown path:
01-30 15:43:35.650 24399 24490 D nativeloader: Configuring clns-9 for other apk . target_sdk_version=34, uses_libraries=, library_path=/data/app/~~h0R6fwXLkGYxOfwqmfUWdw==/com.google.android.gms- IynQfIcoeI-eQB8Z7Mu8Aw==/lib/arm:/data/app/~~h0R6fwXLkGYxOfwqmfUWdw==/ com.google.android.gms-IynQfIcoeI-eQB8Z7Mu8Aw==/base.apk!/lib/armeabi-v7a, permitted_path=/data:/mnt/expand:/data/user/0/com.google.android.gms
01-30 15:43:35.680 24399 24491 I DynamiteModule: Considering local module com.google.android.gms.ads.dynamite:0 and remote module com.google.android.gms.ads.dynamite:234310602
01-30 15:43:35.680 24399 24491 I DynamiteModule: Selected remote version of com.google.android.gms.ads.dynamite, version >= 234310602
01-30 15:43:35.680 24399 24491 V DynamiteModule: Dynamite loader version >= 2, using loadModule2NoCrashUtils
01-30 15:43:35.689 24399 24490 W osomod.freegame: ClassLoaderContext classpath size mismatch. expected=11, found=6 (DLC[];PCL[base.apk*2344813147:base.apk! classes2.dex*3100013992:base.apk!classes3.dex*2328198795:base.apk! classes4.dex*2208642464:base.apk!classes5.dex*801821350:base.apk! classes6.dex*3091014220:base.apk!classes7.dex*1764767236:base.apk! classes8.dex*847709850:base.apk!classes9.dex*643074129:base.apk! classes10.dex*927595191:base.apk!classes11.dex*3292401780]{PCL[/system/framework/ org.apache.http.legacy.jar*659110244]#PCL[/system/framework/ com.android.media.remotedisplay.jar*3743104115]#PCL[/system/framework/ com.android.location.provider.jar*3175360615]#PCL[/system/framework/ org.apache.http.legacy.jar*659110244]} | DLC[];PCL[/data/app/~~f8sOXS8I81q8ASUhiaQT9Q==/com.sosomod.freegame-iGmNZ1Sqzj_Fco- 3TdTH1A==/base.apk*923644075:/data/app/~~f8sOXS8I81q8ASUhiaQT9Q==/ com.sosomod.freegame-iGmNZ1Sqzj_Fco-3TdTH1A==/base.apk!classes2.dex*635876487:/ data/app/~~f8sOXS8I81q8ASUhiaQT9Q==/com.sosomod.freegame-iGmNZ1Sqzj_Fco-3TdTH1A==/ base.apk!classes3.dex*635876487:/data/user/0/com.sosomod.freegame/files/prodexdir/ 00O000ll111l_0.dex*3800317940:/data/user/0/com.sosomod.freegame/files/prodexdir/ 00O000ll111l_1.dex*2100398637:/data/user/0/com.sosomod.freegame/files/prodexdir/ 00O000ll111l_2.dex*2626080597]{PCL[/system/framework/ android.test.base.jar*1628045882]#PCL[/system/framework/ org.apache.http.legacy.jar*659110244]})
01-30 15:43:35.690 24399 24498 D CompatibilityChangeReporter: Compat change id reported: 160794467; UID 10431; state: DISABLED
01-30 15:43:35.708 24399 24491 W ziparchive: Unable to open '/data/user_de/0/com.google.android.gms/app_chimera/m/0000002e/dl- AdsFdrDynamite.integ_234310602100000.dm': No such file or directory
01-30 15:43:35.708 24399 24491 W ziparchive: Unable to open '/data/user_de/0/com.google.android.gms/app_chimera/m/0000002e/dl- AdsFdrDynamite.integ_234310602100000.dm': No such file or directory
01-30 15:43:35.711 24399 24505 D CompatibilityChangeReporter: Compat change id reported: 147600208; UID 10431; state: DISABLED
01-30 15:43:35.716 24399 24399 D Tinker.DefaultAppLike: onCreate
01-30 15:43:35.720 24399 24399 I MMKV : page size:4096
01-30 15:43:35.720 24399 24399 I MMKV : root dir: /data/user/0/com.sosomod.freegame/files/mmkv
01-30 15:43:35.724 24399 24399 D CompatibilityChangeReporter: Compat change id reported: 149924527; UID 10431; state: ENABLED
01-30 15:43:35.724 24399 24399 D CompatibilityChangeReporter: Compat change id reported: 132649864; UID 10431; state: DISABLED
01-30 15:43:35.737 24399 24399 W Settings: Setting android_id has moved from android.provider.Settings.System to android.provider.Settings.Secure, returning read-only value.
01-30 15:43:35.775 24399 24399 D CompatibilityChangeReporter: Compat change id reported: 210923482; UID 10431; state: DISABLED
01-30 15:43:35.775 24399 24399 D CompatibilityChangeReporter: Compat change id reported: 37756858; UID 10431; state: DISABLED
01-30 15:43:35.783 24399 24399 D CompatibilityChangeReporter: Compat change id reported: 147798919; UID 10431; state: DISABLED
01-30 15:43:35.795 24399 24507 E osomod.freegame: No package ID 7a found for ID 0x7a0b0007.
01-30 15:43:35.796 24399 24507 E osomod.freegame: No package ID 7a found for ID 0x7a0b0007.
01-30 15:43:35.798 24399 24507 I FA : App measurement initialized, version: 82083
01-30 15:43:35.798 24399 24507 I FA : To enable debug logging run: adb shell setprop log.tag.FA VERBOSE
01-30 15:43:35.798 24399 24507 I FA : To enable faster debug mode event logging run:
01-30 15:43:35.798 24399 24507 I FA : adb shell setprop debug.firebase.analytics.app com.sosomod.freegame
01-30 15:43:35.817 24399 24399 I MMKV : loading [mmkv.default] with 138 size in total, file size is 4096
01-30 15:43:35.817 24399 24399 I MMKV : loading [mmkv.default] with crc 2646158128 sequence 2
01-30 15:43:35.817 24399 24399 I MMKV : loaded [mmkv.default] with 5 values
01-30 15:43:35.843 24399 24520 D TrafficStats: tagSocket(111) with statsTag=0x4d2, statsUid=-1
01-30 15:43:35.852 24399 24520 D TrafficStats: tagSocket(113) with statsTag=0x4d2, statsUid=-1
01-30 15:43:35.862 24399 24399 D AppsFlyer_6.2.3: Initializing AppsFlyer SDK: (v6.2.3.96)
01-30 15:43:35.862 24399 24399 I AppsFlyer_6.2.3: Starting AppsFlyer: (v6.2.3.96)
01-30 15:43:35.862 24399 24399 I AppsFlyer_6.2.3: Build Number: 96
01-30 15:43:35.862 24399 24399 D AppsFlyer_6.2.3: Loading properties..
01-30 15:43:35.862 24399 24399 D AppsFlyer_6.2.3: Done loading properties: true
01-30 15:43:35.869 24399 24399 W Glide : Failed to find GeneratedAppGlideModule. You should include an annotationProcessor compile dependency on com.github.bumptech.glide:compiler in your application and a @GlideModule annotated AppGlideModule implementation or LibraryGlideModules will be silently ignored --------- beginning of system
01-30 15:43:35.914 24399 24399 W Looper : PerfMonitor longMsg : seq=2 plan=15:43:34.728 late=13ms wall=1173ms h=android.app.ActivityThread$H w=110 procState=-1
01-30 15:43:35.917 24399 24399 D MiuiMultiWindowAdapter: MiuiMultiWindowAdapter::getFreeformVideoWhiteListInSystem::LIST_ABOUT_SUPPORT_LANDS CAPE_VIDEO = [com.hunantv.imgo.activity, com.tencent.qqlive, com.qiyi.video, com.hunantv.imgo.activity.inter, com.tencent.qqlivei18n, com.iqiyi.i18n, tv.danmaku.bili]
01-30 15:43:35.970 24399 24399 D IS_CTS_MODE: false
01-30 15:43:35.970 24399 24399 D MULTI_WINDOW_ENABLED: false
01-30 15:43:35.972 24399 24399 D DecorView[]: getWindowModeFromSystem windowmode is 1
01-30 15:43:35.989 24399 24399 W libc : Access denied finding property "ro.vendor.df.effect.conflict"
01-30 15:43:36.052 24399 24541 W ziparchive: Unable to open '/system/framework/QXPerformance.dm': No such file or directory
01-30 15:43:36.052 24399 24541 W ziparchive: Unable to open '/system/framework/QXPerformance.dm': No such file or directory
01-30 15:43:36.095 24399 24507 I FA : Tag Manager is not found and thus will not be used
01-30 15:43:36.097 24399 24399 E topActivity: com.bz.sosomod.main.SplashActivity
01-30 15:43:36.097 24399 24539 I AppsFlyer_6.2.3: onBecameForeground
01-30 15:43:36.107 24399 24539 D AppsFlyer_6.2.3: No deep link detected
01-30 15:43:36.108 24399 24539 I AppsFlyer_6.2.3: Sending first launch for this session!
01-30 15:43:36.110 24399 24545 I AppsFlyer_6.2.3: sendWithEvent from activity: com.bz.sosomod.VApp
01-30 15:43:36.112 24399 24545 I AppsFlyer_6.2.3: Trying to fetch GAID..
01-30 15:43:36.114 24399 24399 D DecorView[]: getWindowModeFromSystem windowmode is 1
01-30 15:43:36.114 24399 24399 D DecorView[]: updateDecorCaptionStatus windowMode is 1
01-30 15:43:36.124 24399 24399 W Looper : PerfMonitor looperActivity : package=com.sosomod.freegame/com.bz.sosomod.main.SplashActivity time=210ms latency=1179ms procState=-1 historyMsgCount=2 (msgIndex=2 wall=1173ms seq=2 late=13ms h=android.app.ActivityThread$H w=110)
01-30 15:43:36.124 24399 24399 W Looper : PerfMonitor looperActivity : package=com.sosomod.freegame/com.bz.sosomod.main.SplashActivity time=0ms latency=1390ms procState=-1 historyMsgCount=3 (msgIndex=2 wall=1173ms seq=2 late=13ms h=android.app.ActivityThread$H w=110) (msgIndex=3 wall=210ms seq=3 late=1179ms h=android.app.ActivityThread$H w=159)
01-30 15:43:36.127 24399 24399 D Tinker.DefaultAppLike: onTrimMemory level:5
01-30 15:43:36.146 24399 24399 D FramePredict: FramePredict init: false
01-30 15:43:36.173 24399 24533 I AdrenoGLES-0: QUALCOMM build : 3e33337ce3, I07ee46fc66
01-30 15:43:36.173 24399 24533 I AdrenoGLES-0: Build Date : 10/08/21
01-30 15:43:36.173 24399 24533 I AdrenoGLES-0: OpenGL ES Shader Compiler Version: EV031.35.01.10
01-30 15:43:36.173 24399 24533 I AdrenoGLES-0: Local Branch :
01-30 15:43:36.173 24399 24533 I AdrenoGLES-0: Remote Branch :
01-30 15:43:36.173 24399 24533 I AdrenoGLES-0: Remote Branch :
01-30 15:43:36.173 24399 24533 I AdrenoGLES-0: Reconstruct Branch :
01-30 15:43:36.174 24399 24533 I AdrenoGLES-0: Build Config : S P 10.0.7 AArch32
01-30 15:43:36.174 24399 24533 I AdrenoGLES-0: Driver Path : /vendor/lib/egl/libGLESv2_adreno.so
01-30 15:43:36.175 24399 24399 D VRI[SplashActivity]: vri.reportNextDraw android.view.ViewRootImpl.performTraversals:3878 android.view.ViewRootImpl.doTraversal:2610 android.view.ViewRootImpl$TraversalRunnable.run:9619 android.view.Choreographer$CallbackRecord.run:1491 android.view.Choreographer$CallbackRecord.run:1499
01-30 15:43:36.175 24399 24399 D VRI[SplashActivity]: vri.Setup new sync id=0 syncSeqId=0
01-30 15:43:36.178 24399 24520 D TrafficStats: tagSocket(125) with statsTag=0x4d2, statsUid=-1
01-30 15:43:36.180 24399 24533 I AdrenoGLES-0: PFP: 0x016ee201, ME: 0x00000000
01-30 15:43:36.185 24399 24520 D TrafficStats: tagSocket(128) with statsTag=0x4d2, statsUid=-1
01-30 15:43:36.193 24399 24520 D TrafficStats: tagSocket(125) with statsTag=0x4d2, statsUid=-1
01-30 15:43:36.196 24399 24520 D TrafficStats: tagSocket(125) with statsTag=0x4d2, statsUid=-1
01-30 15:43:36.199 24399 24520 D TrafficStats: tagSocket(125) with statsTag=0x4d2, statsUid=-1
01-30 15:43:36.202 24399 24533 E linker : library "/system_ext/lib64/libmigl.so" ("/system_ext/lib64/libmigl.so") needed or dlopened by "/system/lib/libEGL.so" is not accessible for the namespace: [name="(default)", ld_library_paths="", default_library_paths="/system/lib:/system_ext/lib", permitted_paths="/system/lib/drm:/system/lib/extractors:/system/lib/hw:/ system_ext/lib:/system/framework:/system/app:/system/priv-app:/system_ext/ framework:/system_ext/app:/system_ext/priv-app:/vendor/framework:/vendor/app:/ vendor/priv-app:/system/vendor/framework:/system/vendor/app:/system/vendor/priv- app:/odm/framework:/odm/app:/odm/priv-app:/oem/app:/product/framework:/product/ app:/product/priv-app:/data:/mnt/expand:/apex/com.android.runtime/lib/bionic:/ system/lib/bootstrap"]
01-30 15:43:36.202 24399 24533 E libEGL : open /system_ext/lib64/libmigl.so failed! dlopen - dlopen failed: library "/system_ext/lib64/libmigl.so" needed or dlopened by "/system/lib/libEGL.so" is not accessible for the namespace "(default)"
01-30 15:43:36.204 24399 24533 E libEGL : pre_cache appList: com.sina.weibo,com.ss.android.article.news,com.taobao.taobao,com.smile.gifmaker,com .ss.android.ugc.aweme,com.tencent.mm,tv.danmaku.bili,,
01-30 15:43:36.215 24399 24533 D osomod.freegame: MiuiProcessManagerServiceStub setSchedFifo
01-30 15:43:36.215 24399 24533 I MiuiProcessManagerImpl: setSchedFifo pid:24399, mode:3
01-30 15:43:36.222 24399 24533 E LB : fail to open node: No such file or directory
01-30 15:43:36.225 24399 24533 E perf_hint: Session creation failed, mPreferredRateNanos: -1
01-30 15:43:36.226 24399 24399 D VRI[SplashActivity]: vri.reportDrawFinished syncSeqId=0 android.view.ViewRootImpl.lambda$createSyncIfNeeded$4$android-view- ViewRootImpl:3946 android.view.ViewRootImpl$$ExternalSyntheticLambda1.run:6 android.os.Handler.handleCallback:942 android.os.Handler.dispatchMessage:99 android.os.Looper.loopOnce:211
01-30 15:43:36.237 24399 24399 W Tinker.UpgradePatchRetry: onPatchRetryLoad retry info not exist, just return
01-30 15:43:36.241 24399 24399 D DecorView[]: onWindowFocusChanged hasWindowFocus true
01-30 15:43:36.243 24399 24399 I HandWritingStubImpl: refreshLastKeyboardType: 1
01-30 15:43:36.247 24399 24399 I HandWritingStubImpl: getCurrentKeyboardType: 1
01-30 15:43:36.281 24399 24399 I HandWritingStubImpl: getCurrentKeyboardType: 1
01-30 15:43:36.313 24399 24545 I AppsFlyer_6.2.3: ******* sendTrackingWithEvent: Launch
01-30 15:43:36.336 24399 24587 E ActivityThread: Failed to find provider info for com.facebook.katana.provider.AttributionIdProvider
01-30 15:43:36.350 24399 24545 I AppsFlyer_6.2.3: IMEI was not collected.
01-30 15:43:36.351 24399 24545 I AppsFlyerOaid6.2.4: Fetch 0 ms
01-30 15:43:36.363 24399 24399 D MiuiMultiWindowAdapter: MiuiMultiWindowAdapter::getFreeformVideoWhiteListInSystem::LIST_ABOUT_SUPPORT_LANDS CAPE_VIDEO = [com.hunantv.imgo.activity, com.tencent.qqlive, com.qiyi.video, com.hunantv.imgo.activity.inter, com.tencent.qqlivei18n, com.iqiyi.i18n, tv.danmaku.bili]
01-30 15:43:36.366 24399 24545 I AppsFlyer_6.2.3: AppsFlyer: first launch date: 2024-01-30_124310+0000
01-30 15:43:36.369 24399 24545 D AppsFlyer_6.2.3: didConfigureTokenRefreshService=false
01-30 15:43:36.376 24399 24399 D IS_CTS_MODE: false
01-30 15:43:36.376 24399 24399 D MULTI_WINDOW_ENABLED: false
01-30 15:43:36.377 24399 24399 D DecorView[]: getWindowModeFromSystem windowmode is 1
01-30 15:43:36.378 24399 24545 I AppsFlyer_6.2.3: AppsFlyerLib.sendWithEvent
01-30 15:43:36.442 24399 24399 E osomod.freegame: No package ID ff found for ID 0xffffffff.
01-30 15:43:36.442 24399 24399 W System.err: android.content.res.Resources$NotFoundException: Resource ID #0xffffffff
01-30 15:43:36.443 24399 24399 W System.err: at android.content.res.ResourcesImpl.getValueForDensity(ResourcesImpl.java:274)
01-30 15:43:36.443 24399 24399 W System.err: at android.content.res.Resources.getDrawableForDensity(Resources.java:1037)
01-30 15:43:36.443 24399 24399 W System.err: at android.content.res.Resources.getDrawable(Resources.java:977)
01-30 15:43:36.443 24399 24399 W System.err: at android.content.Context.getDrawable(Context.java:823)
01-30 15:43:36.443 24399 24399 W System.err: at android.view.View.setBackgroundResource(View.java:24786)
01-30 15:43:36.443 24399 24399 W System.err: at com.bz.sosomod.widget.HomeTitleBarView.e(HomeTitleBarView.java:18)
01-30 15:43:36.443 24399 24399 W System.err: at com.bz.sosomod.widget.HomeTitleBarView.<init>(HomeTitleBarView.java:5)
01-30 15:43:36.443 24399 24399 W System.err: at com.bz.sosomod.widget.HomeTitleBarView.<init>(HomeTitleBarView.java:2)
01-30 15:43:36.443 24399 24399 W System.err: at java.lang.reflect.Constructor.newInstance0(Native Method)
01-30 15:43:36.443 24399 24399 W System.err: at java.lang.reflect.Constructor.newInstance(Constructor.java:343)
01-30 15:43:36.443 24399 24399 W System.err: at android.view.LayoutInflater.createView(LayoutInflater.java:883)
01-30 15:43:36.443 24399 24399 W System.err: at android.view.LayoutInflater.createViewFromTag(LayoutInflater.java:1035)
01-30 15:43:36.443 24399 24399 W System.err: at android.view.LayoutInflater.createViewFromTag(LayoutInflater.java:990)
01-30 15:43:36.443 24399 24399 W System.err: at android.view.LayoutInflater.rInflate(LayoutInflater.java:1152)
01-30 15:43:36.443 24399 24399 W System.err: at android.view.LayoutInflater.rInflateChildren(LayoutInflater.java:1113)
01-30 15:43:36.443 24399 24399 W System.err: at android.view.LayoutInflater.inflate(LayoutInflater.java:711)
01-30 15:43:36.443 24399 24399 W System.err: at android.view.LayoutInflater.inflate(LayoutInflater.java:548)
01-30 15:43:36.443 24399 24399 W System.err: at android.view.LayoutInflater.inflate(LayoutInflater.java:486)
01-30 15:43:36.443 24399 24399 W System.err: at androidx.appcompat.app.AppCompatDelegateImpl.setContentView(AppCompatDelegateImpl.j ava:9)
01-30 15:43:36.443 24399 24399 W System.err: at androidx.appcompat.app.AppCompatActivity.setContentView(AppCompatActivity.java:1)
01-30 15:43:36.443 24399 24399 W System.err: at com.bz.sosomod.main.MainActivity.onCreate(MainActivity.kt:2)
01-30 15:43:36.443 24399 24399 W System.err: at android.app.Activity.performCreate(Activity.java:8540)
01-30 15:43:36.443 24399 24399 W System.err: at android.app.Activity.performCreate(Activity.java:8504)
01-30 15:43:36.443 24399 24399 W System.err: at android.app.Instrumentation.callActivityOnCreate(Instrumentation.java:1440)
01-30 15:43:36.443 24399 24399 W System.err: at android.app.ActivityThread.performLaunchActivity(ActivityThread.java:3890)
01-30 15:43:36.443 24399 24399 W System.err: at android.app.ActivityThread.handleLaunchActivity(ActivityThread.java:4062)
01-30 15:43:36.443 24399 24399 W System.err: at android.app.servertransaction.LaunchActivityItem.execute(LaunchActivityItem.java:10 1)
01-30 15:43:36.443 24399 24399 W System.err: at android.app.servertransaction.TransactionExecutor.executeCallbacks(TransactionExecu tor.java:135)
01-30 15:43:36.443 24399 24399 W System.err: at android.app.servertransaction.TransactionExecutor.execute(TransactionExecutor.java: 95)
01-30 15:43:36.443 24399 24399 W System.err: at android.app.ActivityThread$H.handleMessage(ActivityThread.java:2415)
01-30 15:43:36.443 24399 24399 W System.err: at android.os.Handler.dispatchMessage(Handler.java:106)
01-30 15:43:36.443 24399 24399 W System.err: at android.os.Looper.loopOnce(Looper.java:211)
01-30 15:43:36.443 24399 24399 W System.err: at android.os.Looper.loop(Looper.java:300)
01-30 15:43:36.443 24399 24399 W System.err: at android.app.ActivityThread.main(ActivityThread.java:8410)
01-30 15:43:36.443 24399 24399 W System.err: at java.lang.reflect.Method.invoke(Native Method)
01-30 15:43:36.443 24399 24399 W System.err: at com.android.internal.os.RuntimeInit$MethodAndArgsCaller.run(RuntimeInit.java:559)
01-30 15:43:36.443 24399 24399 W System.err: at com.android.internal.os.ZygoteInit.main(ZygoteInit.java:954)
01-30 15:43:36.488 24399 24399 W System.err: android.content.pm.PackageManager$NameNotFoundException: Application package com.sosomod.space not found
01-30 15:43:36.488 24399 24399 W System.err: at android.app.ContextImpl.createPackageContextAsUser(ContextImpl.java:2597)
01-30 15:43:36.488 24399 24399 W System.err: at android.app.ContextImpl.createPackageContext(ContextImpl.java:2562)
01-30 15:43:36.488 24399 24399 W System.err: at android.content.ContextWrapper.createPackageContext(ContextWrapper.java:1058)
01-30 15:43:36.488 24399 24399 W System.err: at android.content.ContextWrapper.createPackageContext(ContextWrapper.java:1058)
01-30 15:43:36.488 24399 24399 W System.err: at com.bz.sosomod.main.MainActivity.s0(MainActivity.kt:16)
01-30 15:43:36.488 24399 24399 W System.err: at com.bz.sosomod.main.MainActivity.onCreate(MainActivity.kt:3)
01-30 15:43:36.488 24399 24399 W System.err: at android.app.Activity.performCreate(Activity.java:8540)
01-30 15:43:36.488 24399 24399 W System.err: at android.app.Activity.performCreate(Activity.java:8504)
01-30 15:43:36.488 24399 24399 W System.err: at android.app.Instrumentation.callActivityOnCreate(Instrumentation.java:1440)
01-30 15:43:36.488 24399 24399 W System.err: at android.app.ActivityThread.performLaunchActivity(ActivityThread.java:3890)
01-30 15:43:36.488 24399 24399 W System.err: at android.app.ActivityThread.handleLaunchActivity(ActivityThread.java:4062)
01-30 15:43:36.488 24399 24399 W System.err: at android.app.servertransaction.LaunchActivityItem.execute(LaunchActivityItem.java:10 1)
01-30 15:43:36.488 24399 24399 W System.err: at android.app.servertransaction.TransactionExecutor.executeCallbacks(TransactionExecu tor.java:135)
01-30 15:43:36.488 24399 24399 W System.err: at android.app.servertransaction.TransactionExecutor.execute(TransactionExecutor.java: 95)
01-30 15:43:36.488 24399 24399 W System.err: at android.app.ActivityThread$H.handleMessage(ActivityThread.java:2415)
01-30 15:43:36.488 24399 24399 W System.err: at android.os.Handler.dispatchMessage(Handler.java:106)
01-30 15:43:36.488 24399 24399 W System.err: at android.os.Looper.loopOnce(Looper.java:211)
01-30 15:43:36.488 24399 24399 W System.err: at android.os.Looper.loop(Looper.java:300)
01-30 15:43:36.488 24399 24399 W System.err: at android.app.ActivityThread.main(ActivityThread.java:8410)
01-30 15:43:36.488 24399 24399 W System.err: at java.lang.reflect.Method.invoke(Native Method)
01-30 15:43:36.488 24399 24399 W System.err: at com.android.internal.os.RuntimeInit$MethodAndArgsCaller.run(RuntimeInit.java:559)
01-30 15:43:36.488 24399 24399 W System.err: at com.android.internal.os.ZygoteInit.main(ZygoteInit.java:954)
01-30 15:43:36.512 24399 24399 D AppLovinSdk: [AppLovinSdk]
01-30 15:43:36.512 24399 24399 D AppLovinSdk: ========================================
01-30 15:43:36.512 24399 24399 D AppLovinSdk: SDK Session Begin
01-30 15:43:36.512 24399 24399 D AppLovinSdk: ========================================
01-30 15:43:36.571 24399 24399 I MMKV : loading [InterProcessKV] with 21 size in total, file size is 4096
01-30 15:43:36.571 24399 24399 I MMKV : loading [InterProcessKV] with crc 174252831 sequence 2
01-30 15:43:36.571 24399 24399 I MMKV : loaded [InterProcessKV] with 1 values
01-30 15:43:36.574 24399 24399 E tinker : 开始请求补丁信息
01-30 15:43:36.578 24399 24399 E topActivity: com.bz.sosomod.main.MainActivity
01-30 15:43:36.580 24399 24399 E lanllll : 2222
01-30 15:43:36.584 24399 24399 D DecorView[]: getWindowModeFromSystem windowmode is 1
01-30 15:43:36.584 24399 24399 D DecorView[]: updateDecorCaptionStatus windowMode is 1
01-30 15:43:36.616 24399 24399 D CompatibilityChangeReporter: Compat change id reported: 171228096; UID 10431; state: ENABLED
01-30 15:43:36.820 24399 24399 W RecyclerView: No adapter attached; skipping layout
01-30 15:43:36.821 24399 24399 D VRI[MainActivity]: vri.reportNextDraw android.view.ViewRootImpl.performTraversals:3878 android.view.ViewRootImpl.doTraversal:2610 android.view.ViewRootImpl$TraversalRunnable.run:9619 android.view.Choreographer$CallbackRecord.run:1491 android.view.Choreographer$CallbackRecord.run:1499
01-30 15:43:36.822 24399 24399 D VRI[MainActivity]: vri.Setup new sync id=0 syncSeqId=0
01-30 15:43:36.842 24399 24533 E perf_hint: Session creation failed, mPreferredRateNanos: -1
01-30 15:43:36.845 24399 24399 D VRI[MainActivity]: vri.reportDrawFinished syncSeqId=0 android.view.ViewRootImpl.lambda$createSyncIfNeeded$4$android-view- ViewRootImpl:3946 android.view.ViewRootImpl$$ExternalSyntheticLambda1.run:6 android.os.Handler.handleCallback:942 android.os.Handler.dispatchMessage:99 android.os.Looper.loopOnce:211
01-30 15:43:36.845 24399 24399 D DecorView[]: onWindowFocusChanged hasWindowFocus false
01-30 15:43:36.860 24399 24545 I AppsFlyer_6.2.3: url: https://launches.appsflyer.com/api/v6.2/androidevent? app_id=com.sosomod.freegame&buildnumber=6.2.3
01-30 15:43:36.861 24399 24545 I AppsFlyer_6.2.3: data: {"country":"US","af_timestamp":"1706618616243","appsflyerKey":"6******************* *o","isFirstCall":"true","registeredUninstall":false,"af_installstore":"ts","operat or":"ASIACELL","isGaidWithGps":"true","app_version_code":"136","model":"2201116PG", "brand":"POCO","deviceType":"user","deviceData":{"sensors": [{"sT":4,"sV":"STMicro","sN":"lsm6dso Gyroscope Non-wakeup"},{"sT":1,"sVS": [0.13938192,3.9852462,8.877372],"sV":"STMicro","sVE": [0.28295127,3.9134614,8.733803],"sN":"lsm6dso Accelerometer Non-wakeup"}, {"sT":2,"sVS":[11.83125,5.7562504,-35.456253],"sV":"akm","sVE": [11.83125,5.7562504,-35.456253],"sN":"ak0991x Magnetometer Non- wakeup"}],"cpu_abi":"arm64-v8a","build_display_id":"TKQ1.221114.001 test- keys","btch":"no","dim": {"size":"2","ydp":"394.307","xdp":"394.705","y_px":"2264","x_px":"1080","d_dpi":"46 1"},"arch":"","btl":"62.0","cpu_abi2":""},"af_currentstore":"ts","exception_number" :3,"disk":"51518\/226129","meta": {},"sdk":"33","app_version_name":"1.3.6","device":"veux","cksm_v1":"e3ddea333d1eb4b f7fd1a72597198f7390","af_events_api":"1","prev_session_dur":1,"cell": {"mnc":5,"mcc":418},"network":"MOBILE","timepassedsincelastlaunch":"25","open_refer rer":"android-app:\/\/ com.mi.android.globallauncher","af_v2":"c48f53dbd13ac692572562dc9393d9e5483f4c4a"," sig":"70B5A6730321EF82F88F834DAE3BAC89A24AC45704B5F58B73EC011B4AF6B825","uid":"1706 618590843-7915194089029417929","lang_code":"en","installDate":"2024-01- 30_124257+0000","firstLaunchDate":"2024-01- 30_124310+0000","ivc":false,"lang":"English","last_boot_time":1706505188551,"kef504 8":"a70a477352158af948181e1e0c531a0d59181b0d5a1e1b","product":"veux_p_global","inst aller_package":"com.uptodown","date2":"2024-01- 30_154257+0300","counter":"2","date1":"2024-01- 30_154257+0300","advertiserId":"552afca4-c90c-4c83-99f4- 6848c3bdae0d","advertiserIdEnabled":"true","af_v":"280f994f39e20b72eddc0cb133743667 0d3059bf","carrier":"Asiacell","af_preinstalled":"false","iaecounter":"0","sc_o":"p ","tokenRefreshConfigured":false,"android_id":"b0ebddca94c939a9","platformextension ":"android_native"}
01-30 15:43:36.899 24399 24399 D DecorView[]: onWindowFocusChanged hasWindowFocus true
01-30 15:43:36.900 24399 24399 I HandWritingStubImpl: refreshLastKeyboardType: 1
01-30 15:43:36.900 24399 24399 I HandWritingStubImpl: getCurrentKeyboardType: 1
01-30 15:43:37.021 24399 24609 W IconCustomizer: getCustomizedIconW 175
01-30 15:43:37.055 24399 24609 D IconCustomizer: Content Ratio = 1.1666666
01-30 15:43:37.056 24399 24609 D IconCustomizer: Generate customized icon for com.MISHIKinc.CaucasusParking.png
01-30 15:43:37.066 24399 24609 W Bitmap : Called getDensity() on a recycle()'d bitmap! This is undefined behavior!
01-30 15:43:37.086 24399 24609 D IconCustomizer: Content Ratio = 1.1666666
01-30 15:43:37.087 24399 24609 D IconCustomizer: Generate customized icon for com.risingcabbage.hd.camera.png
01-30 15:43:37.088 24399 24609 W Bitmap : Called getDensity() on a recycle()'d bitmap! This is undefined behavior!
01-30 15:43:37.097 24399 24545 D TrafficStats: tagSocket(157) with statsTag=0x4e864ee, statsUid=-1
01-30 15:43:37.101 24399 24545 D AppsFlyer_6.2.3: Exception in sendRequestToServer.
01-30 15:43:37.104 24399 24545 I AppsFlyer_6.2.3: failed to send request to server. Failed to connect to launches.appsflyer.com/0.0.0.0:443
01-30 15:43:37.105 24399 24545 D AppsFlyer_6.2.3: Exception while sending request to server.
01-30 15:43:37.105 24399 24545 I AppsFlyer_6.2.3: caching request...
01-30 15:43:37.106 24399 24545 D AppsFlyer_6.2.3: Failed to connect to launches.appsflyer.com/0.0.0.0:443
01-30 15:43:37.106 24399 24545 D AppsFlyer: Launch failed to be sent:
01-30 15:43:37.106 24399 24545 D AppsFlyer: Error code: 40
01-30 15:43:37.106 24399 24545 D AppsFlyer: Error description: Failed to connect to launches.appsflyer.com/0.0.0.0:443
01-30 15:43:37.107 24399 24609 D IconCustomizer: Content Ratio = 1.1666666
01-30 15:43:37.107 24399 24545 D AppsFlyer_6.2.3: [GCD-A02] Calling onConversionFailure with:
01-30 15:43:37.107 24399 24545 D AppsFlyer_6.2.3: Failed to connect to launches.appsflyer.com/0.0.0.0:443
01-30 15:43:37.107 24399 24545 D AppsFlyer: error getting conversion data: Failed to connect to launches.appsflyer.com/0.0.0.0:443
01-30 15:43:37.108 24399 24609 D IconCustomizer: Generate customized icon for com.factory.mmigroup.png
01-30 15:43:37.108 24399 24609 W Bitmap : Called getDensity() on a recycle()'d bitmap! This is undefined behavior!
01-30 15:43:37.161 24399 24609 D IconCustomizer: Content Ratio = -1.0
01-30 15:43:37.165 24399 24609 D IconCustomizer: Generate customized icon for com.google.android.apps.subscriptions.red.png
01-30 15:43:37.166 24399 24609 W Bitmap : Called getDensity() on a recycle()'d bitmap! This is undefined behavior!
01-30 15:43:37.193 24399 24609 D IconCustomizer: Content Ratio = 0.9117647
01-30 15:43:37.194 24399 24609 D IconCustomizer: Generate customized icon for com.domathsoft.carenginesuspension.png
01-30 15:43:37.195 24399 24609 W Bitmap : Called getDensity() on a recycle()'d bitmap! This is undefined behavior!
01-30 15:43:37.230 24399 24609 D IconCustomizer: Content Ratio = 1.1666666
01-30 15:43:37.231 24399 24609 D IconCustomizer: Generate customized icon for com.sir.racing.speedlegendscardrivingsimulator.png
01-30 15:43:37.232 24399 24609 W Bitmap : Called getDensity() on a recycle()'d bitmap! This is undefined behavior!
01-30 15:43:37.249 24399 24609 D IconCustomizer: Content Ratio = 1.1666666
01-30 15:43:37.250 24399 24609 D IconCustomizer: Generate customized icon for com.earhlink.mynet.png
01-30 15:43:37.251 24399 24609 W Bitmap : Called getDensity() on a recycle()'d bitmap! This is undefined behavior!
01-30 15:43:37.349 24399 24609 D IconCustomizer: Content Ratio = 0.9612403
01-30 15:43:37.350 24399 24609 D IconCustomizer: Generate customized icon for com.agoda.mobile.consumer.png
01-30 15:43:37.351 24399 24609 W Bitmap : Called getDensity() on a recycle()'d bitmap! This is undefined behavior!
01-30 15:43:37.387 24399 24609 D IconCustomizer: Content Ratio = -1.0
01-30 15:43:37.390 24399 24609 D IconCustomizer: Generate customized icon for org.telegram.mdgram.png
01-30 15:43:37.390 24399 24609 W Bitmap : Called getDensity() on a recycle()'d bitmap! This is undefined behavior!
01-30 15:43:37.430 24399 24609 D IconCustomizer: Content Ratio = -1.0
01-30 15:43:37.432 24399 24609 D IconCustomizer: Generate customized icon for com.truecaller.png
01-30 15:43:37.433 24399 24609 W Bitmap : Called getDensity() on a recycle()'d bitmap! This is undefined behavior!
01-30 15:43:37.496 24399 24609 D IconCustomizer: Content Ratio = 1.0592105
01-30 15:43:37.497 24399 24609 D IconCustomizer: Generate customized icon for com.transsion.phonemaster.png
01-30 15:43:37.498 24399 24609 W Bitmap : Called getDensity() on a recycle()'d bitmap! This is undefined behavior!
01-30 15:43:37.531 24399 24609 D IconCustomizer: Content Ratio = -1.0
01-30 15:43:37.534 24399 24609 D IconCustomizer: Generate customized icon for net.alkafeel.mcb.png
01-30 15:43:37.534 24399 24609 W Bitmap : Called getDensity() on a recycle()'d bitmap! This is undefined behavior!
01-30 15:43:37.560 24399 24609 D IconCustomizer: Content Ratio = -1.0
01-30 15:43:37.562 24399 24609 D IconCustomizer: Generate customized icon for twelve.weather.mibrahim.png
01-30 15:43:37.563 24399 24609 W Bitmap : Called getDensity() on a recycle()'d bitmap! This is undefined behavior!
01-30 15:43:37.603 24399 24609 D IconCustomizer: Content Ratio = 1.1666666
01-30 15:43:37.603 24399 24609 D IconCustomizer: Generate customized icon for tq.tech.Fps.png
01-30 15:43:37.604 24399 24609 W Bitmap : Called getDensity() on a recycle()'d bitmap! This is undefined behavior!
01-30 15:43:37.654 24399 24609 D IconCustomizer: Content Ratio = -1.0
01-30 15:43:37.657 24399 24609 D IconCustomizer: Generate customized icon for armworkout.armworkoutformen.armexercises.png
01-30 15:43:37.658 24399 24609 W Bitmap : Called getDensity() on a recycle()'d bitmap! This is undefined behavior!
01-30 15:43:37.681 24399 24609 D IconCustomizer: Content Ratio = 0.875
01-30 15:43:37.682 24399 24609 D IconCustomizer: Generate customized icon for stickermaker.stickercreater.whatsappstickers.stickermakerforwhatsapp.png
01-30 15:43:37.682 24399 24609 W Bitmap : Called getDensity() on a recycle()'d bitmap! This is undefined behavior!
01-30 15:43:37.754 24399 24609 D IconCustomizer: Content Ratio = -1.0
01-30 15:43:37.756 24399 24609 D IconCustomizer: Generate customized icon for us.current.android.png
01-30 15:43:37.757 24399 24609 W Bitmap : Called getDensity() on a recycle()'d bitmap! This is undefined behavior!
01-30 15:43:37.768 24399 24609 D IconCustomizer: Content Ratio = 1.1666666
01-30 15:43:37.769 24399 24609 D IconCustomizer: Generate customized icon for com.joyark.cloudgames.community.png
01-30 15:43:37.769 24399 24609 W Bitmap : Called getDensity() on a recycle()'d bitmap! This is undefined behavior!
01-30 15:43:37.797 24399 24609 D IconCustomizer: Content Ratio = 1.5480769
01-30 15:43:37.798 24399 24609 D IconCustomizer: Generate customized icon for com.malazimalmurshid.almurshidsmart.png
01-30 15:43:37.799 24399 24609 W Bitmap : Called getDensity() on a recycle()'d bitmap! This is undefined behavior!
01-30 15:43:37.810 24399 24609 D IconCustomizer: Content Ratio = -1.0
01-30 15:43:37.812 24399 24609 D IconCustomizer: Generate customized icon for miui.systemui.plugin.png
01-30 15:43:37.812 24399 24609 W Bitmap : Called getDensity() on a recycle()'d bitmap! This is undefined behavior!
01-30 15:43:37.826 24399 24609 D IconCustomizer: Content Ratio = 1.0163934
01-30 15:43:37.827 24399 24609 D IconCustomizer: Generate customized icon for com.g19mobile.gamebooster.png
01-30 15:43:37.828 24399 24609 W Bitmap : Called getDensity() on a recycle()'d bitmap! This is undefined behavior!
01-30 15:43:37.870 24399 24609 D IconCustomizer: Content Ratio = -1.0
01-30 15:43:37.873 24399 24609 D IconCustomizer: Generate customized icon for sixpack.sixpackabs.absworkout.png
01-30 15:43:37.874 24399 24609 W Bitmap : Called getDensity() on a recycle()'d bitmap! This is undefined behavior!
01-30 15:43:37.896 24399 24609 D IconCustomizer: Content Ratio = -1.0
01-30 15:43:37.898 24399 24609 D IconCustomizer: Generate customized icon for com.vyroai.aiart.png
01-30 15:43:37.899 24399 24609 W Bitmap : Called getDensity() on a recycle()'d bitmap! This is undefined behavior!
01-30 15:43:37.909 24399 24609 D IconCustomizer: Content Ratio = -1.0
01-30 15:43:37.911 24399 24609 D IconCustomizer: Generate customized icon for com.uptodown.png
01-30 15:43:37.913 24399 24609 W Bitmap : Called getDensity() on a recycle()'d bitmap! This is undefined behavior!
01-30 15:43:37.922 24399 24609 D IconCustomizer: Content Ratio = 1.0
01-30 15:43:37.923 24399 24609 D IconCustomizer: Generate customized icon for com.wt.secret_code_manager.png
01-30 15:43:37.924 24399 24609 W Bitmap : Called getDensity() on a recycle()'d bitmap! This is undefined behavior!
01-30 15:43:37.952 24399 24415 W osomod.freegame: Cleared Reference was only reachable from finalizer (only reported once)
01-30 15:43:37.960 24399 24415 I osomod.freegame: NativeAlloc concurrent copying GC freed 312369(15MB) AllocSpace objects, 198(23MB) LOS objects, 50% free, 17MB/35MB, paused 79us,38us total 110.171ms
01-30 15:43:37.966 24399 24609 D IconCustomizer: Content Ratio = -1.0
01-30 15:43:37.969 24399 24609 D IconCustomizer: Generate customized icon for com.paurau.SlowMoRun.png
01-30 15:43:37.970 24399 24609 W Bitmap : Called getDensity() on a recycle()'d bitmap! This is undefined behavior!
01-30 15:43:37.992 24399 24609 D IconCustomizer: Content Ratio = -1.0
01-30 15:43:37.995 24399 24609 D IconCustomizer: Generate customized icon for com.roblox.client.png
01-30 15:43:37.996 24399 24609 W Bitmap : Called getDensity() on a recycle()'d bitmap! This is undefined behavior!
01-30 15:43:38.022 24399 24609 D IconCustomizer: Content Ratio = -1.0
01-30 15:43:38.025 24399 24609 D IconCustomizer: Generate customized icon for com.DominikKotlarUSALC.png
01-30 15:43:38.025 24399 24609 W Bitmap : Called getDensity() on a recycle()'d bitmap! This is undefined behavior!
01-30 15:43:38.061 24399 24609 D IconCustomizer: Content Ratio = -1.0
01-30 15:43:38.063 24399 24609 D IconCustomizer: Generate customized icon for com.google.android.apps.podcasts.png
01-30 15:43:38.064 24399 24609 W Bitmap : Called getDensity() on a recycle()'d bitmap! This is undefined behavior!
01-30 15:43:38.078 24399 24609 D IconCustomizer: Content Ratio = -1.0
01-30 15:43:38.081 24399 24609 D IconCustomizer: Generate customized icon for com.marsvard.stickermakerforwhatsapp.png
01-30 15:43:38.082 24399 24609 W Bitmap : Called getDensity() on a recycle()'d bitmap! This is undefined behavior!
01-30 15:43:38.089 24399 24657 D TrafficStats: tagSocket(146) with statsTag=0xffffffff, statsUid=-1
01-30 15:43:38.097 24399 24609 D IconCustomizer: Content Ratio = 1.1666666
01-30 15:43:38.097 24399 24609 D IconCustomizer: Generate customized icon for com.okamiinteractive.Rsport.png
01-30 15:43:38.098 24399 24609 W Bitmap : Called getDensity() on a recycle()'d bitmap! This is undefined behavior!
01-30 15:43:38.113 24399 24609 D IconCustomizer: Content Ratio = 1.1666666
01-30 15:43:38.114 24399 24609 D IconCustomizer: Generate customized icon for com.unisoft.miui14updater.png
01-30 15:43:38.115 24399 24609 W Bitmap : Called getDensity() on a recycle()'d bitmap! This is undefined behavior!
01-30 15:43:38.135 24399 24609 D IconCustomizer: Content Ratio = 1.1666666
01-30 15:43:38.136 24399 24609 D IconCustomizer: Generate customized icon for com.factory.cit.png
01-30 15:43:38.137 24399 24609 W Bitmap : Called getDensity() on a recycle()'d bitmap! This is undefined behavior!
01-30 15:43:38.154 24399 24609 D IconCustomizer: Content Ratio = 0.821192
01-30 15:43:38.155 24399 24609 D IconCustomizer: Generate customized icon for com.miui.extraphoto.png
01-30 15:43:38.156 24399 24609 W Bitmap : Called getDensity() on a recycle()'d bitmap! This is undefined behavior!
01-30 15:43:38.179 24399 24609 D IconCustomizer: Content Ratio = -1.0
01-30 15:43:38.180 24399 24609 D IconCustomizer: Generate customized icon for com.microblink.photomath.png
01-30 15:43:38.181 24399 24609 W Bitmap : Called getDensity() on a recycle()'d bitmap! This is undefined behavior!
01-30 15:43:38.208 24399 24609 D IconCustomizer: Content Ratio = 0.89855075
01-30 15:43:38.209 24399 24609 D IconCustomizer: Generate customized icon for com.rendernet.ottoengine.png
01-30 15:43:38.209 24399 24609 W Bitmap : Called getDensity() on a recycle()'d bitmap! This is undefined behavior!
01-30 15:43:38.220 24399 24609 D IconCustomizer: Content Ratio = 1.1666666
01-30 15:43:38.221 24399 24609 D IconCustomizer: Generate customized icon for uit.quocnguyen.autoclicker.png
01-30 15:43:38.222 24399 24609 W Bitmap : Called getDensity() on a recycle()'d bitmap! This is undefined behavior!
01-30 15:43:38.234 24399 24609 D IconCustomizer: Content Ratio = -1.0
01-30 15:43:38.236 24399 24609 D IconCustomizer: Generate customized icon for com.alphainventor.filemanager.png
01-30 15:43:38.237 24399 24609 W Bitmap : Called getDensity() on a recycle()'d bitmap! This is undefined behavior!
01-30 15:43:38.263 24399 24609 D IconCustomizer: Content Ratio = -1.0
01-30 15:43:38.266 24399 24609 D IconCustomizer: Generate customized icon for com.picsart.studio.png
01-30 15:43:38.266 24399 24609 W Bitmap : Called getDensity() on a recycle()'d bitmap! This is undefined behavior!
01-30 15:43:38.346 24399 24609 D IconCustomizer: Content Ratio = 1.1666666
01-30 15:43:38.347 24399 24609 D IconCustomizer: Generate customized icon for com.free.racing.games.sportcar3.taxi.police.png
01-30 15:43:38.347 24399 24609 W Bitmap : Called getDensity() on a recycle()'d bitmap! This is undefined behavior!
01-30 15:43:38.377 24399 24609 D IconCustomizer: Content Ratio = 0.5812274
01-30 15:43:38.378 24399 24609 D IconCustomizer: Generate customized icon for com.pd.pdhelper.png
01-30 15:43:38.378 24399 24609 W Bitmap : Called getDensity() on a recycle()'d bitmap! This is undefined behavior!
01-30 15:43:38.387 24399 24609 D IconCustomizer: Content Ratio = 0.9117647
01-30 15:43:38.388 24399 24609 D IconCustomizer: Generate customized icon for com.miui.msa.global.png
01-30 15:43:38.388 24399 24609 W Bitmap : Called getDensity() on a recycle()'d bitmap! This is undefined behavior!
01-30 15:43:38.416 24399 24609 D IconCustomizer: Content Ratio = -1.0
01-30 15:43:38.418 24399 24609 D IconCustomizer: Generate customized icon for com.elryan.app.png
01-30 15:43:38.419 24399 24609 W Bitmap : Called getDensity() on a recycle()'d bitmap! This is undefined behavior!
01-30 15:43:38.432 24399 24609 D IconCustomizer: Content Ratio = 0.8385417
01-30 15:43:38.432 24399 24609 D IconCustomizer: Generate customized icon for com.sosomod.freegame.png
01-30 15:43:38.433 24399 24609 W Bitmap : Called getDensity() on a recycle()'d bitmap! This is undefined behavior!
01-30 15:43:38.458 24399 24609 D IconCustomizer: Content Ratio = 1.1666666
01-30 15:43:38.459 24399 24609 D IconCustomizer: Generate customized icon for com.mi.earphone.png
01-30 15:43:38.460 24399 24609 W Bitmap : Called getDensity() on a recycle()'d bitmap! This is undefined behavior!
01-30 15:43:38.516 24399 24609 D IconCustomizer: Content Ratio = -1.0
01-30 15:43:38.518 24399 24609 D IconCustomizer: Generate customized icon for com.ambratorgames.Hajwalahlife.png
01-30 15:43:38.519 24399 24609 W Bitmap : Called getDensity() on a recycle()'d bitmap! This is undefined behavior!
01-30 15:43:38.541 24399 24609 D IconCustomizer: Content Ratio = 1.1666666
01-30 15:43:38.542 24399 24609 D IconCustomizer: Generate customized icon for com.androeed.installer_com.PURE.Puredrifting.png
01-30 15:43:38.542 24399 24609 W Bitmap : Called getDensity() on a recycle()'d bitmap! This is undefined behavior!
01-30 15:43:38.610 24399 24609 D IconCustomizer: Content Ratio = 0.875
01-30 15:43:38.611 24399 24609 D IconCustomizer: Generate customized icon for com.modpubg.turbogfxbooster.png
01-30 15:43:38.611 24399 24609 W Bitmap : Called getDensity() on a recycle()'d bitmap! This is undefined behavior!
01-30 15:43:38.621 24399 24609 D IconCustomizer: Content Ratio = -1.0
01-30 15:43:38.622 24399 24609 D IconCustomizer: Generate customized icon for com.quicinc.voice.activation.png
01-30 15:43:38.623 24399 24609 W Bitmap : Called getDensity() on a recycle()'d bitmap! This is undefined behavior!
01-30 15:43:38.637 24399 24609 D IconCustomizer: Content Ratio = -1.0
01-30 15:43:38.638 24399 24609 D IconCustomizer: Generate customized icon for com.fedshi.res.png
01-30 15:43:38.639 24399 24609 W Bitmap : Called getDensity() on a recycle()'d bitmap! This is undefined behavior!
01-30 15:43:38.661 24399 24609 D IconCustomizer: Content Ratio = 1.1666666
01-30 15:43:38.662 24399 24609 D IconCustomizer: Generate customized icon for com.aim.racing.png
01-30 15:43:38.663 24399 24609 W Bitmap : Called getDensity() on a recycle()'d bitmap! This is undefined behavior!
01-30 15:43:38.681 24399 24609 D IconCustomizer: Content Ratio = -1.0
01-30 15:43:38.682 24399 24609 D IconCustomizer: Generate customized icon for com.openai.chatgpt.png
01-30 15:43:38.683 24399 24609 W Bitmap : Called getDensity() on a recycle()'d bitmap! This is undefined behavior!
01-30 15:43:38.707 24399 24609 D IconCustomizer: Content Ratio = -1.0
01-30 15:43:38.710 24399 24609 D IconCustomizer: Generate customized icon for com.xiaomiui.downloader.png
01-30 15:43:38.711 24399 24609 W Bitmap : Called getDensity() on a recycle()'d bitmap! This is undefined behavior!
01-30 15:43:38.720 24399 24609 D IconCustomizer: Content Ratio = -1.0
01-30 15:43:38.722 24399 24609 D IconCustomizer: Generate customized icon for com.wingtech.sartest.png
01-30 15:43:38.722 24399 24609 W Bitmap : Called getDensity() on a recycle()'d bitmap! This is undefined behavior!
01-30 15:43:38.748 24399 24609 D IconCustomizer: Content Ratio = -1.0
01-30 15:43:38.751 24399 24609 D IconCustomizer: Generate customized icon for net.xiaomiui.hyperosupdater.png
01-30 15:43:38.752 24399 24609 W Bitmap : Called getDensity() on a recycle()'d bitmap! This is undefined behavior!
01-30 15:43:38.773 24399 24609 D IconCustomizer: Content Ratio = -1.0
01-30 15:43:38.775 24399 24609 D IconCustomizer: Generate customized icon for com.algoriddim.djay_free.png
01-30 15:43:38.776 24399 24609 W Bitmap : Called getDensity() on a recycle()'d bitmap! This is undefined behavior!
01-30 15:43:38.838 24399 24609 D IconCustomizer: Content Ratio = -1.0
01-30 15:43:38.841 24399 24609 D IconCustomizer: Generate customized icon for com.mobileappdevelopment.blowly.png
01-30 15:43:38.841 24399 24609 W Bitmap : Called getDensity() on a recycle()'d bitmap! This is undefined behavior!
01-30 15:43:38.851 24399 24609 D IconCustomizer: Content Ratio = 1.1666666
01-30 15:43:38.851 24399 24609 D IconCustomizer: Generate customized icon for com.oppanagames.car.simulator.png
01-30 15:43:38.852 24399 24609 W Bitmap : Called getDensity() on a recycle()'d bitmap! This is undefined behavior!
01-30 15:43:38.870 24399 24609 D IconCustomizer: Content Ratio = 1.1666666
01-30 15:43:38.870 24399 24609 D IconCustomizer: Generate customized icon for com.Maksel_47.png
01-30 15:43:38.871 24399 24609 W Bitmap : Called getDensity() on a recycle()'d bitmap! This is undefined behavior!
01-30 15:43:38.893 24399 24609 D IconCustomizer: Content Ratio = 1.1666666
01-30 15:43:38.895 24399 24609 D IconCustomizer: Generate customized icon for com.mi.global.pocobbs.png
01-30 15:43:38.896 24399 24609 W Bitmap : Called getDensity() on a recycle()'d bitmap! This is undefined behavior!
01-30 15:43:39.009 24399 24609 D IconCustomizer: Content Ratio = 0.875
01-30 15:43:39.010 24399 24609 D IconCustomizer: Generate customized icon for com.lemon.lvoverseas.png
01-30 15:43:39.011 24399 24609 W Bitmap : Called getDensity() on a recycle()'d bitmap! This is undefined behavior!
01-30 15:43:39.019 24399 24609 D IconCustomizer: Content Ratio = -1.0
01-30 15:43:39.020 24399 24609 D IconCustomizer: Generate customized icon for com.google.android.providers.media.module.png
01-30 15:43:39.021 24399 24609 W Bitmap : Called getDensity() on a recycle()'d bitmap! This is undefined behavior!
