04-21 15:11:21.146 I/SystemConfig( 1671): Reading permissions from
/system/etc/permissions/privapp-permissions-com.samsung.android.app.contacts.xml
04-21 15:11:21.147 I/SystemConfig( 1671): Reading permissions from
/system/etc/permissions/privapp-permissions-com.samsung.android.app.dressroom.xml
04-21 15:11:21.148 I/SystemConfig( 1671): Reading permissions from
/system/etc/permissions/privapp-permissions-
com.samsung.android.app.galaxyfinder.xml
04-21 15:11:21.149 I/SystemConfig( 1671): Reading permissions from
/system/etc/permissions/privapp-permissions-com.samsung.android.app.omcagent.xml
04-21 15:11:21.149 I/SystemConfig( 1671): Reading permissions from
/system/etc/permissions/privapp-permissions-
com.samsung.android.app.settings.bixby.xml
04-21 15:11:21.151 I/SystemConfig( 1671): Reading permissions from
/system/etc/permissions/privapp-permissions-com.samsung.android.app.sharelive.xml
04-21 15:11:21.152 I/SystemConfig( 1671): Reading permissions from
/system/etc/permissions/privapp-permissions-com.samsung.android.app.taskedge.xml
04-21 15:11:21.153 I/SystemConfig( 1671): Reading permissions from
/system/etc/permissions/privapp-permissions-com.samsung.android.app.telephonyui.xml
04-21 15:11:21.154 I/SystemConfig( 1671): Reading permissions from
/system/etc/permissions/privapp-permissions-
com.samsung.android.app.updatecenter.xml
04-21 15:11:21.155 D/ApexManagerTiming( 1671): getActiveApexInfos_noCache took to
complete: 12ms
04-21 15:11:21.155 D/CompatConfig( 1671): No directory
/apex/com.android.vndk.v31/etc/compatconfig, skipping
04-21 15:11:21.156 D/CompatConfig( 1671): No directory
/apex/com.android.i18n/etc/compatconfig, skipping
04-21 15:11:21.156 I/SystemConfig( 1671): Reading permissions from
/system/etc/permissions/privapp-permissions-com.samsung.android.applock.xml
04-21 15:11:21.157 D/CompatConfig( 1671): No directory
/apex/com.android.tzdata/etc/compatconfig, skipping
04-21 15:11:21.157 D/CompatConfig( 1671): No directory
/apex/com.android.sdkext/etc/compatconfig, skipping
04-21 15:11:21.157 I/SystemConfig( 1671): Reading permissions from
/system/etc/permissions/privapp-permissions-com.samsung.android.beaconmanager.xml
04-21 15:11:21.157 D/CompatConfig( 1671): Found a config file:
/apex/com.android.art/etc/compatconfig/libcore-platform-compat-config.xml
04-21 15:11:21.158 I/SystemConfig( 1671): Reading permissions from
/system/etc/permissions/privapp-permissions-
com.samsung.android.biometrics.app.setting.xml
04-21 15:11:21.158 D/CompatConfig( 1671): Adding:
com.android.server.compat.config.Change@55af6e3
04-21 15:11:21.159 I/SystemConfig( 1671): Reading permissions from
/system/etc/permissions/privapp-permissions-com.samsung.android.bluelightfilter.xml
04-21 15:11:21.160 I/SystemConfig( 1671): Reading permissions from
/system/etc/permissions/privapp-permissions-com.samsung.android.callbgprovider.xml
04-21 15:11:21.160 D/CompatConfig( 1671): Adding:
com.android.server.compat.config.Change@a7a6a5e
04-21 15:11:21.161 D/CompatConfig( 1671): Adding:
com.android.server.compat.config.Change@53c1e3f
04-21 15:11:21.161 I/SystemConfig( 1671): Reading permissions from
/system/etc/permissions/privapp-permissions-com.samsung.android.cidmanager.xml
04-21 15:11:21.161 D/CompatConfig( 1671): Adding:
com.android.server.compat.config.Change@5946455
04-21 15:11:21.162 D/CompatConfig( 1671): Adding:
com.android.server.compat.config.Change@57ece6a
04-21 15:11:21.163 D/CompatConfig( 1671): Adding:
com.android.server.compat.config.Change@1e83f8
04-21 15:11:21.163 I/SystemConfig( 1671): Reading permissions from
/system/etc/permissions/privapp-permissions-com.samsung.android.dialer.xml
04-21 15:11:21.165 D/CompatConfig( 1671): No directory
/apex/com.android.neuralnetworks/etc/compatconfig, skipping
04-21 15:11:21.165 I/SystemConfig( 1671): Reading permissions from
/system/etc/permissions/privapp-permissions-com.samsung.android.dqagent.xml
04-21 15:11:21.165 D/CompatConfig( 1671): No directory
/apex/com.android.media.swcodec/etc/compatconfig, skipping
04-21 15:11:21.165 D/CompatConfig( 1671): No directory
/apex/com.android.os.statsd/etc/compatconfig, skipping
04-21 15:11:21.166 D/CompatConfig( 1671): No directory
/apex/com.android.permission/etc/compatconfig, skipping
04-21 15:11:21.166 D/CompatConfig( 1671): No directory
/apex/com.android.resolv/etc/compatconfig, skipping
04-21 15:11:21.166 D/CompatConfig( 1671): No directory
/apex/com.android.ipsec/etc/compatconfig, skipping
04-21 15:11:21.166 D/CompatConfig( 1671): No directory
/apex/com.android.cellbroadcast/etc/compatconfig, skipping
04-21 15:11:21.166 D/CompatConfig( 1671): No directory
/apex/com.samsung.android.shell/etc/compatconfig, skipping
04-21 15:11:21.166 I/SystemConfig( 1671): Reading permissions from
/system/etc/permissions/privapp-permissions-com.samsung.android.dynamiclock.xml
04-21 15:11:21.166 D/CompatConfig( 1671): No directory
/apex/com.android.media/etc/compatconfig, skipping
04-21 15:11:21.166 D/CompatConfig( 1671): No directory
/apex/com.android.scheduling/etc/compatconfig, skipping
04-21 15:11:21.167 D/CompatConfig( 1671): Found a config file:
/apex/com.android.tethering/etc/compatconfig/connectivity-platform-compat-
config.xml
04-21 15:11:21.167 I/SystemConfig( 1671): Reading permissions from
/system/etc/permissions/privapp-permissions-com.samsung.android.easysetup.xml
04-21 15:11:21.168 D/CompatConfig( 1671): Adding:
com.android.server.compat.config.Change@105c90d
04-21 15:11:21.168 I/SystemConfig( 1671): Reading permissions from
/system/etc/permissions/privapp-permissions-com.samsung.android.email.provider.xml
04-21 15:11:21.169 D/CompatConfig( 1671): Adding:
com.android.server.compat.config.Change@b19da10
04-21 15:11:21.169 I/SystemConfig( 1671): Reading permissions from
/system/etc/permissions/privapp-permissions-com.samsung.android.fmm.xml
04-21 15:11:21.170 D/CompatConfig( 1671): Adding:
com.android.server.compat.config.Change@2d2e909
04-21 15:11:21.170 I/SystemConfig( 1671): Reading permissions from
/system/etc/permissions/privapp-permissions-com.samsung.android.forest.xml
04-21 15:11:21.171 D/CompatConfig( 1671): No directory
/apex/com.android.runtime/etc/compatconfig, skipping
04-21 15:11:21.171 D/CompatConfig( 1671): No directory
/apex/com.android.appsearch/etc/compatconfig, skipping
04-21 15:11:21.171 D/CompatConfig( 1671): No directory
/apex/com.android.apex.cts.shim/etc/compatconfig, skipping
04-21 15:11:21.171 I/SystemConfig( 1671): Reading permissions from
/system/etc/permissions/privapp-permissions-com.samsung.android.incallui.xml
04-21 15:11:21.171 D/CompatConfig( 1671): No directory
/apex/com.google.mainline.primary.libs/etc/compatconfig, skipping
04-21 15:11:21.171 D/CompatConfig( 1671): No directory
/apex/com.android.extservices/etc/compatconfig, skipping
04-21 15:11:21.172 D/CompatConfig( 1671): Found a config file:
/apex/com.android.mediaprovider/etc/compatconfig/media-provider-platform-compat-
config.xml
04-21 15:11:21.172 I/SystemConfig( 1671): Reading permissions from
/system/etc/permissions/privapp-permissions-com.samsung.android.kgclient.xml
04-21 15:11:21.173 D/CompatConfig( 1671): Adding:
com.android.server.compat.config.Change@d1fa61a
04-21 15:11:21.173 I/SystemConfig( 1671): Reading permissions from
/system/etc/permissions/privapp-permissions-
com.samsung.android.localeoverlaymanager.xml
04-21 15:11:21.174 I/SystemConfig( 1671): Reading permissions from
/system/etc/permissions/privapp-permissions-com.samsung.android.lool.xml
04-21 15:11:21.174 D/CompatConfig( 1671): Adding:
com.android.server.compat.config.Change@711b041
04-21 15:11:21.175 D/CompatConfig( 1671): Adding:
com.android.server.compat.config.Change@98209e6
04-21 15:11:21.175 I/SystemConfig( 1671): Reading permissions from
/system/etc/permissions/privapp-permissions-com.samsung.android.mdx.quickboard.xml
04-21 15:11:21.176 D/CompatConfig( 1671): Adding:
com.android.server.compat.config.Change@3b281d4
04-21 15:11:21.176 D/CompatConfig( 1671): Adding:
com.android.server.compat.config.Change@4880f7d
04-21 15:11:21.177 I/SystemConfig( 1671): Reading permissions from
/system/etc/permissions/privapp-permissions-com.samsung.android.messaging.xml
04-21 15:11:21.177 D/CompatConfig( 1671): Adding:
com.android.server.compat.config.Change@15a2c3
04-21 15:11:21.177 D/CompatConfig( 1671): Adding:
com.android.server.compat.config.Change@69fe740
04-21 15:11:21.178 I/SystemConfig( 1671): Reading permissions from
/system/etc/permissions/privapp-permissions-com.samsung.android.mobileservice.xml
04-21 15:11:21.178 D/CompatConfig( 1671): No directory
/apex/com.android.wifi/etc/compatconfig, skipping
04-21 15:11:21.178 D/CompatConfig( 1671): No directory
/apex/com.android.conscrypt/etc/compatconfig, skipping
04-21 15:11:21.178 D/CompatConfig( 1671): No directory
/apex/com.samsung.android.ipm/etc/compatconfig, skipping
04-21 15:11:21.178 D/CompatConfig( 1671): No directory
/apex/com.android.adbd/etc/compatconfig, skipping
04-21 15:11:21.179 I/SystemConfig( 1671): Reading permissions from
/system/etc/permissions/privapp-permissions-com.samsung.android.mtp.xml
04-21 15:11:21.179 D/CompatConfig( 1671): Start loading
/product/etc/appcompat/compat_framework_overrides.xml
04-21 15:11:21.179 D/CompatConfig( 1671): Override file does't exist:
/product/etc/appcompat/compat_framework_overrides.xml
04-21 15:11:21.179 D/CompatConfig( 1671): Start loading
/data/misc/appcompat/compat_framework_overrides.xml
04-21 15:11:21.180 I/SystemConfig( 1671): Reading permissions from
/system/etc/permissions/privapp-permissions-
com.samsung.android.networkdiagnostic.xml
04-21 15:11:21.181 I/SystemConfig( 1671): Reading permissions from
/system/etc/permissions/privapp-permissions-
com.samsung.android.providers.contacts.xml
04-21 15:11:21.182 I/SystemConfig( 1671): Reading permissions from
/system/etc/permissions/privapp-permissions-
com.samsung.android.providers.factory.xml
04-21 15:11:21.182 I/SystemConfig( 1671): Reading permissions from
/system/etc/permissions/privapp-permissions-com.samsung.android.providers.media.xml
04-21 15:11:21.183 I/SystemConfig( 1671): Reading permissions from
/system/etc/permissions/privapp-permissions-com.samsung.android.rubin.app.xml
04-21 15:11:21.184 I/SystemConfig( 1671): Reading permissions from
/system/etc/permissions/privapp-permissions-com.samsung.android.scloud.xml
04-21 15:11:21.185 I/SystemConfig( 1671): Reading permissions from
/system/etc/permissions/privapp-permissions-com.samsung.android.sdm.config.xml
04-21 15:11:21.186 D/CompatConfig( 1671): Loading change overrides for
/data/misc/appcompat/compat_framework_overrides.xml
04-21 15:11:21.186 I/SystemConfig( 1671): Reading permissions from
/system/etc/permissions/privapp-permissions-com.samsung.android.secsoundpicker.xml
04-21 15:11:21.187 D/CompatConfig( 1671): Finish loading overrides files
04-21 15:11:21.187 I/SystemConfig( 1671): Reading permissions from
/system/etc/permissions/privapp-permissions-
com.samsung.android.service.peoplestripe.xml
04-21 15:11:21.188 I/SystemConfig( 1671): Reading permissions from
/system/etc/permissions/privapp-permissions-
com.samsung.android.setting.multisound.xml
04-21 15:11:21.188 I/SystemConfig( 1671): Reading permissions from
/system/etc/permissions/privapp-permissions-
com.samsung.android.sm.devicesecurity_v6.xml
04-21 15:11:21.189 I/SystemConfig( 1671): Reading permissions from
/system/etc/permissions/privapp-permissions-
com.samsung.android.smartcallprovider.xml
04-21 15:11:21.190 I/servicemanager( 568): Adding 'u:r:system_server:s0' service
(platform_compat:1671)
04-21 15:11:21.190 I/SystemConfig( 1671): Reading permissions from
/system/etc/permissions/privapp-permissions-
com.samsung.android.smartswitchassistant.xml
04-21 15:11:21.191 I/servicemanager( 568): Adding 'u:r:system_server:s0' service
(platform_compat_native:1671)
04-21 15:11:21.191 D/SystemServerTiming( 1671): PlatformCompat took to complete:
128ms
04-21 15:11:21.191 I/SystemServerTiming( 1671): StartFileIntegrityService
04-21 15:11:21.191 I/SystemConfig( 1671): Reading permissions from
/system/etc/permissions/privapp-permissions-com.samsung.android.themecenter.xml
04-21 15:11:21.191 I/SystemServiceManager( 1671): Starting
com.android.server.security.FileIntegrityService
04-21 15:11:21.192 I/SystemConfig( 1671): Reading permissions from
/system/etc/permissions/privapp-permissions-com.samsung.android.video.xml
04-21 15:11:21.193 I/SystemConfig( 1671): Reading permissions from
/system/etc/permissions/privapp-permissions-com.samsung.clipboardsaveservice.xml
04-21 15:11:21.194 I/SystemConfig( 1671): Reading permissions from
/system/etc/permissions/privapp-permissions-com.samsung.cmh.xml
04-21 15:11:21.195 I/SystemConfig( 1671): Reading permissions from
/system/etc/permissions/privapp-permissions-com.samsung.crane.xml
04-21 15:11:21.196 I/SystemConfig( 1671): Reading permissions from
/system/etc/permissions/privapp-permissions-com.samsung.klmsagent.xml
04-21 15:11:21.197 I/SystemConfig( 1671): Reading permissions from
/system/etc/permissions/privapp-permissions-
com.samsung.sec.android.application.csc.xml
04-21 15:11:21.197 I/SystemConfig( 1671): Reading permissions from
/system/etc/permissions/privapp-permissions-com.samsung.storyservice.xml
04-21 15:11:21.198 I/SystemConfig( 1671): Reading permissions from
/system/etc/permissions/privapp-permissions-com.sec.android.RilServiceModeApp.xml
04-21 15:11:21.199 I/SystemConfig( 1671): Reading permissions from
/system/etc/permissions/privapp-permissions-com.sec.android.app.SecSetupWizard.xml
04-21 15:11:21.200 I/servicemanager( 568): Adding 'u:r:system_server:s0' service
(file_integrity:1671)
04-21 15:11:21.200 I/SystemConfig( 1671): Reading permissions from
/system/etc/permissions/privapp-permissions-com.sec.android.app.billing.xml
04-21 15:11:21.200 D/SystemServerTiming( 1671): StartFileIntegrityService took to
complete: 9ms
04-21 15:11:21.200 I/SystemServerTiming( 1671): StartInstaller
04-21 15:11:21.201 I/SystemServiceManager( 1671): Starting
com.android.server.pm.Installer
04-21 15:11:21.201 I/SystemConfig( 1671): Reading permissions from
/system/etc/permissions/privapp-permissions-com.sec.android.app.camera.xml
04-21 15:11:21.202 I/SystemConfig( 1671): Reading permissions from
/system/etc/permissions/privapp-permissions-
com.sec.android.app.factorykeystring.xml
04-21 15:11:21.203 I/SystemConfig( 1671): Reading permissions from
/system/etc/permissions/privapp-permissions-com.sec.android.app.fm.xml
04-21 15:11:21.204 I/SystemConfig( 1671): Reading permissions from
/system/etc/permissions/privapp-permissions-com.sec.android.app.launcher.xml
04-21 15:11:21.205 D/installd( 1290): Found quota mount /dev/block/bootdevice/by-
name/userdata at /data
04-21 15:11:21.205 I/SystemConfig( 1671): Reading permissions from
/system/etc/permissions/privapp-permissions-com.sec.android.app.myfiles.xml
04-21 15:11:21.205 D/installd( 1290): Found quota mount /dev/block/bootdevice/by-
name/userdata at /data/user/0
04-21 15:11:21.206 I/SystemConfig( 1671): Reading permissions from
/system/etc/permissions/privapp-permissions-com.sec.android.app.popupcalculator.xml
04-21 15:11:21.206 I/SystemConfig( 1671): Reading permissions from
/system/etc/permissions/privapp-permissions-com.sec.android.app.safetyassurance.xml
04-21 15:11:21.207 I/SystemConfig( 1671): Reading permissions from
/system/etc/permissions/privapp-permissions-com.sec.android.app.samsungapps.xml
04-21 15:11:21.207 D/SystemServerTiming( 1671): StartInstaller took to complete:
7ms
04-21 15:11:21.207 I/SystemServerTiming( 1671): DeviceIdentifiersPolicyService
04-21 15:11:21.208 I/SystemServiceManager( 1671): Starting
com.android.server.os.DeviceIdentifiersPolicyService
04-21 15:11:21.208 I/SystemConfig( 1671): Reading permissions from
/system/etc/permissions/privapp-permissions-com.sec.android.app.servicemodeapp.xml
04-21 15:11:21.209 I/SystemConfig( 1671): Reading permissions from
/system/etc/permissions/privapp-permissions-com.sec.android.app.soundalive_S.xml
04-21 15:11:21.210 I/servicemanager( 568): Adding 'u:r:system_server:s0' service
(device_identifiers:1671)
04-21 15:11:21.210 D/SystemServerTiming( 1671): DeviceIdentifiersPolicyService took
to complete: 3ms
04-21 15:11:21.210 I/SystemConfig( 1671): Reading permissions from
/system/etc/permissions/privapp-permissions-com.sec.android.daemonapp.xml
04-21 15:11:21.210 I/SystemServerTiming( 1671): UriGrantsManagerService
04-21 15:11:21.210 I/SystemServiceManager( 1671): Starting
com.android.server.uri.UriGrantsManagerService$Lifecycle
04-21 15:11:21.211 I/SystemConfig( 1671): Reading permissions from
/system/etc/permissions/privapp-permissions-com.sec.android.gallery3d.xml
04-21 15:11:21.212 I/SystemConfig( 1671): Reading permissions from
/system/etc/permissions/privapp-permissions-
com.sec.android.mimage.photoretouching.xml
04-21 15:11:21.213 I/SystemConfig( 1671): Reading permissions from
/system/etc/permissions/privapp-permissions-com.sec.android.provider.badge.xml
04-21 15:11:21.213 I/servicemanager( 568): Adding 'u:r:system_server:s0' service
(uri_grants:1671)
04-21 15:11:21.213 I/SystemConfig( 1671): Reading permissions from
/system/etc/permissions/privapp-permissions-com.sec.android.sdhms.xml
04-21 15:11:21.214 D/SystemServerTiming( 1671): UriGrantsManagerService took to
complete: 4ms
04-21 15:11:21.214 I/SystemServerTiming( 1671): StartPowerStatsService
04-21 15:11:21.214 I/SystemServiceManager( 1671): Starting
com.android.server.powerstats.PowerStatsService
04-21 15:11:21.214 I/SystemConfig( 1671): Reading permissions from
/system/etc/permissions/privapp-permissions-com.sec.android.soagent.xml
04-21 15:11:21.215 I/SystemConfig( 1671): Reading permissions from
/system/etc/permissions/privapp-permissions-com.sec.app.RilErrorNotifier.xml
04-21 15:11:21.216 I/SystemConfig( 1671): Reading permissions from
/system/etc/permissions/privapp-permissions-com.sec.bcservice.xml
04-21 15:11:21.216 E/servicemanager( 568): Could not find
android.hardware.power.stats.IPowerStats/default in the VINTF manifest.
04-21 15:11:21.217 I/SystemConfig( 1671): Reading permissions from
/system/etc/permissions/privapp-permissions-com.sec.epdg.xml
04-21 15:11:21.218 I/SystemConfig( 1671): Reading permissions from
/system/etc/permissions/saiv.xml
04-21 15:11:21.219 I/SystemConfig( 1671): Reading permissions from
/system/etc/permissions/privapp-permissions-com.sec.epdgtestapp.xml
04-21 15:11:21.219 D/hw-ProcessState( 1671): Binder ioctl to enable oneway spam
detection failed: Invalid argument
04-21 15:11:21.219 I/SystemConfig( 1671): Reading permissions from
/system/etc/permissions/privapp-permissions-com.sec.imslogger.xml
04-21 15:11:21.220 I/SystemConfig( 1671): Reading permissions from
/system/etc/permissions/privapp-permissions-com.sec.imsservice.xml
04-21 15:11:21.221 I/hwservicemanager( 569): getTransport: Cannot find entry
[email protected]::IPowerStats/default in either framework or device
VINTF manifest.
04-21 15:11:21.221 E/PowerStatsService( 1671): Unable to get power.stats HAL
service.
04-21 15:11:21.221 E/PowerStatsService( 1671): nativeInit failed to connect to
power.stats HAL
04-21 15:11:21.221 I/SystemConfig( 1671): Reading permissions from
/system/etc/permissions/privapp-permissions-com.sec.spp.push.xml
04-21 15:11:21.222 I/SystemConfig( 1671): Reading permissions from
/system/etc/permissions/privapp-permissions-com.wsomacp.xml
04-21 15:11:21.223 I/servicemanager( 568): Adding 'u:r:system_server:s0' service
(powerstats:1671)
04-21 15:11:21.223 I/SystemConfig( 1671): Reading permissions from
/system/etc/permissions/privapp-permissions-com.wssyncmldm.xml
04-21 15:11:21.223 D/SystemServerTiming( 1671): StartPowerStatsService took to
complete: 9ms
04-21 15:11:21.223 I/SystemServerTiming( 1671): StartIStatsService
04-21 15:11:21.224 I/SystemConfig( 1671): Reading permissions from
/system/etc/permissions/privapp-permissions-facebook.xml
04-21 15:11:21.225 I/SystemConfig( 1671): Reading permissions from
/system/etc/permissions/privapp-permissions-google-system.xml
04-21 15:11:21.226 I/SystemConfig( 1671): Reading permissions from
/system/etc/permissions/privapp-permissions-platform.xml
04-21 15:11:21.226 I/HidlServiceManagement( 1671): Registered
[email protected]::IStats/default
04-21 15:11:21.228 I/servicemanager( 568): Found
android.frameworks.stats.IStats/default in framework VINTF manifest.
04-21 15:11:21.228 I/servicemanager( 568): Adding 'u:r:system_server:s0' service
(android.frameworks.stats.IStats/default:1671)
04-21 15:11:21.228 D/SystemServerTiming( 1671): StartIStatsService took to
complete: 5ms
04-21 15:11:21.228 I/SystemServerTiming( 1671): MemtrackProxyService
04-21 15:11:21.232 E/servicemanager( 568): Could not find
android.hardware.memtrack.IMemtrack/default in the VINTF manifest.
04-21 15:11:21.233 I/SystemConfig( 1671): Reading permissions from
/system/etc/permissions/privapp-permissions-qti.xml
04-21 15:11:21.233 I/Stability( 1671): Interface set with vintf stability wire
protocol version 1 downgraded to system stability wire protocol version 1 stability
04-21 15:11:21.234 I/servicemanager( 568): Adding 'u:r:system_server:s0' service
(memtrack.proxy:1671)
04-21 15:11:21.234 D/SystemServerTiming( 1671): MemtrackProxyService took to
complete: 6ms
04-21 15:11:21.234 I/SystemServerTiming( 1671): StartActivityManager
04-21 15:11:21.235 I/SystemConfig( 1671): Reading permissions from
/system/etc/permissions/privapp-permissions-themestore.xml
04-21 15:11:21.235 I/SystemServiceManager( 1671): Starting
com.android.server.wm.ActivityTaskManagerService$Lifecycle
04-21 15:11:21.236 I/SystemConfig( 1671): Reading permissions from
/system/etc/permissions/qti_telephony_hidl_wrapper.xml
04-21 15:11:21.237 I/SystemConfig( 1671): Reading permissions from
/system/etc/permissions/qti_telephony_utils.xml
04-21 15:11:21.237 I/SystemConfig( 1671): Reading permissions from
/system/etc/permissions/rcsopenapi_library.xml
04-21 15:11:21.238 I/SystemConfig( 1671): Reading permissions from
/system/etc/permissions/samsungkeystoreutils.xml
04-21 15:11:21.239 I/SystemConfig( 1671): Reading permissions from
/system/etc/permissions/scamera_sdk_util.xml
04-21 15:11:21.239 I/SystemConfig( 1671): Reading permissions from
/system/etc/permissions/scamera_sep.xml
04-21 15:11:21.240 I/SystemConfig( 1671): Reading permissions from
/system/etc/permissions/sec_platform_library.xml
04-21 15:11:21.241 I/SystemConfig( 1671): Reading permissions from
/system/etc/permissions/secimaging.xml
04-21 15:11:21.241 I/SystemConfig( 1671): Reading permissions from
/system/etc/permissions/sem_telephony_common.xml
04-21 15:11:21.242 I/SystemConfig( 1671): Reading permissions from
/system/etc/permissions/semextendedformat.xml
04-21 15:11:21.243 I/SystemConfig( 1671): Reading permissions from
/system/etc/permissions/semmediatranscoder.xml
04-21 15:11:21.244 I/SystemConfig( 1671): Reading permissions from
/system/etc/permissions/semsdrvideoconverter.xml
04-21 15:11:21.245 I/SystemConfig( 1671): Reading permissions from
/system/etc/permissions/sfeffect.xml
04-21 15:11:21.246 I/SystemConfig( 1671): Reading permissions from
/system/etc/permissions/vsimservice_library.xml
04-21 15:11:21.246 I/SystemConfig( 1671): Reading permissions from
/system/etc/permissions/platform.xml
04-21 15:11:21.251 W/SystemConfig( 1671): Tag system-user-whitelisted-app is
unknown in /system/etc/permissions/platform.xml at START_TAG (empty) <system-user-
whitelisted-app package='com.tmobile.echolocate'>@381:69 in
java.io.FileReader@54997d7
04-21 15:11:21.253 D/CoreStateController( 1671): CoreStateController()
04-21 15:11:21.253 I/SystemConfig( 1671): Reading permissions from
/vendor/etc/permissions/android.hardware.telephony.ims.xml
04-21 15:11:21.254 I/SystemConfig( 1671): Reading permissions from
/vendor/etc/permissions/android.hardware.camera.raw.xml
04-21 15:11:21.255 I/SystemConfig( 1671): Reading permissions from
/vendor/etc/permissions/android.hardware.usb.accessory.xml
04-21 15:11:21.256 I/SystemConfig( 1671): Reading permissions from
/vendor/etc/permissions/android.hardware.wifi.direct.xml
04-21 15:11:21.257 I/SystemConfig( 1671): Reading permissions from
/vendor/etc/permissions/android.software.verified_boot.xml
04-21 15:11:21.258 I/SystemConfig( 1671): Reading permissions from
/vendor/etc/permissions/android.hardware.opengles.aep.xml
04-21 15:11:21.259 I/SystemConfig( 1671): Reading permissions from
/vendor/etc/permissions/android.hardware.bluetooth.xml
04-21 15:11:21.260 I/SystemConfig( 1671): Reading permissions from
/vendor/etc/permissions/android.hardware.location.gps.xml
04-21 15:11:21.261 I/SystemConfig( 1671): Reading permissions from
/vendor/etc/permissions/handheld_core_hardware.xml
04-21 15:11:21.262 I/SystemConfig( 1671): Reading permissions from
/vendor/etc/permissions/android.hardware.camera.front.xml
04-21 15:11:21.263 I/SystemConfig( 1671): Reading permissions from
/vendor/etc/permissions/android.software.sip.voip.xml
04-21 15:11:21.263 I/servicemanager( 568): Adding 'u:r:system_server:s0' service
(activity_task:1671)
04-21 15:11:21.264 I/SystemConfig( 1671): Reading permissions from
/vendor/etc/permissions/android.hardware.bluetooth_le.xml
04-21 15:11:21.264 I/SystemServiceManager( 1671): Starting
com.android.server.am.ActivityManagerService$Lifecycle
04-21 15:11:21.264 I/SystemConfig( 1671): Reading permissions from
/vendor/etc/permissions/android.software.midi.xml
04-21 15:11:21.265 I/SystemConfig( 1671): Reading permissions from
/vendor/etc/permissions/android.hardware.touchscreen.multitouch.jazzhand.xml
04-21 15:11:21.266 I/SystemConfig( 1671): Reading permissions from
/vendor/etc/permissions/android.hardware.vulkan.version-1_1.xml
04-21 15:11:21.266 I/SystemConfig( 1671): Reading permissions from
/vendor/etc/permissions/android.software.opengles.deqp.level.xml
04-21 15:11:21.267 I/SystemConfig( 1671): Reading permissions from
/vendor/etc/permissions/android.hardware.sensor.stepdetector.xml
04-21 15:11:21.268 I/SystemConfig( 1671): Reading permissions from
/vendor/etc/permissions/android.software.ipsec_tunnels.xml
04-21 15:11:21.268 I/SystemConfig( 1671): Reading permissions from
/vendor/etc/permissions/android.hardware.telephony.gsm.xml
04-21 15:11:21.269 I/SystemConfig( 1671): Reading permissions from
/vendor/etc/permissions/android.hardware.usb.host.xml
04-21 15:11:21.270 I/SystemConfig( 1671): Reading permissions from
/vendor/etc/permissions/android.hardware.camera.flash-autofocus.xml
04-21 15:11:21.271 I/SystemConfig( 1671): Reading permissions from
/vendor/etc/permissions/android.software.vulkan.deqp.level.xml
04-21 15:11:21.272 I/SystemConfig( 1671): Reading permissions from
/vendor/etc/permissions/android.hardware.wifi.passpoint.xml
04-21 15:11:21.272 I/SystemConfig( 1671): Reading permissions from
/vendor/etc/permissions/android.hardware.sensor.stepcounter.xml
04-21 15:11:21.273 I/SystemConfig( 1671): Reading permissions from
/vendor/etc/permissions/android.hardware.wifi.xml
04-21 15:11:21.273 I/ActivityManager( 1671): Memory class: 192
04-21 15:11:21.274 I/SystemConfig( 1671): Reading permissions from
/vendor/etc/permissions/android.hardware.vulkan.compute-0.xml
04-21 15:11:21.274 I/SystemConfig( 1671): Reading permissions from
/vendor/etc/permissions/android.hardware.vulkan.level-0.xml
04-21 15:11:21.275 I/SystemConfig( 1671): Reading permissions from
/vendor/etc/permissions/android.hardware.sensor.light.xml
04-21 15:11:21.276 I/SystemConfig( 1671): Reading permissions from
/vendor/etc/permissions/android.hardware.sensor.accelerometer.xml
04-21 15:11:21.276 I/SystemConfig( 1671): Reading permissions from
/vendor/etc/permissions/android.hardware.camera.full.xml
04-21 15:11:21.277 I/SystemConfig( 1671): Reading permissions from
/vendor/etc/permissions/android.hardware.sensor.proximity.xml
04-21 15:11:21.278 I/Binder ( 1671): Setting heavy hitter watcher config: false,
0, 0.0
04-21 15:11:21.281 I/SystemConfig( 1671): Reading aerProductName from
/system/etc/aer_product_name.xml
04-21 15:11:21.282 W/SystemConfig( 1671): fname = o1stur
04-21 15:11:21.282 W/SystemConfig( 1671): ro.product.name = a11qnnxx
04-21 15:11:21.282 W/SystemConfig( 1671): fname = o1sxtur
04-21 15:11:21.282 W/SystemConfig( 1671): ro.product.name = a11qnnxx
04-21 15:11:21.282 W/SystemConfig( 1671): fname = o1sxser
04-21 15:11:21.282 W/SystemConfig( 1671): ro.product.name = a11qnnxx
04-21 15:11:21.283 W/SystemConfig( 1671): fname = o1sxx
04-21 15:11:21.283 W/SystemConfig( 1671): ro.product.name = a11qnnxx
04-21 15:11:21.283 W/SystemConfig( 1671): fname = o1sxxx
04-21 15:11:21.283 W/SystemConfig( 1671): ro.product.name = a11qnnxx
04-21 15:11:21.283 W/SystemConfig( 1671): fname = o1sxeea
04-21 15:11:21.283 W/SystemConfig( 1671): ro.product.name = a11qnnxx
04-21 15:11:21.283 W/SystemConfig( 1671): fname = o1sksx
04-21 15:11:21.283 W/SystemConfig( 1671): ro.product.name = a11qnnxx
04-21 15:11:21.283 W/SystemConfig( 1671): fname = o1sser
04-21 15:11:21.283 W/SystemConfig( 1671): ro.product.name = a11qnnxx
04-21 15:11:21.283 W/SystemConfig( 1671): fname = o1qcsx
04-21 15:11:21.283 W/SystemConfig( 1671): ro.product.name = a11qnnxx
04-21 15:11:21.283 W/SystemConfig( 1671): fname = o1quew
04-21 15:11:21.283 W/SystemConfig( 1671): ro.product.name = a11qnnxx
04-21 15:11:21.283 W/SystemConfig( 1671): fname = o1qzhx
04-21 15:11:21.283 W/SystemConfig( 1671): ro.product.name = a11qnnxx
04-21 15:11:21.283 W/SystemConfig( 1671): fname = o1qsqw
04-21 15:11:21.283 W/SystemConfig( 1671): ro.product.name = a11qnnxx
04-21 15:11:21.283 W/SystemConfig( 1671): fname = SC-51B
04-21 15:11:21.283 W/SystemConfig( 1671): ro.product.name = a11qnnxx
04-21 15:11:21.283 W/SystemConfig( 1671): fname = SCG09_jp_kdi
04-21 15:11:21.283 W/SystemConfig( 1671): ro.product.name = a11qnnxx
04-21 15:11:21.283 W/SystemConfig( 1671): fname = t2sksx
04-21 15:11:21.283 W/SystemConfig( 1671): ro.product.name = a11qnnxx
04-21 15:11:21.283 W/SystemConfig( 1671): fname = t2sxxx
04-21 15:11:21.283 W/SystemConfig( 1671): ro.product.name = a11qnnxx
04-21 15:11:21.283 W/SystemConfig( 1671): fname = t2sxser
04-21 15:11:21.283 W/SystemConfig( 1671): ro.product.name = a11qnnxx
04-21 15:11:21.283 W/SystemConfig( 1671): fname = t2sxeea
04-21 15:11:21.283 W/SystemConfig( 1671): ro.product.name = a11qnnxx
04-21 15:11:21.283 W/SystemConfig( 1671): fname = t2sxtur
04-21 15:11:21.283 W/SystemConfig( 1671): ro.product.name = a11qnnxx
04-21 15:11:21.283 W/SystemConfig( 1671): fname = t2qzhx
04-21 15:11:21.283 W/SystemConfig( 1671): ro.product.name = a11qnnxx
04-21 15:11:21.283 W/SystemConfig( 1671): fname = t2qsqw
04-21 15:11:21.283 W/SystemConfig( 1671): ro.product.name = a11qnnxx
04-21 15:11:21.283 W/SystemConfig( 1671): fname = t2qcsx
04-21 15:11:21.283 W/SystemConfig( 1671): ro.product.name = a11qnnxx
04-21 15:11:21.283 W/SystemConfig( 1671): fname = t2quew
04-21 15:11:21.283 W/SystemConfig( 1671): ro.product.name = a11qnnxx
04-21 15:11:21.283 W/SystemConfig( 1671): fname = SCG10_jp_kdi
04-21 15:11:21.283 W/SystemConfig( 1671): ro.product.name = a11qnnxx
04-21 15:11:21.283 W/SystemConfig( 1671): fname = p3sksx
04-21 15:11:21.283 W/SystemConfig( 1671): ro.product.name = a11qnnxx
04-21 15:11:21.283 W/SystemConfig( 1671): fname = p3sxeea
04-21 15:11:21.283 W/SystemConfig( 1671): ro.product.name = a11qnnxx
04-21 15:11:21.284 W/SystemConfig( 1671): fname = p3sxtur
04-21 15:11:21.284 W/SystemConfig( 1671): ro.product.name = a11qnnxx
04-21 15:11:21.284 W/SystemConfig( 1671): fname = p3sxser
04-21 15:11:21.284 W/SystemConfig( 1671): ro.product.name = a11qnnxx
04-21 15:11:21.284 W/SystemConfig( 1671): fname = p3sxxx
04-21 15:11:21.284 W/SystemConfig( 1671): ro.product.name = a11qnnxx
04-21 15:11:21.284 W/SystemConfig( 1671): fname = p3qcsx
04-21 15:11:21.284 W/SystemConfig( 1671): ro.product.name = a11qnnxx
04-21 15:11:21.284 W/SystemConfig( 1671): fname = p3qsqw
04-21 15:11:21.284 W/SystemConfig( 1671): ro.product.name = a11qnnxx
04-21 15:11:21.284 W/SystemConfig( 1671): fname = p3quew
04-21 15:11:21.284 W/SystemConfig( 1671): ro.product.name = a11qnnxx
04-21 15:11:21.284 W/SystemConfig( 1671): fname = p3qzhx
04-21 15:11:21.284 W/SystemConfig( 1671): ro.product.name = a11qnnxx
04-21 15:11:21.284 W/SystemConfig( 1671): fname = SC-52B
04-21 15:11:21.284 W/SystemConfig( 1671): ro.product.name = a11qnnxx
04-21 15:11:21.284 W/SystemConfig( 1671): fname = q2qsqw
04-21 15:11:21.284 W/SystemConfig( 1671): ro.product.name = a11qnnxx
04-21 15:11:21.284 W/SystemConfig( 1671): fname = q2qxxx
04-21 15:11:21.284 W/SystemConfig( 1671): ro.product.name = a11qnnxx
04-21 15:11:21.284 W/SystemConfig( 1671): fname = q2qcsx
04-21 15:11:21.284 W/SystemConfig( 1671): ro.product.name = a11qnnxx
04-21 15:11:21.284 W/SystemConfig( 1671): fname = q2qzhx
04-21 15:11:21.284 W/SystemConfig( 1671): ro.product.name = a11qnnxx
04-21 15:11:21.284 W/SystemConfig( 1671): fname = q2qksx
04-21 15:11:21.284 W/SystemConfig( 1671): ro.product.name = a11qnnxx
04-21 15:11:21.284 W/SystemConfig( 1671): fname = q2qxtur
04-21 15:11:21.284 W/SystemConfig( 1671): ro.product.name = a11qnnxx
04-21 15:11:21.284 W/SystemConfig( 1671): fname = q2qxser
04-21 15:11:21.284 W/SystemConfig( 1671): ro.product.name = a11qnnxx
04-21 15:11:21.284 W/SystemConfig( 1671): fname = q2qxeea
04-21 15:11:21.284 W/SystemConfig( 1671): ro.product.name = a11qnnxx
04-21 15:11:21.284 W/SystemConfig( 1671): fname = q2quew
04-21 15:11:21.284 W/SystemConfig( 1671): ro.product.name = a11qnnxx
04-21 15:11:21.284 W/SystemConfig( 1671): fname = SC-55B
04-21 15:11:21.284 W/SystemConfig( 1671): ro.product.name = a11qnnxx
04-21 15:11:21.284 W/SystemConfig( 1671): fname = SCG11_jp_kdi
04-21 15:11:21.284 W/SystemConfig( 1671): ro.product.name = a11qnnxx
04-21 15:11:21.284 W/SystemConfig( 1671): fname = b2quew
04-21 15:11:21.284 W/SystemConfig( 1671): ro.product.name = a11qnnxx
04-21 15:11:21.284 W/SystemConfig( 1671): fname = b2qxxx
04-21 15:11:21.284 W/SystemConfig( 1671): ro.product.name = a11qnnxx
04-21 15:11:21.284 W/SystemConfig( 1671): fname = b2qcsx
04-21 15:11:21.284 W/SystemConfig( 1671): ro.product.name = a11qnnxx
04-21 15:11:21.285 W/SystemConfig( 1671): fname = b2qsqw
04-21 15:11:21.285 W/SystemConfig( 1671): ro.product.name = a11qnnxx
04-21 15:11:21.285 W/SystemConfig( 1671): fname = b2qzhx
04-21 15:11:21.285 W/SystemConfig( 1671): ro.product.name = a11qnnxx
04-21 15:11:21.285 W/SystemConfig( 1671): fname = b2qxser
04-21 15:11:21.285 W/SystemConfig( 1671): ro.product.name = a11qnnxx
04-21 15:11:21.285 W/SystemConfig( 1671): fname = b2qxtur
04-21 15:11:21.285 W/SystemConfig( 1671): ro.product.name = a11qnnxx
04-21 15:11:21.285 W/SystemConfig( 1671): fname = b2qxeea
04-21 15:11:21.285 W/SystemConfig( 1671): ro.product.name = a11qnnxx
04-21 15:11:21.285 W/SystemConfig( 1671): fname = b2qksx
04-21 15:11:21.285 W/SystemConfig( 1671): ro.product.name = a11qnnxx
04-21 15:11:21.285 W/SystemConfig( 1671): fname = SC-54B
04-21 15:11:21.285 W/SystemConfig( 1671): ro.product.name = a11qnnxx
04-21 15:11:21.285 W/SystemConfig( 1671): fname = SCG12_jp_kdi
04-21 15:11:21.285 W/SystemConfig( 1671): ro.product.name = a11qnnxx
04-21 15:11:21.285 W/SystemConfig( 1671): fname = a52qnstur
04-21 15:11:21.285 W/SystemConfig( 1671): ro.product.name = a11qnnxx
04-21 15:11:21.285 W/SystemConfig( 1671): fname = a52qnseea
04-21 15:11:21.285 W/SystemConfig( 1671): ro.product.name = a11qnnxx
04-21 15:11:21.285 W/SystemConfig( 1671): fname = a52qnsxx
04-21 15:11:21.285 W/SystemConfig( 1671): ro.product.name = a11qnnxx
04-21 15:11:21.285 W/SystemConfig( 1671): fname = a52qnsser
04-21 15:11:21.285 W/SystemConfig( 1671): ro.product.name = a11qnnxx
04-21 15:11:21.285 W/SystemConfig( 1671): fname = a52qub
04-21 15:11:21.285 W/SystemConfig( 1671): ro.product.name = a11qnnxx
04-21 15:11:21.285 W/SystemConfig( 1671): fname = a52xque
04-21 15:11:21.285 W/SystemConfig( 1671): ro.product.name = a11qnnxx
04-21 15:11:21.285 W/SystemConfig( 1671): fname = a52xqcs
04-21 15:11:21.285 W/SystemConfig( 1671): ro.product.name = a11qnnxx
04-21 15:11:21.285 W/SystemConfig( 1671): fname = a52xqnaeea
04-21 15:11:21.285 W/SystemConfig( 1671): ro.product.name = a11qnnxx
04-21 15:11:21.285 W/SystemConfig( 1671): fname = a52xqsq
04-21 15:11:21.285 W/SystemConfig( 1671): ro.product.name = a11qnnxx
04-21 15:11:21.285 W/SystemConfig( 1671): fname = a52xqzh
04-21 15:11:21.285 W/SystemConfig( 1671): ro.product.name = a11qnnxx
04-21 15:11:21.285 W/SystemConfig( 1671): fname = a52xqks
04-21 15:11:21.285 W/SystemConfig( 1671): ro.product.name = a11qnnxx
04-21 15:11:21.285 W/SystemConfig( 1671): fname = a52xqnaxx
04-21 15:11:21.285 W/SystemConfig( 1671): ro.product.name = a11qnnxx
04-21 15:11:21.285 W/SystemConfig( 1671): fname = SC-53B
04-21 15:11:21.285 W/SystemConfig( 1671): ro.product.name = a11qnnxx
04-21 15:11:21.285 W/SystemConfig( 1671): fname = a52sxqeea
04-21 15:11:21.285 W/SystemConfig( 1671): ro.product.name = a11qnnxx
04-21 15:11:21.285 W/SystemConfig( 1671): fname = a52sxqtur
04-21 15:11:21.285 W/SystemConfig( 1671): ro.product.name = a11qnnxx
04-21 15:11:21.285 W/SystemConfig( 1671): fname = a52sxqser
04-21 15:11:21.286 W/SystemConfig( 1671): ro.product.name = a11qnnxx
04-21 15:11:21.286 W/SystemConfig( 1671): fname = a52sxqzt
04-21 15:11:21.286 W/SystemConfig( 1671): ro.product.name = a11qnnxx
04-21 15:11:21.286 W/SystemConfig( 1671): fname = a52sxqxx
04-21 15:11:21.286 W/SystemConfig( 1671): ro.product.name = a11qnnxx
04-21 15:11:21.286 W/SystemConfig( 1671): fname = a52sxqks
04-21 15:11:21.286 W/SystemConfig( 1671): ro.product.name = a11qnnxx
04-21 15:11:21.286 W/SystemConfig( 1671): fname = r9sxtur
04-21 15:11:21.286 W/SystemConfig( 1671): ro.product.name = a11qnnxx
04-21 15:11:21.286 W/SystemConfig( 1671): fname = r9sxxx
04-21 15:11:21.286 W/SystemConfig( 1671): ro.product.name = a11qnnxx
04-21 15:11:21.286 W/SystemConfig( 1671): fname = r9qksx
04-21 15:11:21.286 W/SystemConfig( 1671): ro.product.name = a11qnnxx
04-21 15:11:21.286 W/SystemConfig( 1671): fname = r9qxeea
04-21 15:11:21.286 W/SystemConfig( 1671): ro.product.name = a11qnnxx
04-21 15:11:21.286 W/SystemConfig( 1671): fname = r9qxtur
04-21 15:11:21.286 W/SystemConfig( 1671): ro.product.name = a11qnnxx
04-21 15:11:21.286 W/SystemConfig( 1671): fname = r9qxser
04-21 15:11:21.286 W/SystemConfig( 1671): ro.product.name = a11qnnxx
04-21 15:11:21.286 W/SystemConfig( 1671): fname = r9qzh
04-21 15:11:21.286 W/SystemConfig( 1671): ro.product.name = a11qnnxx
04-21 15:11:21.286 W/SystemConfig( 1671): fname = r9quew
04-21 15:11:21.286 W/SystemConfig( 1671): ro.product.name = a11qnnxx
04-21 15:11:21.286 W/SystemConfig( 1671): fname = r9qxxx
04-21 15:11:21.286 W/SystemConfig( 1671): ro.product.name = a11qnnxx
04-21 15:11:21.286 W/SystemConfig( 1671): fname = r9qcsx
04-21 15:11:21.286 W/SystemConfig( 1671): ro.product.name = a11qnnxx
04-21 15:11:21.286 W/SystemConfig( 1671): fname = r9qsqw
04-21 15:11:21.286 W/SystemConfig( 1671): ro.product.name = a11qnnxx
04-21 15:11:21.286 W/SystemConfig( 1671): fname = r9q2xser
04-21 15:11:21.286 W/SystemConfig( 1671): ro.product.name = a11qnnxx
04-21 15:11:21.286 W/SystemConfig( 1671): fname = r9q2xxx
04-21 15:11:21.286 W/SystemConfig( 1671): ro.product.name = a11qnnxx
04-21 15:11:21.286 W/SystemConfig( 1671): fname = r9q2xeea
04-21 15:11:21.286 W/SystemConfig( 1671): ro.product.name = a11qnnxx
04-21 15:11:21.286 W/SystemConfig( 1671): fname = r9q2sqw
04-21 15:11:21.286 W/SystemConfig( 1671): ro.product.name = a11qnnxx
04-21 15:11:21.286 W/SystemConfig( 1671): fname = a32ub
04-21 15:11:21.286 W/SystemConfig( 1671): ro.product.name = a11qnnxx
04-21 15:11:21.286 W/SystemConfig( 1671): fname = a32ks
04-21 15:11:21.286 W/SystemConfig( 1671): ro.product.name = a11qnnxx
04-21 15:11:21.286 W/SystemConfig( 1671): fname = a32eea
04-21 15:11:21.286 W/SystemConfig( 1671): ro.product.name = a11qnnxx
04-21 15:11:21.286 W/SystemConfig( 1671): fname = a32tur
04-21 15:11:21.286 W/SystemConfig( 1671): ro.product.name = a11qnnxx
04-21 15:11:21.286 W/SystemConfig( 1671): fname = a32ser
04-21 15:11:21.286 W/SystemConfig( 1671): ro.product.name = a11qnnxx
04-21 15:11:21.287 W/SystemConfig( 1671): fname = a32xx
04-21 15:11:21.287 W/SystemConfig( 1671): ro.product.name = a11qnnxx
04-21 15:11:21.287 W/SystemConfig( 1671): fname = a32xxx
04-21 15:11:21.287 W/SystemConfig( 1671): ro.product.name = a11qnnxx
04-21 15:11:21.287 W/SystemConfig( 1671): fname = a32xcs
04-21 15:11:21.287 W/SystemConfig( 1671): ro.product.name = a11qnnxx
04-21 15:11:21.287 W/SystemConfig( 1671): fname = a32xeea
04-21 15:11:21.287 W/SystemConfig( 1671): ro.product.name = a11qnnxx
04-21 15:11:21.287 W/SystemConfig( 1671): fname = a32xue
04-21 15:11:21.287 W/SystemConfig( 1671): ro.product.name = a11qnnxx
04-21 15:11:21.287 W/SystemConfig( 1671): fname = a32xtfn
04-21 15:11:21.287 W/SystemConfig( 1671): ro.product.name = a11qnnxx
04-21 15:11:21.287 W/SystemConfig( 1671): fname = a32xzh
04-21 15:11:21.287 W/SystemConfig( 1671): ro.product.name = a11qnnxx
04-21 15:11:21.287 W/SystemConfig( 1671): fname = a32xsq
04-21 15:11:21.287 W/SystemConfig( 1671): ro.product.name = a11qnnxx
04-21 15:11:21.287 W/SystemConfig( 1671): fname = SCG08_jp_kdi
04-21 15:11:21.287 W/SystemConfig( 1671): ro.product.name = a11qnnxx
04-21 15:11:21.287 W/SystemConfig( 1671): fname = xcover5eea
04-21 15:11:21.287 W/SystemConfig( 1671): ro.product.name = a11qnnxx
04-21 15:11:21.287 W/SystemConfig( 1671): fname = xcover5ser
04-21 15:11:21.287 W/SystemConfig( 1671): ro.product.name = a11qnnxx
04-21 15:11:21.287 W/SystemConfig( 1671): fname = xcover5kx
04-21 15:11:21.287 W/SystemConfig( 1671): ro.product.name = a11qnnxx
04-21 15:11:21.287 W/SystemConfig( 1671): fname = xcover5xx
04-21 15:11:21.287 W/SystemConfig( 1671): ro.product.name = a11qnnxx
04-21 15:11:21.287 W/SystemConfig( 1671): fname = gts7fewifixx
04-21 15:11:21.287 W/SystemConfig( 1671): ro.product.name = a11qnnxx
04-21 15:11:21.287 W/SystemConfig( 1671): fname = gts7fewifitur
04-21 15:11:21.287 W/SystemConfig( 1671): ro.product.name = a11qnnxx
04-21 15:11:21.287 W/SystemConfig( 1671): fname = gts7fewifieea
04-21 15:11:21.287 W/SystemConfig( 1671): ro.product.name = a11qnnxx
04-21 15:11:21.287 W/SystemConfig( 1671): fname = gts7fewifiser
04-21 15:11:21.287 W/SystemConfig( 1671): ro.product.name = a11qnnxx
04-21 15:11:21.287 W/SystemConfig( 1671): fname = gts7xllitexx
04-21 15:11:21.287 W/SystemConfig( 1671): ro.product.name = a11qnnxx
04-21 15:11:21.287 W/SystemConfig( 1671): fname = gts7xlliteser
04-21 15:11:21.287 W/SystemConfig( 1671): ro.product.name = a11qnnxx
04-21 15:11:21.287 W/SystemConfig( 1671): fname = gts7xllitexeea
04-21 15:11:21.287 W/SystemConfig( 1671): ro.product.name = a11qnnxx
04-21 15:11:21.287 W/SystemConfig( 1671): fname = gts7xllitekx
04-21 15:11:21.287 W/SystemConfig( 1671): ro.product.name = a11qnnxx
04-21 15:11:21.287 W/SystemConfig( 1671): fname = gts7xllitetur
04-21 15:11:21.287 W/SystemConfig( 1671): ro.product.name = a11qnnxx
04-21 15:11:21.288 W/SystemConfig( 1671): fname = gts7xllitekxx
04-21 15:11:21.288 W/SystemConfig( 1671): ro.product.name = a11qnnxx
04-21 15:11:21.288 W/SystemConfig( 1671): fname = gts7xllitesqwnc
04-21 15:11:21.288 W/SystemConfig( 1671): ro.product.name = a11qnnxx
04-21 15:11:21.288 W/SystemConfig( 1671): fname = gts7xllitexxx
04-21 15:11:21.288 W/SystemConfig( 1671): ro.product.name = a11qnnxx
04-21 15:11:21.288 W/SystemConfig( 1671): fname = gts7xllitesqw
04-21 15:11:21.288 W/SystemConfig( 1671): ro.product.name = a11qnnxx
04-21 15:11:21.288 W/SystemConfig( 1671): fname = gts7xllitewifieea
04-21 15:11:21.288 W/SystemConfig( 1671): ro.product.name = a11qnnxx
04-21 15:11:21.288 W/SystemConfig( 1671): fname = gts7xllitewifixx
04-21 15:11:21.288 W/SystemConfig( 1671): ro.product.name = a11qnnxx
04-21 15:11:21.288 W/SystemConfig( 1671): fname = gts7xllitewifitur
04-21 15:11:21.288 W/SystemConfig( 1671): ro.product.name = a11qnnxx
04-21 15:11:21.288 W/SystemConfig( 1671): fname = gts7xllitewifiser
04-21 15:11:21.288 W/SystemConfig( 1671): ro.product.name = a11qnnxx
04-21 15:11:21.288 W/SystemConfig( 1671): fname = b0sxser
04-21 15:11:21.288 W/SystemConfig( 1671): ro.product.name = a11qnnxx
04-21 15:11:21.288 W/SystemConfig( 1671): fname = b0sxtur
04-21 15:11:21.288 W/SystemConfig( 1671): ro.product.name = a11qnnxx
04-21 15:11:21.288 W/SystemConfig( 1671): fname = b0sxxx
04-21 15:11:21.288 W/SystemConfig( 1671): ro.product.name = a11qnnxx
04-21 15:11:21.288 W/SystemConfig( 1671): fname = b0sxeea
04-21 15:11:21.288 W/SystemConfig( 1671): ro.product.name = a11qnnxx
04-21 15:11:21.288 W/SystemConfig( 1671): fname = b0sksx
04-21 15:11:21.288 W/SystemConfig( 1671): ro.product.name = a11qnnxx
04-21 15:11:21.288 W/SystemConfig( 1671): fname = b0qksx
04-21 15:11:21.288 W/SystemConfig( 1671): ro.product.name = a11qnnxx
04-21 15:11:21.288 W/SystemConfig( 1671): fname = b0quew
04-21 15:11:21.288 W/SystemConfig( 1671): ro.product.name = a11qnnxx
04-21 15:11:21.288 W/SystemConfig( 1671): fname = b0qcsx
04-21 15:11:21.288 W/SystemConfig( 1671): ro.product.name = a11qnnxx
04-21 15:11:21.288 W/SystemConfig( 1671): fname = b0qxxx
04-21 15:11:21.288 W/SystemConfig( 1671): ro.product.name = a11qnnxx
04-21 15:11:21.288 W/SystemConfig( 1671): fname = b0qsqw
04-21 15:11:21.288 W/SystemConfig( 1671): ro.product.name = a11qnnxx
04-21 15:11:21.288 W/SystemConfig( 1671): fname = b0qzhx
04-21 15:11:21.288 W/SystemConfig( 1671): ro.product.name = a11qnnxx
04-21 15:11:21.288 W/SystemConfig( 1671): fname = b0qxtur
04-21 15:11:21.288 W/SystemConfig( 1671): ro.product.name = a11qnnxx
04-21 15:11:21.288 W/SystemConfig( 1671): fname = SC-52C
04-21 15:11:21.288 W/SystemConfig( 1671): ro.product.name = a11qnnxx
04-21 15:11:21.288 W/SystemConfig( 1671): fname = SCG14_jp_kdi
04-21 15:11:21.288 W/SystemConfig( 1671): ro.product.name = a11qnnxx
04-21 15:11:21.289 W/SystemConfig( 1671): fname = r0sxxx
04-21 15:11:21.289 W/SystemConfig( 1671): ro.product.name = a11qnnxx
04-21 15:11:21.289 W/SystemConfig( 1671): fname = r0sxeea
04-21 15:11:21.289 W/SystemConfig( 1671): ro.product.name = a11qnnxx
04-21 15:11:21.289 W/SystemConfig( 1671): fname = r0sxtur
04-21 15:11:21.289 W/SystemConfig( 1671): ro.product.name = a11qnnxx
04-21 15:11:21.289 W/SystemConfig( 1671): fname = r0sxser
04-21 15:11:21.289 W/SystemConfig( 1671): ro.product.name = a11qnnxx
04-21 15:11:21.289 W/SystemConfig( 1671): fname = r0sksx
04-21 15:11:21.289 W/SystemConfig( 1671): ro.product.name = a11qnnxx
04-21 15:11:21.289 W/SystemConfig( 1671): fname = r0qksx
04-21 15:11:21.289 W/SystemConfig( 1671): ro.product.name = a11qnnxx
04-21 15:11:21.289 W/SystemConfig( 1671): fname = r0qxtur
04-21 15:11:21.289 W/SystemConfig( 1671): ro.product.name = a11qnnxx
04-21 15:11:21.289 W/SystemConfig( 1671): fname = r0qcsx
04-21 15:11:21.289 W/SystemConfig( 1671): ro.product.name = a11qnnxx
04-21 15:11:21.289 W/SystemConfig( 1671): fname = r0qzhx
04-21 15:11:21.289 W/SystemConfig( 1671): ro.product.name = a11qnnxx
04-21 15:11:21.289 W/SystemConfig( 1671): fname = r0quew
04-21 15:11:21.289 W/SystemConfig( 1671): ro.product.name = a11qnnxx
04-21 15:11:21.289 W/SystemConfig( 1671): fname = r0qsqw
04-21 15:11:21.289 W/SystemConfig( 1671): ro.product.name = a11qnnxx
04-21 15:11:21.289 W/SystemConfig( 1671): fname = r0qxxx
04-21 15:11:21.289 W/SystemConfig( 1671): ro.product.name = a11qnnxx
04-21 15:11:21.289 W/SystemConfig( 1671): fname = SC-51C
04-21 15:11:21.289 W/SystemConfig( 1671): ro.product.name = a11qnnxx
04-21 15:11:21.289 W/SystemConfig( 1671): fname = SCG13_jp_kdi
04-21 15:11:21.289 W/SystemConfig( 1671): ro.product.name = a11qnnxx
04-21 15:11:21.289 W/SystemConfig( 1671): fname = g0sxxx
04-21 15:11:21.289 W/SystemConfig( 1671): ro.product.name = a11qnnxx
04-21 15:11:21.289 W/SystemConfig( 1671): fname = g0sxtur
04-21 15:11:21.289 W/SystemConfig( 1671): ro.product.name = a11qnnxx
04-21 15:11:21.289 W/SystemConfig( 1671): fname = g0sxeea
04-21 15:11:21.289 W/SystemConfig( 1671): ro.product.name = a11qnnxx
04-21 15:11:21.289 W/SystemConfig( 1671): fname = g0sxser
04-21 15:11:21.289 W/SystemConfig( 1671): ro.product.name = a11qnnxx
04-21 15:11:21.289 W/SystemConfig( 1671): fname = g0sksx
04-21 15:11:21.289 W/SystemConfig( 1671): ro.product.name = a11qnnxx
04-21 15:11:21.289 W/SystemConfig( 1671): fname = g0qksx
04-21 15:11:21.289 W/SystemConfig( 1671): ro.product.name = a11qnnxx
04-21 15:11:21.289 W/SystemConfig( 1671): fname = g0quew
04-21 15:11:21.289 W/SystemConfig( 1671): ro.product.name = a11qnnxx
04-21 15:11:21.289 W/SystemConfig( 1671): fname = g0qxtur
04-21 15:11:21.289 W/SystemConfig( 1671): ro.product.name = a11qnnxx
04-21 15:11:21.289 W/SystemConfig( 1671): fname = g0qcsx
04-21 15:11:21.289 W/SystemConfig( 1671): ro.product.name = a11qnnxx
04-21 15:11:21.290 W/SystemConfig( 1671): fname = g0qxxx
04-21 15:11:21.290 W/SystemConfig( 1671): ro.product.name = a11qnnxx
04-21 15:11:21.290 W/SystemConfig( 1671): fname = g0qsqw
04-21 15:11:21.290 W/SystemConfig( 1671): ro.product.name = a11qnnxx
04-21 15:11:21.290 W/SystemConfig( 1671): fname = g0qzhx
04-21 15:11:21.290 W/SystemConfig( 1671): ro.product.name = a11qnnxx
04-21 15:11:21.290 W/SystemConfig( 1671): fname = gts8kxx
04-21 15:11:21.290 W/SystemConfig( 1671): ro.product.name = a11qnnxx
04-21 15:11:21.290 W/SystemConfig( 1671): fname = gts8keea
04-21 15:11:21.290 W/SystemConfig( 1671): ro.product.name = a11qnnxx
04-21 15:11:21.290 W/SystemConfig( 1671): fname = gts8xser
04-21 15:11:21.290 W/SystemConfig( 1671): ro.product.name = a11qnnxx
04-21 15:11:21.290 W/SystemConfig( 1671): fname = gts8xeea
04-21 15:11:21.290 W/SystemConfig( 1671): ro.product.name = a11qnnxx
04-21 15:11:21.290 W/SystemConfig( 1671): fname = gts8xxx
04-21 15:11:21.290 W/SystemConfig( 1671): ro.product.name = a11qnnxx
04-21 15:11:21.290 W/SystemConfig( 1671): fname = gts8sq
04-21 15:11:21.290 W/SystemConfig( 1671): ro.product.name = a11qnnxx
04-21 15:11:21.290 W/SystemConfig( 1671): fname = gts8wifiser
04-21 15:11:21.290 W/SystemConfig( 1671): ro.product.name = a11qnnxx
04-21 15:11:21.290 W/SystemConfig( 1671): fname = gts8wifitur
04-21 15:11:21.290 W/SystemConfig( 1671): ro.product.name = a11qnnxx
