03-07 18:41:01.851 10027 10097 E IMGMapper: set:488 set: Unset optional value from type SMPTE2086
03-07 18:41:01.851 10027 10097 E IMGMapper: set:488 set: Unset optional value from type CTA861_3
03-07 18:41:01.867 10027 10097 E IMGMapper: set:488 set: Unset optional value from type SMPTE2086
03-07 18:41:01.867 10027 10097 E IMGMapper: set:488 set: Unset optional value from type CTA861_3
03-07 18:41:01.884 10027 10097 E IMGMapper: set:488 set: Unset optional value from type SMPTE2086
03-07 18:41:01.884 10027 10097 E IMGMapper: set:488 set: Unset optional value from type CTA861_3
03-07 18:41:01.901 10027 10097 E IMGMapper: set:488 set: Unset optional value from type SMPTE2086
03-07 18:41:01.901 10027 10097 E IMGMapper: set:488 set: Unset optional value from type CTA861_3
03-07 18:41:01.918 10027 10097 E IMGMapper: set:488 set: Unset optional value from type SMPTE2086
03-07 18:41:01.918 10027 10097 E IMGMapper: set:488 set: Unset optional value from type CTA861_3
03-07 18:41:01.934 10027 10097 E IMGMapper: set:488 set: Unset optional value from type SMPTE2086
03-07 18:41:01.934 10027 10097 E IMGMapper: set:488 set: Unset optional value from type CTA861_3
03-07 18:41:01.951 10027 10097 E IMGMapper: set:488 set: Unset optional value from type SMPTE2086
03-07 18:41:01.952 10027 10097 E IMGMapper: set:488 set: Unset optional value from type CTA861_3
03-07 18:41:01.968 10027 10097 E IMGMapper: set:488 set: Unset optional value from type SMPTE2086
03-07 18:41:01.968 10027 10097 E IMGMapper: set:488 set: Unset optional value from type CTA861_3
03-07 18:41:01.984 10027 10097 E IMGMapper: set:488 set: Unset optional value from type SMPTE2086
03-07 18:41:01.985 10027 10097 E IMGMapper: set:488 set: Unset optional value from type CTA861_3
03-07 18:41:02.001 10027 10097 E IMGMapper: set:488 set: Unset optional value from type SMPTE2086
03-07 18:41:02.001 10027 10097 E IMGMapper: set:488 set: Unset optional value from type CTA861_3
03-07 18:41:02.018 10027 10097 E IMGMapper: set:488 set: Unset optional value from type SMPTE2086
03-07 18:41:02.018 10027 10097 E IMGMapper: set:488 set: Unset optional value from type CTA861_3
03-07 18:41:02.035 10027 10097 E IMGMapper: set:488 set: Unset optional value from type SMPTE2086
03-07 18:41:02.035 10027 10097 E IMGMapper: set:488 set: Unset optional value from type CTA861_3
03-07 18:41:02.052 10027 10097 E IMGMapper: set:488 set: Unset optional value from type SMPTE2086
03-07 18:41:02.052 10027 10097 E IMGMapper: set:488 set: Unset optional value from type CTA861_3
03-07 18:41:02.067 10027 10097 E IMGMapper: set:488 set: Unset optional value from type SMPTE2086
03-07 18:41:02.068 10027 10097 E IMGMapper: set:488 set: Unset optional value from type CTA861_3
03-07 18:41:02.085 10027 10097 E IMGMapper: set:488 set: Unset optional value from type SMPTE2086
03-07 18:41:02.085 10027 10097 E IMGMapper: set:488 set: Unset optional value from type CTA861_3
03-07 18:41:02.101 10027 10097 E IMGMapper: set:488 set: Unset optional value from type SMPTE2086
03-07 18:41:02.101 10027 10097 E IMGMapper: set:488 set: Unset optional value from type CTA861_3
03-07 18:41:02.118 10027 10097 E IMGMapper: set:488 set: Unset optional value from type SMPTE2086
03-07 18:41:02.118 10027 10097 E IMGMapper: set:488 set: Unset optional value from type CTA861_3
03-07 18:41:02.168 10027 10097 E IMGMapper: set:488 set: Unset optional value from type SMPTE2086
03-07 18:41:02.168 10027 10097 E IMGMapper: set:488 set: Unset optional value from type CTA861_3
03-07 18:41:02.185 10027 10097 E IMGMapper: set:488 set: Unset optional value from type SMPTE2086
03-07 18:41:02.185 10027 10097 E IMGMapper: set:488 set: Unset optional value from type CTA861_3
03-07 18:41:02.203 10027 10097 E IMGMapper: set:488 set: Unset optional value from type SMPTE2086
03-07 18:41:02.203 10027 10097 E IMGMapper: set:488 set: Unset optional value from type CTA861_3
03-07 18:41:02.219 10027 10097 E IMGMapper: set:488 set: Unset optional value from type SMPTE2086
03-07 18:41:02.220 10027 10097 E IMGMapper: set:488 set: Unset optional value from type CTA861_3
03-07 18:41:02.236 10027 10097 E IMGMapper: set:488 set: Unset optional value from type SMPTE2086
03-07 18:41:02.236 10027 10097 E IMGMapper: set:488 set: Unset optional value from type CTA861_3
03-07 18:41:02.253 10027 10097 E IMGMapper: set:488 set: Unset optional value from type SMPTE2086
03-07 18:41:02.253 10027 10097 E IMGMapper: set:488 set: Unset optional value from type CTA861_3
03-07 18:41:02.270 10027 10097 E IMGMapper: set:488 set: Unset optional value from type SMPTE2086
03-07 18:41:02.270 10027 10097 E IMGMapper: set:488 set: Unset optional value from type CTA861_3
03-07 18:41:02.671 10027 10097 E IMGMapper: set:488 set: Unset optional value from type SMPTE2086
03-07 18:41:02.671 10027 10097 E IMGMapper: set:488 set: Unset optional value from type CTA861_3
03-07 18:41:02.687 10027 10097 E IMGMapper: set:488 set: Unset optional value from type SMPTE2086
03-07 18:41:02.688 10027 10097 E IMGMapper: set:488 set: Unset optional value from type CTA861_3
03-07 18:41:02.704 10027 10097 E IMGMapper: set:488 set: Unset optional value from type SMPTE2086
03-07 18:41:02.704 10027 10097 E IMGMapper: set:488 set: Unset optional value from type CTA861_3
03-07 18:41:02.720 10027 10097 E IMGMapper: set:488 set: Unset optional value from type SMPTE2086
03-07 18:41:02.721 10027 10097 E IMGMapper: set:488 set: Unset optional value from type CTA861_3
03-07 18:41:02.737 10027 10097 E IMGMapper: set:488 set: Unset optional value from type SMPTE2086
03-07 18:41:02.738 10027 10097 E IMGMapper: set:488 set: Unset optional value from type CTA861_3
03-07 18:41:02.754 10027 10097 E IMGMapper: set:488 set: Unset optional value from type SMPTE2086
03-07 18:41:02.754 10027 10097 E IMGMapper: set:488 set: Unset optional value from type CTA861_3
03-07 18:41:02.771 10027 10097 E IMGMapper: set:488 set: Unset optional value from type SMPTE2086
03-07 18:41:02.771 10027 10097 E IMGMapper: set:488 set: Unset optional value from type CTA861_3
03-07 18:41:02.788 10027 10097 E IMGMapper: set:488 set: Unset optional value from type SMPTE2086
03-07 18:41:02.788 10027 10097 E IMGMapper: set:488 set: Unset optional value from type CTA861_3
03-07 18:41:02.804 10027 10097 E IMGMapper: set:488 set: Unset optional value from type SMPTE2086
03-07 18:41:02.805 10027 10097 E IMGMapper: set:488 set: Unset optional value from type CTA861_3
03-07 18:41:02.821 10027 10097 E IMGMapper: set:488 set: Unset optional value from type SMPTE2086
03-07 18:41:02.821 10027 10097 E IMGMapper: set:488 set: Unset optional value from type CTA861_3
03-07 18:41:02.838 10027 10097 E IMGMapper: set:488 set: Unset optional value from type SMPTE2086
03-07 18:41:02.838 10027 10097 E IMGMapper: set:488 set: Unset optional value from type CTA861_3
03-07 18:41:02.854 10027 10097 E IMGMapper: set:488 set: Unset optional value from type SMPTE2086
03-07 18:41:02.855 10027 10097 E IMGMapper: set:488 set: Unset optional value from type CTA861_3
03-07 18:41:02.872 10027 10097 E IMGMapper: set:488 set: Unset optional value from type SMPTE2086
03-07 18:41:02.872 10027 10097 E IMGMapper: set:488 set: Unset optional value from type CTA861_3
03-07 18:41:02.888 10027 10097 E IMGMapper: set:488 set: Unset optional value from type SMPTE2086
03-07 18:41:02.888 10027 10097 E IMGMapper: set:488 set: Unset optional value from type CTA861_3
03-07 18:41:02.905 10027 10097 E IMGMapper: set:488 set: Unset optional value from type SMPTE2086
03-07 18:41:02.905 10027 10097 E IMGMapper: set:488 set: Unset optional value from type CTA861_3
03-07 18:41:02.921 10027 10097 E IMGMapper: set:488 set: Unset optional value from type SMPTE2086
03-07 18:41:02.922 10027 10097 E IMGMapper: set:488 set: Unset optional value from type CTA861_3
03-07 18:41:02.938 10027 10097 E IMGMapper: set:488 set: Unset optional value from type SMPTE2086
03-07 18:41:02.938 10027 10097 E IMGMapper: set:488 set: Unset optional value from type CTA861_3
03-07 18:41:05.698 10027 10097 E IMGMapper: set:488 set: Unset optional value from type SMPTE2086
03-07 18:41:05.698 10027 10097 E IMGMapper: set:488 set: Unset optional value from type CTA861_3
03-07 18:41:05.717 10027 10097 E IMGMapper: set:488 set: Unset optional value from type SMPTE2086
03-07 18:41:05.717 10027 10097 E IMGMapper: set:488 set: Unset optional value from type CTA861_3
03-07 18:41:05.734 10027 10097 E IMGMapper: set:488 set: Unset optional value from type SMPTE2086
03-07 18:41:05.734 10027 10097 E IMGMapper: set:488 set: Unset optional value from type CTA861_3
03-07 18:41:05.751 10027 10125 E ArmVmp : Match on catch block at 0x0a in for 0xf1
03-07 18:41:05.753 10027 10097 E IMGMapper: set:488 set: Unset optional value from type SMPTE2086
03-07 18:41:05.753 10027 10097 E IMGMapper: set:488 set: Unset optional value from type CTA861_3
03-07 18:41:05.800 10027 10027 W OnBackInvokedCallback: OnBackInvokedCallback is not enabled for the application.
03-07 18:41:05.800 10027 10027 W OnBackInvokedCallback: Set 'android:enableOnBackInvokedCallback="true"' in the application manifest.
03-07 18:41:05.826 10027 10027 E ArmVmp : Match on catch block at 0xc3 in for 0x155
03-07 18:41:05.830 10027 10027 E ArmVmp : Match on catch block at 0xc3 in for 0x151
03-07 18:41:05.842 10027 10097 E IMGMapper: set:488 set: Unset optional value from type SMPTE2086
03-07 18:41:05.842 10027 10097 E IMGMapper: set:488 set: Unset optional value from type CTA861_3
03-07 18:41:06.322 10027 10027 E ArmVmp : Match on catch block at 0xc3 in for 0x149
03-07 18:41:06.336 10027 10027 E ArmVmp : Match on catch block at 0xc3 in for 0x145
03-07 18:41:06.359 10027 10097 E IMGMapper: set:488 set: Unset optional value from type SMPTE2086
03-07 18:41:06.359 10027 10097 E IMGMapper: set:488 set: Unset optional value from type CTA861_3
03-07 18:41:06.824 10027 10027 E ArmVmp : Match on catch block at 0xc3 in for 0x151
03-07 18:41:06.838 10027 10027 E ArmVmp : Match on catch block at 0xc3 in for 0x14d
03-07 18:41:06.861 10027 10097 E IMGMapper: set:488 set: Unset optional value from type SMPTE2086
03-07 18:41:06.861 10027 10097 E IMGMapper: set:488 set: Unset optional value from type CTA861_3
03-07 18:41:07.139 10027 10027 E ArmVmp : Match on catch block at 0xc3 in for 0x141
03-07 18:41:07.142 10027 10027 E ArmVmp : Match on catch block at 0xc3 in for 0x159
03-07 18:41:07.153 10027 10097 E IMGMapper: set:488 set: Unset optional value from type SMPTE2086
03-07 18:41:07.153 10027 10097 E IMGMapper: set:488 set: Unset optional value from type CTA861_3
03-07 18:41:07.153 10027 10027 E ArmVmp : Match on catch block at 0xc3 in for 0x145
03-07 18:41:07.158 10027 10027 E ArmVmp : Match on catch block at 0xc3 in for 0x141
03-07 18:41:07.167 10027 10097 E IMGMapper: set:488 set: Unset optional value from type SMPTE2086
03-07 18:41:07.167 10027 10097 E IMGMapper: set:488 set: Unset optional value from type CTA861_3
03-07 18:41:07.171 10027 10027 E ArmVmp : Match on catch block at 0xc3 in for 0x149
03-07 18:41:07.175 10027 10027 E ArmVmp : Match on catch block at 0xc3 in for 0x145
03-07 18:41:07.186 10027 10097 E IMGMapper: set:488 set: Unset optional value from type SMPTE2086
03-07 18:41:07.186 10027 10097 E IMGMapper: set:488 set: Unset optional value from type CTA861_3
03-07 18:41:07.187 10027 10027 E ArmVmp : Match on catch block at 0xc3 in for 0x14d
03-07 18:41:07.191 10027 10027 E ArmVmp : Match on catch block at 0xc3 in for 0x149
03-07 18:41:07.198 10027 10097 E IMGMapper: set:488 set: Unset optional value from type SMPTE2086
03-07 18:41:07.198 10027 10097 E IMGMapper: set:488 set: Unset optional value from type CTA861_3
03-07 18:41:07.203 10027 10027 E ArmVmp : Match on catch block at 0xc3 in for 0x151
03-07 18:41:07.207 10027 10027 E ArmVmp : Match on catch block at 0xc3 in for 0x14d
03-07 18:41:07.225 10027 10027 E ArmVmp : Match on catch block at 0xc3 in for 0x155
03-07 18:41:07.226 10027 10097 E IMGMapper: set:488 set: Unset optional value from type SMPTE2086
03-07 18:41:07.226 10027 10097 E IMGMapper: set:488 set: Unset optional value from type CTA861_3
03-07 18:41:07.228 10027 10027 E ArmVmp : Match on catch block at 0xc3 in for 0x151
03-07 18:41:07.238 10027 10027 E ArmVmp : Match on catch block at 0xc3 in for 0x159
03-07 18:41:07.239 10027 10097 E IMGMapper: set:488 set: Unset optional value from type SMPTE2086
03-07 18:41:07.239 10027 10097 E IMGMapper: set:488 set: Unset optional value from type CTA861_3
03-07 18:41:07.242 10027 10027 E ArmVmp : Match on catch block at 0xc3 in for 0x155
03-07 18:41:07.255 10027 10027 E ArmVmp : Match on catch block at 0xc3 in for 0x141
03-07 18:41:07.256 10027 10097 E IMGMapper: set:488 set: Unset optional value from type SMPTE2086
03-07 18:41:07.256 10027 10097 E IMGMapper: set:488 set: Unset optional value from type CTA861_3
03-07 18:41:07.259 10027 10027 E ArmVmp : Match on catch block at 0xc3 in for 0x159
03-07 18:41:07.271 10027 10027 E ArmVmp : Match on catch block at 0xc3 in for 0x145
03-07 18:41:07.273 10027 10097 E IMGMapper: set:488 set: Unset optional value from type SMPTE2086
03-07 18:41:07.273 10027 10097 E IMGMapper: set:488 set: Unset optional value from type CTA861_3
03-07 18:41:07.276 10027 10027 E ArmVmp : Match on catch block at 0xc3 in for 0x141
03-07 18:41:07.288 10027 10027 E ArmVmp : Match on catch block at 0xc3 in for 0x149
03-07 18:41:07.290 10027 10097 E IMGMapper: set:488 set: Unset optional value from type SMPTE2086
03-07 18:41:07.290 10027 10097 E IMGMapper: set:488 set: Unset optional value from type CTA861_3
03-07 18:41:07.293 10027 10027 E ArmVmp : Match on catch block at 0xc3 in for 0x145
03-07 18:41:07.306 10027 10027 E ArmVmp : Match on catch block at 0xc3 in for 0x14d
03-07 18:41:07.307 10027 10097 E IMGMapper: set:488 set: Unset optional value from type SMPTE2086
03-07 18:41:07.307 10027 10097 E IMGMapper: set:488 set: Unset optional value from type CTA861_3
03-07 18:41:07.310 10027 10027 E ArmVmp : Match on catch block at 0xc3 in for 0x149
03-07 18:41:07.322 10027 10027 E ArmVmp : Match on catch block at 0xc3 in for 0x151
03-07 18:41:07.323 10027 10097 E IMGMapper: set:488 set: Unset optional value from type SMPTE2086
03-07 18:41:07.324 10027 10097 E IMGMapper: set:488 set: Unset optional value from type CTA861_3
03-07 18:41:07.327 10027 10027 E ArmVmp : Match on catch block at 0xc3 in for 0x14d
03-07 18:41:07.339 10027 10097 E IMGMapper: set:488 set: Unset optional value from type SMPTE2086
03-07 18:41:07.339 10027 10027 E ArmVmp : Match on catch block at 0xc3 in for 0x155
03-07 18:41:07.339 10027 10097 E IMGMapper: set:488 set: Unset optional value from type CTA861_3
03-07 18:41:07.344 10027 10027 E ArmVmp : Match on catch block at 0xc3 in for 0x151
03-07 18:41:07.356 10027 10097 E IMGMapper: set:488 set: Unset optional value from type SMPTE2086
03-07 18:41:07.356 10027 10097 E IMGMapper: set:488 set: Unset optional value from type CTA861_3
03-07 18:41:07.474 10027 10027 E ArmVmp : Match on catch block at 0xc3 in for 0x155
03-07 18:41:07.479 10027 10027 E ArmVmp : Match on catch block at 0xc3 in for 0x151
03-07 18:41:07.492 10027 10027 E ArmVmp : Match on catch block at 0xc3 in for 0x155
03-07 18:41:07.494 10027 10097 E IMGMapper: set:488 set: Unset optional value from type SMPTE2086
03-07 18:41:07.494 10027 10097 E IMGMapper: set:488 set: Unset optional value from type CTA861_3
03-07 18:41:07.498 10027 10027 E ArmVmp : Match on catch block at 0xc3 in for 0x151
03-07 18:41:07.504 10027 10027 E ArmVmp : Match on catch block at 0xc3 in for 0x159
03-07 18:41:07.508 10027 10097 E IMGMapper: set:488 set: Unset optional value from type SMPTE2086
03-07 18:41:07.508 10027 10097 E IMGMapper: set:488 set: Unset optional value from type CTA861_3
03-07 18:41:07.509 10027 10027 E ArmVmp : Match on catch block at 0xc3 in for 0x155
03-07 18:41:07.519 10027 10097 E IMGMapper: set:488 set: Unset optional value from type SMPTE2086
03-07 18:41:07.519 10027 10097 E IMGMapper: set:488 set: Unset optional value from type CTA861_3
03-07 18:41:07.521 10027 10027 E ArmVmp : Match on catch block at 0xc3 in for 0x141
03-07 18:41:07.525 10027 10027 E ArmVmp : Match on catch block at 0xc3 in for 0x159
03-07 18:41:07.532 10027 10097 E IMGMapper: set:488 set: Unset optional value from type SMPTE2086
03-07 18:41:07.532 10027 10097 E IMGMapper: set:488 set: Unset optional value from type CTA861_3
03-07 18:41:07.539 10027 10027 E ArmVmp : Match on catch block at 0xc3 in for 0x145
03-07 18:41:07.543 10027 10027 E ArmVmp : Match on catch block at 0xc3 in for 0x141
03-07 18:41:07.550 10027 10097 E IMGMapper: set:488 set: Unset optional value from type SMPTE2086
03-07 18:41:07.550 10027 10097 E IMGMapper: set:488 set: Unset optional value from type CTA861_3
03-07 18:41:07.555 10027 10027 E ArmVmp : Match on catch block at 0xc3 in for 0x149
03-07 18:41:07.560 10027 10027 E ArmVmp : Match on catch block at 0xc3 in for 0x145
03-07 18:41:07.568 10027 10097 E IMGMapper: set:488 set: Unset optional value from type SMPTE2086
03-07 18:41:07.568 10027 10097 E IMGMapper: set:488 set: Unset optional value from type CTA861_3
03-07 18:41:07.572 10027 10027 E ArmVmp : Match on catch block at 0xc3 in for 0x14d
03-07 18:41:07.576 10027 10027 E ArmVmp : Match on catch block at 0xc3 in for 0x149
03-07 18:41:07.585 10027 10097 E IMGMapper: set:488 set: Unset optional value from type SMPTE2086
03-07 18:41:07.585 10027 10097 E IMGMapper: set:488 set: Unset optional value from type CTA861_3
03-07 18:41:07.591 10027 10027 E ArmVmp : Match on catch block at 0xc3 in for 0x151
03-07 18:41:07.595 10027 10027 E ArmVmp : Match on catch block at 0xc3 in for 0x14d
03-07 18:41:07.605 10027 10027 E ArmVmp : Match on catch block at 0xc3 in for 0x155
03-07 18:41:07.607 10027 10097 E IMGMapper: set:488 set: Unset optional value from type SMPTE2086
03-07 18:41:07.608 10027 10097 E IMGMapper: set:488 set: Unset optional value from type CTA861_3
03-07 18:41:07.610 10027 10027 E ArmVmp : Match on catch block at 0xc3 in for 0x151
03-07 18:41:07.620 10027 10097 E IMGMapper: set:488 set: Unset optional value from type SMPTE2086
03-07 18:41:07.621 10027 10097 E IMGMapper: set:488 set: Unset optional value from type CTA861_3
03-07 18:41:07.623 10027 10027 E ArmVmp : Match on catch block at 0xc3 in for 0x159
03-07 18:41:07.627 10027 10027 E ArmVmp : Match on catch block at 0xc3 in for 0x155
03-07 18:41:07.637 10027 10097 E IMGMapper: set:488 set: Unset optional value from type SMPTE2086
03-07 18:41:07.637 10027 10097 E IMGMapper: set:488 set: Unset optional value from type CTA861_3
03-07 18:41:07.639 10027 10027 E ArmVmp : Match on catch block at 0xc3 in for 0x141
03-07 18:41:07.644 10027 10027 E ArmVmp : Match on catch block at 0xc3 in for 0x159
03-07 18:41:07.651 10027 10097 E IMGMapper: set:488 set: Unset optional value from type SMPTE2086
03-07 18:41:07.651 10027 10097 E IMGMapper: set:488 set: Unset optional value from type CTA861_3
03-07 18:41:07.656 10027 10027 E ArmVmp : Match on catch block at 0xc3 in for 0x145
03-07 18:41:07.660 10027 10027 E ArmVmp : Match on catch block at 0xc3 in for 0x141
03-07 18:41:07.667 10027 10097 E IMGMapper: set:488 set: Unset optional value from type SMPTE2086
03-07 18:41:07.667 10027 10097 E IMGMapper: set:488 set: Unset optional value from type CTA861_3
03-07 18:41:07.672 10027 10027 E ArmVmp : Match on catch block at 0xc3 in for 0x149
03-07 18:41:07.678 10027 10027 E ArmVmp : Match on catch block at 0xc3 in for 0x145
03-07 18:41:07.684 10027 10097 E IMGMapper: set:488 set: Unset optional value from type SMPTE2086
03-07 18:41:07.684 10027 10097 E IMGMapper: set:488 set: Unset optional value from type CTA861_3
03-07 18:41:07.974 10027 10027 E ArmVmp : Match on catch block at 0xc3 in for 0x159
03-07 18:41:07.978 10027 10027 E ArmVmp : Match on catch block at 0xc3 in for 0x155
03-07 18:41:07.987 10027 10097 E IMGMapper: set:488 set: Unset optional value from type SMPTE2086
03-07 18:41:07.987 10027 10097 E IMGMapper: set:488 set: Unset optional value from type CTA861_3
03-07 18:41:08.475 10027 10027 E ArmVmp : Match on catch block at 0xc3 in for 0x145
03-07 18:41:08.484 10027 10027 E ArmVmp : Match on catch block at 0xc3 in for 0x141
03-07 18:41:08.490 10027 10097 E IMGMapper: set:488 set: Unset optional value from type SMPTE2086
03-07 18:41:08.490 10027 10097 E IMGMapper: set:488 set: Unset optional value from type CTA861_3
03-07 18:41:08.576 10027 10027 E ArmVmp : Match on catch block at 0xc3 in for 0x149
03-07 18:41:08.581 10027 10027 E ArmVmp : Match on catch block at 0xc3 in for 0x145
03-07 18:41:08.589 10027 10097 E IMGMapper: set:488 set: Unset optional value from type SMPTE2086
03-07 18:41:08.589 10027 10097 E IMGMapper: set:488 set: Unset optional value from type CTA861_3
03-07 18:41:09.078 10027 10027 E ArmVmp : Match on catch block at 0xc3 in for 0x151
03-07 18:41:09.083 10027 10027 E ArmVmp : Match on catch block at 0xc3 in for 0x14d
03-07 18:41:09.090 10027 10097 E IMGMapper: set:488 set: Unset optional value from type SMPTE2086
03-07 18:41:09.090 10027 10097 E IMGMapper: set:488 set: Unset optional value from type CTA861_3
03-07 18:41:09.362 10027 10027 E ArmVmp : Match on catch block at 0xc3 in for 0x149
03-07 18:41:09.365 10027 10027 E ArmVmp : Match on catch block at 0xc3 in for 0x145
03-07 18:41:09.373 10027 10097 E IMGMapper: set:488 set: Unset optional value from type SMPTE2086
03-07 18:41:09.373 10027 10097 E IMGMapper: set:488 set: Unset optional value from type CTA861_3
03-07 18:41:09.763 10027 10027 E ArmVmp : Match on catch block at 0xc3 in for 0x141
03-07 18:41:09.767 10027 10027 E ArmVmp : Match on catch block at 0xc3 in for 0x159
03-07 18:41:09.774 10027 10097 E IMGMapper: set:488 set: Unset optional value from type SMPTE2086
03-07 18:41:09.774 10027 10097 E IMGMapper: set:488 set: Unset optional value from type CTA861_3
03-07 18:41:10.266 10027 10027 E ArmVmp : Match on catch block at 0xc3 in for 0x149
03-07 18:41:10.270 10027 10027 E ArmVmp : Match on catch block at 0xc3 in for 0x145
03-07 18:41:10.277 10027 10097 E IMGMapper: set:488 set: Unset optional value from type SMPTE2086
03-07 18:41:10.277 10027 10097 E IMGMapper: set:488 set: Unset optional value from type CTA861_3
03-07 18:41:10.366 10027 10027 E ArmVmp : Match on catch block at 0xc3 in for 0x14d
03-07 18:41:10.370 10027 10027 E ArmVmp : Match on catch block at 0xc3 in for 0x149
03-07 18:41:10.378 10027 10097 E IMGMapper: set:488 set: Unset optional value from type SMPTE2086
03-07 18:41:10.378 10027 10097 E IMGMapper: set:488 set: Unset optional value from type CTA861_3
03-07 18:41:10.868 10027 10027 E ArmVmp : Match on catch block at 0xc3 in for 0x155
03-07 18:41:10.873 10027 10027 E ArmVmp : Match on catch block at 0xc3 in for 0x151
03-07 18:41:10.878 10027 10097 E IMGMapper: set:488 set: Unset optional value from type SMPTE2086
03-07 18:41:10.879 10027 10097 E IMGMapper: set:488 set: Unset optional value from type CTA861_3
03-07 18:41:10.919 10027 10027 E ArmVmp : Match on catch block at 0xc3 in for 0x14d
03-07 18:41:10.924 10027 10027 E ArmVmp : Match on catch block at 0xc3 in for 0x149
03-07 18:41:10.932 10027 10097 E IMGMapper: set:488 set: Unset optional value from type SMPTE2086
03-07 18:41:10.932 10027 10097 E IMGMapper: set:488 set: Unset optional value from type CTA861_3
03-07 18:41:11.387 10027 10027 E ArmVmp : Match on catch block at 0xc3 in for 0x155
03-07 18:41:11.391 10027 10027 E ArmVmp : Match on catch block at 0xc3 in for 0x151
03-07 18:41:11.399 10027 10097 E IMGMapper: set:488 set: Unset optional value from type SMPTE2086
03-07 18:41:11.399 10027 10097 E IMGMapper: set:488 set: Unset optional value from type CTA861_3
03-07 18:41:11.537 10027 10027 E ArmVmp : Match on catch block at 0xc3 in for 0x149
03-07 18:41:11.541 10027 10027 E ArmVmp : Match on catch block at 0xc3 in for 0x145
03-07 18:41:11.549 10027 10097 E IMGMapper: set:488 set: Unset optional value from type SMPTE2086
03-07 18:41:11.549 10027 10097 E IMGMapper: set:488 set: Unset optional value from type CTA861_3
03-07 18:41:12.041 10027 10027 E ArmVmp : Match on catch block at 0xc3 in for 0x151
03-07 18:41:12.045 10027 10027 E ArmVmp : Match on catch block at 0xc3 in for 0x14d
03-07 18:41:12.053 10027 10097 E IMGMapper: set:488 set: Unset optional value from type SMPTE2086
03-07 18:41:12.053 10027 10097 E IMGMapper: set:488 set: Unset optional value from type CTA861_3
03-07 18:41:12.542 10027 10027 E ArmVmp : Match on catch block at 0xc3 in for 0x14d
03-07 18:41:12.546 10027 10027 E ArmVmp : Match on catch block at 0xc3 in for 0x149
03-07 18:41:12.553 10027 10097 E IMGMapper: set:488 set: Unset optional value from type SMPTE2086
03-07 18:41:12.553 10027 10097 E IMGMapper: set:488 set: Unset optional value from type CTA861_3
03-07 18:41:12.581 10027 10027 W Settings: Setting show_button_background has moved from android.provider.Settings.System to android.provider.Settings.Global, returning read-only value.
03-07 18:41:12.646 10027 10097 E IMGMapper: set:488 set: Unset optional value from type SMPTE2086
03-07 18:41:12.647 10027 10097 E IMGMapper: set:488 set: Unset optional value from type CTA861_3
03-07 18:41:12.649 10027 10097 W Parcel : Expecting binder but got null!
03-07 18:41:12.659 10027 10027 E ArmVmp : Match on catch block at 0xc3 in for 0x159
03-07 18:41:12.663 10027 10027 E ArmVmp : Match on catch block at 0xc3 in for 0x155
03-07 18:41:12.675 10027 10097 E IMGMapper: set:488 set: Unset optional value from type SMPTE2086
03-07 18:41:12.675 10027 10097 E IMGMapper: set:488 set: Unset optional value from type CTA861_3
03-07 18:41:13.786 10027 10097 E IMGMapper: set:488 set: Unset optional value from type SMPTE2086
03-07 18:41:13.786 10027 10125 E ArmVmp : Match on catch block at 0x0a in for 0xe5
03-07 18:41:13.786 10027 10097 E IMGMapper: set:488 set: Unset optional value from type CTA861_3
03-07 18:41:13.807 10027 10027 W InputEventReceiver: Attempted to finish an input event but the input event receiver has already been disposed.
03-07 18:41:13.832 10027 10027 W OnBackInvokedCallback: OnBackInvokedCallback is not enabled for the application.
03-07 18:41:13.832 10027 10027 W OnBackInvokedCallback: Set 'android:enableOnBackInvokedCallback="true"' in the application manifest.
03-07 18:41:13.857 10027 10027 E ArmVmp : Match on catch block at 0xc3 in for 0x149
03-07 18:41:13.862 10027 10027 E ArmVmp : Match on catch block at 0xc3 in for 0x145
03-07 18:41:13.872 10027 10097 E IMGMapper: set:488 set: Unset optional value from type SMPTE2086
03-07 18:41:13.872 10027 10097 E IMGMapper: set:488 set: Unset optional value from type CTA861_3
03-07 18:41:14.120 10027 10027 E ArmVmp : Match on catch block at 0xc3 in for 0x159
03-07 18:41:14.125 10027 10027 E ArmVmp : Match on catch block at 0xc3 in for 0x155
03-07 18:41:14.138 10027 10097 E IMGMapper: set:488 set: Unset optional value from type SMPTE2086
03-07 18:41:14.138 10027 10097 E IMGMapper: set:488 set: Unset optional value from type CTA861_3
03-07 18:41:14.178 10027 10027 E ArmVmp : Match on catch block at 0xc3 in for 0x141
03-07 18:41:14.182 10027 10027 E ArmVmp : Match on catch block at 0xc3 in for 0x159
03-07 18:41:14.622 10027 10027 E ArmVmp : Match on catch block at 0xc3 in for 0x159
03-07 18:41:14.635 10027 10027 E ArmVmp : Match on catch block at 0xc3 in for 0x155
03-07 18:41:14.660 10027 10097 E IMGMapper: set:488 set: Unset optional value from type SMPTE2086
03-07 18:41:14.660 10027 10097 E IMGMapper: set:488 set: Unset optional value from type CTA861_3
03-07 18:41:15.089 10027 10027 E ArmVmp : Match on catch block at 0xc3 in for 0x159
03-07 18:41:15.092 10027 10027 E ArmVmp : Match on catch block at 0xc3 in for 0x155
03-07 18:41:15.103 10027 10097 E IMGMapper: set:488 set: Unset optional value from type SMPTE2086
03-07 18:41:15.103 10027 10097 E IMGMapper: set:488 set: Unset optional value from type CTA861_3
03-07 18:41:15.119 10027 10027 E ArmVmp : Match on catch block at 0xc3 in for 0x145
03-07 18:41:15.124 10027 10027 E ArmVmp : Match on catch block at 0xc3 in for 0x141
03-07 18:41:15.129 10027 10097 E IMGMapper: set:488 set: Unset optional value from type SMPTE2086
03-07 18:41:15.129 10027 10097 E IMGMapper: set:488 set: Unset optional value from type CTA861_3
03-07 18:41:15.145 10027 10097 E IMGMapper: set:488 set: Unset optional value from type SMPTE2086
03-07 18:41:15.145 10027 10097 E IMGMapper: set:488 set: Unset optional value from type CTA861_3
03-07 18:41:15.158 10027 10027 E ArmVmp : Match on catch block at 0xc3 in for 0x151
03-07 18:41:15.160 10027 10097 E IMGMapper: set:488 set: Unset optional value from type SMPTE2086
03-07 18:41:15.160 10027 10097 E IMGMapper: set:488 set: Unset optional value from type CTA861_3
03-07 18:41:15.162 10027 10027 E ArmVmp : Match on catch block at 0xc3 in for 0x14d
03-07 18:41:15.178 10027 10097 E IMGMapper: set:488 set: Unset optional value from type SMPTE2086
03-07 18:41:15.178 10027 10097 E IMGMapper: set:488 set: Unset optional value from type CTA861_3
03-07 18:41:15.195 10027 10097 E IMGMapper: set:488 set: Unset optional value from type SMPTE2086
03-07 18:41:15.195 10027 10097 E IMGMapper: set:488 set: Unset optional value from type CTA861_3
03-07 18:41:15.212 10027 10097 E IMGMapper: set:488 set: Unset optional value from type SMPTE2086
03-07 18:41:15.212 10027 10097 E IMGMapper: set:488 set: Unset optional value from type CTA861_3
03-07 18:41:15.225 10027 10097 E IMGMapper: set:488 set: Unset optional value from type SMPTE2086
03-07 18:41:15.225 10027 10097 E IMGMapper: set:488 set: Unset optional value from type CTA861_3
03-07 18:41:15.242 10027 10097 E IMGMapper: set:488 set: Unset optional value from type SMPTE2086
03-07 18:41:15.243 10027 10097 E IMGMapper: set:488 set: Unset optional value from type CTA861_3
03-07 18:41:15.259 10027 10097 E IMGMapper: set:488 set: Unset optional value from type SMPTE2086
03-07 18:41:15.259 10027 10097 E IMGMapper: set:488 set: Unset optional value from type CTA861_3
03-07 18:41:15.276 10027 10097 E IMGMapper: set:488 set: Unset optional value from type SMPTE2086
03-07 18:41:15.276 10027 10097 E IMGMapper: set:488 set: Unset optional value from type CTA861_3
03-07 18:41:15.292 10027 10097 E IMGMapper: set:488 set: Unset optional value from type SMPTE2086
03-07 18:41:15.293 10027 10097 E IMGMapper: set:488 set: Unset optional value from type CTA861_3
03-07 18:41:15.309 10027 10097 E IMGMapper: set:488 set: Unset optional value from type SMPTE2086
03-07 18:41:15.309 10027 10097 E IMGMapper: set:488 set: Unset optional value from type CTA861_3
03-07 18:41:15.326 10027 10097 E IMGMapper: set:488 set: Unset optional value from type SMPTE2086
03-07 18:41:15.326 10027 10097 E IMGMapper: set:488 set: Unset optional value from type CTA861_3
03-07 18:41:15.342 10027 10097 E IMGMapper: set:488 set: Unset optional value from type SMPTE2086
03-07 18:41:15.342 10027 10097 E IMGMapper: set:488 set: Unset optional value from type CTA861_3
03-07 18:41:15.359 10027 10097 E IMGMapper: set:488 set: Unset optional value from type SMPTE2086
03-07 18:41:15.359 10027 10097 E IMGMapper: set:488 set: Unset optional value from type CTA861_3
03-07 18:41:15.375 10027 10097 E IMGMapper: set:488 set: Unset optional value from type SMPTE2086
03-07 18:41:15.376 10027 10097 E IMGMapper: set:488 set: Unset optional value from type CTA861_3
03-07 18:41:15.392 10027 10097 E IMGMapper: set:488 set: Unset optional value from type SMPTE2086
03-07 18:41:15.392 10027 10097 E IMGMapper: set:488 set: Unset optional value from type CTA861_3
03-07 18:41:15.409 10027 10097 E IMGMapper: set:488 set: Unset optional value from type SMPTE2086
03-07 18:41:15.409 10027 10097 E IMGMapper: set:488 set: Unset optional value from type CTA861_3
03-07 18:41:15.426 10027 10097 E IMGMapper: set:488 set: Unset optional value from type SMPTE2086
03-07 18:41:15.426 10027 10097 E IMGMapper: set:488 set: Unset optional value from type CTA861_3
03-07 18:41:15.443 10027 10097 E IMGMapper: set:488 set: Unset optional value from type SMPTE2086
03-07 18:41:15.443 10027 10097 E IMGMapper: set:488 set: Unset optional value from type CTA861_3
03-07 18:41:15.460 10027 10097 E IMGMapper: set:488 set: Unset optional value from type SMPTE2086
03-07 18:41:15.460 10027 10097 E IMGMapper: set:488 set: Unset optional value from type CTA861_3
03-07 18:41:15.476 10027 10097 E IMGMapper: set:488 set: Unset optional value from type SMPTE2086
03-07 18:41:15.477 10027 10097 E IMGMapper: set:488 set: Unset optional value from type CTA861_3
03-07 18:41:15.554 10027 10097 E IMGMapper: set:488 set: Unset optional value from type SMPTE2086
03-07 18:41:15.554 10027 10097 E IMGMapper: set:488 set: Unset optional value from type CTA861_3
03-07 18:41:15.557 10027 10097 W Parcel : Expecting binder but got null!
03-07 18:41:15.614 10027 10097 E IMGMapper: set:488 set: Unset optional value from type SMPTE2086
03-07 18:41:15.614 10027 10097 E IMGMapper: set:488 set: Unset optional value from type CTA861_3
03-07 18:41:15.661 10027 10097 E IMGMapper: set:488 set: Unset optional value from type SMPTE2086
03-07 18:41:15.662 10027 10097 E IMGMapper: set:488 set: Unset optional value from type CTA861_3
03-07 18:41:15.665 10027 10027 E ArmVmp : Match on catch block at 0xc3 in for 0x155
03-07 18:41:15.669 10027 10027 E ArmVmp : Match on catch block at 0xc3 in for 0x151
03-07 18:41:15.679 10027 10027 W OnBackInvokedCallback: OnBackInvokedCallback is not enabled for the application.
03-07 18:41:15.679 10027 10027 W OnBackInvokedCallback: Set 'android:enableOnBackInvokedCallback="true"' in the application manifest.
03-07 18:41:15.685 10027 10097 E IMGMapper: set:488 set: Unset optional value from type SMPTE2086
03-07 18:41:15.685 10027 10097 E IMGMapper: set:488 set: Unset optional value from type CTA861_3
03-07 18:41:15.693 10027 10097 E IMGMapper: set:488 set: Unset optional value from type SMPTE2086
03-07 18:41:15.693 10027 10097 E IMGMapper: set:488 set: Unset optional value from type CTA861_3
03-07 18:41:15.769 10027 10027 E ArmVmp : Match on catch block at 0xc3 in for 0x14d
03-07 18:41:15.775 10027 10027 E ArmVmp : Match on catch block at 0xc3 in for 0x149
03-07 18:41:15.790 10027 10027 E ArmVmp : Match on catch block at 0xc3 in for 0x151
03-07 18:41:15.795 10027 10027 E ArmVmp : Match on catch block at 0xc3 in for 0x14d
03-07 18:41:15.801 10027 10097 E IMGMapper: set:488 set: Unset optional value from type SMPTE2086
03-07 18:41:15.801 10027 10097 E IMGMapper: set:488 set: Unset optional value from type CTA861_3
03-07 18:41:15.815 10027 10097 E IMGMapper: set:488 set: Unset optional value from type SMPTE2086
03-07 18:41:15.815 10027 10097 E IMGMapper: set:488 set: Unset optional value from type CTA861_3
03-07 18:41:15.867 10027 10097 E IMGMapper: set:488 set: Unset optional value from type SMPTE2086
03-07 18:41:15.867 10027 10097 E IMGMapper: set:488 set: Unset optional value from type CTA861_3
03-07 18:41:15.870 10027 10027 E ArmVmp : Match on catch block at 0xc3 in for 0x159
03-07 18:41:15.875 10027 10027 E ArmVmp : Match on catch block at 0xc3 in for 0x155
03-07 18:41:15.895 10027 10097 E IMGMapper: set:488 set: Unset optional value from type SMPTE2086
03-07 18:41:15.895 10027 10097 E IMGMapper: set:488 set: Unset optional value from type CTA861_3
03-07 18:41:15.910 10027 10027 W OnBackInvokedCallback: OnBackInvokedCallback is not enabled for the application.
03-07 18:41:15.910 10027 10027 W OnBackInvokedCallback: Set 'android:enableOnBackInvokedCallback="true"' in the application manifest.
03-07 18:41:15.968 10027 10097 E IMGMapper: set:488 set: Unset optional value from type SMPTE2086
03-07 18:41:15.968 10027 10097 E IMGMapper: set:488 set: Unset optional value from type CTA861_3
03-07 18:41:15.987 10027 10027 W InputEventReceiver: Attempted to finish an input event but the input event receiver has already been disposed. --------- beginning of system
03-07 18:41:15.988 10027 10027 W ViewRootImpl@2862415[PopupWindow:7b029cc]: Dropping event due to root view being removed: MotionEvent { action=ACTION_MOVE, actionButton=0, id[0]=0, x[0]=-125.30513, y[0]=242.51654, toolType[0]=TOOL_TYPE_FINGER, buttonState=0, classification=NONE, metaState=0, flags=0x2, edgeFlags=0x0, pointerCount=1, historySize=0, eventTime=29666336, downTime=29666328, deviceId=6, source=0x1002, displayId=0, eventId=204797948 }
03-07 18:41:15.988 10027 10027 E ViewRootImpl@2862415[PopupWindow:7b029cc]: mStopped=false mHasWindowFocus=true mPausedForTransition=false
03-07 18:41:15.988 10027 10027 W InputEventReceiver: Attempted to finish an input event but the input event receiver has already been disposed.
03-07 18:41:15.991 10027 10027 E ArmVmp : Match on catch block at 0xc3 in for 0x145
03-07 18:41:15.995 10027 10027 E ArmVmp : Match on catch block at 0xc3 in for 0x141
03-07 18:41:16.008 10027 10097 E IMGMapper: set:488 set: Unset optional value from type SMPTE2086
03-07 18:41:16.008 10027 10097 E IMGMapper: set:488 set: Unset optional value from type CTA861_3
03-07 18:41:16.040 10027 10027 E ArmVmp : Match on catch block at 0xc3 in for 0x145
03-07 18:41:16.043 10027 10027 E ArmVmp : Match on catch block at 0xc3 in for 0x141
03-07 18:41:16.051 10027 10027 E ArmVmp : Match on catch block at 0xc3 in for 0x149
03-07 18:41:16.055 10027 10097 E IMGMapper: set:488 set: Unset optional value from type SMPTE2086
03-07 18:41:16.055 10027 10097 E IMGMapper: set:488 set: Unset optional value from type CTA861_3
03-07 18:41:16.055 10027 10027 E ArmVmp : Match on catch block at 0xc3 in for 0x145
03-07 18:41:16.065 10027 10097 E IMGMapper: set:488 set: Unset optional value from type SMPTE2086
03-07 18:41:16.065 10027 10097 E IMGMapper: set:488 set: Unset optional value from type CTA861_3
03-07 18:41:16.124 10027 10027 E ArmVmp : Match on catch block at 0xc3 in for 0x151
03-07 18:41:16.128 10027 10027 E ArmVmp : Match on catch block at 0xc3 in for 0x14d
03-07 18:41:16.142 10027 10027 E ImeBackDispatcher: Ime callback not found. Ignoring unregisterReceivedCallback. callbackId: 59212229
03-07 18:41:16.145 10027 10027 E ArmVmp : Match on catch block at 0xc3 in for 0x155
03-07 18:41:16.149 10027 10027 E ArmVmp : Match on catch block at 0xc3 in for 0x151
03-07 18:41:16.152 10027 10097 E IMGMapper: set:488 set: Unset optional value from type SMPTE2086
03-07 18:41:16.152 10027 10097 E IMGMapper: set:488 set: Unset optional value from type CTA861_3
03-07 18:41:16.164 10027 10097 E IMGMapper: set:488 set: Unset optional value from type SMPTE2086
03-07 18:41:16.164 10027 10097 E IMGMapper: set:488 set: Unset optional value from type CTA861_3
03-07 18:41:16.172 10027 10027 E ArmVmp : Match on catch block at 0xc3 in for 0x159
03-07 18:41:16.175 10027 10027 E ArmVmp : Match on catch block at 0xc3 in for 0x155
03-07 18:41:16.184 10027 10027 E ArmVmp : Match on catch block at 0xc3 in for 0x141
03-07 18:41:16.187 10027 10027 E ArmVmp : Match on catch block at 0xc3 in for 0x159
03-07 18:41:16.191 10027 10097 E IMGMapper: set:488 set: Unset optional value from type SMPTE2086
03-07 18:41:16.191 10027 10097 E IMGMapper: set:488 set: Unset optional value from type CTA861_3
03-07 18:41:16.197 10027 10027 E ArmVmp : Match on catch block at 0xc3 in for 0x145
03-07 18:41:16.200 10027 10027 E ArmVmp : Match on catch block at 0xc3 in for 0x141
03-07 18:41:16.202 10027 10097 E IMGMapper: set:488 set: Unset optional value from type SMPTE2086
03-07 18:41:16.202 10027 10097 E IMGMapper: set:488 set: Unset optional value from type CTA861_3
03-07 18:41:16.208 10027 10027 E ArmVmp : Match on catch block at 0xc3 in for 0x149
03-07 18:41:16.212 10027 10027 E ArmVmp : Match on catch block at 0xc3 in for 0x145
03-07 18:41:16.219 10027 10097 E IMGMapper: set:488 set: Unset optional value from type SMPTE2086
03-07 18:41:16.219 10027 10097 E IMGMapper: set:488 set: Unset optional value from type CTA861_3
03-07 18:41:16.224 10027 10027 W OnBackInvokedCallback: OnBackInvokedCallback is not enabled for the application.
03-07 18:41:16.224 10027 10027 W OnBackInvokedCallback: Set 'android:enableOnBackInvokedCallback="true"' in the application manifest.
03-07 18:41:16.238 10027 10097 E IMGMapper: set:488 set: Unset optional value from type SMPTE2086
03-07 18:41:16.238 10027 10097 E IMGMapper: set:488 set: Unset optional value from type CTA861_3
03-07 18:41:16.249 10027 10027 E ArmVmp : Match on catch block at 0xc3 in for 0x159
03-07 18:41:16.252 10027 10027 E ArmVmp : Match on catch block at 0xc3 in for 0x155
03-07 18:41:16.264 10027 10027 E ArmVmp : Match on catch block at 0xc3 in for 0x141
03-07 18:41:16.265 10027 10097 E IMGMapper: set:488 set: Unset optional value from type SMPTE2086
03-07 18:41:16.266 10027 10097 E IMGMapper: set:488 set: Unset optional value from type CTA861_3
03-07 18:41:16.267 10027 10027 E ArmVmp : Match on catch block at 0xc3 in for 0x159
03-07 18:41:16.274 10027 10027 E ArmVmp : Match on catch block at 0xc3 in for 0x145
03-07 18:41:16.277 10027 10097 E IMGMapper: set:488 set: Unset optional value from type SMPTE2086
03-07 18:41:16.277 10027 10097 E IMGMapper: set:488 set: Unset optional value from type CTA861_3
03-07 18:41:16.278 10027 10027 E ArmVmp : Match on catch block at 0xc3 in for 0x141
03-07 18:41:16.290 10027 10097 E IMGMapper: set:488 set: Unset optional value from type SMPTE2086
03-07 18:41:16.290 10027 10097 E IMGMapper: set:488 set: Unset optional value from type CTA861_3
03-07 18:41:16.290 10027 10027 E ArmVmp : Match on catch block at 0xc3 in for 0x149
03-07 18:41:16.295 10027 10027 E ArmVmp : Match on catch block at 0xc3 in for 0x145
03-07 18:41:16.305 10027 10097 E IMGMapper: set:488 set: Unset optional value from type SMPTE2086
03-07 18:41:16.305 10027 10097 E IMGMapper: set:488 set: Unset optional value from type CTA861_3
03-07 18:41:16.309 10027 10027 E ArmVmp : Match on catch block at 0xc3 in for 0x14d
03-07 18:41:16.313 10027 10027 E ArmVmp : Match on catch block at 0xc3 in for 0x149
03-07 18:41:16.323 10027 10097 E IMGMapper: set:488 set: Unset optional value from type SMPTE2086
03-07 18:41:16.323 10027 10097 E IMGMapper: set:488 set: Unset optional value from type CTA861_3
03-07 18:41:16.324 10027 10027 E ArmVmp : Match on catch block at 0xc3 in for 0x151
03-07 18:41:16.328 10027 10027 E ArmVmp : Match on catch block at 0xc3 in for 0x14d
03-07 18:41:16.337 10027 10097 E IMGMapper: set:488 set: Unset optional value from type SMPTE2086
03-07 18:41:16.337 10027 10097 E IMGMapper: set:488 set: Unset optional value from type CTA861_3
03-07 18:41:16.341 10027 10027 E ArmVmp : Match on catch block at 0xc3 in for 0x155
03-07 18:41:16.344 10027 10027 E ArmVmp : Match on catch block at 0xc3 in for 0x151
03-07 18:41:16.353 10027 10097 E IMGMapper: set:488 set: Unset optional value from type SMPTE2086
03-07 18:41:16.353 10027 10097 E IMGMapper: set:488 set: Unset optional value from type CTA861_3
03-07 18:41:16.358 10027 10027 E ArmVmp : Match on catch block at 0xc3 in for 0x159
03-07 18:41:16.361 10027 10027 E ArmVmp : Match on catch block at 0xc3 in for 0x155
03-07 18:41:16.371 10027 10097 E IMGMapper: set:488 set: Unset optional value from type SMPTE2086
03-07 18:41:16.371 10027 10097 E IMGMapper: set:488 set: Unset optional value from type CTA861_3
03-07 18:41:16.375 10027 10027 E ArmVmp : Match on catch block at 0xc3 in for 0x141
03-07 18:41:16.379 10027 10027 E ArmVmp : Match on catch block at 0xc3 in for 0x159
03-07 18:41:16.390 10027 10097 E IMGMapper: set:488 set: Unset optional value from type SMPTE2086
03-07 18:41:16.390 10027 10097 E IMGMapper: set:488 set: Unset optional value from type CTA861_3
03-07 18:41:16.442 10027 10027 E ArmVmp : Match on catch block at 0xc3 in for 0x151
03-07 18:41:16.446 10027 10027 E ArmVmp : Match on catch block at 0xc3 in for 0x14d
03-07 18:41:16.458 10027 10097 E IMGMapper: set:488 set: Unset optional value from type SMPTE2086
03-07 18:41:16.458 10027 10097 E IMGMapper: set:488 set: Unset optional value from type CTA861_3
03-07 18:41:16.458 10027 10027 E ArmVmp : Match on catch block at 0xc3 in for 0x155
03-07 18:41:16.463 10027 10027 E ArmVmp : Match on catch block at 0xc3 in for 0x151
03-07 18:41:16.473 10027 10097 E IMGMapper: set:488 set: Unset optional value from type SMPTE2086
03-07 18:41:16.473 10027 10097 E IMGMapper: set:488 set: Unset optional value from type CTA861_3
03-07 18:41:16.510 10027 10027 E ArmVmp : Match on catch block at 0xc3 in for 0x145
03-07 18:41:16.514 10027 10027 E ArmVmp : Match on catch block at 0xc3 in for 0x141
03-07 18:41:16.526 10027 10097 E IMGMapper: set:488 set: Unset optional value from type SMPTE2086
03-07 18:41:16.526 10027 10097 E IMGMapper: set:488 set: Unset optional value from type CTA861_3
03-07 18:41:16.576 10027 10027 E ArmVmp : Match on catch block at 0xc3 in for 0x155
03-07 18:41:16.580 10027 10027 E ArmVmp : Match on catch block at 0xc3 in for 0x151
03-07 18:41:16.593 10027 10097 E IMGMapper: set:488 set: Unset optional value from type SMPTE2086
03-07 18:41:16.593 10027 10097 E IMGMapper: set:488 set: Unset optional value from type CTA861_3
03-07 18:41:16.646 10027 10027 E ArmVmp : Match on catch block at 0xc3 in for 0x149
03-07 18:41:16.654 10027 10027 E ArmVmp : Match on catch block at 0xc3 in for 0x145
03-07 18:41:16.680 10027 10097 E IMGMapper: set:488 set: Unset optional value from type SMPTE2086
03-07 18:41:16.681 10027 10097 E IMGMapper: set:488 set: Unset optional value from type CTA861_3
03-07 18:41:16.711 10027 10027 E ArmVmp : Match on catch block at 0xc3 in for 0x155
03-07 18:41:16.716 10027 10027 E ArmVmp : Match on catch block at 0xc3 in for 0x151
03-07 18:41:16.733 10027 10097 E IMGMapper: set:488 set: Unset optional value from type SMPTE2086
03-07 18:41:16.733 10027 10097 E IMGMapper: set:488 set: Unset optional value from type CTA861_3
03-07 18:41:16.778 10027 10027 E ArmVmp : Match on catch block at 0xc3 in for 0x149
03-07 18:41:16.785 10027 10027 E ArmVmp : Match on catch block at 0xc3 in for 0x145
03-07 18:41:16.798 10027 10097 E IMGMapper: set:488 set: Unset optional value from type SMPTE2086
03-07 18:41:16.799 10027 10097 E IMGMapper: set:488 set: Unset optional value from type CTA861_3
03-07 18:41:17.082 10027 10027 E ArmVmp : Match on catch block at 0xc3 in for 0x159
03-07 18:41:17.094 10027 10027 E ArmVmp : Match on catch block at 0xc3 in for 0x155
03-07 18:41:17.117 10027 10097 E IMGMapper: set:488 set: Unset optional value from type SMPTE2086
03-07 18:41:17.117 10027 10097 E IMGMapper: set:488 set: Unset optional value from type CTA861_3
03-07 18:41:17.586 10027 10027 E ArmVmp : Match on catch block at 0xc3 in for 0x145
03-07 18:41:17.598 10027 10027 E ArmVmp : Match on catch block at 0xc3 in for 0x141
03-07 18:41:17.622 10027 10097 E IMGMapper: set:488 set: Unset optional value from type SMPTE2086
03-07 18:41:17.622 10027 10097 E IMGMapper: set:488 set: Unset optional value from type CTA861_3
03-07 18:41:18.087 10027 10027 E ArmVmp : Match on catch block at 0xc3 in for 0x14d
03-07 18:41:18.099 10027 10027 E ArmVmp : Match on catch block at 0xc3 in for 0x149
03-07 18:41:18.117 10027 10097 E IMGMapper: set:488 set: Unset optional value from type SMPTE2086
03-07 18:41:18.117 10027 10097 E IMGMapper: set:488 set: Unset optional value from type CTA861_3
03-07 18:41:18.584 10027 10027 E ArmVmp : Match on catch block at 0xc3 in for 0x155
03-07 18:41:18.588 10027 10027 E ArmVmp : Match on catch block at 0xc3 in for 0x151
03-07 18:41:18.596 10027 10097 E IMGMapper: set:488 set: Unset optional value from type SMPTE2086
03-07 18:41:18.596 10027 10097 E IMGMapper: set:488 set: Unset optional value from type CTA861_3
03-07 18:41:19.091 10027 10027 E ArmVmp : Match on catch block at 0xc3 in for 0x141
03-07 18:41:19.105 10027 10027 E ArmVmp : Match on catch block at 0xc3 in for 0x159
03-07 18:41:19.120 10027 10097 E IMGMapper: set:488 set: Unset optional value from type SMPTE2086
03-07 18:41:19.121 10027 10097 E IMGMapper: set:488 set: Unset optional value from type CTA861_3
03-07 18:41:19.473 10027 10027 E ArmVmp : Match on catch block at 0xc3 in for 0x151
03-07 18:41:19.477 10027 10027 E ArmVmp : Match on catch block at 0xc3 in for 0x14d
03-07 18:41:19.489 10027 10097 E IMGMapper: set:488 set: Unset optional value from type SMPTE2086
03-07 18:41:19.489 10027 10097 E IMGMapper: set:488 set: Unset optional value from type CTA861_3
03-07 18:41:19.973 10027 10027 E ArmVmp : Match on catch block at 0xc3 in for 0x155
03-07 18:41:19.977 10027 10027 E ArmVmp : Match on catch block at 0xc3 in for 0x151
03-07 18:41:19.989 10027 10097 E IMGMapper: set:488 set: Unset optional value from type SMPTE2086
03-07 18:41:19.989 10027 10097 E IMGMapper: set:488 set: Unset optional value from type CTA861_3
03-07 18:41:20.392 10027 10027 W Settings: Setting show_button_background has moved from android.provider.Settings.System to android.provider.Settings.Global, returning read-only value.
03-07 18:41:20.460 10027 10097 E IMGMapper: set:488 set: Unset optional value from type SMPTE2086
03-07 18:41:20.460 10027 10097 E IMGMapper: set:488 set: Unset optional value from type CTA861_3
03-07 18:41:20.463 10027 10097 W Parcel : Expecting binder but got null!
03-07 18:41:20.474 10027 10027 E ArmVmp : Match on catch block at 0xc3 in for 0x155
03-07 18:41:20.479 10027 10027 E ArmVmp : Match on catch block at 0xc3 in for 0x151
03-07 18:41:20.491 10027 10097 E IMGMapper: set:488 set: Unset optional value from type SMPTE2086
03-07 18:41:20.491 10027 10097 E IMGMapper: set:488 set: Unset optional value from type CTA861_3
03-07 18:41:21.421 10027 10027 W InputEventReceiver: Attempted to finish an input event but the input event receiver has already been disposed.
03-07 18:41:21.447 10027 10027 W OnBackInvokedCallback: OnBackInvokedCallback is not enabled for the application.
03-07 18:41:21.447 10027 10027 W OnBackInvokedCallback: Set 'android:enableOnBackInvokedCallback="true"' in the application manifest.
03-07 18:41:21.473 10027 10027 E ArmVmp : Match on catch block at 0xc3 in for 0x149
03-07 18:41:21.477 10027 10027 E ArmVmp : Match on catch block at 0xc3 in for 0x145
