The document contains log messages from an Android application. It reports errors loading a class and resources, and warnings about suboptimal code and uncaught exceptions. The application fails to start activities due to missing resources.
Download as TXT, PDF, TXT or read online on Scribd
0 ratings0% found this document useful (0 votes)
19 views
Logcat
The document contains log messages from an Android application. It reports errors loading a class and resources, and warnings about suboptimal code and uncaught exceptions. The application fails to start activities due to missing resources.
Download as TXT, PDF, TXT or read online on Scribd
You are on page 1/ 1028
--------- beginning of main
03-07 12:37:40.553 30259 30259 E com.mbwhatsapp: Not starting debugger since
process cannot load the jdwp agent.
03-07 12:37:40.839 30259 30259 W System.err: java.lang.ClassNotFoundException: mbmodsd.mbmodsw.ui.views.btn.BtnBK
03-07 12:37:40.841 30259 30259 W System.err: at java.lang.Runtime.nativeLoad(Native Method)
03-07 12:37:40.841 30259 30259 W System.err: at java.lang.Runtime.nativeLoad(Runtime.java:1121)
03-07 12:37:40.841 30259 30259 W System.err: at java.lang.Runtime.loadLibrary0(Runtime.java:1075)
03-07 12:37:40.841 30259 30259 W System.err: at java.lang.Runtime.loadLibrary0(Runtime.java:998)
03-07 12:37:40.841 30259 30259 W System.err: at java.lang.System.loadLibrary(System.java:1661)
03-07 12:37:40.841 30259 30259 W System.err: at arm.EpicVm.<clinit>(Unknown Source:2)
03-07 12:37:40.841 30259 30259 W System.err: at java.lang.Class.newInstance(Native Method)
03-07 12:37:40.841 30259 30259 W System.err: at android.app.AppComponentFactory.instantiateApplication(AppComponentFactory.java:76)
03-07 12:37:40.841 30259 30259 W System.err: at androidx.core.app.CoreComponentFactory.instantiateApplication(Unknown Source:0)
03-07 12:37:40.841 30259 30259 W System.err: at android.app.Instrumentation.newApplication(Instrumentation.java:1232)
03-07 12:37:40.841 30259 30259 W System.err: at android.app.LoadedApk.makeApplicationInner(LoadedApk.java:1565)
03-07 12:37:40.841 30259 30259 W System.err: at android.app.LoadedApk.makeApplicationInner(LoadedApk.java:1502)
03-07 12:37:40.841 30259 30259 W System.err: at android.app.ActivityThread.handleBindApplication(ActivityThread.java:7553)
03-07 12:37:40.841 30259 30259 W System.err: at android.app.ActivityThread.-$ $Nest$mhandleBindApplication(Unknown Source:0)
03-07 12:37:40.841 30259 30259 W System.err: at android.app.ActivityThread$H.handleMessage(ActivityThread.java:2400)
03-07 12:37:40.841 30259 30259 W System.err: at android.os.Handler.dispatchMessage(Handler.java:106)
03-07 12:37:40.841 30259 30259 W System.err: at android.os.Looper.loopOnce(Looper.java:226)
03-07 12:37:40.841 30259 30259 W System.err: at android.os.Looper.loop(Looper.java:313)
03-07 12:37:40.841 30259 30259 W System.err: at android.app.ActivityThread.main(ActivityThread.java:8757)
03-07 12:37:40.841 30259 30259 W System.err: at java.lang.reflect.Method.invoke(Native Method)
03-07 12:37:40.841 30259 30259 W System.err: at com.android.internal.os.RuntimeInit$MethodAndArgsCaller.run(RuntimeInit.java:571)
03-07 12:37:40.841 30259 30259 W System.err: at com.android.internal.os.ZygoteInit.main(ZygoteInit.java:1067)
03-07 12:37:40.928 30259 30259 E CustomActivityOnCrash: IMPORTANT WARNING! You already have an UncaughtExceptionHandler, are you sure this is correct? If you use a custom UncaughtExceptionHandler, you must initialize it AFTER CustomActivityOnCrash! Installing anyway, but your original handler will not be called.
03-07 12:37:41.721 30300 30300 E com.mbwhatsapp: Not starting debugger since process cannot load the jdwp agent.
03-07 12:37:41.855 30300 30300 W System.err: java.lang.ClassNotFoundException: mbmodsd.mbmodsw.ui.views.btn.BtnBK
03-07 12:37:41.855 30300 30300 W System.err: at java.lang.Runtime.nativeLoad(Native Method)
03-07 12:37:41.855 30300 30300 W System.err: at java.lang.Runtime.nativeLoad(Runtime.java:1121)
03-07 12:37:41.855 30300 30300 W System.err: at java.lang.Runtime.loadLibrary0(Runtime.java:1075)
03-07 12:37:41.855 30300 30300 W System.err: at java.lang.Runtime.loadLibrary0(Runtime.java:998)
03-07 12:37:41.855 30300 30300 W System.err: at java.lang.System.loadLibrary(System.java:1661)
03-07 12:37:41.855 30300 30300 W System.err: at arm.EpicVm.<clinit>(Unknown Source:2)
03-07 12:37:41.855 30300 30300 W System.err: at java.lang.Class.newInstance(Native Method)
03-07 12:37:41.855 30300 30300 W System.err: at android.app.AppComponentFactory.instantiateApplication(AppComponentFactory.java:76)
03-07 12:37:41.855 30300 30300 W System.err: at androidx.core.app.CoreComponentFactory.instantiateApplication(Unknown Source:0)
03-07 12:37:41.855 30300 30300 W System.err: at android.app.Instrumentation.newApplication(Instrumentation.java:1232)
03-07 12:37:41.855 30300 30300 W System.err: at android.app.LoadedApk.makeApplicationInner(LoadedApk.java:1565)
03-07 12:37:41.855 30300 30300 W System.err: at android.app.LoadedApk.makeApplicationInner(LoadedApk.java:1502)
03-07 12:37:41.855 30300 30300 W System.err: at android.app.ActivityThread.handleBindApplication(ActivityThread.java:7553)
03-07 12:37:41.855 30300 30300 W System.err: at android.app.ActivityThread.-$ $Nest$mhandleBindApplication(Unknown Source:0)
03-07 12:37:41.855 30300 30300 W System.err: at android.app.ActivityThread$H.handleMessage(ActivityThread.java:2400)
03-07 12:37:41.855 30300 30300 W System.err: at android.os.Handler.dispatchMessage(Handler.java:106)
03-07 12:37:41.855 30300 30300 W System.err: at android.os.Looper.loopOnce(Looper.java:226)
03-07 12:37:41.855 30300 30300 W System.err: at android.os.Looper.loop(Looper.java:313)
03-07 12:37:41.855 30300 30300 W System.err: at android.app.ActivityThread.main(ActivityThread.java:8757)
03-07 12:37:41.855 30300 30300 W System.err: at java.lang.reflect.Method.invoke(Native Method)
03-07 12:37:41.855 30300 30300 W System.err: at com.android.internal.os.RuntimeInit$MethodAndArgsCaller.run(RuntimeInit.java:571)
03-07 12:37:41.855 30300 30300 W System.err: at com.android.internal.os.ZygoteInit.main(ZygoteInit.java:1067)
03-07 12:37:41.920 30300 30300 E CustomActivityOnCrash: IMPORTANT WARNING! You already have an UncaughtExceptionHandler, are you sure this is correct? If you use a custom UncaughtExceptionHandler, you must initialize it AFTER CustomActivityOnCrash! Installing anyway, but your original handler will not be called.
03-07 12:37:41.959 30300 30325 W FirebaseInstanceId: Stored data is corrupt, generating new identity
03-07 12:37:42.267 30300 30300 W com.mbwhatsapp: Accessing hidden method Lcom/android/org/conscrypt/OpenSSLSocketImpl;->setUseSessionTickets(Z)V (max- target-q,core-platform-api, reflection, denied)
03-07 12:37:42.267 30300 30300 W com.mbwhatsapp: Accessing hidden method Lcom/android/org/conscrypt/AbstractConscryptSocket;->setUseSessionTickets(Z)V (max- target-q, reflection, denied)
03-07 12:37:42.271 30339 30339 W libprocessgroup: Controller sfreezer is not found
03-07 12:37:42.273 30339 30339 W libprocessgroup: SetAttribute: unknown attribute: OlafState
03-07 12:37:42.273 30339 30339 W libprocessgroup: SetAttribute: unknown attribute: OlafState
03-07 12:37:43.447 30300 30325 W LibraryVersion: Failed to get app version for libraryName: firebase-iid
03-07 12:37:44.040 30300 30360 W com.mbwhatsapp: Method void X.2rL.A03(java.lang.Integer) failed lock verification and will run slower.
03-07 12:37:44.040 30300 30360 W com.mbwhatsapp: Common causes for lock verification issues are non-optimized dex code
03-07 12:37:44.040 30300 30360 W com.mbwhatsapp: and incorrect proguard optimizations.
03-07 12:37:44.043 30300 30300 W com.mbwhatsapp: Method void X.0eU.A0h(X.0tK, boolean) failed lock verification and will run slower.
03-07 12:37:44.354 30300 30372 E QT : [QT]file does not exist
03-07 12:37:44.622 30300 30300 E com.mbwhatsapp: Invalid ID 0x00000000.
03-07 12:37:44.624 30300 30300 W System.err: android.content.res.Resources$NotFoundException: String resource ID #0x0
03-07 12:37:44.624 30300 30300 W System.err:
03-07 12:37:44.624 30300 30300 W System.err: at android.content.res.Resources.getText(Resources.java:512)
03-07 12:37:44.624 30300 30300 W System.err:
03-07 12:37:44.625 30300 30300 W System.err: at android.content.res.Resources.getString(Resources.java:605)
03-07 12:37:44.625 30300 30300 W System.err:
03-07 12:37:44.625 30300 30300 W System.err: at X.35t.A0E(Unknown Source:46)
03-07 12:37:44.625 30300 30300 W System.err:
03-07 12:37:44.625 30300 30300 W System.err: at com.mbwhatsapp.yo.yo.getString(Native Method)
03-07 12:37:44.625 30300 30300 W System.err:
03-07 12:37:44.625 30300 30300 W System.err: at com.mbwhatsapp.yo.yo.getString(Native Method)
03-07 12:37:44.625 30300 30300 W System.err:
03-07 12:37:44.625 30300 30300 W System.err: at com.mbwhatsapp.youbasha.task.utils.requestAllFilesAccess14(Native Method)
03-07 12:37:44.625 30300 30300 W System.err:
03-07 12:37:44.625 30300 30300 W System.err: at com.mbwhatsapp.yo.dep.showStoragePermissionRequest(Native Method)
03-07 12:37:44.625 30300 30300 W System.err:
03-07 12:37:44.625 30300 30300 W System.err: at com.mbwhatsapp.registration.EULA.onCreate(Unknown Source:248)
03-07 12:37:44.625 30300 30300 W System.err:
03-07 12:37:44.625 30300 30300 W System.err: at android.app.Activity.performCreate(Activity.java:8591)
03-07 12:37:44.625 30300 30300 W System.err:
03-07 12:37:44.626 30300 30300 W System.err: at android.app.Activity.performCreate(Activity.java:8570)
03-07 12:37:44.626 30300 30300 W System.err:
03-07 12:37:44.626 30300 30300 W System.err: at android.app.Instrumentation.callActivityOnCreate(Instrumentation.java:1384)
03-07 12:37:44.626 30300 30300 W System.err:
03-07 12:37:44.626 30300 30300 W System.err: at android.app.ActivityThread.performLaunchActivity(ActivityThread.java:4150)
03-07 12:37:44.626 30300 30300 W System.err:
03-07 12:37:44.626 30300 30300 W System.err: at android.app.ActivityThread.handleLaunchActivity(ActivityThread.java:4325)
03-07 12:37:44.626 30300 30300 W System.err:
03-07 12:37:44.626 30300 30300 W System.err: at android.app.servertransaction.LaunchActivityItem.execute(LaunchActivityItem.java:10 1)
03-07 12:37:44.626 30300 30300 W System.err:
03-07 12:37:44.626 30300 30300 W System.err: at android.app.servertransaction.TransactionExecutor.executeCallbacks(TransactionExecu tor.java:135)
03-07 12:37:44.626 30300 30300 W System.err:
03-07 12:37:44.626 30300 30300 W System.err: at android.app.servertransaction.TransactionExecutor.execute(TransactionExecutor.java: 95)
03-07 12:37:44.626 30300 30300 W System.err:
03-07 12:37:44.626 30300 30300 W System.err: at android.app.ActivityThread$H.handleMessage(ActivityThread.java:2574)
03-07 12:37:44.626 30300 30300 W System.err:
03-07 12:37:44.627 30300 30300 W System.err: at android.os.Handler.dispatchMessage(Handler.java:106)
03-07 12:37:44.627 30300 30300 W System.err:
03-07 12:37:44.627 30300 30300 W System.err: at android.os.Looper.loopOnce(Looper.java:226)
03-07 12:37:44.627 30300 30300 W System.err:
03-07 12:37:44.627 30300 30300 W System.err: at android.os.Looper.loop(Looper.java:313)
03-07 12:37:44.627 30300 30300 W System.err:
03-07 12:37:44.627 30300 30300 W System.err: at android.app.ActivityThread.main(ActivityThread.java:8757)
03-07 12:37:44.627 30300 30300 W System.err:
03-07 12:37:44.627 30300 30300 W System.err: at java.lang.reflect.Method.invoke(Native Method)
03-07 12:37:44.627 30300 30300 W System.err:
03-07 12:37:44.627 30300 30300 W System.err: at com.android.internal.os.RuntimeInit$MethodAndArgsCaller.run(RuntimeInit.java:571)
03-07 12:37:44.627 30300 30300 W System.err:
03-07 12:37:44.627 30300 30300 W System.err: at com.android.internal.os.ZygoteInit.main(ZygoteInit.java:1067)
03-07 12:37:44.627 30300 30300 W System.err:
03-07 12:37:44.776 30300 30300 W Activity: Can request only one set of permissions at a time
03-07 12:37:45.023 30300 30300 E ArmVmp : Match on catch block at 0x0a in for 0x279
03-07 12:37:45.245 30300 30300 E FBI : Can't load library: dlopen failed: library "libmagtsync.so" not found
03-07 12:37:45.276 30300 30447 E ion : ioctl c0044901 failed with code -1: Invalid argument
03-07 12:37:45.371 30300 30372 E IMGMapper: set:488 set: Unset optional value from type SMPTE2086
03-07 12:37:45.371 30300 30372 E IMGMapper: set:488 set: Unset optional value from type CTA861_3
03-07 12:37:45.378 30300 30372 W Parcel : Expecting binder but got null!
03-07 12:37:46.217 30300 30372 E IMGMapper: set:488 set: Unset optional value from type SMPTE2086
03-07 12:37:46.217 30300 30372 E IMGMapper: set:488 set: Unset optional value from type CTA861_3
03-07 12:37:46.221 30300 30372 W Parcel : Expecting binder but got null!
03-07 12:37:46.242 30300 30372 E IMGMapper: set:488 set: Unset optional value from type SMPTE2086
03-07 12:37:46.243 30300 30372 E IMGMapper: set:488 set: Unset optional value from type CTA861_3
03-07 12:37:46.251 30300 30372 E IMGMapper: set:488 set: Unset optional value from type SMPTE2086
03-07 12:37:46.251 30300 30372 E IMGMapper: set:488 set: Unset optional value from type CTA861_3
03-07 12:37:46.276 30300 30372 E IMGMapper: set:488 set: Unset optional value from type SMPTE2086
03-07 12:37:46.276 30300 30372 E IMGMapper: set:488 set: Unset optional value from type CTA861_3
03-07 12:37:46.663 30300 30300 E com.mbwhatsapp: Invalid ID 0x00000000.
03-07 12:37:46.664 30300 30300 E com.mbwhatsapp: Invalid ID 0x00000000.
03-07 12:37:46.665 30300 30300 E com.mbwhatsapp: Invalid ID 0x00000000.
03-07 12:37:46.665 30300 30300 E com.mbwhatsapp: Invalid ID 0x00000000.
03-07 12:37:46.666 30300 30300 E com.mbwhatsapp: Invalid ID 0x00000000.
03-07 12:37:46.666 30300 30300 E com.mbwhatsapp: Invalid ID 0x00000000.
03-07 12:37:46.668 30300 30300 E com.mbwhatsapp: Invalid ID 0x00000000.
03-07 12:37:46.669 30300 30300 E com.mbwhatsapp: Invalid ID 0x00000000.
03-07 12:37:52.273 30300 30309 W com.mbwhatsapp: Cleared Reference was only reachable from finalizer (only reported once)
03-07 12:38:01.194 30300 30372 E IMGMapper: set:488 set: Unset optional value from type SMPTE2086
03-07 12:38:01.194 30300 30372 E IMGMapper: set:488 set: Unset optional value from type CTA861_3
03-07 12:38:01.232 30300 30300 W Activity: Can request only one set of permissions at a time
03-07 12:38:01.233 30300 30300 W Activity: Can request only one set of permissions at a time
03-07 12:38:01.297 30300 30372 E IMGMapper: set:488 set: Unset optional value from type SMPTE2086
03-07 12:38:01.297 30300 30372 E IMGMapper: set:488 set: Unset optional value from type CTA861_3
03-07 12:38:01.384 30300 30372 E IMGMapper: set:488 set: Unset optional value from type SMPTE2086
03-07 12:38:01.384 30300 30372 E IMGMapper: set:488 set: Unset optional value from type CTA861_3
03-07 12:38:01.410 30300 30372 E IMGMapper: set:488 set: Unset optional value from type SMPTE2086
03-07 12:38:01.411 30300 30372 E IMGMapper: set:488 set: Unset optional value from type CTA861_3
03-07 12:38:07.068 30300 30372 E IMGMapper: set:488 set: Unset optional value from type SMPTE2086
03-07 12:38:07.068 30300 30372 E IMGMapper: set:488 set: Unset optional value from type CTA861_3
03-07 12:38:07.081 30300 30372 E IMGMapper: set:488 set: Unset optional value from type SMPTE2086
03-07 12:38:07.081 30300 30372 E IMGMapper: set:488 set: Unset optional value from type CTA861_3
03-07 12:38:07.097 30300 30372 E IMGMapper: set:488 set: Unset optional value from type SMPTE2086
03-07 12:38:07.097 30300 30372 E IMGMapper: set:488 set: Unset optional value from type CTA861_3
03-07 12:38:07.108 30300 30372 E IMGMapper: set:488 set: Unset optional value from type SMPTE2086
03-07 12:38:07.108 30300 30372 E IMGMapper: set:488 set: Unset optional value from type CTA861_3
03-07 12:38:07.119 30300 30372 E IMGMapper: set:488 set: Unset optional value from type SMPTE2086
03-07 12:38:07.119 30300 30372 E IMGMapper: set:488 set: Unset optional value from type CTA861_3
03-07 12:38:07.134 30300 30372 E IMGMapper: set:488 set: Unset optional value from type SMPTE2086
03-07 12:38:07.134 30300 30372 E IMGMapper: set:488 set: Unset optional value from type CTA861_3
03-07 12:38:07.235 30300 30372 E IMGMapper: set:488 set: Unset optional value from type SMPTE2086
03-07 12:38:07.235 30300 30372 E IMGMapper: set:488 set: Unset optional value from type CTA861_3
03-07 12:38:08.414 30300 30372 E IMGMapper: set:488 set: Unset optional value from type SMPTE2086
03-07 12:38:08.414 30300 30372 E IMGMapper: set:488 set: Unset optional value from type CTA861_3
03-07 12:38:08.420 30300 30372 E IMGMapper: set:488 set: Unset optional value from type SMPTE2086
03-07 12:38:08.420 30300 30372 E IMGMapper: set:488 set: Unset optional value from type CTA861_3
03-07 12:38:08.434 30300 30372 E IMGMapper: set:488 set: Unset optional value from type SMPTE2086
03-07 12:38:08.434 30300 30372 E IMGMapper: set:488 set: Unset optional value from type CTA861_3
03-07 12:38:08.450 30300 30372 E IMGMapper: set:488 set: Unset optional value from type SMPTE2086
03-07 12:38:08.451 30300 30372 E IMGMapper: set:488 set: Unset optional value from type CTA861_3
03-07 12:38:08.467 30300 30372 E IMGMapper: set:488 set: Unset optional value from type SMPTE2086
03-07 12:38:08.467 30300 30372 E IMGMapper: set:488 set: Unset optional value from type CTA861_3
03-07 12:38:08.655 30300 30372 E IMGMapper: set:488 set: Unset optional value from type SMPTE2086
03-07 12:38:08.656 30300 30372 E IMGMapper: set:488 set: Unset optional value from type CTA861_3
03-07 12:38:08.673 30300 30372 E IMGMapper: set:488 set: Unset optional value from type SMPTE2086
03-07 12:38:08.673 30300 30372 E IMGMapper: set:488 set: Unset optional value from type CTA861_3
03-07 12:38:08.744 30300 31209 E ShortcutInfoCompatSaver: Failed to load saved values from file /data/user/0/com.mbwhatsapp/files/ShortcutInfoCompatSaver_share_targets/ targets.xml. Old state removed, new added
03-07 12:38:08.744 30300 31209 E ShortcutInfoCompatSaver: java.io.FileNotFoundException: /data/user/0/com.mbwhatsapp/files/ShortcutInfoCompatSaver_share_targets/ targets.xml: open failed: ENOENT (No such file or directory)
03-07 12:38:08.744 30300 31209 E ShortcutInfoCompatSaver: at libcore.io.IoBridge.open(IoBridge.java:574)
03-07 12:38:08.744 30300 31209 E ShortcutInfoCompatSaver: at java.io.FileInputStream.<init>(FileInputStream.java:160)
03-07 12:38:08.744 30300 31209 E ShortcutInfoCompatSaver: at X.0nz.run(Unknown Source:82)
03-07 12:38:08.744 30300 31209 E ShortcutInfoCompatSaver: at java.util.concurrent.Executors$RunnableAdapter.call(Executors.java:463)
03-07 12:38:08.744 30300 31209 E ShortcutInfoCompatSaver: at java.util.concurrent.FutureTask.run(FutureTask.java:264)
03-07 12:38:08.744 30300 31209 E ShortcutInfoCompatSaver: at java.util.concurrent.ThreadPoolExecutor.runWorker(ThreadPoolExecutor.java:1137)
03-07 12:38:08.744 30300 31209 E ShortcutInfoCompatSaver: at java.util.concurrent.ThreadPoolExecutor$Worker.run(ThreadPoolExecutor.java:637)
03-07 12:38:08.744 30300 31209 E ShortcutInfoCompatSaver: at java.lang.Thread.run(Thread.java:1012)
03-07 12:38:08.744 30300 31209 E ShortcutInfoCompatSaver: Caused by: android.system.ErrnoException: open failed: ENOENT (No such file or directory)
03-07 12:38:08.744 30300 31209 E ShortcutInfoCompatSaver: at libcore.io.Linux.open(Native Method)
03-07 12:38:08.744 30300 31209 E ShortcutInfoCompatSaver: at libcore.io.ForwardingOs.open(ForwardingOs.java:563)
03-07 12:38:08.744 30300 31209 E ShortcutInfoCompatSaver: at libcore.io.BlockGuardOs.open(BlockGuardOs.java:274)
03-07 12:38:08.744 30300 31209 E ShortcutInfoCompatSaver: at libcore.io.ForwardingOs.open(ForwardingOs.java:563)
03-07 12:38:08.744 30300 31209 E ShortcutInfoCompatSaver: at android.app.ActivityThread$AndroidOs.open(ActivityThread.java:8619)
03-07 12:38:08.744 30300 31209 E ShortcutInfoCompatSaver: at libcore.io.IoBridge.open(IoBridge.java:560)
03-07 12:38:08.744 30300 31209 E ShortcutInfoCompatSaver: ... 7 more
03-07 12:38:08.820 30300 30372 E IMGMapper: set:488 set: Unset optional value from type SMPTE2086
03-07 12:38:08.820 30300 30372 E IMGMapper: set:488 set: Unset optional value from type CTA861_3
03-07 12:38:08.820 30300 30372 E FrameEvents: updateAcquireFence: Did not find frame.
03-07 12:38:08.831 30300 30372 E IMGMapper: set:488 set: Unset optional value from type SMPTE2086
03-07 12:38:08.831 30300 30372 E IMGMapper: set:488 set: Unset optional value from type CTA861_3
03-07 12:38:08.832 30300 30372 E FrameEvents: updateAcquireFence: Did not find frame.
03-07 12:38:08.853 30300 30372 E IMGMapper: set:488 set: Unset optional value from type SMPTE2086
03-07 12:38:08.853 30300 30372 E IMGMapper: set:488 set: Unset optional value from type CTA861_3
03-07 12:38:08.854 30300 30372 E FrameEvents: updateAcquireFence: Did not find frame.
03-07 12:38:08.910 30300 30372 E IMGMapper: set:488 set: Unset optional value from type SMPTE2086
03-07 12:38:08.910 30300 30372 E IMGMapper: set:488 set: Unset optional value from type CTA861_3
03-07 12:38:08.940 30300 30372 E IMGMapper: set:488 set: Unset optional value from type SMPTE2086
03-07 12:38:08.941 30300 30372 E IMGMapper: set:488 set: Unset optional value from type CTA861_3
03-07 12:38:08.945 30300 30372 E IMGMapper: set:488 set: Unset optional value from type SMPTE2086
03-07 12:38:08.945 30300 30372 E IMGMapper: set:488 set: Unset optional value from type CTA861_3
03-07 12:38:08.955 30300 30372 E IMGMapper: set:488 set: Unset optional value from type SMPTE2086
03-07 12:38:08.955 30300 30372 E IMGMapper: set:488 set: Unset optional value from type CTA861_3
03-07 12:38:08.972 30300 30372 E IMGMapper: set:488 set: Unset optional value from type SMPTE2086
03-07 12:38:08.972 30300 30372 E IMGMapper: set:488 set: Unset optional value from type CTA861_3
03-07 12:38:08.986 30300 30372 E IMGMapper: set:488 set: Unset optional value from type SMPTE2086
03-07 12:38:08.987 30300 30372 E IMGMapper: set:488 set: Unset optional value from type CTA861_3
03-07 12:38:09.126 30300 30372 E IMGMapper: set:488 set: Unset optional value from type SMPTE2086
03-07 12:38:09.127 30300 30372 E IMGMapper: set:488 set: Unset optional value from type CTA861_3
03-07 12:38:09.139 30300 30372 E IMGMapper: set:488 set: Unset optional value from type SMPTE2086
03-07 12:38:09.140 30300 30372 E IMGMapper: set:488 set: Unset optional value from type CTA861_3
03-07 12:38:09.146 30300 30372 E IMGMapper: set:488 set: Unset optional value from type SMPTE2086
03-07 12:38:09.146 30300 30372 E IMGMapper: set:488 set: Unset optional value from type CTA861_3
03-07 12:38:09.159 30300 30372 E IMGMapper: set:488 set: Unset optional value from type SMPTE2086
03-07 12:38:09.159 30300 30372 E IMGMapper: set:488 set: Unset optional value from type CTA861_3
03-07 12:38:09.181 30300 30372 E IMGMapper: set:488 set: Unset optional value from type SMPTE2086
03-07 12:38:09.181 30300 30372 E IMGMapper: set:488 set: Unset optional value from type CTA861_3
03-07 12:38:09.193 30300 30372 E IMGMapper: set:488 set: Unset optional value from type SMPTE2086
03-07 12:38:09.193 30300 30372 E IMGMapper: set:488 set: Unset optional value from type CTA861_3
03-07 12:38:09.210 30300 30372 E IMGMapper: set:488 set: Unset optional value from type SMPTE2086
03-07 12:38:09.210 30300 30372 E IMGMapper: set:488 set: Unset optional value from type CTA861_3
03-07 12:38:11.263 30300 30372 E IMGMapper: set:488 set: Unset optional value from type SMPTE2086
03-07 12:38:11.263 30300 30372 E IMGMapper: set:488 set: Unset optional value from type CTA861_3
03-07 12:38:11.279 30300 30372 E IMGMapper: set:488 set: Unset optional value from type SMPTE2086
03-07 12:38:11.279 30300 30372 E IMGMapper: set:488 set: Unset optional value from type CTA861_3
03-07 12:38:11.296 30300 30372 E IMGMapper: set:488 set: Unset optional value from type SMPTE2086
03-07 12:38:11.296 30300 30372 E IMGMapper: set:488 set: Unset optional value from type CTA861_3
03-07 12:38:11.313 30300 30372 E IMGMapper: set:488 set: Unset optional value from type SMPTE2086
03-07 12:38:11.313 30300 30372 E IMGMapper: set:488 set: Unset optional value from type CTA861_3
03-07 12:38:11.331 30300 30372 E IMGMapper: set:488 set: Unset optional value from type SMPTE2086
03-07 12:38:11.331 30300 30372 E IMGMapper: set:488 set: Unset optional value from type CTA861_3
03-07 12:38:11.348 30300 30372 E IMGMapper: set:488 set: Unset optional value from type SMPTE2086
03-07 12:38:11.348 30300 30372 E IMGMapper: set:488 set: Unset optional value from type CTA861_3
03-07 12:38:11.365 30300 30372 E IMGMapper: set:488 set: Unset optional value from type SMPTE2086
03-07 12:38:11.365 30300 30372 E IMGMapper: set:488 set: Unset optional value from type CTA861_3
03-07 12:38:11.382 30300 30372 E IMGMapper: set:488 set: Unset optional value from type SMPTE2086
03-07 12:38:11.382 30300 30372 E IMGMapper: set:488 set: Unset optional value from type CTA861_3
03-07 12:38:11.399 30300 30372 E IMGMapper: set:488 set: Unset optional value from type SMPTE2086
03-07 12:38:11.399 30300 30372 E IMGMapper: set:488 set: Unset optional value from type CTA861_3
03-07 12:38:11.415 30300 30372 E IMGMapper: set:488 set: Unset optional value from type SMPTE2086
03-07 12:38:11.415 30300 30372 E IMGMapper: set:488 set: Unset optional value from type CTA861_3
03-07 12:38:11.432 30300 30372 E IMGMapper: set:488 set: Unset optional value from type SMPTE2086
03-07 12:38:11.432 30300 30372 E IMGMapper: set:488 set: Unset optional value from type CTA861_3
03-07 12:38:11.449 30300 30372 E IMGMapper: set:488 set: Unset optional value from type SMPTE2086
03-07 12:38:11.449 30300 30372 E IMGMapper: set:488 set: Unset optional value from type CTA861_3
03-07 12:38:11.465 30300 30372 E IMGMapper: set:488 set: Unset optional value from type SMPTE2086
03-07 12:38:11.465 30300 30372 E IMGMapper: set:488 set: Unset optional value from type CTA861_3
03-07 12:38:11.482 30300 30372 E IMGMapper: set:488 set: Unset optional value from type SMPTE2086
03-07 12:38:11.482 30300 30372 E IMGMapper: set:488 set: Unset optional value from type CTA861_3
03-07 12:38:11.499 30300 30372 E IMGMapper: set:488 set: Unset optional value from type SMPTE2086
03-07 12:38:11.499 30300 30372 E IMGMapper: set:488 set: Unset optional value from type CTA861_3
03-07 12:38:11.515 30300 30372 E IMGMapper: set:488 set: Unset optional value from type SMPTE2086
03-07 12:38:11.515 30300 30372 E IMGMapper: set:488 set: Unset optional value from type CTA861_3
03-07 12:38:11.532 30300 30372 E IMGMapper: set:488 set: Unset optional value from type SMPTE2086
03-07 12:38:11.532 30300 30372 E IMGMapper: set:488 set: Unset optional value from type CTA861_3
03-07 12:38:11.549 30300 30372 E IMGMapper: set:488 set: Unset optional value from type SMPTE2086
03-07 12:38:11.549 30300 30372 E IMGMapper: set:488 set: Unset optional value from type CTA861_3
03-07 12:38:11.566 30300 30372 E IMGMapper: set:488 set: Unset optional value from type SMPTE2086
03-07 12:38:11.566 30300 30372 E IMGMapper: set:488 set: Unset optional value from type CTA861_3
03-07 12:38:11.583 30300 30372 E IMGMapper: set:488 set: Unset optional value from type SMPTE2086
03-07 12:38:11.583 30300 30372 E IMGMapper: set:488 set: Unset optional value from type CTA861_3
03-07 12:38:11.599 30300 30372 E IMGMapper: set:488 set: Unset optional value from type SMPTE2086
03-07 12:38:11.599 30300 30372 E IMGMapper: set:488 set: Unset optional value from type CTA861_3
03-07 12:38:11.616 30300 30372 E IMGMapper: set:488 set: Unset optional value from type SMPTE2086
03-07 12:38:11.616 30300 30372 E IMGMapper: set:488 set: Unset optional value from type CTA861_3
03-07 12:38:11.632 30300 30372 E IMGMapper: set:488 set: Unset optional value from type SMPTE2086
03-07 12:38:11.632 30300 30372 E IMGMapper: set:488 set: Unset optional value from type CTA861_3
03-07 12:38:11.649 30300 30372 E IMGMapper: set:488 set: Unset optional value from type SMPTE2086
03-07 12:38:11.649 30300 30372 E IMGMapper: set:488 set: Unset optional value from type CTA861_3
03-07 12:38:11.810 30300 30372 E IMGMapper: set:488 set: Unset optional value from type SMPTE2086
03-07 12:38:11.810 30300 30372 E IMGMapper: set:488 set: Unset optional value from type CTA861_3
03-07 12:38:11.813 30300 30372 W Parcel : Expecting binder but got null!
03-07 12:38:11.948 30300 30372 E IMGMapper: set:488 set: Unset optional value from type SMPTE2086
03-07 12:38:11.948 30300 30372 E IMGMapper: set:488 set: Unset optional value from type CTA861_3
03-07 12:38:11.956 30300 30372 E IMGMapper: set:488 set: Unset optional value from type SMPTE2086
03-07 12:38:11.956 30300 30372 E IMGMapper: set:488 set: Unset optional value from type CTA861_3
03-07 12:38:12.235 30300 30372 E IMGMapper: set:488 set: Unset optional value from type SMPTE2086
03-07 12:38:12.235 30300 30372 E IMGMapper: set:488 set: Unset optional value from type CTA861_3
03-07 12:38:12.484 30300 30372 E IMGMapper: set:488 set: Unset optional value from type SMPTE2086
03-07 12:38:12.484 30300 30372 E IMGMapper: set:488 set: Unset optional value from type CTA861_3
03-07 12:38:12.502 30300 30372 E IMGMapper: set:488 set: Unset optional value from type SMPTE2086
03-07 12:38:12.502 30300 30372 E IMGMapper: set:488 set: Unset optional value from type CTA861_3
03-07 12:38:12.518 30300 30372 E IMGMapper: set:488 set: Unset optional value from type SMPTE2086
03-07 12:38:12.518 30300 30372 E IMGMapper: set:488 set: Unset optional value from type CTA861_3
03-07 12:38:12.534 30300 30372 E IMGMapper: set:488 set: Unset optional value from type SMPTE2086
03-07 12:38:12.535 30300 30372 E IMGMapper: set:488 set: Unset optional value from type CTA861_3
03-07 12:38:12.553 30300 30372 E IMGMapper: set:488 set: Unset optional value from type SMPTE2086
03-07 12:38:12.553 30300 30372 E IMGMapper: set:488 set: Unset optional value from type CTA861_3
03-07 12:38:12.567 30300 30372 E IMGMapper: set:488 set: Unset optional value from type SMPTE2086
03-07 12:38:12.567 30300 30372 E IMGMapper: set:488 set: Unset optional value from type CTA861_3
03-07 12:38:12.592 30300 30372 E IMGMapper: set:488 set: Unset optional value from type SMPTE2086
03-07 12:38:12.592 30300 30372 E IMGMapper: set:488 set: Unset optional value from type CTA861_3
03-07 12:38:12.603 30300 30372 E IMGMapper: set:488 set: Unset optional value from type SMPTE2086
03-07 12:38:12.603 30300 30372 E IMGMapper: set:488 set: Unset optional value from type CTA861_3
03-07 12:38:12.620 30300 30372 E IMGMapper: set:488 set: Unset optional value from type SMPTE2086
03-07 12:38:12.620 30300 30372 E IMGMapper: set:488 set: Unset optional value from type CTA861_3
03-07 12:38:12.635 30300 30372 E IMGMapper: set:488 set: Unset optional value from type SMPTE2086
03-07 12:38:12.635 30300 30372 E IMGMapper: set:488 set: Unset optional value from type CTA861_3
03-07 12:38:12.652 30300 30372 E IMGMapper: set:488 set: Unset optional value from type SMPTE2086
03-07 12:38:12.652 30300 30372 E IMGMapper: set:488 set: Unset optional value from type CTA861_3
03-07 12:38:12.669 30300 30372 E IMGMapper: set:488 set: Unset optional value from type SMPTE2086
03-07 12:38:12.669 30300 30372 E IMGMapper: set:488 set: Unset optional value from type CTA861_3
03-07 12:38:12.686 30300 30372 E IMGMapper: set:488 set: Unset optional value from type SMPTE2086
03-07 12:38:12.686 30300 30372 E IMGMapper: set:488 set: Unset optional value from type CTA861_3
03-07 12:38:12.702 30300 30372 E IMGMapper: set:488 set: Unset optional value from type SMPTE2086
03-07 12:38:12.702 30300 30372 E IMGMapper: set:488 set: Unset optional value from type CTA861_3
03-07 12:38:12.720 30300 30372 E IMGMapper: set:488 set: Unset optional value from type SMPTE2086
03-07 12:38:12.720 30300 30372 E IMGMapper: set:488 set: Unset optional value from type CTA861_3
03-07 12:38:12.735 30300 30372 E IMGMapper: set:488 set: Unset optional value from type SMPTE2086
03-07 12:38:12.735 30300 30372 E IMGMapper: set:488 set: Unset optional value from type CTA861_3
03-07 12:38:12.752 30300 30372 E IMGMapper: set:488 set: Unset optional value from type SMPTE2086
03-07 12:38:12.752 30300 30372 E IMGMapper: set:488 set: Unset optional value from type CTA861_3
03-07 12:38:13.252 30300 30372 E IMGMapper: set:488 set: Unset optional value from type SMPTE2086
03-07 12:38:13.253 30300 30372 E IMGMapper: set:488 set: Unset optional value from type CTA861_3
03-07 12:38:13.452 30300 30372 E IMGMapper: set:488 set: Unset optional value from type SMPTE2086
03-07 12:38:13.453 30300 30372 E IMGMapper: set:488 set: Unset optional value from type CTA861_3
03-07 12:38:13.481 30300 30372 E IMGMapper: set:488 set: Unset optional value from type SMPTE2086
03-07 12:38:13.481 30300 30372 E IMGMapper: set:488 set: Unset optional value from type CTA861_3
03-07 12:38:13.490 30300 30372 E IMGMapper: set:488 set: Unset optional value from type SMPTE2086
03-07 12:38:13.490 30300 30372 E IMGMapper: set:488 set: Unset optional value from type CTA861_3
03-07 12:38:13.506 30300 30372 E IMGMapper: set:488 set: Unset optional value from type SMPTE2086
03-07 12:38:13.506 30300 30372 E IMGMapper: set:488 set: Unset optional value from type CTA861_3
03-07 12:38:13.521 30300 30372 E IMGMapper: set:488 set: Unset optional value from type SMPTE2086
03-07 12:38:13.521 30300 30372 E IMGMapper: set:488 set: Unset optional value from type CTA861_3
03-07 12:38:13.539 30300 30372 E IMGMapper: set:488 set: Unset optional value from type SMPTE2086
03-07 12:38:13.540 30300 30372 E IMGMapper: set:488 set: Unset optional value from type CTA861_3
03-07 12:38:13.554 30300 30372 E IMGMapper: set:488 set: Unset optional value from type SMPTE2086
03-07 12:38:13.555 30300 30372 E IMGMapper: set:488 set: Unset optional value from type CTA861_3
03-07 12:38:13.572 30300 30372 E IMGMapper: set:488 set: Unset optional value from type SMPTE2086
03-07 12:38:13.572 30300 30372 E IMGMapper: set:488 set: Unset optional value from type CTA861_3
03-07 12:38:13.588 30300 30372 E IMGMapper: set:488 set: Unset optional value from type SMPTE2086
03-07 12:38:13.588 30300 30372 E IMGMapper: set:488 set: Unset optional value from type CTA861_3
03-07 12:38:13.606 30300 30372 E IMGMapper: set:488 set: Unset optional value from type SMPTE2086
03-07 12:38:13.606 30300 30372 E IMGMapper: set:488 set: Unset optional value from type CTA861_3
03-07 12:38:13.623 30300 30372 E IMGMapper: set:488 set: Unset optional value from type SMPTE2086
03-07 12:38:13.623 30300 30372 E IMGMapper: set:488 set: Unset optional value from type CTA861_3
03-07 12:38:13.640 30300 30372 E IMGMapper: set:488 set: Unset optional value from type SMPTE2086
03-07 12:38:13.640 30300 30372 E IMGMapper: set:488 set: Unset optional value from type CTA861_3
03-07 12:38:13.655 30300 30372 E IMGMapper: set:488 set: Unset optional value from type SMPTE2086
03-07 12:38:13.655 30300 30372 E IMGMapper: set:488 set: Unset optional value from type CTA861_3
03-07 12:38:13.672 30300 30372 E IMGMapper: set:488 set: Unset optional value from type SMPTE2086
03-07 12:38:13.673 30300 30372 E IMGMapper: set:488 set: Unset optional value from type CTA861_3
03-07 12:38:13.688 30300 30372 E IMGMapper: set:488 set: Unset optional value from type SMPTE2086
03-07 12:38:13.688 30300 30372 E IMGMapper: set:488 set: Unset optional value from type CTA861_3
03-07 12:38:13.958 30300 30372 E IMGMapper: set:488 set: Unset optional value from type SMPTE2086
03-07 12:38:13.959 30300 30372 E IMGMapper: set:488 set: Unset optional value from type CTA861_3
03-07 12:38:14.074 30300 30372 E IMGMapper: set:488 set: Unset optional value from type SMPTE2086
03-07 12:38:14.075 30300 30372 E IMGMapper: set:488 set: Unset optional value from type CTA861_3
03-07 12:38:14.092 30300 30372 E IMGMapper: set:488 set: Unset optional value from type SMPTE2086
03-07 12:38:14.092 30300 30372 E IMGMapper: set:488 set: Unset optional value from type CTA861_3
03-07 12:38:14.108 30300 30372 E IMGMapper: set:488 set: Unset optional value from type SMPTE2086
03-07 12:38:14.109 30300 30372 E IMGMapper: set:488 set: Unset optional value from type CTA861_3
03-07 12:38:14.124 30300 30372 E IMGMapper: set:488 set: Unset optional value from type SMPTE2086
03-07 12:38:14.124 30300 30372 E IMGMapper: set:488 set: Unset optional value from type CTA861_3
03-07 12:38:14.141 30300 30372 E IMGMapper: set:488 set: Unset optional value from type SMPTE2086
03-07 12:38:14.141 30300 30372 E IMGMapper: set:488 set: Unset optional value from type CTA861_3
03-07 12:38:14.158 30300 30372 E IMGMapper: set:488 set: Unset optional value from type SMPTE2086
03-07 12:38:14.158 30300 30372 E IMGMapper: set:488 set: Unset optional value from type CTA861_3
03-07 12:38:14.175 30300 30372 E IMGMapper: set:488 set: Unset optional value from type SMPTE2086
03-07 12:38:14.175 30300 30372 E IMGMapper: set:488 set: Unset optional value from type CTA861_3
03-07 12:38:14.192 30300 30372 E IMGMapper: set:488 set: Unset optional value from type SMPTE2086
03-07 12:38:14.192 30300 30372 E IMGMapper: set:488 set: Unset optional value from type CTA861_3
03-07 12:38:14.208 30300 30372 E IMGMapper: set:488 set: Unset optional value from type SMPTE2086
03-07 12:38:14.208 30300 30372 E IMGMapper: set:488 set: Unset optional value from type CTA861_3
03-07 12:38:14.226 30300 30372 E IMGMapper: set:488 set: Unset optional value from type SMPTE2086
03-07 12:38:14.226 30300 30372 E IMGMapper: set:488 set: Unset optional value from type CTA861_3
03-07 12:38:14.242 30300 30372 E IMGMapper: set:488 set: Unset optional value from type SMPTE2086
03-07 12:38:14.242 30300 30372 E IMGMapper: set:488 set: Unset optional value from type CTA861_3
03-07 12:38:14.258 30300 30372 E IMGMapper: set:488 set: Unset optional value from type SMPTE2086
03-07 12:38:14.258 30300 30372 E IMGMapper: set:488 set: Unset optional value from type CTA861_3
03-07 12:38:14.275 30300 30372 E IMGMapper: set:488 set: Unset optional value from type SMPTE2086
03-07 12:38:14.276 30300 30372 E IMGMapper: set:488 set: Unset optional value from type CTA861_3
03-07 12:38:14.291 30300 30372 E IMGMapper: set:488 set: Unset optional value from type SMPTE2086
03-07 12:38:14.291 30300 30372 E IMGMapper: set:488 set: Unset optional value from type CTA861_3
03-07 12:38:14.308 30300 30372 E IMGMapper: set:488 set: Unset optional value from type SMPTE2086
03-07 12:38:14.308 30300 30372 E IMGMapper: set:488 set: Unset optional value from type CTA861_3
03-07 12:38:14.325 30300 30372 E IMGMapper: set:488 set: Unset optional value from type SMPTE2086
03-07 12:38:14.325 30300 30372 E IMGMapper: set:488 set: Unset optional value from type CTA861_3
03-07 12:38:14.342 30300 30372 E IMGMapper: set:488 set: Unset optional value from type SMPTE2086
03-07 12:38:14.342 30300 30372 E IMGMapper: set:488 set: Unset optional value from type CTA861_3
03-07 12:38:14.358 30300 30372 E IMGMapper: set:488 set: Unset optional value from type SMPTE2086
03-07 12:38:14.359 30300 30372 E IMGMapper: set:488 set: Unset optional value from type CTA861_3
03-07 12:38:14.459 30300 30372 E IMGMapper: set:488 set: Unset optional value from type SMPTE2086
03-07 12:38:14.459 30300 30372 E IMGMapper: set:488 set: Unset optional value from type CTA861_3
03-07 12:38:14.497 30300 30300 W OnBackInvokedCallback: OnBackInvokedCallback is not enabled for the application.
03-07 12:38:14.497 30300 30300 W OnBackInvokedCallback: Set 'android:enableOnBackInvokedCallback="true"' in the application manifest.
03-07 12:38:14.752 30300 30372 E IMGMapper: set:488 set: Unset optional value from type SMPTE2086
03-07 12:38:14.752 30300 30372 E IMGMapper: set:488 set: Unset optional value from type CTA861_3
03-07 12:38:14.765 30300 30372 E IMGMapper: set:488 set: Unset optional value from type SMPTE2086
03-07 12:38:14.765 30300 30372 E IMGMapper: set:488 set: Unset optional value from type CTA861_3
03-07 12:38:14.778 30300 30372 E IMGMapper: set:488 set: Unset optional value from type SMPTE2086
03-07 12:38:14.778 30300 30372 E IMGMapper: set:488 set: Unset optional value from type CTA861_3
03-07 12:38:14.794 30300 30372 E IMGMapper: set:488 set: Unset optional value from type SMPTE2086
03-07 12:38:14.794 30300 30372 E IMGMapper: set:488 set: Unset optional value from type CTA861_3
03-07 12:38:14.810 30300 30372 E IMGMapper: set:488 set: Unset optional value from type SMPTE2086
03-07 12:38:14.810 30300 30372 E IMGMapper: set:488 set: Unset optional value from type CTA861_3
03-07 12:38:14.830 30300 30372 E IMGMapper: set:488 set: Unset optional value from type SMPTE2086
03-07 12:38:14.830 30300 30372 E IMGMapper: set:488 set: Unset optional value from type CTA861_3
03-07 12:38:14.843 30300 30372 E IMGMapper: set:488 set: Unset optional value from type SMPTE2086
03-07 12:38:14.843 30300 30372 E IMGMapper: set:488 set: Unset optional value from type CTA861_3
03-07 12:38:14.866 30300 30372 E IMGMapper: set:488 set: Unset optional value from type SMPTE2086
03-07 12:38:14.866 30300 30372 E IMGMapper: set:488 set: Unset optional value from type CTA861_3
03-07 12:38:14.878 30300 30372 E IMGMapper: set:488 set: Unset optional value from type SMPTE2086
03-07 12:38:14.878 30300 30372 E IMGMapper: set:488 set: Unset optional value from type CTA861_3
03-07 12:38:14.898 30300 30372 E IMGMapper: set:488 set: Unset optional value from type SMPTE2086
03-07 12:38:14.898 30300 30372 E IMGMapper: set:488 set: Unset optional value from type CTA861_3
03-07 12:38:14.912 30300 30372 E IMGMapper: set:488 set: Unset optional value from type SMPTE2086
03-07 12:38:14.912 30300 30372 E IMGMapper: set:488 set: Unset optional value from type CTA861_3
03-07 12:38:14.928 30300 30372 E IMGMapper: set:488 set: Unset optional value from type SMPTE2086
03-07 12:38:14.928 30300 30372 E IMGMapper: set:488 set: Unset optional value from type CTA861_3
03-07 12:38:14.946 30300 30372 E IMGMapper: set:488 set: Unset optional value from type SMPTE2086
03-07 12:38:14.946 30300 30372 E IMGMapper: set:488 set: Unset optional value from type CTA861_3
03-07 12:38:14.962 30300 30372 E IMGMapper: set:488 set: Unset optional value from type SMPTE2086
03-07 12:38:14.963 30300 30372 E IMGMapper: set:488 set: Unset optional value from type CTA861_3
03-07 12:38:14.980 30300 30372 E IMGMapper: set:488 set: Unset optional value from type SMPTE2086
03-07 12:38:14.980 30300 30372 E IMGMapper: set:488 set: Unset optional value from type CTA861_3
03-07 12:38:14.995 30300 30372 E IMGMapper: set:488 set: Unset optional value from type SMPTE2086
03-07 12:38:14.996 30300 30372 E IMGMapper: set:488 set: Unset optional value from type CTA861_3
03-07 12:38:15.015 30300 30372 E IMGMapper: set:488 set: Unset optional value from type SMPTE2086
03-07 12:38:15.015 30300 30372 E IMGMapper: set:488 set: Unset optional value from type CTA861_3
03-07 12:38:15.398 30300 30372 E IMGMapper: set:488 set: Unset optional value from type SMPTE2086
03-07 12:38:15.398 30300 30372 E IMGMapper: set:488 set: Unset optional value from type CTA861_3
03-07 12:38:15.416 30300 30372 E IMGMapper: set:488 set: Unset optional value from type SMPTE2086
03-07 12:38:15.416 30300 30372 E IMGMapper: set:488 set: Unset optional value from type CTA861_3
03-07 12:38:15.433 30300 30372 E IMGMapper: set:488 set: Unset optional value from type SMPTE2086
03-07 12:38:15.433 30300 30372 E IMGMapper: set:488 set: Unset optional value from type CTA861_3
03-07 12:38:15.450 30300 30372 E IMGMapper: set:488 set: Unset optional value from type SMPTE2086
03-07 12:38:15.450 30300 30372 E IMGMapper: set:488 set: Unset optional value from type CTA861_3
03-07 12:38:15.468 30300 30372 E IMGMapper: set:488 set: Unset optional value from type SMPTE2086
03-07 12:38:15.468 30300 30372 E IMGMapper: set:488 set: Unset optional value from type CTA861_3
03-07 12:38:15.485 30300 30372 E IMGMapper: set:488 set: Unset optional value from type SMPTE2086
03-07 12:38:15.485 30300 30372 E IMGMapper: set:488 set: Unset optional value from type CTA861_3
03-07 12:38:15.500 30300 30372 E IMGMapper: set:488 set: Unset optional value from type SMPTE2086
03-07 12:38:15.500 30300 30372 E IMGMapper: set:488 set: Unset optional value from type CTA861_3
03-07 12:38:15.517 30300 30372 E IMGMapper: set:488 set: Unset optional value from type SMPTE2086
03-07 12:38:15.517 30300 30372 E IMGMapper: set:488 set: Unset optional value from type CTA861_3
03-07 12:38:15.533 30300 30372 E IMGMapper: set:488 set: Unset optional value from type SMPTE2086
03-07 12:38:15.534 30300 30372 E IMGMapper: set:488 set: Unset optional value from type CTA861_3
03-07 12:38:15.551 30300 30372 E IMGMapper: set:488 set: Unset optional value from type SMPTE2086
03-07 12:38:15.551 30300 30372 E IMGMapper: set:488 set: Unset optional value from type CTA861_3
03-07 12:38:15.569 30300 30372 E IMGMapper: set:488 set: Unset optional value from type SMPTE2086
03-07 12:38:15.569 30300 30372 E IMGMapper: set:488 set: Unset optional value from type CTA861_3
03-07 12:38:15.583 30300 30372 E IMGMapper: set:488 set: Unset optional value from type SMPTE2086
03-07 12:38:15.583 30300 30372 E IMGMapper: set:488 set: Unset optional value from type CTA861_3
03-07 12:38:15.600 30300 30372 E IMGMapper: set:488 set: Unset optional value from type SMPTE2086
03-07 12:38:15.601 30300 30372 E IMGMapper: set:488 set: Unset optional value from type CTA861_3
03-07 12:38:15.617 30300 30372 E IMGMapper: set:488 set: Unset optional value from type SMPTE2086
03-07 12:38:15.617 30300 30372 E IMGMapper: set:488 set: Unset optional value from type CTA861_3
03-07 12:38:15.633 30300 30372 E IMGMapper: set:488 set: Unset optional value from type SMPTE2086
03-07 12:38:15.633 30300 30372 E IMGMapper: set:488 set: Unset optional value from type CTA861_3
03-07 12:38:15.650 30300 30372 E IMGMapper: set:488 set: Unset optional value from type SMPTE2086
03-07 12:38:15.650 30300 30372 E IMGMapper: set:488 set: Unset optional value from type CTA861_3
03-07 12:38:15.667 30300 30372 E IMGMapper: set:488 set: Unset optional value from type SMPTE2086
03-07 12:38:15.668 30300 30372 E IMGMapper: set:488 set: Unset optional value from type CTA861_3
03-07 12:38:15.984 30300 30372 E IMGMapper: set:488 set: Unset optional value from type SMPTE2086
03-07 12:38:15.984 30300 30372 E IMGMapper: set:488 set: Unset optional value from type CTA861_3
03-07 12:38:16.484 30300 30372 E IMGMapper: set:488 set: Unset optional value from type SMPTE2086
03-07 12:38:16.484 30300 30372 E IMGMapper: set:488 set: Unset optional value from type CTA861_3
03-07 12:38:16.503 30300 30372 E IMGMapper: set:488 set: Unset optional value from type SMPTE2086
03-07 12:38:16.503 30300 30372 E IMGMapper: set:488 set: Unset optional value from type CTA861_3
03-07 12:38:16.803 30300 30372 E IMGMapper: set:488 set: Unset optional value from type SMPTE2086
03-07 12:38:16.803 30300 30372 E IMGMapper: set:488 set: Unset optional value from type CTA861_3
03-07 12:38:17.304 30300 30372 E IMGMapper: set:488 set: Unset optional value from type SMPTE2086
03-07 12:38:17.304 30300 30372 E IMGMapper: set:488 set: Unset optional value from type CTA861_3
03-07 12:38:17.556 30300 30372 E IMGMapper: set:488 set: Unset optional value from type SMPTE2086
03-07 12:38:17.556 30300 30372 E IMGMapper: set:488 set: Unset optional value from type CTA861_3
03-07 12:38:17.825 30300 30372 E IMGMapper: set:488 set: Unset optional value from type SMPTE2086
03-07 12:38:17.825 30300 30372 E IMGMapper: set:488 set: Unset optional value from type CTA861_3
03-07 12:38:18.109 30300 30372 E IMGMapper: set:488 set: Unset optional value from type SMPTE2086
03-07 12:38:18.109 30300 30372 E IMGMapper: set:488 set: Unset optional value from type CTA861_3
03-07 12:38:18.342 30300 30372 E IMGMapper: set:488 set: Unset optional value from type SMPTE2086
03-07 12:38:18.342 30300 30372 E IMGMapper: set:488 set: Unset optional value from type CTA861_3
03-07 12:38:18.843 30300 30372 E IMGMapper: set:488 set: Unset optional value from type SMPTE2086
03-07 12:38:18.844 30300 30372 E IMGMapper: set:488 set: Unset optional value from type CTA861_3
03-07 12:38:19.095 30300 30372 E IMGMapper: set:488 set: Unset optional value from type SMPTE2086
03-07 12:38:19.095 30300 30372 E IMGMapper: set:488 set: Unset optional value from type CTA861_3
03-07 12:38:19.112 30300 30372 E IMGMapper: set:488 set: Unset optional value from type SMPTE2086
03-07 12:38:19.112 30300 30372 E IMGMapper: set:488 set: Unset optional value from type CTA861_3
03-07 12:38:19.263 30300 30372 E IMGMapper: set:488 set: Unset optional value from type SMPTE2086
03-07 12:38:19.263 30300 30372 E IMGMapper: set:488 set: Unset optional value from type CTA861_3
03-07 12:38:19.764 30300 30372 E IMGMapper: set:488 set: Unset optional value from type SMPTE2086
03-07 12:38:19.764 30300 30372 E IMGMapper: set:488 set: Unset optional value from type CTA861_3
03-07 12:38:20.082 30300 30372 E IMGMapper: set:488 set: Unset optional value from type SMPTE2086
03-07 12:38:20.082 30300 30372 E IMGMapper: set:488 set: Unset optional value from type CTA861_3
03-07 12:38:20.350 30300 30372 E IMGMapper: set:488 set: Unset optional value from type SMPTE2086
03-07 12:38:20.350 30300 30372 E IMGMapper: set:488 set: Unset optional value from type CTA861_3
03-07 12:38:20.835 30300 30372 E IMGMapper: set:488 set: Unset optional value from type SMPTE2086
03-07 12:38:20.836 30300 30372 E IMGMapper: set:488 set: Unset optional value from type CTA861_3
03-07 12:38:21.336 30300 30372 E IMGMapper: set:488 set: Unset optional value from type SMPTE2086
03-07 12:38:21.336 30300 30372 E IMGMapper: set:488 set: Unset optional value from type CTA861_3
03-07 12:38:21.371 30300 30372 E IMGMapper: set:488 set: Unset optional value from type SMPTE2086
03-07 12:38:21.371 30300 30372 E IMGMapper: set:488 set: Unset optional value from type CTA861_3
03-07 12:38:21.656 30300 30372 E IMGMapper: set:488 set: Unset optional value from type SMPTE2086
