03-07 14:25:34.879 13992 14215 E IMGMapper: set:488 set: Unset optional value from type CTA861_3
03-07 14:25:34.892 13992 14215 E IMGMapper: set:488 set: Unset optional value from type SMPTE2086
03-07 14:25:34.892 13992 14215 E IMGMapper: set:488 set: Unset optional value from type CTA861_3
03-07 14:25:34.897 13992 14215 E IMGMapper: set:488 set: Unset optional value from type SMPTE2086
03-07 14:25:34.897 13992 14215 E IMGMapper: set:488 set: Unset optional value from type CTA861_3
03-07 14:25:34.911 13992 14215 E IMGMapper: set:488 set: Unset optional value from type SMPTE2086
03-07 14:25:34.911 13992 14215 E IMGMapper: set:488 set: Unset optional value from type CTA861_3
03-07 14:25:34.915 13992 14215 E IMGMapper: set:488 set: Unset optional value from type SMPTE2086
03-07 14:25:34.915 13992 14215 E IMGMapper: set:488 set: Unset optional value from type CTA861_3
03-07 14:25:35.081 13992 13992 E ArmVmp : Match on catch block at 0xc3 in for 0x159
03-07 14:25:35.087 13992 13992 E ArmVmp : Match on catch block at 0xc3 in for 0x155
03-07 14:25:36.606 13992 14215 E IMGMapper: set:488 set: Unset optional value from type SMPTE2086
03-07 14:25:36.610 13992 14215 E IMGMapper: set:488 set: Unset optional value from type CTA861_3
03-07 14:25:37.030 13992 14215 E IMGMapper: set:488 set: Unset optional value from type SMPTE2086
03-07 14:25:37.030 13992 14215 E IMGMapper: set:488 set: Unset optional value from type CTA861_3
03-07 14:25:55.850 13992 14038 E SQLiteDatabase: Error inserting transferred=1 media_job_uuid=fecb0663-cd37-4bc8-b3a2-4f3974728472 transcoded=0 gif_attribution=0 first_scan_length=9514 direct_path=/v/t62.15575- 24/31423190_427089953166933_1827885987582462157_n.enc?ccb=11-4&oh=01_AdQsX- 9JEhu8OiVBdcC44bQPMBxmrd-UeN4ngr5DA5mxJA&oe=661130E3&_nc_sid=5e03e0 thumbnail_height_width_ratio=1.0 is_animated_sticker=1 file_hash=OOnMwpByXm2h4SfaMFRbGh383fM/cHjm/0Try2NV0wU= file_path=Media/MBWhatsApp Stickers/STK-20240307-WA0000.webp file_size=19394 partial_media_hash=null face_x=0 face_y=0 height=64 trim_to=0 media_key_timestamp=1709729044000 message_url=https://mmg.whatsapp.net/v/t62.15575- 24/31423190_427089953166933_1827885987582462157_n.enc?ccb=11-4&oh=01_AdQsX- 9JEhu8OiVBdcC44bQPMBxmrd-UeN4ngr5DA5mxJA&oe=661130E3&_nc_sid=5e03e0&mms3=true media_caption=null trim_from=0 mime_type=image/webp partial_media_enc_hash=null width=64 original_file_hash=null has_streaming_sidecar=0 autotransfer_retry_enabled=1 media_upload_handle=null message_row_id=90 multicast_id=null enc_file_hash=zWQZuDO5wCjSBY+z0Yf7ejOCM0Xe5aaeGWo27/Lg2MM= mute_video=0 page_count=0 first_scan_sidecar=[B@e3c7807 suspicious_content=0 file_length=19394 media_name=null media_duration=0 chat_row_id=85 media_key=[B@8bb6d34
03-07 14:25:55.850 13992 14038 E SQLiteDatabase: android.database.sqlite.SQLiteConstraintException: UNIQUE constraint failed: message_media.message_row_id (code 1555 SQLITE_CONSTRAINT_PRIMARYKEY[1555])
03-07 14:25:55.850 13992 14038 E SQLiteDatabase: at android.database.sqlite.SQLiteConnection.nativeExecuteForLastInsertedRowId(Native Method)
03-07 14:25:55.850 13992 14038 E SQLiteDatabase: at android.database.sqlite.SQLiteConnection.executeForLastInsertedRowId(SQLiteConnecti on.java:1275)
03-07 14:25:55.850 13992 14038 E SQLiteDatabase: at android.database.sqlite.SQLiteSession.executeForLastInsertedRowId(SQLiteSession.jav a:790)
03-07 14:25:55.850 13992 14038 E SQLiteDatabase: at android.database.sqlite.SQLiteStatement.executeInsert(SQLiteStatement.java:89)
03-07 14:25:55.850 13992 14038 E SQLiteDatabase: at android.database.sqlite.SQLiteDatabase.insertWithOnConflict(SQLiteDatabase.java:241 0)
03-07 14:25:55.850 13992 14038 E SQLiteDatabase: at android.database.sqlite.SQLiteDatabase.insert(SQLiteDatabase.java:2279)
03-07 14:25:55.850 13992 14038 E SQLiteDatabase: at X.2tm.A08(Unknown Source:6)
03-07 14:25:55.850 13992 14038 E SQLiteDatabase: at X.35Y.A07(Unknown Source:212)
03-07 14:25:55.850 13992 14038 E SQLiteDatabase: at X.3QF.A14(Unknown Source:470)
03-07 14:25:55.850 13992 14038 E SQLiteDatabase: at X.3gU.run(Unknown Source:982)
03-07 14:25:55.850 13992 14038 E SQLiteDatabase: at android.os.Handler.handleCallback(Handler.java:942)
03-07 14:25:55.850 13992 14038 E SQLiteDatabase: at android.os.Handler.dispatchMessage(Handler.java:99)
03-07 14:25:55.850 13992 14038 E SQLiteDatabase: at X.0zq.dispatchMessage(Unknown Source:4)
03-07 14:25:55.850 13992 14038 E SQLiteDatabase: at android.os.Looper.loopOnce(Looper.java:226)
03-07 14:25:55.850 13992 14038 E SQLiteDatabase: at android.os.Looper.loop(Looper.java:313)
03-07 14:25:55.850 13992 14038 E SQLiteDatabase: at android.os.HandlerThread.run(HandlerThread.java:67)
03-07 14:26:50.056 13992 14215 E IMGMapper: set:488 set: Unset optional value from type SMPTE2086
03-07 14:26:50.056 13992 14215 E IMGMapper: set:488 set: Unset optional value from type CTA861_3
03-07 14:26:50.135 13992 14215 E IMGMapper: set:488 set: Unset optional value from type SMPTE2086
03-07 14:26:50.135 13992 14215 E IMGMapper: set:488 set: Unset optional value from type CTA861_3
03-07 14:26:50.170 13992 14215 E IMGMapper: set:488 set: Unset optional value from type SMPTE2086
03-07 14:26:50.170 13992 14215 E IMGMapper: set:488 set: Unset optional value from type CTA861_3
03-07 14:26:50.420 13992 14215 E IMGMapper: set:488 set: Unset optional value from type SMPTE2086
03-07 14:26:50.420 13992 14215 E IMGMapper: set:488 set: Unset optional value from type CTA861_3
03-07 14:26:50.679 13992 14215 E IMGMapper: set:488 set: Unset optional value from type SMPTE2086
03-07 14:26:50.679 13992 14215 E IMGMapper: set:488 set: Unset optional value from type CTA861_3
03-07 14:26:51.293 13992 14215 E IMGMapper: set:488 set: Unset optional value from type SMPTE2086
03-07 14:26:51.293 13992 14215 E IMGMapper: set:488 set: Unset optional value from type CTA861_3
03-07 14:26:51.311 13992 14215 E IMGMapper: set:488 set: Unset optional value from type SMPTE2086
03-07 14:26:51.312 13992 14215 E IMGMapper: set:488 set: Unset optional value from type CTA861_3
03-07 14:26:51.324 13992 14215 E IMGMapper: set:488 set: Unset optional value from type SMPTE2086
03-07 14:26:51.324 13992 14215 E IMGMapper: set:488 set: Unset optional value from type CTA861_3
03-07 14:26:51.338 13992 14215 E IMGMapper: set:488 set: Unset optional value from type SMPTE2086
03-07 14:26:51.339 13992 14215 E IMGMapper: set:488 set: Unset optional value from type CTA861_3
03-07 14:26:51.355 13992 14215 E IMGMapper: set:488 set: Unset optional value from type SMPTE2086
03-07 14:26:51.355 13992 14215 E IMGMapper: set:488 set: Unset optional value from type CTA861_3
03-07 14:26:51.389 13992 14215 E IMGMapper: set:488 set: Unset optional value from type SMPTE2086
03-07 14:26:51.389 13992 14215 E IMGMapper: set:488 set: Unset optional value from type CTA861_3
03-07 14:26:51.405 13992 14215 E IMGMapper: set:488 set: Unset optional value from type SMPTE2086
03-07 14:26:51.405 13992 14215 E IMGMapper: set:488 set: Unset optional value from type CTA861_3
03-07 14:26:51.422 13992 14215 E IMGMapper: set:488 set: Unset optional value from type SMPTE2086
03-07 14:26:51.422 13992 14215 E IMGMapper: set:488 set: Unset optional value from type CTA861_3
03-07 14:26:51.438 13992 14215 E IMGMapper: set:488 set: Unset optional value from type SMPTE2086
03-07 14:26:51.438 13992 14215 E IMGMapper: set:488 set: Unset optional value from type CTA861_3
03-07 14:26:51.455 13992 14215 E IMGMapper: set:488 set: Unset optional value from type SMPTE2086
03-07 14:26:51.455 13992 14215 E IMGMapper: set:488 set: Unset optional value from type CTA861_3
03-07 14:26:51.472 13992 14215 E IMGMapper: set:488 set: Unset optional value from type SMPTE2086
03-07 14:26:51.472 13992 14215 E IMGMapper: set:488 set: Unset optional value from type CTA861_3
03-07 14:26:51.488 13992 14215 E IMGMapper: set:488 set: Unset optional value from type SMPTE2086
03-07 14:26:51.488 13992 14215 E IMGMapper: set:488 set: Unset optional value from type CTA861_3
03-07 14:26:51.505 13992 14215 E IMGMapper: set:488 set: Unset optional value from type SMPTE2086
03-07 14:26:51.505 13992 14215 E IMGMapper: set:488 set: Unset optional value from type CTA861_3
03-07 14:26:51.522 13992 14215 E IMGMapper: set:488 set: Unset optional value from type SMPTE2086
03-07 14:26:51.522 13992 14215 E IMGMapper: set:488 set: Unset optional value from type CTA861_3
03-07 14:26:51.948 13992 13992 E ArmVmp : Match on catch block at 0x0a in for 0x189
03-07 14:26:51.956 13992 13992 E ArmVmp : Match on catch block at 0x0a in for 0x181
03-07 14:26:52.040 13992 14215 E IMGMapper: set:488 set: Unset optional value from type SMPTE2086
03-07 14:26:52.040 13992 14215 E IMGMapper: set:488 set: Unset optional value from type CTA861_3
03-07 14:26:52.057 13992 14215 E IMGMapper: set:488 set: Unset optional value from type SMPTE2086
03-07 14:26:52.057 13992 14215 E IMGMapper: set:488 set: Unset optional value from type CTA861_3
03-07 14:26:52.073 13992 14215 E IMGMapper: set:488 set: Unset optional value from type SMPTE2086
03-07 14:26:52.073 13992 14215 E IMGMapper: set:488 set: Unset optional value from type CTA861_3
03-07 14:26:52.091 13992 14215 E IMGMapper: set:488 set: Unset optional value from type SMPTE2086
03-07 14:26:52.091 13992 14215 E IMGMapper: set:488 set: Unset optional value from type CTA861_3
03-07 14:26:52.107 13992 14215 E IMGMapper: set:488 set: Unset optional value from type SMPTE2086
03-07 14:26:52.107 13992 14215 E IMGMapper: set:488 set: Unset optional value from type CTA861_3
03-07 14:26:52.124 13992 14215 E IMGMapper: set:488 set: Unset optional value from type SMPTE2086
03-07 14:26:52.124 13992 14215 E IMGMapper: set:488 set: Unset optional value from type CTA861_3
03-07 14:26:52.141 13992 14215 E IMGMapper: set:488 set: Unset optional value from type SMPTE2086
03-07 14:26:52.141 13992 14215 E IMGMapper: set:488 set: Unset optional value from type CTA861_3
03-07 14:26:52.158 13992 14215 E IMGMapper: set:488 set: Unset optional value from type SMPTE2086
03-07 14:26:52.158 13992 14215 E IMGMapper: set:488 set: Unset optional value from type CTA861_3
03-07 14:26:52.175 13992 14215 E IMGMapper: set:488 set: Unset optional value from type SMPTE2086
03-07 14:26:52.175 13992 14215 E IMGMapper: set:488 set: Unset optional value from type CTA861_3
03-07 14:26:52.191 13992 14215 E IMGMapper: set:488 set: Unset optional value from type SMPTE2086
03-07 14:26:52.191 13992 14215 E IMGMapper: set:488 set: Unset optional value from type CTA861_3
03-07 14:26:52.208 13992 14215 E IMGMapper: set:488 set: Unset optional value from type SMPTE2086
03-07 14:26:52.208 13992 14215 E IMGMapper: set:488 set: Unset optional value from type CTA861_3
03-07 14:26:52.225 13992 14215 E IMGMapper: set:488 set: Unset optional value from type SMPTE2086
03-07 14:26:52.225 13992 14215 E IMGMapper: set:488 set: Unset optional value from type CTA861_3
03-07 14:26:52.241 13992 14215 E IMGMapper: set:488 set: Unset optional value from type SMPTE2086
03-07 14:26:52.241 13992 14215 E IMGMapper: set:488 set: Unset optional value from type CTA861_3
03-07 14:26:52.258 13992 14215 E IMGMapper: set:488 set: Unset optional value from type SMPTE2086
03-07 14:26:52.258 13992 14215 E IMGMapper: set:488 set: Unset optional value from type CTA861_3
03-07 14:26:52.274 13992 14215 E IMGMapper: set:488 set: Unset optional value from type SMPTE2086
03-07 14:26:52.274 13992 14215 E IMGMapper: set:488 set: Unset optional value from type CTA861_3
03-07 14:26:52.292 13992 14215 E IMGMapper: set:488 set: Unset optional value from type SMPTE2086
03-07 14:26:52.292 13992 14215 E IMGMapper: set:488 set: Unset optional value from type CTA861_3
03-07 14:26:52.309 13992 14215 E IMGMapper: set:488 set: Unset optional value from type SMPTE2086
03-07 14:26:52.309 13992 14215 E IMGMapper: set:488 set: Unset optional value from type CTA861_3
03-07 14:26:52.325 13992 14215 E IMGMapper: set:488 set: Unset optional value from type SMPTE2086
03-07 14:26:52.325 13992 14215 E IMGMapper: set:488 set: Unset optional value from type CTA861_3
03-07 14:26:52.356 13992 13992 E ArmVmp : Match on catch block at 0xc3 in for 0x169
03-07 14:26:52.359 13992 13992 E ArmVmp : Match on catch block at 0xc3 in for 0x161
03-07 14:26:52.361 13992 13992 E ArmVmp : Match on catch block at 0xc3 in for 0x175
03-07 14:26:52.423 13992 14215 E IMGMapper: set:488 set: Unset optional value from type SMPTE2086
03-07 14:26:52.423 13992 14215 E IMGMapper: set:488 set: Unset optional value from type CTA861_3
03-07 14:26:52.426 13992 14215 W Parcel : Expecting binder but got null!
03-07 14:26:52.484 13992 13992 E ArmVmp : Match on catch block at 0xc3 in for 0x141
03-07 14:26:52.486 13992 13992 E ArmVmp : Match on catch block at 0xc3 in for 0x159
03-07 14:26:52.488 13992 13992 E ArmVmp : Match on catch block at 0xc3 in for 0x141
03-07 14:26:52.509 13992 13992 E ArmVmp : Match on catch block at 0xc3 in for 0x155
03-07 14:26:52.512 13992 13992 E ArmVmp : Match on catch block at 0xc3 in for 0x151
03-07 14:26:52.515 13992 14215 E IMGMapper: set:488 set: Unset optional value from type SMPTE2086
03-07 14:26:52.515 13992 14215 E IMGMapper: set:488 set: Unset optional value from type CTA861_3
03-07 14:26:52.515 13992 13992 E ArmVmp : Match on catch block at 0xc3 in for 0x155
03-07 14:26:52.534 13992 14215 E IMGMapper: set:488 set: Unset optional value from type SMPTE2086
03-07 14:26:52.534 13992 14215 E IMGMapper: set:488 set: Unset optional value from type CTA861_3
03-07 14:26:52.540 13992 13992 E ArmVmp : Match on catch block at 0xc3 in for 0x14d
03-07 14:26:52.543 13992 13992 E ArmVmp : Match on catch block at 0xc3 in for 0x149
03-07 14:26:52.546 13992 14215 E IMGMapper: set:488 set: Unset optional value from type SMPTE2086
03-07 14:26:52.546 13992 14215 E IMGMapper: set:488 set: Unset optional value from type CTA861_3
03-07 14:26:52.547 13992 13992 E ArmVmp : Match on catch block at 0xc3 in for 0x14d
03-07 14:26:52.560 13992 14215 E IMGMapper: set:488 set: Unset optional value from type SMPTE2086
03-07 14:26:52.560 13992 14215 E IMGMapper: set:488 set: Unset optional value from type CTA861_3
03-07 14:26:52.590 13992 13992 E ArmVmp : Match on catch block at 0xc3 in for 0x14d
03-07 14:26:52.593 13992 13992 E ArmVmp : Match on catch block at 0xc3 in for 0x149
03-07 14:26:52.597 13992 13992 E ArmVmp : Match on catch block at 0xc3 in for 0x14d
03-07 14:26:52.611 13992 14215 E IMGMapper: set:488 set: Unset optional value from type SMPTE2086
03-07 14:26:52.611 13992 14215 E IMGMapper: set:488 set: Unset optional value from type CTA861_3
03-07 14:26:52.629 13992 13992 E ArmVmp : Match on catch block at 0xc3 in for 0x151
03-07 14:26:52.631 13992 13992 E ArmVmp : Match on catch block at 0xc3 in for 0x14d
03-07 14:26:52.634 13992 13992 E ArmVmp : Match on catch block at 0xc3 in for 0x151
03-07 14:26:52.646 13992 14215 E IMGMapper: set:488 set: Unset optional value from type SMPTE2086
03-07 14:26:52.646 13992 14215 E IMGMapper: set:488 set: Unset optional value from type CTA861_3
03-07 14:26:52.664 13992 14215 E IMGMapper: set:488 set: Unset optional value from type SMPTE2086
03-07 14:26:52.664 13992 14215 E IMGMapper: set:488 set: Unset optional value from type CTA861_3
03-07 14:26:52.687 13992 13992 E ArmVmp : Match on catch block at 0xc3 in for 0x149
03-07 14:26:52.692 13992 13992 E ArmVmp : Match on catch block at 0xc3 in for 0x145
03-07 14:26:52.697 13992 13992 E ArmVmp : Match on catch block at 0xc3 in for 0x149
03-07 14:26:52.708 13992 14215 E IMGMapper: set:488 set: Unset optional value from type SMPTE2086
03-07 14:26:52.708 13992 14215 E IMGMapper: set:488 set: Unset optional value from type CTA861_3
03-07 14:26:52.754 13992 13992 E ArmVmp : Match on catch block at 0xc3 in for 0x155
03-07 14:26:52.761 13992 13992 E ArmVmp : Match on catch block at 0xc3 in for 0x151
03-07 14:26:52.765 13992 13992 E ArmVmp : Match on catch block at 0xc3 in for 0x155
03-07 14:26:52.782 13992 14215 E IMGMapper: set:488 set: Unset optional value from type SMPTE2086
03-07 14:26:52.782 13992 14215 E IMGMapper: set:488 set: Unset optional value from type CTA861_3
03-07 14:26:52.822 13992 13992 E ArmVmp : Match on catch block at 0xc3 in for 0x155
03-07 14:26:52.827 13992 13992 E ArmVmp : Match on catch block at 0xc3 in for 0x151
03-07 14:26:52.831 13992 13992 E ArmVmp : Match on catch block at 0xc3 in for 0x155
03-07 14:26:52.852 13992 14215 E IMGMapper: set:488 set: Unset optional value from type SMPTE2086
03-07 14:26:52.852 13992 14215 E IMGMapper: set:488 set: Unset optional value from type CTA861_3
03-07 14:26:52.911 13992 14215 E IMGMapper: set:488 set: Unset optional value from type SMPTE2086
03-07 14:26:52.912 13992 14215 E IMGMapper: set:488 set: Unset optional value from type CTA861_3
03-07 14:26:52.940 13992 13992 E ArmVmp : Match on catch block at 0xc3 in for 0x159
03-07 14:26:52.946 13992 13992 E ArmVmp : Match on catch block at 0xc3 in for 0x155
03-07 14:26:52.950 13992 13992 E ArmVmp : Match on catch block at 0xc3 in for 0x159
03-07 14:26:52.962 13992 14215 E IMGMapper: set:488 set: Unset optional value from type SMPTE2086
03-07 14:26:52.962 13992 14215 E IMGMapper: set:488 set: Unset optional value from type CTA861_3
03-07 14:26:52.990 13992 13992 E ArmVmp : Match on catch block at 0xc3 in for 0x159
03-07 14:26:52.994 13992 13992 E ArmVmp : Match on catch block at 0xc3 in for 0x155
03-07 14:26:52.997 13992 13992 E ArmVmp : Match on catch block at 0xc3 in for 0x159
03-07 14:26:53.014 13992 14215 E IMGMapper: set:488 set: Unset optional value from type SMPTE2086
03-07 14:26:53.014 13992 14215 E IMGMapper: set:488 set: Unset optional value from type CTA861_3
03-07 14:26:53.056 13992 13992 E ArmVmp : Match on catch block at 0xc3 in for 0x159
03-07 14:26:53.061 13992 13992 E ArmVmp : Match on catch block at 0xc3 in for 0x155
03-07 14:26:53.067 13992 13992 E ArmVmp : Match on catch block at 0xc3 in for 0x159
03-07 14:26:53.084 13992 14215 E IMGMapper: set:488 set: Unset optional value from type SMPTE2086
03-07 14:26:53.084 13992 14215 E IMGMapper: set:488 set: Unset optional value from type CTA861_3
03-07 14:26:53.090 13992 13992 E ArmVmp : Match on catch block at 0xc3 in for 0x159
03-07 14:26:53.095 13992 13992 E ArmVmp : Match on catch block at 0xc3 in for 0x155
03-07 14:26:53.098 13992 13992 E ArmVmp : Match on catch block at 0xc3 in for 0x159
03-07 14:26:53.107 13992 14215 E IMGMapper: set:488 set: Unset optional value from type SMPTE2086
03-07 14:26:53.107 13992 14215 E IMGMapper: set:488 set: Unset optional value from type CTA861_3
03-07 14:26:53.124 13992 13992 E ArmVmp : Match on catch block at 0xc3 in for 0x159
03-07 14:26:53.131 13992 13992 E ArmVmp : Match on catch block at 0xc3 in for 0x155
03-07 14:26:53.138 13992 13992 E ArmVmp : Match on catch block at 0xc3 in for 0x159
03-07 14:26:53.153 13992 14215 E IMGMapper: set:488 set: Unset optional value from type SMPTE2086
03-07 14:26:53.153 13992 14215 E IMGMapper: set:488 set: Unset optional value from type CTA861_3
03-07 14:26:53.191 13992 13992 E ArmVmp : Match on catch block at 0xc3 in for 0x14d
03-07 14:26:53.199 13992 13992 E ArmVmp : Match on catch block at 0xc3 in for 0x149
03-07 14:26:53.207 13992 13992 E ArmVmp : Match on catch block at 0xc3 in for 0x14d
03-07 14:26:53.224 13992 14215 E IMGMapper: set:488 set: Unset optional value from type SMPTE2086
03-07 14:26:53.224 13992 14215 E IMGMapper: set:488 set: Unset optional value from type CTA861_3
03-07 14:26:53.258 13992 13992 E ArmVmp : Match on catch block at 0xc3 in for 0x14d
03-07 14:26:53.266 13992 13992 E ArmVmp : Match on catch block at 0xc3 in for 0x149
03-07 14:26:53.275 13992 13992 E ArmVmp : Match on catch block at 0xc3 in for 0x14d
03-07 14:26:53.291 13992 14215 E IMGMapper: set:488 set: Unset optional value from type SMPTE2086
03-07 14:26:53.291 13992 14215 E IMGMapper: set:488 set: Unset optional value from type CTA861_3
03-07 14:26:53.326 13992 13992 E ArmVmp : Match on catch block at 0xc3 in for 0x14d
03-07 14:26:53.334 13992 13992 E ArmVmp : Match on catch block at 0xc3 in for 0x149
03-07 14:26:53.340 13992 13992 E ArmVmp : Match on catch block at 0xc3 in for 0x14d
03-07 14:26:53.355 13992 14215 E IMGMapper: set:488 set: Unset optional value from type SMPTE2086
03-07 14:26:53.355 13992 14215 E IMGMapper: set:488 set: Unset optional value from type CTA861_3
03-07 14:26:53.393 13992 13992 E ArmVmp : Match on catch block at 0xc3 in for 0x14d
03-07 14:26:53.404 13992 13992 E ArmVmp : Match on catch block at 0xc3 in for 0x149
03-07 14:26:53.414 13992 13992 E ArmVmp : Match on catch block at 0xc3 in for 0x14d
03-07 14:26:53.433 13992 14215 E IMGMapper: set:488 set: Unset optional value from type SMPTE2086
03-07 14:26:53.433 13992 14215 E IMGMapper: set:488 set: Unset optional value from type CTA861_3
03-07 14:26:53.463 13992 13992 E ArmVmp : Match on catch block at 0xc3 in for 0x14d
03-07 14:26:53.475 13992 13992 E ArmVmp : Match on catch block at 0xc3 in for 0x149
03-07 14:26:53.481 13992 13992 E ArmVmp : Match on catch block at 0xc3 in for 0x14d
03-07 14:26:53.495 13992 14215 E IMGMapper: set:488 set: Unset optional value from type SMPTE2086
03-07 14:26:53.495 13992 14215 E IMGMapper: set:488 set: Unset optional value from type CTA861_3
03-07 14:26:53.527 13992 13992 E ArmVmp : Match on catch block at 0xc3 in for 0x14d
03-07 14:26:53.532 13992 13992 E ArmVmp : Match on catch block at 0xc3 in for 0x149
03-07 14:26:53.541 13992 13992 E ArmVmp : Match on catch block at 0xc3 in for 0x14d
03-07 14:26:53.556 13992 14215 E IMGMapper: set:488 set: Unset optional value from type SMPTE2086
03-07 14:26:53.556 13992 14215 E IMGMapper: set:488 set: Unset optional value from type CTA861_3
03-07 14:26:53.591 13992 13992 E ArmVmp : Match on catch block at 0xc3 in for 0x14d
03-07 14:26:53.596 13992 13992 E ArmVmp : Match on catch block at 0xc3 in for 0x149
03-07 14:26:53.600 13992 13992 E ArmVmp : Match on catch block at 0xc3 in for 0x14d
03-07 14:26:53.613 13992 14215 E IMGMapper: set:488 set: Unset optional value from type SMPTE2086
03-07 14:26:53.614 13992 14215 E IMGMapper: set:488 set: Unset optional value from type CTA861_3
03-07 14:26:53.627 13992 13992 E ArmVmp : Match on catch block at 0xc3 in for 0x14d
03-07 14:26:53.632 13992 13992 E ArmVmp : Match on catch block at 0xc3 in for 0x149
03-07 14:26:53.636 13992 13992 E ArmVmp : Match on catch block at 0xc3 in for 0x14d
03-07 14:26:53.651 13992 14215 E IMGMapper: set:488 set: Unset optional value from type SMPTE2086
03-07 14:26:53.651 13992 14215 E IMGMapper: set:488 set: Unset optional value from type CTA861_3
03-07 14:26:54.096 13992 13992 E ArmVmp : Match on catch block at 0xc3 in for 0x14d
03-07 14:26:54.103 13992 13992 E ArmVmp : Match on catch block at 0xc3 in for 0x149
03-07 14:26:54.115 13992 13992 E ArmVmp : Match on catch block at 0xc3 in for 0x14d
03-07 14:26:54.135 13992 14215 E IMGMapper: set:488 set: Unset optional value from type SMPTE2086
03-07 14:26:54.135 13992 14215 E IMGMapper: set:488 set: Unset optional value from type CTA861_3
03-07 14:26:54.599 13992 13992 E ArmVmp : Match on catch block at 0xc3 in for 0x14d
03-07 14:26:54.610 13992 13992 E ArmVmp : Match on catch block at 0xc3 in for 0x149
03-07 14:26:54.619 13992 13992 E ArmVmp : Match on catch block at 0xc3 in for 0x14d
03-07 14:26:54.635 13992 14215 E IMGMapper: set:488 set: Unset optional value from type SMPTE2086
03-07 14:26:54.636 13992 14215 E IMGMapper: set:488 set: Unset optional value from type CTA861_3
03-07 14:26:55.097 13992 13992 E ArmVmp : Match on catch block at 0xc3 in for 0x155
03-07 14:26:55.103 13992 13992 E ArmVmp : Match on catch block at 0xc3 in for 0x151
03-07 14:26:55.108 13992 13992 E ArmVmp : Match on catch block at 0xc3 in for 0x155
03-07 14:26:55.116 13992 14215 E IMGMapper: set:488 set: Unset optional value from type SMPTE2086
03-07 14:26:55.116 13992 14215 E IMGMapper: set:488 set: Unset optional value from type CTA861_3
03-07 14:26:55.600 13992 13992 E ArmVmp : Match on catch block at 0xc3 in for 0x155
03-07 14:26:55.605 13992 13992 E ArmVmp : Match on catch block at 0xc3 in for 0x151
03-07 14:26:55.612 13992 13992 E ArmVmp : Match on catch block at 0xc3 in for 0x155
03-07 14:26:55.624 13992 14215 E IMGMapper: set:488 set: Unset optional value from type SMPTE2086
03-07 14:26:55.625 13992 14215 E IMGMapper: set:488 set: Unset optional value from type CTA861_3
03-07 14:26:56.105 13992 13992 E ArmVmp : Match on catch block at 0xc3 in for 0x155
03-07 14:26:56.115 13992 13992 E ArmVmp : Match on catch block at 0xc3 in for 0x151
03-07 14:26:56.124 13992 13992 E ArmVmp : Match on catch block at 0xc3 in for 0x155
03-07 14:26:56.139 13992 14215 E IMGMapper: set:488 set: Unset optional value from type SMPTE2086
03-07 14:26:56.140 13992 14215 E IMGMapper: set:488 set: Unset optional value from type CTA861_3
03-07 14:26:56.538 13992 13992 E ArmVmp : Match on catch block at 0xc3 in for 0x151
03-07 14:26:56.540 13992 13992 E ArmVmp : Match on catch block at 0xc3 in for 0x14d
03-07 14:26:56.543 13992 13992 E ArmVmp : Match on catch block at 0xc3 in for 0x151
03-07 14:26:56.556 13992 14215 E IMGMapper: set:488 set: Unset optional value from type SMPTE2086
03-07 14:26:56.556 13992 14215 E IMGMapper: set:488 set: Unset optional value from type CTA861_3
03-07 14:26:56.562 13992 13992 E ArmVmp : Match on catch block at 0xc3 in for 0x145
03-07 14:26:56.564 13992 13992 E ArmVmp : Match on catch block at 0xc3 in for 0x141
03-07 14:26:56.573 13992 13992 E ArmVmp : Match on catch block at 0xc3 in for 0x145
03-07 14:26:56.580 13992 14215 E IMGMapper: set:488 set: Unset optional value from type SMPTE2086
03-07 14:26:56.581 13992 14215 E IMGMapper: set:488 set: Unset optional value from type CTA861_3
03-07 14:26:56.583 13992 13992 E ArmVmp : Match on catch block at 0xc3 in for 0x151
03-07 14:26:56.586 13992 13992 E ArmVmp : Match on catch block at 0xc3 in for 0x14d
03-07 14:26:56.589 13992 13992 E ArmVmp : Match on catch block at 0xc3 in for 0x151
03-07 14:26:56.597 13992 14215 E IMGMapper: set:488 set: Unset optional value from type SMPTE2086
03-07 14:26:56.597 13992 14215 E IMGMapper: set:488 set: Unset optional value from type CTA861_3
03-07 14:26:56.599 13992 13992 E ArmVmp : Match on catch block at 0xc3 in for 0x141
03-07 14:26:56.605 13992 13992 E ArmVmp : Match on catch block at 0xc3 in for 0x159
03-07 14:26:56.608 13992 13992 E ArmVmp : Match on catch block at 0xc3 in for 0x141
03-07 14:26:56.617 13992 14215 E IMGMapper: set:488 set: Unset optional value from type SMPTE2086
03-07 14:26:56.617 13992 14215 E IMGMapper: set:488 set: Unset optional value from type CTA861_3
03-07 14:26:56.618 13992 13992 E ArmVmp : Match on catch block at 0xc3 in for 0x14d
03-07 14:26:56.621 13992 13992 E ArmVmp : Match on catch block at 0xc3 in for 0x149
03-07 14:26:56.624 13992 13992 E ArmVmp : Match on catch block at 0xc3 in for 0x14d
03-07 14:26:56.631 13992 14215 E IMGMapper: set:488 set: Unset optional value from type SMPTE2086
03-07 14:26:56.631 13992 14215 E IMGMapper: set:488 set: Unset optional value from type CTA861_3
03-07 14:26:56.632 13992 13992 E ArmVmp : Match on catch block at 0xc3 in for 0x159
03-07 14:26:56.635 13992 13992 E ArmVmp : Match on catch block at 0xc3 in for 0x155
03-07 14:26:56.638 13992 13992 E ArmVmp : Match on catch block at 0xc3 in for 0x159
03-07 14:26:56.645 13992 13992 E ArmVmp : Match on catch block at 0xc3 in for 0x149
03-07 14:26:56.645 13992 14215 E IMGMapper: set:488 set: Unset optional value from type SMPTE2086
03-07 14:26:56.645 13992 14215 E IMGMapper: set:488 set: Unset optional value from type CTA861_3
03-07 14:26:56.648 13992 13992 E ArmVmp : Match on catch block at 0xc3 in for 0x145
03-07 14:26:56.652 13992 13992 E ArmVmp : Match on catch block at 0xc3 in for 0x149
03-07 14:26:56.659 13992 14215 E IMGMapper: set:488 set: Unset optional value from type SMPTE2086
03-07 14:26:56.660 13992 14215 E IMGMapper: set:488 set: Unset optional value from type CTA861_3
03-07 14:26:56.660 13992 13992 E ArmVmp : Match on catch block at 0xc3 in for 0x155
03-07 14:26:56.663 13992 13992 E ArmVmp : Match on catch block at 0xc3 in for 0x151
03-07 14:26:56.666 13992 13992 E ArmVmp : Match on catch block at 0xc3 in for 0x155
03-07 14:26:56.673 13992 14215 E IMGMapper: set:488 set: Unset optional value from type SMPTE2086
03-07 14:26:56.674 13992 14215 E IMGMapper: set:488 set: Unset optional value from type CTA861_3
03-07 14:26:56.675 13992 13992 E ArmVmp : Match on catch block at 0xc3 in for 0x145
03-07 14:26:56.679 13992 13992 E ArmVmp : Match on catch block at 0xc3 in for 0x141
03-07 14:26:56.681 13992 13992 E ArmVmp : Match on catch block at 0xc3 in for 0x145
03-07 14:26:56.690 13992 13992 E ArmVmp : Match on catch block at 0xc3 in for 0x151
03-07 14:26:56.691 13992 14215 E IMGMapper: set:488 set: Unset optional value from type SMPTE2086
03-07 14:26:56.692 13992 14215 E IMGMapper: set:488 set: Unset optional value from type CTA861_3
03-07 14:26:56.694 13992 13992 E ArmVmp : Match on catch block at 0xc3 in for 0x14d
03-07 14:26:56.697 13992 13992 E ArmVmp : Match on catch block at 0xc3 in for 0x151
03-07 14:26:56.707 13992 14215 E IMGMapper: set:488 set: Unset optional value from type SMPTE2086
03-07 14:26:56.707 13992 14215 E IMGMapper: set:488 set: Unset optional value from type CTA861_3
03-07 14:26:56.709 13992 13992 E ArmVmp : Match on catch block at 0xc3 in for 0x151
03-07 14:26:56.712 13992 13992 E ArmVmp : Match on catch block at 0xc3 in for 0x14d
03-07 14:26:56.716 13992 13992 E ArmVmp : Match on catch block at 0xc3 in for 0x151
03-07 14:26:56.724 13992 13992 E ArmVmp : Match on catch block at 0xc3 in for 0x141
03-07 14:26:56.725 13992 14215 E IMGMapper: set:488 set: Unset optional value from type SMPTE2086
03-07 14:26:56.725 13992 14215 E IMGMapper: set:488 set: Unset optional value from type CTA861_3
03-07 14:26:56.727 13992 13992 E ArmVmp : Match on catch block at 0xc3 in for 0x159
03-07 14:26:56.729 13992 13992 E ArmVmp : Match on catch block at 0xc3 in for 0x141
03-07 14:26:56.738 13992 13992 E ArmVmp : Match on catch block at 0xc3 in for 0x14d
03-07 14:26:56.741 13992 14215 E IMGMapper: set:488 set: Unset optional value from type SMPTE2086
03-07 14:26:56.741 13992 14215 E IMGMapper: set:488 set: Unset optional value from type CTA861_3
03-07 14:26:56.743 13992 13992 E ArmVmp : Match on catch block at 0xc3 in for 0x149
03-07 14:26:56.745 13992 13992 E ArmVmp : Match on catch block at 0xc3 in for 0x14d
03-07 14:26:56.755 13992 13992 E ArmVmp : Match on catch block at 0xc3 in for 0x159
03-07 14:26:56.758 13992 13992 E ArmVmp : Match on catch block at 0xc3 in for 0x155
03-07 14:26:56.758 13992 14215 E IMGMapper: set:488 set: Unset optional value from type SMPTE2086
03-07 14:26:56.758 13992 14215 E IMGMapper: set:488 set: Unset optional value from type CTA861_3
03-07 14:26:56.762 13992 13992 E ArmVmp : Match on catch block at 0xc3 in for 0x159
03-07 14:26:56.771 13992 13992 E ArmVmp : Match on catch block at 0xc3 in for 0x149
03-07 14:26:56.775 13992 13992 E ArmVmp : Match on catch block at 0xc3 in for 0x145
03-07 14:26:56.775 13992 14215 E IMGMapper: set:488 set: Unset optional value from type SMPTE2086
03-07 14:26:56.775 13992 14215 E IMGMapper: set:488 set: Unset optional value from type CTA861_3
03-07 14:26:56.778 13992 13992 E ArmVmp : Match on catch block at 0xc3 in for 0x149
03-07 14:26:56.788 13992 13992 E ArmVmp : Match on catch block at 0xc3 in for 0x155
03-07 14:26:56.792 13992 14215 E IMGMapper: set:488 set: Unset optional value from type SMPTE2086
03-07 14:26:56.792 13992 14215 E IMGMapper: set:488 set: Unset optional value from type CTA861_3
03-07 14:26:56.794 13992 13992 E ArmVmp : Match on catch block at 0xc3 in for 0x151
03-07 14:26:56.796 13992 13992 E ArmVmp : Match on catch block at 0xc3 in for 0x155
03-07 14:26:56.805 13992 13992 E ArmVmp : Match on catch block at 0xc3 in for 0x145
03-07 14:26:56.808 13992 13992 E ArmVmp : Match on catch block at 0xc3 in for 0x141
03-07 14:26:56.808 13992 14215 E IMGMapper: set:488 set: Unset optional value from type SMPTE2086
03-07 14:26:56.809 13992 14215 E IMGMapper: set:488 set: Unset optional value from type CTA861_3
03-07 14:26:56.811 13992 13992 E ArmVmp : Match on catch block at 0xc3 in for 0x145
03-07 14:26:56.822 13992 13992 E ArmVmp : Match on catch block at 0xc3 in for 0x151
03-07 14:26:56.824 13992 13992 E ArmVmp : Match on catch block at 0xc3 in for 0x14d
03-07 14:26:56.825 13992 14215 E IMGMapper: set:488 set: Unset optional value from type SMPTE2086
03-07 14:26:56.825 13992 14215 E IMGMapper: set:488 set: Unset optional value from type CTA861_3
03-07 14:26:56.828 13992 13992 E ArmVmp : Match on catch block at 0xc3 in for 0x151
03-07 14:26:56.839 13992 13992 E ArmVmp : Match on catch block at 0xc3 in for 0x141
03-07 14:26:56.841 13992 13992 E ArmVmp : Match on catch block at 0xc3 in for 0x159
03-07 14:26:56.842 13992 14215 E IMGMapper: set:488 set: Unset optional value from type SMPTE2086
03-07 14:26:56.842 13992 14215 E IMGMapper: set:488 set: Unset optional value from type CTA861_3
03-07 14:26:56.845 13992 13992 E ArmVmp : Match on catch block at 0xc3 in for 0x141
03-07 14:26:56.859 13992 14215 E IMGMapper: set:488 set: Unset optional value from type SMPTE2086
03-07 14:26:56.859 13992 14215 E IMGMapper: set:488 set: Unset optional value from type CTA861_3
03-07 14:26:56.860 13992 13992 E ArmVmp : Match on catch block at 0xc3 in for 0x14d
03-07 14:26:56.863 13992 13992 E ArmVmp : Match on catch block at 0xc3 in for 0x149
03-07 14:26:56.865 13992 13992 E ArmVmp : Match on catch block at 0xc3 in for 0x14d
03-07 14:26:56.873 13992 13992 E ArmVmp : Match on catch block at 0xc3 in for 0x159
03-07 14:26:56.876 13992 14215 E IMGMapper: set:488 set: Unset optional value from type SMPTE2086
03-07 14:26:56.876 13992 14215 E IMGMapper: set:488 set: Unset optional value from type CTA861_3
03-07 14:26:56.877 13992 13992 E ArmVmp : Match on catch block at 0xc3 in for 0x155
03-07 14:26:56.880 13992 13992 E ArmVmp : Match on catch block at 0xc3 in for 0x159
03-07 14:26:56.889 13992 13992 E ArmVmp : Match on catch block at 0xc3 in for 0x149
03-07 14:26:56.892 13992 14215 E IMGMapper: set:488 set: Unset optional value from type SMPTE2086
03-07 14:26:56.892 13992 14215 E IMGMapper: set:488 set: Unset optional value from type CTA861_3
03-07 14:26:56.892 13992 13992 E ArmVmp : Match on catch block at 0xc3 in for 0x145
03-07 14:26:56.895 13992 13992 E ArmVmp : Match on catch block at 0xc3 in for 0x149
03-07 14:26:56.906 13992 13992 E ArmVmp : Match on catch block at 0xc3 in for 0x155
03-07 14:26:56.908 13992 13992 E ArmVmp : Match on catch block at 0xc3 in for 0x151
03-07 14:26:56.909 13992 14215 E IMGMapper: set:488 set: Unset optional value from type SMPTE2086
03-07 14:26:56.909 13992 14215 E IMGMapper: set:488 set: Unset optional value from type CTA861_3
03-07 14:26:56.912 13992 13992 E ArmVmp : Match on catch block at 0xc3 in for 0x155
03-07 14:26:56.924 13992 14215 E IMGMapper: set:488 set: Unset optional value from type SMPTE2086
03-07 14:26:56.924 13992 14215 E IMGMapper: set:488 set: Unset optional value from type CTA861_3
03-07 14:26:56.992 13992 13992 E ArmVmp : Match on catch block at 0xc3 in for 0x145
03-07 14:26:56.994 13992 13992 E ArmVmp : Match on catch block at 0xc3 in for 0x141
03-07 14:26:57.025 13992 14215 E IMGMapper: set:488 set: Unset optional value from type SMPTE2086
03-07 14:26:57.025 13992 14215 E IMGMapper: set:488 set: Unset optional value from type CTA861_3
03-07 14:26:57.038 13992 13992 E ArmVmp : Match on catch block at 0xc3 in for 0x151
03-07 14:26:57.042 13992 13992 E ArmVmp : Match on catch block at 0xc3 in for 0x14d
03-07 14:26:57.056 13992 13992 E ArmVmp : Match on catch block at 0xc3 in for 0x159
03-07 14:26:57.058 13992 13992 E ArmVmp : Match on catch block at 0xc3 in for 0x155
03-07 14:26:57.077 13992 14215 E IMGMapper: set:488 set: Unset optional value from type SMPTE2086
03-07 14:26:57.077 13992 14215 E IMGMapper: set:488 set: Unset optional value from type CTA861_3
03-07 14:26:57.084 13992 13992 E ArmVmp : Match on catch block at 0xc3 in for 0x145
03-07 14:26:57.087 13992 13992 E ArmVmp : Match on catch block at 0xc3 in for 0x141
03-07 14:26:57.092 13992 13992 E ArmVmp : Match on catch block at 0xc3 in for 0x145
03-07 14:26:57.093 13992 14215 E IMGMapper: set:488 set: Unset optional value from type SMPTE2086
03-07 14:26:57.093 13992 14215 E IMGMapper: set:488 set: Unset optional value from type CTA861_3
03-07 14:26:57.099 13992 13992 E ArmVmp : Match on catch block at 0xc3 in for 0x145
03-07 14:26:57.102 13992 13992 E ArmVmp : Match on catch block at 0xc3 in for 0x141
03-07 14:26:57.108 13992 13992 E ArmVmp : Match on catch block at 0xc3 in for 0x145
03-07 14:26:57.108 13992 14215 E IMGMapper: set:488 set: Unset optional value from type SMPTE2086
03-07 14:26:57.108 13992 14215 E IMGMapper: set:488 set: Unset optional value from type CTA861_3
03-07 14:26:57.114 13992 13992 E ArmVmp : Match on catch block at 0xc3 in for 0x145
03-07 14:26:57.117 13992 13992 E ArmVmp : Match on catch block at 0xc3 in for 0x141
03-07 14:26:57.120 13992 14215 E IMGMapper: set:488 set: Unset optional value from type SMPTE2086
03-07 14:26:57.120 13992 14215 E IMGMapper: set:488 set: Unset optional value from type CTA861_3
03-07 14:26:57.120 13992 13992 E ArmVmp : Match on catch block at 0xc3 in for 0x145
03-07 14:26:57.129 13992 13992 E ArmVmp : Match on catch block at 0xc3 in for 0x145
03-07 14:26:57.132 13992 13992 E ArmVmp : Match on catch block at 0xc3 in for 0x141
03-07 14:26:57.134 13992 14215 E IMGMapper: set:488 set: Unset optional value from type SMPTE2086
03-07 14:26:57.134 13992 14215 E IMGMapper: set:488 set: Unset optional value from type CTA861_3
03-07 14:26:57.136 13992 13992 E ArmVmp : Match on catch block at 0xc3 in for 0x145
03-07 14:26:57.144 13992 13992 E ArmVmp : Match on catch block at 0xc3 in for 0x145
03-07 14:26:57.148 13992 13992 E ArmVmp : Match on catch block at 0xc3 in for 0x141
03-07 14:26:57.153 13992 14215 E IMGMapper: set:488 set: Unset optional value from type SMPTE2086
03-07 14:26:57.153 13992 14215 E IMGMapper: set:488 set: Unset optional value from type CTA861_3
03-07 14:26:57.157 13992 13992 E ArmVmp : Match on catch block at 0xc3 in for 0x145
03-07 14:26:57.163 13992 13992 E ArmVmp : Match on catch block at 0xc3 in for 0x145
03-07 14:26:57.166 13992 13992 E ArmVmp : Match on catch block at 0xc3 in for 0x141
03-07 14:26:57.169 13992 13992 E ArmVmp : Match on catch block at 0xc3 in for 0x145
03-07 14:26:57.171 13992 14215 E IMGMapper: set:488 set: Unset optional value from type SMPTE2086
03-07 14:26:57.171 13992 14215 E IMGMapper: set:488 set: Unset optional value from type CTA861_3
03-07 14:26:57.184 13992 14215 E IMGMapper: set:488 set: Unset optional value from type SMPTE2086
03-07 14:26:57.184 13992 14215 E IMGMapper: set:488 set: Unset optional value from type CTA861_3
03-07 14:26:57.200 13992 13992 E ArmVmp : Match on catch block at 0xc3 in for 0x149
03-07 14:26:57.203 13992 13992 E ArmVmp : Match on catch block at 0xc3 in for 0x145
03-07 14:26:57.206 13992 13992 E ArmVmp : Match on catch block at 0xc3 in for 0x149
03-07 14:26:57.219 13992 13992 E ArmVmp : Match on catch block at 0xc3 in for 0x149
03-07 14:26:57.223 13992 13992 E ArmVmp : Match on catch block at 0xc3 in for 0x145
03-07 14:26:57.226 13992 14215 E IMGMapper: set:488 set: Unset optional value from type SMPTE2086
03-07 14:26:57.226 13992 14215 E IMGMapper: set:488 set: Unset optional value from type CTA861_3
03-07 14:26:57.230 13992 13992 E ArmVmp : Match on catch block at 0xc3 in for 0x149
03-07 14:26:57.242 13992 14215 E IMGMapper: set:488 set: Unset optional value from type SMPTE2086
03-07 14:26:57.243 13992 14215 E IMGMapper: set:488 set: Unset optional value from type CTA861_3
03-07 14:26:57.283 13992 15217 W LibraryVersion: Failed to get app version for libraryName: firebase-iid
03-07 14:26:57.308 13992 13992 W OnBackInvokedCallback: OnBackInvokedCallback is not enabled for the application.
03-07 14:26:57.308 13992 13992 W OnBackInvokedCallback: Set 'android:enableOnBackInvokedCallback="true"' in the application manifest.
03-07 14:26:57.455 13992 13992 E ArmVmp : Match on catch block at 0xc3 in for 0x145
03-07 14:26:57.458 13992 13992 E ArmVmp : Match on catch block at 0xc3 in for 0x141
03-07 14:26:57.462 13992 13992 E ArmVmp : Match on catch block at 0xc3 in for 0x145
03-07 14:26:57.478 13992 14215 E IMGMapper: set:488 set: Unset optional value from type SMPTE2086
03-07 14:26:57.478 13992 14215 E IMGMapper: set:488 set: Unset optional value from type CTA861_3
03-07 14:26:57.531 13992 13992 E ArmVmp : Match on catch block at 0xc3 in for 0x155
03-07 14:26:57.534 13992 13992 E ArmVmp : Match on catch block at 0xc3 in for 0x151
03-07 14:26:57.538 13992 13992 E ArmVmp : Match on catch block at 0xc3 in for 0x155
03-07 14:26:57.573 13992 14215 E IMGMapper: set:488 set: Unset optional value from type SMPTE2086
03-07 14:26:57.573 13992 14215 E IMGMapper: set:488 set: Unset optional value from type CTA861_3
03-07 14:26:57.645 13992 14215 E IMGMapper: set:488 set: Unset optional value from type SMPTE2086
03-07 14:26:57.645 13992 14215 E IMGMapper: set:488 set: Unset optional value from type CTA861_3
03-07 14:26:57.648 13992 14215 W Parcel : Expecting binder but got null!
03-07 14:26:57.652 13992 13992 E ArmVmp : Match on catch block at 0xc3 in for 0x155
03-07 14:26:57.656 13992 13992 E ArmVmp : Match on catch block at 0xc3 in for 0x151
03-07 14:26:57.663 13992 13992 E ArmVmp : Match on catch block at 0xc3 in for 0x155
03-07 14:26:57.678 13992 14215 E IMGMapper: set:488 set: Unset optional value from type SMPTE2086
03-07 14:26:57.679 13992 14215 E IMGMapper: set:488 set: Unset optional value from type CTA861_3
03-07 14:26:57.691 13992 14215 E IMGMapper: set:488 set: Unset optional value from type SMPTE2086
03-07 14:26:57.691 13992 14215 E IMGMapper: set:488 set: Unset optional value from type CTA861_3
03-07 14:26:57.731 13992 13992 E ArmVmp : Match on catch block at 0xc3 in for 0x141
03-07 14:26:57.738 13992 13992 E ArmVmp : Match on catch block at 0xc3 in for 0x159
03-07 14:26:57.764 13992 14215 E IMGMapper: set:488 set: Unset optional value from type SMPTE2086
03-07 14:26:57.764 13992 14215 E IMGMapper: set:488 set: Unset optional value from type CTA861_3
03-07 14:26:57.771 13992 13992 E ArmVmp : Match on catch block at 0xc3 in for 0x14d
03-07 14:26:57.776 13992 13992 E ArmVmp : Match on catch block at 0xc3 in for 0x149
03-07 14:26:57.807 13992 14215 E IMGMapper: set:488 set: Unset optional value from type SMPTE2086
03-07 14:26:57.807 13992 14215 E IMGMapper: set:488 set: Unset optional value from type CTA861_3
03-07 14:26:57.818 13992 14215 E IMGMapper: set:488 set: Unset optional value from type SMPTE2086
03-07 14:26:57.818 13992 14215 E IMGMapper: set:488 set: Unset optional value from type CTA861_3
03-07 14:26:57.825 13992 14215 E IMGMapper: set:488 set: Unset optional value from type SMPTE2086
03-07 14:26:57.825 13992 14215 E IMGMapper: set:488 set: Unset optional value from type CTA861_3
03-07 14:26:57.833 13992 13992 E ArmVmp : Match on catch block at 0xc3 in for 0x159
03-07 14:26:57.836 13992 13992 E ArmVmp : Match on catch block at 0xc3 in for 0x155
03-07 14:26:57.847 13992 14215 E IMGMapper: set:488 set: Unset optional value from type SMPTE2086
03-07 14:26:57.847 13992 14215 E IMGMapper: set:488 set: Unset optional value from type CTA861_3
03-07 14:26:57.852 13992 14215 E IMGMapper: set:488 set: Unset optional value from type SMPTE2086
03-07 14:26:57.852 13992 14215 E IMGMapper: set:488 set: Unset optional value from type CTA861_3
03-07 14:26:57.859 13992 13992 E ArmVmp : Match on catch block at 0xc3 in for 0x155
03-07 14:26:57.864 13992 13992 E ArmVmp : Match on catch block at 0xc3 in for 0x151
03-07 14:26:57.879 13992 14215 E IMGMapper: set:488 set: Unset optional value from type SMPTE2086
03-07 14:26:57.879 13992 14215 E IMGMapper: set:488 set: Unset optional value from type CTA861_3
03-07 14:26:57.883 13992 13992 E ArmVmp : Match on catch block at 0xc3 in for 0x145
03-07 14:26:57.883 13992 14215 E IMGMapper: set:488 set: Unset optional value from type SMPTE2086
03-07 14:26:57.883 13992 14215 E IMGMapper: set:488 set: Unset optional value from type CTA861_3
03-07 14:26:57.887 13992 13992 E ArmVmp : Match on catch block at 0xc3 in for 0x141
03-07 14:26:57.898 13992 14215 E IMGMapper: set:488 set: Unset optional value from type SMPTE2086
03-07 14:26:57.898 13992 14215 E IMGMapper: set:488 set: Unset optional value from type CTA861_3
03-07 14:26:57.902 13992 14215 E IMGMapper: set:488 set: Unset optional value from type SMPTE2086
03-07 14:26:57.902 13992 14215 E IMGMapper: set:488 set: Unset optional value from type CTA861_3
03-07 14:26:57.910 13992 14215 E IMGMapper: set:488 set: Unset optional value from type SMPTE2086
03-07 14:26:57.910 13992 14215 E IMGMapper: set:488 set: Unset optional value from type CTA861_3
03-07 14:26:57.910 13992 13992 E ArmVmp : Match on catch block at 0xc3 in for 0x155
03-07 14:26:57.915 13992 13992 E ArmVmp : Match on catch block at 0xc3 in for 0x151
03-07 14:26:57.927 13992 14215 E IMGMapper: set:488 set: Unset optional value from type SMPTE2086
03-07 14:26:57.927 13992 14215 E IMGMapper: set:488 set: Unset optional value from type CTA861_3
03-07 14:26:57.931 13992 14215 E IMGMapper: set:488 set: Unset optional value from type SMPTE2086
03-07 14:26:57.931 13992 14215 E IMGMapper: set:488 set: Unset optional value from type CTA861_3
03-07 14:26:57.943 13992 14215 E IMGMapper: set:488 set: Unset optional value from type SMPTE2086
03-07 14:26:57.943 13992 14215 E IMGMapper: set:488 set: Unset optional value from type CTA861_3
03-07 14:26:57.961 13992 14215 E IMGMapper: set:488 set: Unset optional value from type SMPTE2086
03-07 14:26:57.961 13992 14215 E IMGMapper: set:488 set: Unset optional value from type CTA861_3
03-07 14:26:57.979 13992 14215 E IMGMapper: set:488 set: Unset optional value from type SMPTE2086
03-07 14:26:57.979 13992 14215 E IMGMapper: set:488 set: Unset optional value from type CTA861_3
03-07 14:26:57.996 13992 14215 E IMGMapper: set:488 set: Unset optional value from type SMPTE2086
03-07 14:26:57.996 13992 14215 E IMGMapper: set:488 set: Unset optional value from type CTA861_3
03-07 14:26:58.010 13992 14215 E IMGMapper: set:488 set: Unset optional value from type SMPTE2086
03-07 14:26:58.010 13992 14215 E IMGMapper: set:488 set: Unset optional value from type CTA861_3
03-07 14:26:58.028 13992 14215 E IMGMapper: set:488 set: Unset optional value from type SMPTE2086
03-07 14:26:58.028 13992 14215 E IMGMapper: set:488 set: Unset optional value from type CTA861_3
03-07 14:26:58.047 13992 14215 E IMGMapper: set:488 set: Unset optional value from type SMPTE2086
03-07 14:26:58.047 13992 14215 E IMGMapper: set:488 set: Unset optional value from type CTA861_3
03-07 14:26:58.070 13992 14215 E IMGMapper: set:488 set: Unset optional value from type SMPTE2086
03-07 14:26:58.071 13992 14215 E IMGMapper: set:488 set: Unset optional value from type CTA861_3
03-07 14:26:58.077 13992 14215 E IMGMapper: set:488 set: Unset optional value from type SMPTE2086
03-07 14:26:58.078 13992 14215 E IMGMapper: set:488 set: Unset optional value from type CTA861_3
03-07 14:26:58.141 13992 14215 E IMGMapper: set:488 set: Unset optional value from type SMPTE2086
03-07 14:26:58.141 13992 14215 E IMGMapper: set:488 set: Unset optional value from type CTA861_3
03-07 14:26:58.146 13992 14215 E IMGMapper: set:488 set: Unset optional value from type SMPTE2086
03-07 14:26:58.146 13992 14215 E IMGMapper: set:488 set: Unset optional value from type CTA861_3
03-07 14:26:58.174 13992 14215 E IMGMapper: set:488 set: Unset optional value from type SMPTE2086
03-07 14:26:58.174 13992 14215 E IMGMapper: set:488 set: Unset optional value from type CTA861_3
03-07 14:26:58.190 13992 14215 E IMGMapper: set:488 set: Unset optional value from type SMPTE2086
03-07 14:26:58.190 13992 14215 E IMGMapper: set:488 set: Unset optional value from type CTA861_3
03-07 14:26:58.197 13992 13992 E ArmVmp : Match on catch block at 0xc3 in for 0x149
03-07 14:26:58.203 13992 13992 E ArmVmp : Match on catch block at 0xc3 in for 0x145
03-07 14:26:58.218 13992 14215 E IMGMapper: set:488 set: Unset optional value from type SMPTE2086
03-07 14:26:58.218 13992 14215 E IMGMapper: set:488 set: Unset optional value from type CTA861_3
03-07 14:26:58.266 13992 14215 E IMGMapper: set:488 set: Unset optional value from type SMPTE2086
03-07 14:26:58.266 13992 14215 E IMGMapper: set:488 set: Unset optional value from type CTA861_3
03-07 14:26:58.301 13992 14215 E IMGMapper: set:488 set: Unset optional value from type SMPTE2086
03-07 14:26:58.301 13992 14215 E IMGMapper: set:488 set: Unset optional value from type CTA861_3
03-07 14:26:58.326 13992 14215 E IMGMapper: set:488 set: Unset optional value from type SMPTE2086
03-07 14:26:58.326 13992 14215 E IMGMapper: set:488 set: Unset optional value from type CTA861_3
03-07 14:26:58.343 13992 14215 E IMGMapper: set:488 set: Unset optional value from type SMPTE2086
03-07 14:26:58.343 13992 14215 E IMGMapper: set:488 set: Unset optional value from type CTA861_3
03-07 14:26:58.364 13992 14215 E IMGMapper: set:488 set: Unset optional value from type SMPTE2086
03-07 14:26:58.364 13992 14215 E IMGMapper: set:488 set: Unset optional value from type CTA861_3
03-07 14:26:58.393 13992 14215 E IMGMapper: set:488 set: Unset optional value from type SMPTE2086
03-07 14:26:58.393 13992 14215 E IMGMapper: set:488 set: Unset optional value from type CTA861_3
03-07 14:26:58.417 13992 14215 E IMGMapper: set:488 set: Unset optional value from type SMPTE2086
03-07 14:26:58.417 13992 14215 E IMGMapper: set:488 set: Unset optional value from type CTA861_3
03-07 14:26:58.439 13992 14215 E IMGMapper: set:488 set: Unset optional value from type SMPTE2086
03-07 14:26:58.439 13992 14215 E IMGMapper: set:488 set: Unset optional value from type CTA861_3
