03-07 18:40:42.056 10027 10027 E ArmVmp : Match on catch block at 0xc3 in for 0x151
03-07 18:40:42.065 10027 10097 E IMGMapper: set:488 set: Unset optional value from type SMPTE2086
03-07 18:40:42.066 10027 10097 E IMGMapper: set:488 set: Unset optional value from type CTA861_3
03-07 18:40:42.077 10027 10097 E IMGMapper: set:488 set: Unset optional value from type SMPTE2086
03-07 18:40:42.077 10027 10097 E IMGMapper: set:488 set: Unset optional value from type CTA861_3
03-07 18:40:42.096 10027 10097 E IMGMapper: set:488 set: Unset optional value from type SMPTE2086
03-07 18:40:42.096 10027 10097 E IMGMapper: set:488 set: Unset optional value from type CTA861_3
03-07 18:40:42.111 10027 10097 E IMGMapper: set:488 set: Unset optional value from type SMPTE2086
03-07 18:40:42.111 10027 10097 E IMGMapper: set:488 set: Unset optional value from type CTA861_3
03-07 18:40:42.127 10027 10097 E IMGMapper: set:488 set: Unset optional value from type SMPTE2086
03-07 18:40:42.127 10027 10097 E IMGMapper: set:488 set: Unset optional value from type CTA861_3
03-07 18:40:42.144 10027 10097 E IMGMapper: set:488 set: Unset optional value from type SMPTE2086
03-07 18:40:42.144 10027 10097 E IMGMapper: set:488 set: Unset optional value from type CTA861_3
03-07 18:40:42.161 10027 10097 E IMGMapper: set:488 set: Unset optional value from type SMPTE2086
03-07 18:40:42.161 10027 10097 E IMGMapper: set:488 set: Unset optional value from type CTA861_3
03-07 18:40:42.178 10027 10097 E IMGMapper: set:488 set: Unset optional value from type SMPTE2086
03-07 18:40:42.178 10027 10097 E IMGMapper: set:488 set: Unset optional value from type CTA861_3
03-07 18:40:42.195 10027 10097 E IMGMapper: set:488 set: Unset optional value from type SMPTE2086
03-07 18:40:42.195 10027 10097 E IMGMapper: set:488 set: Unset optional value from type CTA861_3
03-07 18:40:42.212 10027 10097 E IMGMapper: set:488 set: Unset optional value from type SMPTE2086
03-07 18:40:42.212 10027 10097 E IMGMapper: set:488 set: Unset optional value from type CTA861_3
03-07 18:40:42.228 10027 10097 E IMGMapper: set:488 set: Unset optional value from type SMPTE2086
03-07 18:40:42.228 10027 10097 E IMGMapper: set:488 set: Unset optional value from type CTA861_3
03-07 18:40:42.243 10027 10097 E IMGMapper: set:488 set: Unset optional value from type SMPTE2086
03-07 18:40:42.244 10027 10097 E IMGMapper: set:488 set: Unset optional value from type CTA861_3
03-07 18:40:42.260 10027 10097 E IMGMapper: set:488 set: Unset optional value from type SMPTE2086
03-07 18:40:42.261 10027 10097 E IMGMapper: set:488 set: Unset optional value from type CTA861_3
03-07 18:40:42.277 10027 10097 E IMGMapper: set:488 set: Unset optional value from type SMPTE2086
03-07 18:40:42.277 10027 10097 E IMGMapper: set:488 set: Unset optional value from type CTA861_3
03-07 18:40:42.293 10027 10097 E IMGMapper: set:488 set: Unset optional value from type SMPTE2086
03-07 18:40:42.293 10027 10097 E IMGMapper: set:488 set: Unset optional value from type CTA861_3
03-07 18:40:42.310 10027 10097 E IMGMapper: set:488 set: Unset optional value from type SMPTE2086
03-07 18:40:42.310 10027 10097 E IMGMapper: set:488 set: Unset optional value from type CTA861_3
03-07 18:40:42.330 10027 10097 E IMGMapper: set:488 set: Unset optional value from type SMPTE2086
03-07 18:40:42.330 10027 10097 E IMGMapper: set:488 set: Unset optional value from type CTA861_3
03-07 18:40:42.345 10027 10097 E IMGMapper: set:488 set: Unset optional value from type SMPTE2086
03-07 18:40:42.345 10027 10097 E IMGMapper: set:488 set: Unset optional value from type CTA861_3
03-07 18:40:42.361 10027 10097 E IMGMapper: set:488 set: Unset optional value from type SMPTE2086
03-07 18:40:42.361 10027 10097 E IMGMapper: set:488 set: Unset optional value from type CTA861_3
03-07 18:40:42.458 10027 10097 E IMGMapper: set:488 set: Unset optional value from type SMPTE2086
03-07 18:40:42.458 10027 10097 E IMGMapper: set:488 set: Unset optional value from type CTA861_3
03-07 18:40:42.461 10027 10097 W Parcel : Expecting binder but got null!
03-07 18:40:42.518 10027 10097 E IMGMapper: set:488 set: Unset optional value from type SMPTE2086
03-07 18:40:42.518 10027 10097 E IMGMapper: set:488 set: Unset optional value from type CTA861_3
03-07 18:40:42.580 10027 10097 E IMGMapper: set:488 set: Unset optional value from type SMPTE2086
03-07 18:40:42.580 10027 10097 E IMGMapper: set:488 set: Unset optional value from type CTA861_3
03-07 18:40:42.586 10027 10027 E ArmVmp : Match on catch block at 0xc3 in for 0x159
03-07 18:40:42.594 10027 10027 E ArmVmp : Match on catch block at 0xc3 in for 0x155
03-07 18:40:42.604 10027 10027 W OnBackInvokedCallback: OnBackInvokedCallback is not enabled for the application.
03-07 18:40:42.604 10027 10027 W OnBackInvokedCallback: Set 'android:enableOnBackInvokedCallback="true"' in the application manifest.
03-07 18:40:42.611 10027 10097 E IMGMapper: set:488 set: Unset optional value from type SMPTE2086
03-07 18:40:42.611 10027 10097 E IMGMapper: set:488 set: Unset optional value from type CTA861_3
03-07 18:40:42.683 10027 10027 E ArmVmp : Match on catch block at 0xc3 in for 0x151
03-07 18:40:42.689 10027 10027 E ArmVmp : Match on catch block at 0xc3 in for 0x14d
03-07 18:40:42.708 10027 10097 E IMGMapper: set:488 set: Unset optional value from type SMPTE2086
03-07 18:40:42.708 10027 10097 E IMGMapper: set:488 set: Unset optional value from type CTA861_3
03-07 18:40:42.753 10027 10027 E ArmVmp : Match on catch block at 0xc3 in for 0x159
03-07 18:40:42.754 10027 10097 E IMGMapper: set:488 set: Unset optional value from type SMPTE2086
03-07 18:40:42.754 10027 10097 E IMGMapper: set:488 set: Unset optional value from type CTA861_3
03-07 18:40:42.759 10027 10027 E ArmVmp : Match on catch block at 0xc3 in for 0x155
03-07 18:40:42.781 10027 10097 E IMGMapper: set:488 set: Unset optional value from type SMPTE2086
03-07 18:40:42.781 10027 10097 E IMGMapper: set:488 set: Unset optional value from type CTA861_3
03-07 18:40:42.793 10027 10027 W OnBackInvokedCallback: OnBackInvokedCallback is not enabled for the application.
03-07 18:40:42.793 10027 10027 W OnBackInvokedCallback: Set 'android:enableOnBackInvokedCallback="true"' in the application manifest.
03-07 18:40:42.856 10027 10097 E IMGMapper: set:488 set: Unset optional value from type SMPTE2086
03-07 18:40:42.856 10027 10097 E IMGMapper: set:488 set: Unset optional value from type CTA861_3
03-07 18:40:42.884 10027 10097 E IMGMapper: set:488 set: Unset optional value from type SMPTE2086
03-07 18:40:42.884 10027 10097 E IMGMapper: set:488 set: Unset optional value from type CTA861_3
03-07 18:40:42.918 10027 10027 E ArmVmp : Match on catch block at 0xc3 in for 0x151
03-07 18:40:42.924 10027 10027 E ArmVmp : Match on catch block at 0xc3 in for 0x14d
03-07 18:40:42.939 10027 10027 E ArmVmp : Match on catch block at 0xc3 in for 0x155
03-07 18:40:42.947 10027 10097 E IMGMapper: set:488 set: Unset optional value from type SMPTE2086
03-07 18:40:42.948 10027 10097 E IMGMapper: set:488 set: Unset optional value from type CTA861_3
03-07 18:40:42.951 10027 10027 E ArmVmp : Match on catch block at 0xc3 in for 0x151
03-07 18:40:42.965 10027 10097 E IMGMapper: set:488 set: Unset optional value from type SMPTE2086
03-07 18:40:42.965 10027 10097 E IMGMapper: set:488 set: Unset optional value from type CTA861_3
03-07 18:40:43.025 10027 10097 E IMGMapper: set:488 set: Unset optional value from type SMPTE2086
03-07 18:40:43.025 10027 10097 E IMGMapper: set:488 set: Unset optional value from type CTA861_3
03-07 18:40:44.616 10027 10097 E IMGMapper: set:488 set: Unset optional value from type SMPTE2086
03-07 18:40:44.616 10027 10097 E IMGMapper: set:488 set: Unset optional value from type CTA861_3
03-07 18:40:44.636 10027 10097 E IMGMapper: set:488 set: Unset optional value from type SMPTE2086
03-07 18:40:44.636 10027 10097 E IMGMapper: set:488 set: Unset optional value from type CTA861_3
03-07 18:40:44.652 10027 10097 E IMGMapper: set:488 set: Unset optional value from type SMPTE2086
03-07 18:40:44.652 10027 10097 E IMGMapper: set:488 set: Unset optional value from type CTA861_3
03-07 18:40:44.668 10027 10097 E IMGMapper: set:488 set: Unset optional value from type SMPTE2086
03-07 18:40:44.668 10027 10097 E IMGMapper: set:488 set: Unset optional value from type CTA861_3
03-07 18:40:44.790 10027 10027 E ArmVmp : Match on catch block at 0xc3 in for 0x149
03-07 18:40:44.795 10027 10027 E ArmVmp : Match on catch block at 0xc3 in for 0x145
03-07 18:40:44.803 10027 10027 E ImeBackDispatcher: Ime callback not found. Ignoring unregisterReceivedCallback. callbackId: 59212229
03-07 18:40:44.806 10027 10027 E ArmVmp : Match on catch block at 0xc3 in for 0x14d
03-07 18:40:44.810 10027 10027 E ArmVmp : Match on catch block at 0xc3 in for 0x149
03-07 18:40:44.811 10027 10097 E IMGMapper: set:488 set: Unset optional value from type SMPTE2086
03-07 18:40:44.811 10027 10097 E IMGMapper: set:488 set: Unset optional value from type CTA861_3
03-07 18:40:44.826 10027 10027 E ArmVmp : Match on catch block at 0xc3 in for 0x151
03-07 18:40:44.830 10027 10027 E ArmVmp : Match on catch block at 0xc3 in for 0x14d
03-07 18:40:44.847 10027 10027 W OnBackInvokedCallback: OnBackInvokedCallback is not enabled for the application.
03-07 18:40:44.847 10027 10027 W OnBackInvokedCallback: Set 'android:enableOnBackInvokedCallback="true"' in the application manifest.
03-07 18:40:44.886 10027 10027 E ArmVmp : Match on catch block at 0xc3 in for 0x141
03-07 18:40:44.890 10027 10027 E ArmVmp : Match on catch block at 0xc3 in for 0x159
03-07 18:40:44.904 10027 10097 E IMGMapper: set:488 set: Unset optional value from type SMPTE2086
03-07 18:40:44.904 10027 10097 E IMGMapper: set:488 set: Unset optional value from type CTA861_3
03-07 18:40:44.908 10027 10027 E ArmVmp : Match on catch block at 0xc3 in for 0x151
03-07 18:40:44.912 10027 10027 E ArmVmp : Match on catch block at 0xc3 in for 0x14d
03-07 18:40:44.923 10027 10097 E IMGMapper: set:488 set: Unset optional value from type SMPTE2086
03-07 18:40:44.923 10027 10097 E IMGMapper: set:488 set: Unset optional value from type CTA861_3
03-07 18:40:45.081 10027 10027 E ArmVmp : Match on catch block at 0xc3 in for 0x145
03-07 18:40:45.085 10027 10027 E ArmVmp : Match on catch block at 0xc3 in for 0x141
03-07 18:40:45.097 10027 10097 E IMGMapper: set:488 set: Unset optional value from type SMPTE2086
03-07 18:40:45.097 10027 10097 E IMGMapper: set:488 set: Unset optional value from type CTA861_3
03-07 18:40:45.253 10027 10027 E ArmVmp : Match on catch block at 0xc3 in for 0x151
03-07 18:40:45.265 10027 10027 E ArmVmp : Match on catch block at 0xc3 in for 0x14d
03-07 18:40:45.284 10027 10097 E IMGMapper: set:488 set: Unset optional value from type SMPTE2086
03-07 18:40:45.284 10027 10097 E IMGMapper: set:488 set: Unset optional value from type CTA861_3
03-07 18:40:45.755 10027 10027 E ArmVmp : Match on catch block at 0xc3 in for 0x159
03-07 18:40:45.768 10027 10027 E ArmVmp : Match on catch block at 0xc3 in for 0x155
03-07 18:40:45.789 10027 10097 E IMGMapper: set:488 set: Unset optional value from type SMPTE2086
03-07 18:40:45.789 10027 10097 E IMGMapper: set:488 set: Unset optional value from type CTA861_3
03-07 18:40:46.256 10027 10027 E ArmVmp : Match on catch block at 0xc3 in for 0x145
03-07 18:40:46.269 10027 10027 E ArmVmp : Match on catch block at 0xc3 in for 0x141
03-07 18:40:46.286 10027 10097 E IMGMapper: set:488 set: Unset optional value from type SMPTE2086
03-07 18:40:46.286 10027 10097 E IMGMapper: set:488 set: Unset optional value from type CTA861_3
03-07 18:40:46.741 10027 10027 E ArmVmp : Match on catch block at 0xc3 in for 0x149
03-07 18:40:46.753 10027 10027 E ArmVmp : Match on catch block at 0xc3 in for 0x145
03-07 18:40:46.767 10027 10097 E IMGMapper: set:488 set: Unset optional value from type SMPTE2086
03-07 18:40:46.768 10027 10097 E IMGMapper: set:488 set: Unset optional value from type CTA861_3
03-07 18:40:47.240 10027 10027 E ArmVmp : Match on catch block at 0xc3 in for 0x151
03-07 18:40:47.246 10027 10027 E ArmVmp : Match on catch block at 0xc3 in for 0x14d
03-07 18:40:47.258 10027 10097 E IMGMapper: set:488 set: Unset optional value from type SMPTE2086
03-07 18:40:47.258 10027 10097 E IMGMapper: set:488 set: Unset optional value from type CTA861_3
03-07 18:40:47.539 10027 10027 E ArmVmp : Match on catch block at 0xc3 in for 0x145
03-07 18:40:47.543 10027 10027 E ArmVmp : Match on catch block at 0xc3 in for 0x141
03-07 18:40:47.554 10027 10097 E IMGMapper: set:488 set: Unset optional value from type SMPTE2086
03-07 18:40:47.555 10027 10097 E IMGMapper: set:488 set: Unset optional value from type CTA861_3
03-07 18:40:47.565 10027 10027 E ArmVmp : Match on catch block at 0xc3 in for 0x159
03-07 18:40:47.568 10027 10027 E ArmVmp : Match on catch block at 0xc3 in for 0x155
03-07 18:40:47.580 10027 10097 E IMGMapper: set:488 set: Unset optional value from type SMPTE2086
03-07 18:40:47.580 10027 10097 E IMGMapper: set:488 set: Unset optional value from type CTA861_3
03-07 18:40:47.608 10027 10027 E ArmVmp : Match on catch block at 0xc3 in for 0x141
03-07 18:40:47.612 10027 10027 E ArmVmp : Match on catch block at 0xc3 in for 0x159
03-07 18:40:47.621 10027 10027 E ArmVmp : Match on catch block at 0xc3 in for 0x145
03-07 18:40:47.625 10027 10027 E ArmVmp : Match on catch block at 0xc3 in for 0x141
03-07 18:40:47.632 10027 10097 E IMGMapper: set:488 set: Unset optional value from type SMPTE2086
03-07 18:40:47.632 10027 10097 E IMGMapper: set:488 set: Unset optional value from type CTA861_3
03-07 18:40:47.651 10027 10097 E IMGMapper: set:488 set: Unset optional value from type SMPTE2086
03-07 18:40:47.651 10027 10097 E IMGMapper: set:488 set: Unset optional value from type CTA861_3
03-07 18:40:47.715 10027 10027 E ArmVmp : Match on catch block at 0xc3 in for 0x145
03-07 18:40:47.722 10027 10027 E ArmVmp : Match on catch block at 0xc3 in for 0x141
03-07 18:40:47.743 10027 10097 E IMGMapper: set:488 set: Unset optional value from type SMPTE2086
03-07 18:40:47.743 10027 10097 E IMGMapper: set:488 set: Unset optional value from type CTA861_3
03-07 18:40:47.761 10027 10027 E ArmVmp : Match on catch block at 0xc3 in for 0x14d
03-07 18:40:47.765 10027 10027 E ArmVmp : Match on catch block at 0xc3 in for 0x149
03-07 18:40:47.779 10027 10097 E IMGMapper: set:488 set: Unset optional value from type SMPTE2086
03-07 18:40:47.779 10027 10097 E IMGMapper: set:488 set: Unset optional value from type CTA861_3
03-07 18:40:47.790 10027 10027 E ArmVmp : Match on catch block at 0xc3 in for 0x14d
03-07 18:40:47.795 10027 10027 E ArmVmp : Match on catch block at 0xc3 in for 0x149
03-07 18:40:47.805 10027 10097 E IMGMapper: set:488 set: Unset optional value from type SMPTE2086
03-07 18:40:47.805 10027 10097 E IMGMapper: set:488 set: Unset optional value from type CTA861_3
03-07 18:40:47.807 10027 10027 E ArmVmp : Match on catch block at 0xc3 in for 0x151
03-07 18:40:47.814 10027 10027 E ArmVmp : Match on catch block at 0xc3 in for 0x14d
03-07 18:40:47.830 10027 10097 E IMGMapper: set:488 set: Unset optional value from type SMPTE2086
03-07 18:40:47.830 10027 10097 E IMGMapper: set:488 set: Unset optional value from type CTA861_3
03-07 18:40:48.059 10027 10027 E ArmVmp : Match on catch block at 0xc3 in for 0x149
03-07 18:40:48.064 10027 10027 E ArmVmp : Match on catch block at 0xc3 in for 0x145
03-07 18:40:48.072 10027 10097 E IMGMapper: set:488 set: Unset optional value from type SMPTE2086
03-07 18:40:48.072 10027 10097 E IMGMapper: set:488 set: Unset optional value from type CTA861_3
03-07 18:40:48.566 10027 10027 E ArmVmp : Match on catch block at 0xc3 in for 0x151
03-07 18:40:48.577 10027 10027 E ArmVmp : Match on catch block at 0xc3 in for 0x14d
03-07 18:40:48.584 10027 10097 E IMGMapper: set:488 set: Unset optional value from type SMPTE2086
03-07 18:40:48.584 10027 10097 E IMGMapper: set:488 set: Unset optional value from type CTA861_3
03-07 18:40:48.601 10027 10027 E ArmVmp : Match on catch block at 0xc3 in for 0x159
03-07 18:40:48.605 10027 10027 E ArmVmp : Match on catch block at 0xc3 in for 0x155
03-07 18:40:48.617 10027 10398 W MediaPlayer: Use of stream types is deprecated for operations other than volume control
03-07 18:40:48.617 10027 10398 W MediaPlayer: See the documentation of setAudioStreamType() for what to use instead with android.media.AudioAttributes to qualify your playback use case
03-07 18:40:48.618 10027 10097 E IMGMapper: set:488 set: Unset optional value from type SMPTE2086
03-07 18:40:48.618 10027 10097 E IMGMapper: set:488 set: Unset optional value from type CTA861_3
03-07 18:40:48.661 10027 10332 W MediaPlayerNative: info/warning (10973, 0)
03-07 18:40:48.698 10027 10027 E ArmVmp : Match on catch block at 0xc3 in for 0x141
03-07 18:40:48.703 10027 10027 E ArmVmp : Match on catch block at 0xc3 in for 0x159
03-07 18:40:48.716 10027 10097 E IMGMapper: set:488 set: Unset optional value from type SMPTE2086
03-07 18:40:48.716 10027 10097 E IMGMapper: set:488 set: Unset optional value from type CTA861_3
03-07 18:40:49.063 10027 10027 E ArmVmp : Match on catch block at 0xc3 in for 0x145
03-07 18:40:49.068 10027 10027 E ArmVmp : Match on catch block at 0xc3 in for 0x141
03-07 18:40:49.080 10027 10097 E IMGMapper: set:488 set: Unset optional value from type SMPTE2086
03-07 18:40:49.080 10027 10097 E IMGMapper: set:488 set: Unset optional value from type CTA861_3
03-07 18:40:49.492 10027 10027 E ArmVmp : Match on catch block at 0xc3 in for 0x151
03-07 18:40:49.496 10027 10027 E ArmVmp : Match on catch block at 0xc3 in for 0x14d
03-07 18:40:49.516 10027 10097 E IMGMapper: set:488 set: Unset optional value from type SMPTE2086
03-07 18:40:49.516 10027 10097 E IMGMapper: set:488 set: Unset optional value from type CTA861_3
03-07 18:40:49.570 10027 10027 E ArmVmp : Match on catch block at 0xc3 in for 0x159
03-07 18:40:49.574 10027 10027 E ArmVmp : Match on catch block at 0xc3 in for 0x155
03-07 18:40:49.588 10027 10097 E IMGMapper: set:488 set: Unset optional value from type SMPTE2086
03-07 18:40:49.588 10027 10097 E IMGMapper: set:488 set: Unset optional value from type CTA861_3
03-07 18:40:49.588 10027 10027 E ArmVmp : Match on catch block at 0xc3 in for 0x149
03-07 18:40:49.594 10027 10027 E ArmVmp : Match on catch block at 0xc3 in for 0x145
03-07 18:40:49.614 10027 10097 E IMGMapper: set:488 set: Unset optional value from type SMPTE2086
03-07 18:40:49.614 10027 10097 E IMGMapper: set:488 set: Unset optional value from type CTA861_3
03-07 18:40:49.665 10027 10097 E IMGMapper: set:488 set: Unset optional value from type SMPTE2086
03-07 18:40:49.665 10027 10097 E IMGMapper: set:488 set: Unset optional value from type CTA861_3
03-07 18:40:49.668 10027 10097 W Parcel : Expecting binder but got null!
03-07 18:40:49.670 10027 10027 E ArmVmp : Match on catch block at 0xc3 in for 0x151
03-07 18:40:49.674 10027 10027 E ArmVmp : Match on catch block at 0xc3 in for 0x14d
03-07 18:40:49.685 10027 10097 E IMGMapper: set:488 set: Unset optional value from type SMPTE2086
03-07 18:40:49.685 10027 10097 E IMGMapper: set:488 set: Unset optional value from type CTA861_3
03-07 18:40:49.692 10027 10027 E ArmVmp : Match on catch block at 0xc3 in for 0x155
03-07 18:40:49.697 10027 10027 E ArmVmp : Match on catch block at 0xc3 in for 0x151
03-07 18:40:49.714 10027 10097 E IMGMapper: set:488 set: Unset optional value from type SMPTE2086
03-07 18:40:49.714 10027 10097 E IMGMapper: set:488 set: Unset optional value from type CTA861_3
03-07 18:40:49.723 10027 10097 E IMGMapper: set:488 set: Unset optional value from type SMPTE2086
03-07 18:40:49.723 10027 10097 E IMGMapper: set:488 set: Unset optional value from type CTA861_3
03-07 18:40:49.732 10027 10097 E IMGMapper: set:488 set: Unset optional value from type SMPTE2086
03-07 18:40:49.732 10027 10097 E IMGMapper: set:488 set: Unset optional value from type CTA861_3
03-07 18:40:49.736 10027 10027 E ArmVmp : Match on catch block at 0xc3 in for 0x159
03-07 18:40:49.741 10027 10027 E ArmVmp : Match on catch block at 0xc3 in for 0x155
03-07 18:40:49.747 10027 10027 E ArmVmp : Match on catch block at 0xc3 in for 0x141
03-07 18:40:49.753 10027 10027 E ArmVmp : Match on catch block at 0xc3 in for 0x159
03-07 18:40:49.753 10027 10097 E IMGMapper: set:488 set: Unset optional value from type SMPTE2086
03-07 18:40:49.753 10027 10097 E IMGMapper: set:488 set: Unset optional value from type CTA861_3
03-07 18:40:49.765 10027 10097 E IMGMapper: set:488 set: Unset optional value from type SMPTE2086
03-07 18:40:49.765 10027 10097 E IMGMapper: set:488 set: Unset optional value from type CTA861_3
03-07 18:40:49.770 10027 10097 E IMGMapper: set:488 set: Unset optional value from type SMPTE2086
03-07 18:40:49.770 10027 10097 E IMGMapper: set:488 set: Unset optional value from type CTA861_3
03-07 18:40:49.771 10027 10027 E ArmVmp : Match on catch block at 0xc3 in for 0x145
03-07 18:40:49.776 10027 10027 E ArmVmp : Match on catch block at 0xc3 in for 0x141
03-07 18:40:49.786 10027 10097 E IMGMapper: set:488 set: Unset optional value from type SMPTE2086
03-07 18:40:49.786 10027 10097 E IMGMapper: set:488 set: Unset optional value from type CTA861_3
03-07 18:40:49.826 10027 10097 E IMGMapper: set:488 set: Unset optional value from type SMPTE2086
03-07 18:40:49.826 10027 10097 E IMGMapper: set:488 set: Unset optional value from type CTA861_3
03-07 18:40:49.829 10027 10027 E ArmVmp : Match on catch block at 0xc3 in for 0x149
03-07 18:40:49.834 10027 10027 E ArmVmp : Match on catch block at 0xc3 in for 0x145
03-07 18:40:49.839 10027 10097 E IMGMapper: set:488 set: Unset optional value from type SMPTE2086
03-07 18:40:49.839 10027 10097 E IMGMapper: set:488 set: Unset optional value from type CTA861_3
03-07 18:40:49.849 10027 10097 E IMGMapper: set:488 set: Unset optional value from type SMPTE2086
03-07 18:40:49.850 10027 10097 E IMGMapper: set:488 set: Unset optional value from type CTA861_3
03-07 18:40:49.854 10027 10027 E ArmVmp : Match on catch block at 0xc3 in for 0x14d
03-07 18:40:49.858 10027 10027 E ArmVmp : Match on catch block at 0xc3 in for 0x149
03-07 18:40:49.876 10027 10097 E IMGMapper: set:488 set: Unset optional value from type SMPTE2086
03-07 18:40:49.876 10027 10097 E IMGMapper: set:488 set: Unset optional value from type CTA861_3
03-07 18:40:49.885 10027 10097 E IMGMapper: set:488 set: Unset optional value from type SMPTE2086
03-07 18:40:49.885 10027 10097 E IMGMapper: set:488 set: Unset optional value from type CTA861_3
03-07 18:40:49.889 10027 10027 E ArmVmp : Match on catch block at 0xc3 in for 0x145
03-07 18:40:49.894 10027 10027 E ArmVmp : Match on catch block at 0xc3 in for 0x141
03-07 18:40:49.916 10027 10097 E IMGMapper: set:488 set: Unset optional value from type SMPTE2086
03-07 18:40:49.916 10027 10097 E IMGMapper: set:488 set: Unset optional value from type CTA861_3
03-07 18:40:49.925 10027 10097 E IMGMapper: set:488 set: Unset optional value from type SMPTE2086
03-07 18:40:49.925 10027 10097 E IMGMapper: set:488 set: Unset optional value from type CTA861_3
03-07 18:40:49.938 10027 10097 E IMGMapper: set:488 set: Unset optional value from type SMPTE2086
03-07 18:40:49.938 10027 10097 E IMGMapper: set:488 set: Unset optional value from type CTA861_3
03-07 18:40:49.946 10027 10097 E IMGMapper: set:488 set: Unset optional value from type SMPTE2086
03-07 18:40:49.946 10027 10097 E IMGMapper: set:488 set: Unset optional value from type CTA861_3
03-07 18:40:49.963 10027 10097 E IMGMapper: set:488 set: Unset optional value from type SMPTE2086
03-07 18:40:49.964 10027 10097 E IMGMapper: set:488 set: Unset optional value from type CTA861_3
03-07 18:40:49.977 10027 10097 E IMGMapper: set:488 set: Unset optional value from type SMPTE2086
03-07 18:40:49.977 10027 10097 E IMGMapper: set:488 set: Unset optional value from type CTA861_3
03-07 18:40:49.989 10027 10097 E IMGMapper: set:488 set: Unset optional value from type SMPTE2086
03-07 18:40:49.989 10027 10097 E IMGMapper: set:488 set: Unset optional value from type CTA861_3
03-07 18:40:50.005 10027 10097 E IMGMapper: set:488 set: Unset optional value from type SMPTE2086
03-07 18:40:50.005 10027 10097 E IMGMapper: set:488 set: Unset optional value from type CTA861_3
03-07 18:40:50.030 10027 10097 E IMGMapper: set:488 set: Unset optional value from type SMPTE2086
03-07 18:40:50.030 10027 10097 E IMGMapper: set:488 set: Unset optional value from type CTA861_3
03-07 18:40:50.043 10027 10097 E IMGMapper: set:488 set: Unset optional value from type SMPTE2086
03-07 18:40:50.043 10027 10097 E IMGMapper: set:488 set: Unset optional value from type CTA861_3
03-07 18:40:50.062 10027 10097 E IMGMapper: set:488 set: Unset optional value from type SMPTE2086
03-07 18:40:50.062 10027 10097 E IMGMapper: set:488 set: Unset optional value from type CTA861_3
03-07 18:40:50.079 10027 10097 E IMGMapper: set:488 set: Unset optional value from type SMPTE2086
03-07 18:40:50.079 10027 10097 E IMGMapper: set:488 set: Unset optional value from type CTA861_3
03-07 18:40:50.094 10027 10097 E IMGMapper: set:488 set: Unset optional value from type SMPTE2086
03-07 18:40:50.094 10027 10097 E IMGMapper: set:488 set: Unset optional value from type CTA861_3
03-07 18:40:50.102 10027 10027 E ArmVmp : Match on catch block at 0xc3 in for 0x159
03-07 18:40:50.109 10027 10027 E ArmVmp : Match on catch block at 0xc3 in for 0x155
03-07 18:40:50.127 10027 10097 E IMGMapper: set:488 set: Unset optional value from type SMPTE2086
03-07 18:40:50.127 10027 10097 E IMGMapper: set:488 set: Unset optional value from type CTA861_3
03-07 18:40:50.133 10027 10097 E IMGMapper: set:488 set: Unset optional value from type SMPTE2086
03-07 18:40:50.133 10027 10097 E IMGMapper: set:488 set: Unset optional value from type CTA861_3
03-07 18:40:50.139 10027 10097 E IMGMapper: set:488 set: Unset optional value from type SMPTE2086
03-07 18:40:50.139 10027 10097 E IMGMapper: set:488 set: Unset optional value from type CTA861_3
03-07 18:40:50.163 10027 10097 E IMGMapper: set:488 set: Unset optional value from type SMPTE2086
03-07 18:40:50.163 10027 10097 E IMGMapper: set:488 set: Unset optional value from type CTA861_3
03-07 18:40:50.177 10027 10097 E IMGMapper: set:488 set: Unset optional value from type SMPTE2086
03-07 18:40:50.177 10027 10097 E IMGMapper: set:488 set: Unset optional value from type CTA861_3
03-07 18:40:50.195 10027 10097 E IMGMapper: set:488 set: Unset optional value from type SMPTE2086
03-07 18:40:50.195 10027 10097 E IMGMapper: set:488 set: Unset optional value from type CTA861_3
03-07 18:40:50.210 10027 10097 E IMGMapper: set:488 set: Unset optional value from type SMPTE2086
03-07 18:40:50.210 10027 10097 E IMGMapper: set:488 set: Unset optional value from type CTA861_3
03-07 18:40:50.228 10027 10097 E IMGMapper: set:488 set: Unset optional value from type SMPTE2086
03-07 18:40:50.229 10027 10097 E IMGMapper: set:488 set: Unset optional value from type CTA861_3
03-07 18:40:50.246 10027 10097 E IMGMapper: set:488 set: Unset optional value from type SMPTE2086
03-07 18:40:50.246 10027 10097 E IMGMapper: set:488 set: Unset optional value from type CTA861_3
03-07 18:40:50.264 10027 10097 E IMGMapper: set:488 set: Unset optional value from type SMPTE2086
03-07 18:40:50.264 10027 10097 E IMGMapper: set:488 set: Unset optional value from type CTA861_3
03-07 18:40:50.281 10027 10097 E IMGMapper: set:488 set: Unset optional value from type SMPTE2086
03-07 18:40:50.281 10027 10097 E IMGMapper: set:488 set: Unset optional value from type CTA861_3
03-07 18:40:50.294 10027 10097 E IMGMapper: set:488 set: Unset optional value from type SMPTE2086
03-07 18:40:50.294 10027 10097 E IMGMapper: set:488 set: Unset optional value from type CTA861_3
03-07 18:40:50.312 10027 10097 E IMGMapper: set:488 set: Unset optional value from type SMPTE2086
03-07 18:40:50.312 10027 10097 E IMGMapper: set:488 set: Unset optional value from type CTA861_3
03-07 18:40:50.330 10027 10097 E IMGMapper: set:488 set: Unset optional value from type SMPTE2086
03-07 18:40:50.330 10027 10097 E IMGMapper: set:488 set: Unset optional value from type CTA861_3
03-07 18:40:50.394 10027 10027 W InputEventReceiver: Attempted to finish an input event but the input event receiver has already been disposed.
03-07 18:40:50.397 10027 10027 E ArmVmp : Match on catch block at 0xc3 in for 0x14d
03-07 18:40:50.402 10027 10027 E ArmVmp : Match on catch block at 0xc3 in for 0x149
03-07 18:40:50.411 10027 10097 E IMGMapper: set:488 set: Unset optional value from type SMPTE2086
03-07 18:40:50.411 10027 10097 E IMGMapper: set:488 set: Unset optional value from type CTA861_3
03-07 18:40:50.426 10027 10097 E IMGMapper: set:488 set: Unset optional value from type SMPTE2086
03-07 18:40:50.426 10027 10097 E IMGMapper: set:488 set: Unset optional value from type CTA861_3
03-07 18:40:50.444 10027 10097 E IMGMapper: set:488 set: Unset optional value from type SMPTE2086
03-07 18:40:50.444 10027 10097 E IMGMapper: set:488 set: Unset optional value from type CTA861_3
03-07 18:40:50.457 10027 10097 E IMGMapper: set:488 set: Unset optional value from type SMPTE2086
03-07 18:40:50.457 10027 10097 E IMGMapper: set:488 set: Unset optional value from type CTA861_3
03-07 18:40:50.474 10027 10097 E IMGMapper: set:488 set: Unset optional value from type SMPTE2086
03-07 18:40:50.474 10027 10097 E IMGMapper: set:488 set: Unset optional value from type CTA861_3
03-07 18:40:50.490 10027 10097 E IMGMapper: set:488 set: Unset optional value from type SMPTE2086
03-07 18:40:50.490 10027 10097 E IMGMapper: set:488 set: Unset optional value from type CTA861_3
03-07 18:40:50.507 10027 10097 E IMGMapper: set:488 set: Unset optional value from type SMPTE2086
03-07 18:40:50.507 10027 10097 E IMGMapper: set:488 set: Unset optional value from type CTA861_3
03-07 18:40:50.524 10027 10097 E IMGMapper: set:488 set: Unset optional value from type SMPTE2086
03-07 18:40:50.524 10027 10097 E IMGMapper: set:488 set: Unset optional value from type CTA861_3
03-07 18:40:50.540 10027 10097 E IMGMapper: set:488 set: Unset optional value from type SMPTE2086
03-07 18:40:50.540 10027 10097 E IMGMapper: set:488 set: Unset optional value from type CTA861_3
03-07 18:40:50.557 10027 10097 E IMGMapper: set:488 set: Unset optional value from type SMPTE2086
03-07 18:40:50.557 10027 10097 E IMGMapper: set:488 set: Unset optional value from type CTA861_3
03-07 18:40:50.574 10027 10097 E IMGMapper: set:488 set: Unset optional value from type SMPTE2086
03-07 18:40:50.574 10027 10097 E IMGMapper: set:488 set: Unset optional value from type CTA861_3
03-07 18:40:50.582 10027 10097 E IMGMapper: set:488 set: Unset optional value from type SMPTE2086
03-07 18:40:50.582 10027 10097 E IMGMapper: set:488 set: Unset optional value from type CTA861_3
03-07 18:40:50.585 10027 10097 W Parcel : Expecting binder but got null!
03-07 18:40:50.587 10027 10027 E ArmVmp : Match on catch block at 0xc3 in for 0x149
03-07 18:40:50.591 10027 10097 E IMGMapper: set:488 set: Unset optional value from type SMPTE2086
03-07 18:40:50.591 10027 10097 E IMGMapper: set:488 set: Unset optional value from type CTA861_3
03-07 18:40:50.592 10027 10027 E ArmVmp : Match on catch block at 0xc3 in for 0x145
03-07 18:40:50.603 10027 10097 E IMGMapper: set:488 set: Unset optional value from type SMPTE2086
03-07 18:40:50.603 10027 10097 E IMGMapper: set:488 set: Unset optional value from type CTA861_3
03-07 18:40:50.607 10027 10027 E ArmVmp : Match on catch block at 0xc3 in for 0x159
03-07 18:40:50.612 10027 10027 E ArmVmp : Match on catch block at 0xc3 in for 0x155
03-07 18:40:50.624 10027 10097 E IMGMapper: set:488 set: Unset optional value from type SMPTE2086
03-07 18:40:50.624 10027 10097 E IMGMapper: set:488 set: Unset optional value from type CTA861_3
03-07 18:40:50.632 10027 10097 E IMGMapper: set:488 set: Unset optional value from type SMPTE2086
03-07 18:40:50.632 10027 10097 E IMGMapper: set:488 set: Unset optional value from type CTA861_3
03-07 18:40:50.647 10027 10097 E IMGMapper: set:488 set: Unset optional value from type SMPTE2086
03-07 18:40:50.647 10027 10097 E IMGMapper: set:488 set: Unset optional value from type CTA861_3
03-07 18:40:50.666 10027 10097 E IMGMapper: set:488 set: Unset optional value from type SMPTE2086
03-07 18:40:50.666 10027 10097 E IMGMapper: set:488 set: Unset optional value from type CTA861_3
03-07 18:40:50.679 10027 10097 E IMGMapper: set:488 set: Unset optional value from type SMPTE2086
03-07 18:40:50.679 10027 10097 E IMGMapper: set:488 set: Unset optional value from type CTA861_3
03-07 18:40:50.696 10027 10097 E IMGMapper: set:488 set: Unset optional value from type SMPTE2086
03-07 18:40:50.697 10027 10097 E IMGMapper: set:488 set: Unset optional value from type CTA861_3
03-07 18:40:50.714 10027 10097 E IMGMapper: set:488 set: Unset optional value from type SMPTE2086
03-07 18:40:50.714 10027 10097 E IMGMapper: set:488 set: Unset optional value from type CTA861_3
03-07 18:40:50.730 10027 10097 E IMGMapper: set:488 set: Unset optional value from type SMPTE2086
03-07 18:40:50.730 10027 10097 E IMGMapper: set:488 set: Unset optional value from type CTA861_3
03-07 18:40:50.747 10027 10097 E IMGMapper: set:488 set: Unset optional value from type SMPTE2086
03-07 18:40:50.748 10027 10097 E IMGMapper: set:488 set: Unset optional value from type CTA861_3
03-07 18:40:50.764 10027 10097 E IMGMapper: set:488 set: Unset optional value from type SMPTE2086
03-07 18:40:50.764 10027 10097 E IMGMapper: set:488 set: Unset optional value from type CTA861_3
03-07 18:40:50.781 10027 10097 E IMGMapper: set:488 set: Unset optional value from type SMPTE2086
03-07 18:40:50.781 10027 10097 E IMGMapper: set:488 set: Unset optional value from type CTA861_3
03-07 18:40:50.798 10027 10097 E IMGMapper: set:488 set: Unset optional value from type SMPTE2086
03-07 18:40:50.798 10027 10097 E IMGMapper: set:488 set: Unset optional value from type CTA861_3
03-07 18:40:50.814 10027 10097 E IMGMapper: set:488 set: Unset optional value from type SMPTE2086
03-07 18:40:50.814 10027 10097 E IMGMapper: set:488 set: Unset optional value from type CTA861_3
03-07 18:40:50.831 10027 10097 E IMGMapper: set:488 set: Unset optional value from type SMPTE2086
03-07 18:40:50.831 10027 10097 E IMGMapper: set:488 set: Unset optional value from type CTA861_3
03-07 18:40:51.414 10027 10097 E IMGMapper: set:488 set: Unset optional value from type SMPTE2086
03-07 18:40:51.414 10027 10097 E IMGMapper: set:488 set: Unset optional value from type CTA861_3
03-07 18:40:51.527 10027 10027 E ArmVmp : Match on catch block at 0xc3 in for 0x155
03-07 18:40:51.532 10027 10027 E ArmVmp : Match on catch block at 0xc3 in for 0x151
03-07 18:40:51.545 10027 10097 E IMGMapper: set:488 set: Unset optional value from type SMPTE2086
03-07 18:40:51.545 10027 10097 E IMGMapper: set:488 set: Unset optional value from type CTA861_3
03-07 18:40:51.572 10027 10097 E IMGMapper: set:488 set: Unset optional value from type SMPTE2086
03-07 18:40:51.572 10027 10097 E IMGMapper: set:488 set: Unset optional value from type CTA861_3
03-07 18:40:51.575 10027 10097 W Parcel : Expecting binder but got null!
03-07 18:40:51.592 10027 10027 W OnBackInvokedCallback: OnBackInvokedCallback is not enabled for the application.
03-07 18:40:51.592 10027 10027 W OnBackInvokedCallback: Set 'android:enableOnBackInvokedCallback="true"' in the application manifest.
03-07 18:40:51.754 10027 10027 E ArmVmp : Match on catch block at 0xc3 in for 0x151
03-07 18:40:51.759 10027 10027 E ArmVmp : Match on catch block at 0xc3 in for 0x14d
03-07 18:40:51.781 10027 10097 E IMGMapper: set:488 set: Unset optional value from type SMPTE2086
03-07 18:40:51.781 10027 10097 E IMGMapper: set:488 set: Unset optional value from type CTA861_3
03-07 18:40:51.787 10027 10097 E IMGMapper: set:488 set: Unset optional value from type SMPTE2086
03-07 18:40:51.787 10027 10097 E IMGMapper: set:488 set: Unset optional value from type CTA861_3
03-07 18:40:51.814 10027 10027 E ArmVmp : Match on catch block at 0xc3 in for 0x149
03-07 18:40:51.819 10027 10027 E ArmVmp : Match on catch block at 0xc3 in for 0x145
03-07 18:40:51.837 10027 10097 E IMGMapper: set:488 set: Unset optional value from type SMPTE2086
03-07 18:40:51.838 10027 10097 E IMGMapper: set:488 set: Unset optional value from type CTA861_3
03-07 18:40:51.844 10027 10027 E ArmVmp : Match on catch block at 0xc3 in for 0x14d
03-07 18:40:51.849 10027 10027 E ArmVmp : Match on catch block at 0xc3 in for 0x149
03-07 18:40:51.859 10027 10097 E IMGMapper: set:488 set: Unset optional value from type SMPTE2086
03-07 18:40:51.859 10027 10097 E IMGMapper: set:488 set: Unset optional value from type CTA861_3
03-07 18:40:51.870 10027 10027 E ArmVmp : Match on catch block at 0xc3 in for 0x159
03-07 18:40:51.874 10027 10027 E ArmVmp : Match on catch block at 0xc3 in for 0x155
03-07 18:40:51.880 10027 10027 E ArmVmp : Match on catch block at 0xc3 in for 0x141
03-07 18:40:51.885 10027 10097 E IMGMapper: set:488 set: Unset optional value from type SMPTE2086
03-07 18:40:51.885 10027 10097 E IMGMapper: set:488 set: Unset optional value from type CTA861_3
03-07 18:40:51.885 10027 10027 E ArmVmp : Match on catch block at 0xc3 in for 0x159
03-07 18:40:51.891 10027 10027 E ArmVmp : Match on catch block at 0xc3 in for 0x145
03-07 18:40:51.893 10027 10097 E IMGMapper: set:488 set: Unset optional value from type SMPTE2086
03-07 18:40:51.893 10027 10097 E IMGMapper: set:488 set: Unset optional value from type CTA861_3
03-07 18:40:51.897 10027 10027 E ArmVmp : Match on catch block at 0xc3 in for 0x141
03-07 18:40:51.904 10027 10097 E IMGMapper: set:488 set: Unset optional value from type SMPTE2086
03-07 18:40:51.904 10027 10097 E IMGMapper: set:488 set: Unset optional value from type CTA861_3
03-07 18:40:51.909 10027 10027 E ArmVmp : Match on catch block at 0xc3 in for 0x149
03-07 18:40:51.914 10027 10027 E ArmVmp : Match on catch block at 0xc3 in for 0x145
03-07 18:40:51.924 10027 10097 E IMGMapper: set:488 set: Unset optional value from type SMPTE2086
03-07 18:40:51.924 10027 10097 E IMGMapper: set:488 set: Unset optional value from type CTA861_3
03-07 18:40:52.316 10027 10027 E ArmVmp : Match on catch block at 0xc3 in for 0x14d
03-07 18:40:52.320 10027 10027 E ArmVmp : Match on catch block at 0xc3 in for 0x149
03-07 18:40:52.328 10027 10398 W MediaPlayer: Use of stream types is deprecated for operations other than volume control
03-07 18:40:52.328 10027 10398 W MediaPlayer: See the documentation of setAudioStreamType() for what to use instead with android.media.AudioAttributes to qualify your playback use case
03-07 18:40:52.331 10027 10097 E IMGMapper: set:488 set: Unset optional value from type SMPTE2086
03-07 18:40:52.331 10027 10097 E IMGMapper: set:488 set: Unset optional value from type CTA861_3
03-07 18:40:52.351 10027 10332 W MediaPlayerNative: info/warning (10973, 0)
03-07 18:40:52.415 10027 10097 E IMGMapper: set:488 set: Unset optional value from type SMPTE2086
03-07 18:40:52.415 10027 10097 E IMGMapper: set:488 set: Unset optional value from type CTA861_3
03-07 18:40:52.461 10027 10027 W OnBackInvokedCallback: OnBackInvokedCallback is not enabled for the application.
03-07 18:40:52.461 10027 10027 W OnBackInvokedCallback: Set 'android:enableOnBackInvokedCallback="true"' in the application manifest.
03-07 18:40:52.486 10027 10027 E ArmVmp : Match on catch block at 0xc3 in for 0x14d
03-07 18:40:52.490 10027 10027 E ArmVmp : Match on catch block at 0xc3 in for 0x149
03-07 18:40:52.502 10027 10097 E IMGMapper: set:488 set: Unset optional value from type SMPTE2086
03-07 18:40:52.502 10027 10097 E IMGMapper: set:488 set: Unset optional value from type CTA861_3
03-07 18:40:52.984 10027 10027 E ArmVmp : Match on catch block at 0xc3 in for 0x159
03-07 18:40:52.998 10027 10027 E ArmVmp : Match on catch block at 0xc3 in for 0x155
03-07 18:40:53.019 10027 10097 E IMGMapper: set:488 set: Unset optional value from type SMPTE2086
03-07 18:40:53.019 10027 10097 E IMGMapper: set:488 set: Unset optional value from type CTA861_3
03-07 18:40:53.179 10027 10027 E ArmVmp : Match on catch block at 0xc3 in for 0x149
03-07 18:40:53.183 10027 10027 E ArmVmp : Match on catch block at 0xc3 in for 0x145
03-07 18:40:53.192 10027 10097 E IMGMapper: set:488 set: Unset optional value from type SMPTE2086
03-07 18:40:53.192 10027 10097 E IMGMapper: set:488 set: Unset optional value from type CTA861_3
03-07 18:40:53.481 10027 10027 E ArmVmp : Match on catch block at 0xc3 in for 0x159
03-07 18:40:53.486 10027 10027 E ArmVmp : Match on catch block at 0xc3 in for 0x155
03-07 18:40:53.494 10027 10097 E IMGMapper: set:488 set: Unset optional value from type SMPTE2086
03-07 18:40:53.495 10027 10097 E IMGMapper: set:488 set: Unset optional value from type CTA861_3
03-07 18:40:53.744 10027 10027 E ArmVmp : Match on catch block at 0xc3 in for 0x145
03-07 18:40:53.749 10027 10027 E ArmVmp : Match on catch block at 0xc3 in for 0x141
03-07 18:40:53.763 10027 10027 E ArmVmp : Match on catch block at 0xc3 in for 0x151
03-07 18:40:53.766 10027 10097 E IMGMapper: set:488 set: Unset optional value from type SMPTE2086
03-07 18:40:53.766 10027 10097 E IMGMapper: set:488 set: Unset optional value from type CTA861_3
03-07 18:40:53.769 10027 10027 E ArmVmp : Match on catch block at 0xc3 in for 0x14d
03-07 18:40:53.775 10027 10027 E ArmVmp : Match on catch block at 0xc3 in for 0x155
03-07 18:40:53.780 10027 10097 E IMGMapper: set:488 set: Unset optional value from type SMPTE2086
03-07 18:40:53.780 10027 10097 E IMGMapper: set:488 set: Unset optional value from type CTA861_3
03-07 18:40:53.781 10027 10027 E ArmVmp : Match on catch block at 0xc3 in for 0x151
03-07 18:40:53.788 10027 10027 E ArmVmp : Match on catch block at 0xc3 in for 0x159
03-07 18:40:53.792 10027 10027 E ArmVmp : Match on catch block at 0xc3 in for 0x155
03-07 18:40:53.797 10027 10097 E IMGMapper: set:488 set: Unset optional value from type SMPTE2086
03-07 18:40:53.797 10027 10097 E IMGMapper: set:488 set: Unset optional value from type CTA861_3
03-07 18:40:53.803 10027 10027 E ArmVmp : Match on catch block at 0xc3 in for 0x141
03-07 18:40:53.808 10027 10097 E IMGMapper: set:488 set: Unset optional value from type SMPTE2086
03-07 18:40:53.808 10027 10027 E ArmVmp : Match on catch block at 0xc3 in for 0x159
03-07 18:40:53.808 10027 10097 E IMGMapper: set:488 set: Unset optional value from type CTA861_3
03-07 18:40:53.816 10027 10027 E ArmVmp : Match on catch block at 0xc3 in for 0x145
03-07 18:40:53.820 10027 10027 E ArmVmp : Match on catch block at 0xc3 in for 0x141
03-07 18:40:53.822 10027 10097 E IMGMapper: set:488 set: Unset optional value from type SMPTE2086
03-07 18:40:53.822 10027 10097 E IMGMapper: set:488 set: Unset optional value from type CTA861_3
03-07 18:40:53.832 10027 10027 E ArmVmp : Match on catch block at 0xc3 in for 0x149
03-07 18:40:53.836 10027 10027 E ArmVmp : Match on catch block at 0xc3 in for 0x145
03-07 18:40:53.839 10027 10097 E IMGMapper: set:488 set: Unset optional value from type SMPTE2086
03-07 18:40:53.839 10027 10097 E IMGMapper: set:488 set: Unset optional value from type CTA861_3
03-07 18:40:53.850 10027 10027 E ArmVmp : Match on catch block at 0xc3 in for 0x145
03-07 18:40:53.854 10027 10027 E ArmVmp : Match on catch block at 0xc3 in for 0x141
03-07 18:40:53.856 10027 10097 E IMGMapper: set:488 set: Unset optional value from type SMPTE2086
03-07 18:40:53.856 10027 10097 E IMGMapper: set:488 set: Unset optional value from type CTA861_3
03-07 18:40:53.868 10027 10027 E ArmVmp : Match on catch block at 0xc3 in for 0x159
03-07 18:40:53.872 10027 10097 E IMGMapper: set:488 set: Unset optional value from type SMPTE2086
03-07 18:40:53.872 10027 10097 E IMGMapper: set:488 set: Unset optional value from type CTA861_3
03-07 18:40:53.873 10027 10027 E ArmVmp : Match on catch block at 0xc3 in for 0x155
03-07 18:40:53.884 10027 10027 E ArmVmp : Match on catch block at 0xc3 in for 0x151
03-07 18:40:53.888 10027 10027 E ArmVmp : Match on catch block at 0xc3 in for 0x14d
03-07 18:40:53.889 10027 10097 E IMGMapper: set:488 set: Unset optional value from type SMPTE2086
03-07 18:40:53.889 10027 10097 E IMGMapper: set:488 set: Unset optional value from type CTA861_3
03-07 18:40:53.899 10027 10027 E ArmVmp : Match on catch block at 0xc3 in for 0x159
03-07 18:40:53.903 10027 10027 E ArmVmp : Match on catch block at 0xc3 in for 0x155
03-07 18:40:53.906 10027 10097 E IMGMapper: set:488 set: Unset optional value from type SMPTE2086
03-07 18:40:53.906 10027 10097 E IMGMapper: set:488 set: Unset optional value from type CTA861_3
03-07 18:40:53.916 10027 10027 E ArmVmp : Match on catch block at 0xc3 in for 0x145
03-07 18:40:53.920 10027 10027 E ArmVmp : Match on catch block at 0xc3 in for 0x141
03-07 18:40:53.924 10027 10097 E IMGMapper: set:488 set: Unset optional value from type SMPTE2086
03-07 18:40:53.924 10027 10097 E IMGMapper: set:488 set: Unset optional value from type CTA861_3
03-07 18:40:53.932 10027 10027 E ArmVmp : Match on catch block at 0xc3 in for 0x14d
03-07 18:40:53.937 10027 10027 E ArmVmp : Match on catch block at 0xc3 in for 0x149
03-07 18:40:53.941 10027 10097 E IMGMapper: set:488 set: Unset optional value from type SMPTE2086
03-07 18:40:53.941 10027 10097 E IMGMapper: set:488 set: Unset optional value from type CTA861_3
03-07 18:40:53.950 10027 10027 E ArmVmp : Match on catch block at 0xc3 in for 0x155
03-07 18:40:53.954 10027 10027 E ArmVmp : Match on catch block at 0xc3 in for 0x151
03-07 18:40:53.958 10027 10097 E IMGMapper: set:488 set: Unset optional value from type SMPTE2086
03-07 18:40:53.958 10027 10097 E IMGMapper: set:488 set: Unset optional value from type CTA861_3
03-07 18:40:53.966 10027 10027 E ArmVmp : Match on catch block at 0xc3 in for 0x141
03-07 18:40:53.971 10027 10027 E ArmVmp : Match on catch block at 0xc3 in for 0x159
03-07 18:40:53.973 10027 10097 E IMGMapper: set:488 set: Unset optional value from type SMPTE2086
03-07 18:40:53.974 10027 10097 E IMGMapper: set:488 set: Unset optional value from type CTA861_3
03-07 18:40:53.983 10027 10027 E ArmVmp : Match on catch block at 0xc3 in for 0x149
03-07 18:40:53.988 10027 10027 E ArmVmp : Match on catch block at 0xc3 in for 0x145
03-07 18:40:53.992 10027 10097 E IMGMapper: set:488 set: Unset optional value from type SMPTE2086
03-07 18:40:53.992 10027 10097 E IMGMapper: set:488 set: Unset optional value from type CTA861_3
03-07 18:40:54.000 10027 10027 E ArmVmp : Match on catch block at 0xc3 in for 0x151
03-07 18:40:54.005 10027 10027 E ArmVmp : Match on catch block at 0xc3 in for 0x14d
03-07 18:40:54.009 10027 10097 E IMGMapper: set:488 set: Unset optional value from type SMPTE2086
03-07 18:40:54.009 10027 10097 E IMGMapper: set:488 set: Unset optional value from type CTA861_3
03-07 18:40:54.016 10027 10027 E ArmVmp : Match on catch block at 0xc3 in for 0x159
03-07 18:40:54.021 10027 10027 E ArmVmp : Match on catch block at 0xc3 in for 0x155
03-07 18:40:54.025 10027 10097 E IMGMapper: set:488 set: Unset optional value from type SMPTE2086
03-07 18:40:54.025 10027 10097 E IMGMapper: set:488 set: Unset optional value from type CTA861_3
03-07 18:40:54.033 10027 10027 E ArmVmp : Match on catch block at 0xc3 in for 0x145
03-07 18:40:54.038 10027 10027 E ArmVmp : Match on catch block at 0xc3 in for 0x141
03-07 18:40:54.042 10027 10097 E IMGMapper: set:488 set: Unset optional value from type SMPTE2086
03-07 18:40:54.042 10027 10097 E IMGMapper: set:488 set: Unset optional value from type CTA861_3
03-07 18:40:54.050 10027 10027 E ArmVmp : Match on catch block at 0xc3 in for 0x14d
03-07 18:40:54.054 10027 10027 E ArmVmp : Match on catch block at 0xc3 in for 0x149
03-07 18:40:54.057 10027 10097 E IMGMapper: set:488 set: Unset optional value from type SMPTE2086
03-07 18:40:54.057 10027 10097 E IMGMapper: set:488 set: Unset optional value from type CTA861_3
03-07 18:40:54.073 10027 10097 E IMGMapper: set:488 set: Unset optional value from type SMPTE2086
03-07 18:40:54.074 10027 10097 E IMGMapper: set:488 set: Unset optional value from type CTA861_3
03-07 18:40:54.489 10027 10027 E ArmVmp : Match on catch block at 0xc3 in for 0x155
03-07 18:40:54.503 10027 10027 E ArmVmp : Match on catch block at 0xc3 in for 0x151
03-07 18:40:54.522 10027 10097 E IMGMapper: set:488 set: Unset optional value from type SMPTE2086
03-07 18:40:54.522 10027 10097 E IMGMapper: set:488 set: Unset optional value from type CTA861_3
03-07 18:40:54.719 10027 10027 E ArmVmp : Match on catch block at 0xc3 in for 0x149
03-07 18:40:54.723 10027 10027 E ArmVmp : Match on catch block at 0xc3 in for 0x145
03-07 18:40:54.732 10027 10097 E IMGMapper: set:488 set: Unset optional value from type SMPTE2086
03-07 18:40:54.732 10027 10097 E IMGMapper: set:488 set: Unset optional value from type CTA861_3
03-07 18:40:54.760 10027 10097 E IMGMapper: set:488 set: Unset optional value from type SMPTE2086
03-07 18:40:54.761 10027 10097 E IMGMapper: set:488 set: Unset optional value from type CTA861_3
03-07 18:40:54.774 10027 10097 E IMGMapper: set:488 set: Unset optional value from type SMPTE2086
03-07 18:40:54.775 10027 10097 E IMGMapper: set:488 set: Unset optional value from type CTA861_3
03-07 18:40:54.791 10027 10097 E IMGMapper: set:488 set: Unset optional value from type SMPTE2086
03-07 18:40:54.791 10027 10097 E IMGMapper: set:488 set: Unset optional value from type CTA861_3
03-07 18:40:54.808 10027 10097 E IMGMapper: set:488 set: Unset optional value from type SMPTE2086
03-07 18:40:54.808 10027 10097 E IMGMapper: set:488 set: Unset optional value from type CTA861_3
03-07 18:40:54.825 10027 10097 E IMGMapper: set:488 set: Unset optional value from type SMPTE2086
03-07 18:40:54.825 10027 10097 E IMGMapper: set:488 set: Unset optional value from type CTA861_3
03-07 18:40:54.841 10027 10097 E IMGMapper: set:488 set: Unset optional value from type SMPTE2086
03-07 18:40:54.841 10027 10097 E IMGMapper: set:488 set: Unset optional value from type CTA861_3
03-07 18:40:54.858 10027 10097 E IMGMapper: set:488 set: Unset optional value from type SMPTE2086
