03-07 14:36:54.545 24319 24319 E ArmVmp : Match on catch block at 0xc3 in for 0x159
03-07 14:36:54.552 24319 24405 E IMGMapper: set:488 set: Unset optional value from type SMPTE2086
03-07 14:36:54.552 24319 24405 E IMGMapper: set:488 set: Unset optional value from type CTA861_3
03-07 14:36:54.553 24319 24319 E ArmVmp : Match on catch block at 0xc3 in for 0x14d
03-07 14:36:54.556 24319 24319 E ArmVmp : Match on catch block at 0xc3 in for 0x149
03-07 14:36:54.559 24319 24319 E ArmVmp : Match on catch block at 0xc3 in for 0x14d
03-07 14:36:54.566 24319 24405 E IMGMapper: set:488 set: Unset optional value from type SMPTE2086
03-07 14:36:54.566 24319 24405 E IMGMapper: set:488 set: Unset optional value from type CTA861_3
03-07 14:36:54.567 24319 24319 E ArmVmp : Match on catch block at 0xc3 in for 0x141
03-07 14:36:54.571 24319 24319 E ArmVmp : Match on catch block at 0xc3 in for 0x159
03-07 14:36:54.574 24319 24319 E ArmVmp : Match on catch block at 0xc3 in for 0x141
03-07 14:36:54.580 24319 24405 E IMGMapper: set:488 set: Unset optional value from type SMPTE2086
03-07 14:36:54.581 24319 24405 E IMGMapper: set:488 set: Unset optional value from type CTA861_3
03-07 14:36:54.583 24319 24319 E ArmVmp : Match on catch block at 0xc3 in for 0x151
03-07 14:36:54.587 24319 24319 E ArmVmp : Match on catch block at 0xc3 in for 0x14d
03-07 14:36:54.589 24319 24319 E ArmVmp : Match on catch block at 0xc3 in for 0x151
03-07 14:36:54.596 24319 24405 E IMGMapper: set:488 set: Unset optional value from type SMPTE2086
03-07 14:36:54.596 24319 24405 E IMGMapper: set:488 set: Unset optional value from type CTA861_3
03-07 14:36:54.599 24319 24319 E ArmVmp : Match on catch block at 0xc3 in for 0x145
03-07 14:36:54.603 24319 24319 E ArmVmp : Match on catch block at 0xc3 in for 0x141
03-07 14:36:54.607 24319 24319 E ArmVmp : Match on catch block at 0xc3 in for 0x145
03-07 14:36:54.615 24319 24405 E IMGMapper: set:488 set: Unset optional value from type SMPTE2086
03-07 14:36:54.615 24319 24405 E IMGMapper: set:488 set: Unset optional value from type CTA861_3
03-07 14:36:54.684 24319 24319 E ArmVmp : Match on catch block at 0xc3 in for 0x155
03-07 14:36:54.687 24319 24319 E ArmVmp : Match on catch block at 0xc3 in for 0x151
03-07 14:36:54.717 24319 24405 E IMGMapper: set:488 set: Unset optional value from type SMPTE2086
03-07 14:36:54.717 24319 24405 E IMGMapper: set:488 set: Unset optional value from type CTA861_3
03-07 14:36:54.749 24319 24319 E ArmVmp : Match on catch block at 0xc3 in for 0x151
03-07 14:36:54.751 24319 24319 E ArmVmp : Match on catch block at 0xc3 in for 0x14d
03-07 14:36:54.768 24319 24319 E ArmVmp : Match on catch block at 0xc3 in for 0x159
03-07 14:36:54.772 24319 24319 E ArmVmp : Match on catch block at 0xc3 in for 0x155
03-07 14:36:54.776 24319 24319 E ArmVmp : Match on catch block at 0xc3 in for 0x159
03-07 14:36:54.780 24319 24405 E IMGMapper: set:488 set: Unset optional value from type SMPTE2086
03-07 14:36:54.780 24319 24405 E IMGMapper: set:488 set: Unset optional value from type CTA861_3
03-07 14:36:54.787 24319 24319 E ArmVmp : Match on catch block at 0xc3 in for 0x159
03-07 14:36:54.793 24319 24319 E ArmVmp : Match on catch block at 0xc3 in for 0x155
03-07 14:36:54.795 24319 24405 E IMGMapper: set:488 set: Unset optional value from type SMPTE2086
03-07 14:36:54.795 24319 24405 E IMGMapper: set:488 set: Unset optional value from type CTA861_3
03-07 14:36:54.800 24319 24319 E ArmVmp : Match on catch block at 0xc3 in for 0x159
03-07 14:36:54.808 24319 24319 E ArmVmp : Match on catch block at 0xc3 in for 0x159
03-07 14:36:54.813 24319 24319 E ArmVmp : Match on catch block at 0xc3 in for 0x155
03-07 14:36:54.816 24319 24405 E IMGMapper: set:488 set: Unset optional value from type SMPTE2086
03-07 14:36:54.816 24319 24405 E IMGMapper: set:488 set: Unset optional value from type CTA861_3
03-07 14:36:54.817 24319 24319 E ArmVmp : Match on catch block at 0xc3 in for 0x159
03-07 14:36:54.824 24319 24319 E ArmVmp : Match on catch block at 0xc3 in for 0x159
03-07 14:36:54.829 24319 24319 E ArmVmp : Match on catch block at 0xc3 in for 0x155
03-07 14:36:54.833 24319 24319 E ArmVmp : Match on catch block at 0xc3 in for 0x159
03-07 14:36:54.833 24319 24405 E IMGMapper: set:488 set: Unset optional value from type SMPTE2086
03-07 14:36:54.833 24319 24405 E IMGMapper: set:488 set: Unset optional value from type CTA861_3
03-07 14:36:54.839 24319 24319 E ArmVmp : Match on catch block at 0xc3 in for 0x159
03-07 14:36:54.844 24319 24319 E ArmVmp : Match on catch block at 0xc3 in for 0x155
03-07 14:36:54.845 24319 24405 E IMGMapper: set:488 set: Unset optional value from type SMPTE2086
03-07 14:36:54.846 24319 24405 E IMGMapper: set:488 set: Unset optional value from type CTA861_3
03-07 14:36:54.847 24319 24319 E ArmVmp : Match on catch block at 0xc3 in for 0x159
03-07 14:36:54.856 24319 24319 E ArmVmp : Match on catch block at 0xc3 in for 0x159
03-07 14:36:54.860 24319 24319 E ArmVmp : Match on catch block at 0xc3 in for 0x155
03-07 14:36:54.861 24319 24405 E IMGMapper: set:488 set: Unset optional value from type SMPTE2086
03-07 14:36:54.861 24319 24405 E IMGMapper: set:488 set: Unset optional value from type CTA861_3
03-07 14:36:54.864 24319 24319 E ArmVmp : Match on catch block at 0xc3 in for 0x159
03-07 14:36:54.878 24319 24405 E IMGMapper: set:488 set: Unset optional value from type SMPTE2086
03-07 14:36:54.878 24319 24405 E IMGMapper: set:488 set: Unset optional value from type CTA861_3
03-07 14:36:54.914 24319 24319 E ArmVmp : Match on catch block at 0xc3 in for 0x155
03-07 14:36:54.918 24319 24319 E ArmVmp : Match on catch block at 0xc3 in for 0x151
03-07 14:36:54.920 24319 24319 E ArmVmp : Match on catch block at 0xc3 in for 0x155
03-07 14:36:54.936 24319 24405 E IMGMapper: set:488 set: Unset optional value from type SMPTE2086
03-07 14:36:54.936 24319 24405 E IMGMapper: set:488 set: Unset optional value from type CTA861_3
03-07 14:36:54.937 24319 24319 E ArmVmp : Match on catch block at 0xc3 in for 0x155
03-07 14:36:54.941 24319 24319 E ArmVmp : Match on catch block at 0xc3 in for 0x151
03-07 14:36:54.943 24319 24319 E ArmVmp : Match on catch block at 0xc3 in for 0x155
03-07 14:36:54.955 24319 24405 E IMGMapper: set:488 set: Unset optional value from type SMPTE2086
03-07 14:36:54.955 24319 24405 E IMGMapper: set:488 set: Unset optional value from type CTA861_3
03-07 14:36:55.188 24319 24319 W OnBackInvokedCallback: OnBackInvokedCallback is not enabled for the application.
03-07 14:36:55.188 24319 24319 W OnBackInvokedCallback: Set 'android:enableOnBackInvokedCallback="true"' in the application manifest.
03-07 14:36:55.283 24319 24319 E ArmVmp : Match on catch block at 0xc3 in for 0x155
03-07 14:36:55.289 24319 24319 E ArmVmp : Match on catch block at 0xc3 in for 0x151
03-07 14:36:55.296 24319 24319 E ArmVmp : Match on catch block at 0xc3 in for 0x155
03-07 14:36:55.316 24319 24405 E IMGMapper: set:488 set: Unset optional value from type SMPTE2086
03-07 14:36:55.316 24319 24405 E IMGMapper: set:488 set: Unset optional value from type CTA861_3
03-07 14:36:55.600 24319 24319 E ArmVmp : Match on catch block at 0xc3 in for 0x145
03-07 14:36:55.609 24319 24319 E ArmVmp : Match on catch block at 0xc3 in for 0x141
03-07 14:36:55.615 24319 24319 E ArmVmp : Match on catch block at 0xc3 in for 0x145
03-07 14:36:55.635 24319 24319 E ArmVmp : Match on catch block at 0xc3 in for 0x145
03-07 14:36:55.635 24319 24405 E IMGMapper: set:488 set: Unset optional value from type SMPTE2086
03-07 14:36:55.635 24319 24405 E IMGMapper: set:488 set: Unset optional value from type CTA861_3
03-07 14:36:55.642 24319 24319 E ArmVmp : Match on catch block at 0xc3 in for 0x141
03-07 14:36:55.646 24319 24319 E ArmVmp : Match on catch block at 0xc3 in for 0x145
03-07 14:36:55.660 24319 24405 E IMGMapper: set:488 set: Unset optional value from type SMPTE2086
03-07 14:36:55.660 24319 24405 E IMGMapper: set:488 set: Unset optional value from type CTA861_3
03-07 14:36:55.770 24319 24319 E ArmVmp : Match on catch block at 0xc3 in for 0x145
03-07 14:36:55.778 24319 24319 E ArmVmp : Match on catch block at 0xc3 in for 0x141
03-07 14:36:55.782 24319 24319 E ArmVmp : Match on catch block at 0xc3 in for 0x145
03-07 14:36:55.798 24319 24405 E IMGMapper: set:488 set: Unset optional value from type SMPTE2086
03-07 14:36:55.798 24319 24405 E IMGMapper: set:488 set: Unset optional value from type CTA861_3
03-07 14:36:55.803 24319 24319 E ArmVmp : Match on catch block at 0xc3 in for 0x145
03-07 14:36:55.810 24319 24319 E ArmVmp : Match on catch block at 0xc3 in for 0x141
03-07 14:36:55.814 24319 24319 E ArmVmp : Match on catch block at 0xc3 in for 0x145
03-07 14:36:55.827 24319 24405 E IMGMapper: set:488 set: Unset optional value from type SMPTE2086
03-07 14:36:55.828 24319 24405 E IMGMapper: set:488 set: Unset optional value from type CTA861_3
03-07 14:36:56.047 24319 24319 E ArmVmp : Match on catch block at 0xc3 in for 0x149
03-07 14:36:56.052 24319 24319 E ArmVmp : Match on catch block at 0xc3 in for 0x145
03-07 14:36:56.056 24319 24319 E ArmVmp : Match on catch block at 0xc3 in for 0x149
03-07 14:36:56.071 24319 24319 E ArmVmp : Match on catch block at 0xc3 in for 0x151
03-07 14:36:56.071 24319 24405 E IMGMapper: set:488 set: Unset optional value from type SMPTE2086
03-07 14:36:56.071 24319 24405 E IMGMapper: set:488 set: Unset optional value from type CTA861_3
03-07 14:36:56.077 24319 24319 E ArmVmp : Match on catch block at 0xc3 in for 0x14d
03-07 14:36:56.080 24319 24319 E ArmVmp : Match on catch block at 0xc3 in for 0x151
03-07 14:36:56.088 24319 24319 E ArmVmp : Match on catch block at 0xc3 in for 0x151
03-07 14:36:56.099 24319 24405 E IMGMapper: set:488 set: Unset optional value from type SMPTE2086
03-07 14:36:56.099 24319 24405 E IMGMapper: set:488 set: Unset optional value from type CTA861_3
03-07 14:36:56.101 24319 24319 E ArmVmp : Match on catch block at 0xc3 in for 0x14d
03-07 14:36:56.106 24319 24319 E ArmVmp : Match on catch block at 0xc3 in for 0x151
03-07 14:36:56.114 24319 24319 E ArmVmp : Match on catch block at 0xc3 in for 0x151
03-07 14:36:56.119 24319 24405 E IMGMapper: set:488 set: Unset optional value from type SMPTE2086
03-07 14:36:56.119 24319 24405 E IMGMapper: set:488 set: Unset optional value from type CTA861_3
03-07 14:36:56.126 24319 24319 E ArmVmp : Match on catch block at 0xc3 in for 0x14d
03-07 14:36:56.133 24319 24319 E ArmVmp : Match on catch block at 0xc3 in for 0x151
03-07 14:36:56.144 24319 24319 E ArmVmp : Match on catch block at 0xc3 in for 0x151
03-07 14:36:56.150 24319 24405 E IMGMapper: set:488 set: Unset optional value from type SMPTE2086
03-07 14:36:56.150 24319 24405 E IMGMapper: set:488 set: Unset optional value from type CTA861_3
03-07 14:36:56.151 24319 24319 E ArmVmp : Match on catch block at 0xc3 in for 0x14d
03-07 14:36:56.156 24319 24319 E ArmVmp : Match on catch block at 0xc3 in for 0x151
03-07 14:36:56.163 24319 24319 E ArmVmp : Match on catch block at 0xc3 in for 0x151
03-07 14:36:56.164 24319 24405 E IMGMapper: set:488 set: Unset optional value from type SMPTE2086
03-07 14:36:56.164 24319 24405 E IMGMapper: set:488 set: Unset optional value from type CTA861_3
03-07 14:36:56.169 24319 24319 E ArmVmp : Match on catch block at 0xc3 in for 0x14d
03-07 14:36:56.173 24319 24319 E ArmVmp : Match on catch block at 0xc3 in for 0x151
03-07 14:36:56.183 24319 24319 E ArmVmp : Match on catch block at 0xc3 in for 0x151
03-07 14:36:56.184 24319 24405 E IMGMapper: set:488 set: Unset optional value from type SMPTE2086
03-07 14:36:56.185 24319 24405 E IMGMapper: set:488 set: Unset optional value from type CTA861_3
03-07 14:36:56.191 24319 24319 E ArmVmp : Match on catch block at 0xc3 in for 0x14d
03-07 14:36:56.196 24319 24319 E ArmVmp : Match on catch block at 0xc3 in for 0x151
03-07 14:36:56.205 24319 24319 E ArmVmp : Match on catch block at 0xc3 in for 0x151
03-07 14:36:56.206 24319 24405 E IMGMapper: set:488 set: Unset optional value from type SMPTE2086
03-07 14:36:56.206 24319 24405 E IMGMapper: set:488 set: Unset optional value from type CTA861_3
03-07 14:36:56.215 24319 24319 E ArmVmp : Match on catch block at 0xc3 in for 0x14d
03-07 14:36:56.219 24319 24319 E ArmVmp : Match on catch block at 0xc3 in for 0x151
03-07 14:36:56.228 24319 24319 E ArmVmp : Match on catch block at 0xc3 in for 0x151
03-07 14:36:56.229 24319 24405 E IMGMapper: set:488 set: Unset optional value from type SMPTE2086
03-07 14:36:56.230 24319 24405 E IMGMapper: set:488 set: Unset optional value from type CTA861_3
03-07 14:36:56.236 24319 24319 E ArmVmp : Match on catch block at 0xc3 in for 0x14d
03-07 14:36:56.241 24319 24319 E ArmVmp : Match on catch block at 0xc3 in for 0x151
03-07 14:36:56.252 24319 24319 E ArmVmp : Match on catch block at 0xc3 in for 0x151
03-07 14:36:56.254 24319 24405 E IMGMapper: set:488 set: Unset optional value from type SMPTE2086
03-07 14:36:56.254 24319 24405 E IMGMapper: set:488 set: Unset optional value from type CTA861_3
03-07 14:36:56.260 24319 24319 E ArmVmp : Match on catch block at 0xc3 in for 0x14d
03-07 14:36:56.265 24319 24319 E ArmVmp : Match on catch block at 0xc3 in for 0x151
03-07 14:36:56.275 24319 24319 E ArmVmp : Match on catch block at 0xc3 in for 0x151
03-07 14:36:56.279 24319 24405 E IMGMapper: set:488 set: Unset optional value from type SMPTE2086
03-07 14:36:56.279 24319 24405 E IMGMapper: set:488 set: Unset optional value from type CTA861_3
03-07 14:36:56.283 24319 24319 E ArmVmp : Match on catch block at 0xc3 in for 0x14d
03-07 14:36:56.288 24319 24319 E ArmVmp : Match on catch block at 0xc3 in for 0x151
03-07 14:36:56.298 24319 24319 E ArmVmp : Match on catch block at 0xc3 in for 0x151
03-07 14:36:56.301 24319 24405 E IMGMapper: set:488 set: Unset optional value from type SMPTE2086
03-07 14:36:56.301 24319 24405 E IMGMapper: set:488 set: Unset optional value from type CTA861_3
03-07 14:36:56.305 24319 24319 E ArmVmp : Match on catch block at 0xc3 in for 0x14d
03-07 14:36:56.309 24319 24319 E ArmVmp : Match on catch block at 0xc3 in for 0x151
03-07 14:36:56.318 24319 24319 E ArmVmp : Match on catch block at 0xc3 in for 0x151
03-07 14:36:56.320 24319 24405 E IMGMapper: set:488 set: Unset optional value from type SMPTE2086
03-07 14:36:56.320 24319 24405 E IMGMapper: set:488 set: Unset optional value from type CTA861_3
03-07 14:36:56.329 24319 24319 E ArmVmp : Match on catch block at 0xc3 in for 0x14d
03-07 14:36:56.334 24319 24319 E ArmVmp : Match on catch block at 0xc3 in for 0x151
03-07 14:36:56.345 24319 24319 E ArmVmp : Match on catch block at 0xc3 in for 0x151
03-07 14:36:56.350 24319 24405 E IMGMapper: set:488 set: Unset optional value from type SMPTE2086
03-07 14:36:56.350 24319 24405 E IMGMapper: set:488 set: Unset optional value from type CTA861_3
03-07 14:36:56.352 24319 24319 E ArmVmp : Match on catch block at 0xc3 in for 0x14d
03-07 14:36:56.358 24319 24319 E ArmVmp : Match on catch block at 0xc3 in for 0x151
03-07 14:36:56.374 24319 24405 E IMGMapper: set:488 set: Unset optional value from type SMPTE2086
03-07 14:36:56.374 24319 24405 E IMGMapper: set:488 set: Unset optional value from type CTA861_3
03-07 14:36:56.380 24319 24319 E ArmVmp : Match on catch block at 0xc3 in for 0x141
03-07 14:36:56.386 24319 24319 E ArmVmp : Match on catch block at 0xc3 in for 0x159
03-07 14:36:56.391 24319 24319 E ArmVmp : Match on catch block at 0xc3 in for 0x141
03-07 14:36:56.407 24319 24405 E IMGMapper: set:488 set: Unset optional value from type SMPTE2086
03-07 14:36:56.407 24319 24405 E IMGMapper: set:488 set: Unset optional value from type CTA861_3
03-07 14:36:56.658 24319 24319 E ArmVmp : Match on catch block at 0xc3 in for 0x151
03-07 14:36:56.663 24319 24319 E ArmVmp : Match on catch block at 0xc3 in for 0x14d
03-07 14:36:56.668 24319 24319 E ArmVmp : Match on catch block at 0xc3 in for 0x151
03-07 14:36:56.684 24319 24319 E ArmVmp : Match on catch block at 0xc3 in for 0x149
03-07 14:36:56.688 24319 24405 E IMGMapper: set:488 set: Unset optional value from type SMPTE2086
03-07 14:36:56.688 24319 24405 E IMGMapper: set:488 set: Unset optional value from type CTA861_3
03-07 14:36:56.694 24319 24319 E ArmVmp : Match on catch block at 0xc3 in for 0x145
03-07 14:36:56.698 24319 24319 E ArmVmp : Match on catch block at 0xc3 in for 0x149
03-07 14:36:56.706 24319 24319 E ArmVmp : Match on catch block at 0xc3 in for 0x149
03-07 14:36:56.710 24319 24405 E IMGMapper: set:488 set: Unset optional value from type SMPTE2086
03-07 14:36:56.710 24319 24405 E IMGMapper: set:488 set: Unset optional value from type CTA861_3
03-07 14:36:56.713 24319 24319 E ArmVmp : Match on catch block at 0xc3 in for 0x145
03-07 14:36:56.717 24319 24319 E ArmVmp : Match on catch block at 0xc3 in for 0x149
03-07 14:36:56.725 24319 24319 E ArmVmp : Match on catch block at 0xc3 in for 0x149
03-07 14:36:56.731 24319 24319 E ArmVmp : Match on catch block at 0xc3 in for 0x145
03-07 14:36:56.735 24319 24319 E ArmVmp : Match on catch block at 0xc3 in for 0x149
03-07 14:36:56.751 24319 24405 E IMGMapper: set:488 set: Unset optional value from type SMPTE2086
03-07 14:36:56.751 24319 24405 E IMGMapper: set:488 set: Unset optional value from type CTA861_3
03-07 14:36:56.757 24319 24319 E ArmVmp : Match on catch block at 0xc3 in for 0x149
03-07 14:36:56.760 24319 24405 E IMGMapper: set:488 set: Unset optional value from type SMPTE2086
03-07 14:36:56.760 24319 24405 E IMGMapper: set:488 set: Unset optional value from type CTA861_3
03-07 14:36:56.763 24319 24319 E ArmVmp : Match on catch block at 0xc3 in for 0x145
03-07 14:36:56.766 24319 24319 E ArmVmp : Match on catch block at 0xc3 in for 0x149
03-07 14:36:56.775 24319 24405 E IMGMapper: set:488 set: Unset optional value from type SMPTE2086
03-07 14:36:56.775 24319 24405 E IMGMapper: set:488 set: Unset optional value from type CTA861_3
03-07 14:36:56.777 24319 24319 E ArmVmp : Match on catch block at 0xc3 in for 0x149
03-07 14:36:56.781 24319 24319 E ArmVmp : Match on catch block at 0xc3 in for 0x145
03-07 14:36:56.784 24319 24319 E ArmVmp : Match on catch block at 0xc3 in for 0x149
03-07 14:36:56.793 24319 24319 E ArmVmp : Match on catch block at 0xc3 in for 0x149
03-07 14:36:56.799 24319 24319 E ArmVmp : Match on catch block at 0xc3 in for 0x145
03-07 14:36:56.799 24319 24405 E IMGMapper: set:488 set: Unset optional value from type SMPTE2086
03-07 14:36:56.799 24319 24405 E IMGMapper: set:488 set: Unset optional value from type CTA861_3
03-07 14:36:56.802 24319 24319 E ArmVmp : Match on catch block at 0xc3 in for 0x149
03-07 14:36:56.809 24319 24319 E ArmVmp : Match on catch block at 0xc3 in for 0x149
03-07 14:36:56.814 24319 24405 E IMGMapper: set:488 set: Unset optional value from type SMPTE2086
03-07 14:36:56.814 24319 24405 E IMGMapper: set:488 set: Unset optional value from type CTA861_3
03-07 14:36:56.815 24319 24319 E ArmVmp : Match on catch block at 0xc3 in for 0x145
03-07 14:36:56.818 24319 24319 E ArmVmp : Match on catch block at 0xc3 in for 0x149
03-07 14:36:56.825 24319 24319 E ArmVmp : Match on catch block at 0xc3 in for 0x149
03-07 14:36:56.830 24319 24405 E IMGMapper: set:488 set: Unset optional value from type SMPTE2086
03-07 14:36:56.830 24319 24405 E IMGMapper: set:488 set: Unset optional value from type CTA861_3
03-07 14:36:56.831 24319 24319 E ArmVmp : Match on catch block at 0xc3 in for 0x145
03-07 14:36:56.834 24319 24319 E ArmVmp : Match on catch block at 0xc3 in for 0x149
03-07 14:36:56.841 24319 24319 E ArmVmp : Match on catch block at 0xc3 in for 0x149
03-07 14:36:56.842 24319 24405 E IMGMapper: set:488 set: Unset optional value from type SMPTE2086
03-07 14:36:56.842 24319 24405 E IMGMapper: set:488 set: Unset optional value from type CTA861_3
03-07 14:36:56.847 24319 24319 E ArmVmp : Match on catch block at 0xc3 in for 0x145
03-07 14:36:56.850 24319 24319 E ArmVmp : Match on catch block at 0xc3 in for 0x149
03-07 14:36:56.856 24319 24405 E IMGMapper: set:488 set: Unset optional value from type SMPTE2086
03-07 14:36:56.856 24319 24405 E IMGMapper: set:488 set: Unset optional value from type CTA861_3
03-07 14:36:56.940 24319 24319 E ArmVmp : Match on catch block at 0xc3 in for 0x151
03-07 14:36:56.945 24319 24319 E ArmVmp : Match on catch block at 0xc3 in for 0x14d
03-07 14:36:56.949 24319 24319 E ArmVmp : Match on catch block at 0xc3 in for 0x151
03-07 14:36:56.958 24319 24405 E IMGMapper: set:488 set: Unset optional value from type SMPTE2086
03-07 14:36:56.958 24319 24405 E IMGMapper: set:488 set: Unset optional value from type CTA861_3
03-07 14:36:57.109 24319 24319 E ArmVmp : Match on catch block at 0xc3 in for 0x159
03-07 14:36:57.114 24319 24319 E ArmVmp : Match on catch block at 0xc3 in for 0x155
03-07 14:36:57.117 24319 24319 E ArmVmp : Match on catch block at 0xc3 in for 0x159
03-07 14:36:57.125 24319 24405 E IMGMapper: set:488 set: Unset optional value from type SMPTE2086
03-07 14:36:57.125 24319 24405 E IMGMapper: set:488 set: Unset optional value from type CTA861_3
03-07 14:36:57.226 24319 24319 E ArmVmp : Match on catch block at 0xc3 in for 0x145
03-07 14:36:57.231 24319 24319 E ArmVmp : Match on catch block at 0xc3 in for 0x141
03-07 14:36:57.234 24319 24319 E ArmVmp : Match on catch block at 0xc3 in for 0x145
03-07 14:36:57.243 24319 24405 E IMGMapper: set:488 set: Unset optional value from type SMPTE2086
03-07 14:36:57.243 24319 24405 E IMGMapper: set:488 set: Unset optional value from type CTA861_3
03-07 14:36:57.425 24319 24319 E ArmVmp : Match on catch block at 0xc3 in for 0x14d
03-07 14:36:57.431 24319 24319 E ArmVmp : Match on catch block at 0xc3 in for 0x149
03-07 14:36:57.435 24319 24319 E ArmVmp : Match on catch block at 0xc3 in for 0x14d
03-07 14:36:57.443 24319 24405 E IMGMapper: set:488 set: Unset optional value from type SMPTE2086
03-07 14:36:57.443 24319 24405 E IMGMapper: set:488 set: Unset optional value from type CTA861_3
03-07 14:36:57.577 24319 24319 E ArmVmp : Match on catch block at 0xc3 in for 0x149
03-07 14:36:57.582 24319 24319 E ArmVmp : Match on catch block at 0xc3 in for 0x145
03-07 14:36:57.586 24319 24319 E ArmVmp : Match on catch block at 0xc3 in for 0x149
03-07 14:36:57.602 24319 24405 E IMGMapper: set:488 set: Unset optional value from type SMPTE2086
03-07 14:36:57.602 24319 24405 E IMGMapper: set:488 set: Unset optional value from type CTA861_3
03-07 14:36:57.620 24319 24405 E IMGMapper: set:488 set: Unset optional value from type SMPTE2086
03-07 14:36:57.620 24319 24405 E IMGMapper: set:488 set: Unset optional value from type CTA861_3
03-07 14:36:57.632 24319 24405 E IMGMapper: set:488 set: Unset optional value from type SMPTE2086
03-07 14:36:57.633 24319 24405 E IMGMapper: set:488 set: Unset optional value from type CTA861_3
03-07 14:36:57.649 24319 24405 E IMGMapper: set:488 set: Unset optional value from type SMPTE2086
03-07 14:36:57.649 24319 24405 E IMGMapper: set:488 set: Unset optional value from type CTA861_3
03-07 14:36:57.652 24319 24319 E ArmVmp : Match on catch block at 0xc3 in for 0x145
03-07 14:36:57.658 24319 24319 E ArmVmp : Match on catch block at 0xc3 in for 0x141
03-07 14:36:57.662 24319 24319 E ArmVmp : Match on catch block at 0xc3 in for 0x145
03-07 14:36:57.666 24319 24405 E IMGMapper: set:488 set: Unset optional value from type SMPTE2086
03-07 14:36:57.666 24319 24405 E IMGMapper: set:488 set: Unset optional value from type CTA861_3
03-07 14:36:57.687 24319 24405 E IMGMapper: set:488 set: Unset optional value from type SMPTE2086
03-07 14:36:57.687 24319 24405 E IMGMapper: set:488 set: Unset optional value from type CTA861_3
03-07 14:36:57.719 24319 24319 E ArmVmp : Match on catch block at 0xc3 in for 0x151
03-07 14:36:57.723 24319 24319 E ArmVmp : Match on catch block at 0xc3 in for 0x14d
03-07 14:36:57.736 24319 24405 E IMGMapper: set:488 set: Unset optional value from type SMPTE2086
03-07 14:36:57.736 24319 24405 E IMGMapper: set:488 set: Unset optional value from type CTA861_3
03-07 14:36:57.743 24319 24319 E ArmVmp : Match on catch block at 0xc3 in for 0x141
03-07 14:36:57.748 24319 24319 E ArmVmp : Match on catch block at 0xc3 in for 0x159
03-07 14:36:57.762 24319 24405 E IMGMapper: set:488 set: Unset optional value from type SMPTE2086
03-07 14:36:57.762 24319 24405 E IMGMapper: set:488 set: Unset optional value from type CTA861_3
03-07 14:36:57.829 24319 24319 E ArmVmp : Match on catch block at 0xc3 in for 0x145
03-07 14:36:57.834 24319 24319 E ArmVmp--------- beginning of main
03-07 14:36:57.857 24319 24405 E IMGMapper: set:488 set: Unset optional value from type SMPTE2086
03-07 14:36:57.857 24319 24405 E IMGMapper: set:488 set: Unset optional value from type CTA861_3
03-07 14:36:57.876 24319 24319 E ArmVmp : Match on catch block at 0xc3 in for 0x145
03-07 14:36:57.880 24319 24319 E ArmVmp : Match on catch block at 0xc3 in for 0x141
03-07 14:36:57.892 24319 24405 E IMGMapper: set:488 set: Unset optional value from type SMPTE2086
03-07 14:36:57.892 24319 24405 E IMGMapper: set:488 set: Unset optional value from type CTA861_3
03-07 14:36:57.900 24319 24319 E ArmVmp : Match on catch block at 0xc3 in for 0x14d
03-07 14:36:57.904 24319 24319 E ArmVmp : Match on catch block at 0xc3 in for 0x149
03-07 14:36:57.911 24319 24319 E ArmVmp : Match on catch block at 0xc3 in for 0x159
03-07 14:36:57.915 24319 24405 E IMGMapper: set:488 set: Unset optional value from type SMPTE2086
03-07 14:36:57.915 24319 24405 E IMGMapper: set:488 set: Unset optional value from type CTA861_3
03-07 14:36:57.917 24319 24319 E ArmVmp : Match on catch block at 0xc3 in for 0x155
03-07 14:36:57.927 24319 24405 E IMGMapper: set:488 set: Unset optional value from type SMPTE2086
03-07 14:36:57.927 24319 24405 E IMGMapper: set:488 set: Unset optional value from type CTA861_3
03-07 14:36:58.112 24319 24319 E ArmVmp : Match on catch block at 0xc3 in for 0x149
03-07 14:36:58.116 24319 24319 E ArmVmp : Match on catch block at 0xc3 in for 0x145
03-07 14:36:58.123 24319 24405 E IMGMapper: set:488 set: Unset optional value from type SMPTE2086
03-07 14:36:58.123 24319 24405 E IMGMapper: set:488 set: Unset optional value from type CTA861_3
03-07 14:36:58.580 24319 24319 E ArmVmp : Match on catch block at 0xc3 in for 0x151
03-07 14:36:58.590 24319 24319 E ArmVmp : Match on catch block at 0xc3 in for 0x14d
03-07 14:36:58.603 24319 24405 E IMGMapper: set:488 set: Unset optional value from type SMPTE2086
03-07 14:36:58.603 24319 24405 E IMGMapper: set:488 set: Unset optional value from type CTA861_3
03-07 14:36:58.657 24319 24319 E ArmVmp : Match on catch block at 0xc3 in for 0x149
03-07 14:36:58.661 24319 24319 E ArmVmp : Match on catch block at 0xc3 in for 0x145
03-07 14:36:58.678 24319 24405 E IMGMapper: set:488 set: Unset optional value from type SMPTE2086
03-07 14:36:58.678 24319 24405 E IMGMapper: set:488 set: Unset optional value from type CTA861_3
03-07 14:36:58.735 24319 24425 W MediaPlayer: Use of stream types is deprecated for operations other than volume control
03-07 14:36:58.735 24319 24425 W MediaPlayer: See the documentation of setAudioStreamType() for what to use instead with android.media.AudioAttributes to qualify your playback use case
03-07 14:36:59.203 24319 24334 W MediaPlayerNative: info/warning (10973, 0)
03-07 14:36:59.312 24319 24319 E ArmVmp : Match on catch block at 0xc3 in for 0x149
03-07 14:36:59.319 24319 24319 E ArmVmp : Match on catch block at 0xc3 in for 0x145
03-07 14:36:59.347 24319 24405 E IMGMapper: set:488 set: Unset optional value from type SMPTE2086
03-07 14:36:59.348 24319 24405 E IMGMapper: set:488 set: Unset optional value from type CTA861_3
03-07 14:36:59.382 24319 24319 E ArmVmp : Match on catch block at 0xc3 in for 0x151
03-07 14:36:59.388 24319 24319 E ArmVmp : Match on catch block at 0xc3 in for 0x14d
03-07 14:36:59.407 24319 24405 E IMGMapper: set:488 set: Unset optional value from type SMPTE2086
03-07 14:36:59.407 24319 24405 E IMGMapper: set:488 set: Unset optional value from type CTA861_3
03-07 14:37:03.846 24671 24671 E com.mbwhatsapp: Not starting debugger since process cannot load the jdwp agent.
03-07 14:37:03.998 24671 24671 W System.err: java.lang.ClassNotFoundException: mbmodsd.mbmodsw.ui.views.btn.BtnBK
03-07 14:37:03.998 24671 24671 W System.err: at java.lang.Runtime.nativeLoad(Native Method)
03-07 14:37:03.998 24671 24671 W System.err: at java.lang.Runtime.nativeLoad(Runtime.java:1121)
03-07 14:37:03.998 24671 24671 W System.err: at java.lang.Runtime.loadLibrary0(Runtime.java:1075)
03-07 14:37:03.998 24671 24671 W System.err: at java.lang.Runtime.loadLibrary0(Runtime.java:998)
03-07 14:37:03.998 24671 24671 W System.err: at java.lang.System.loadLibrary(System.java:1661)
03-07 14:37:03.998 24671 24671 W System.err: at arm.EpicVm.<clinit>(Unknown Source:2)
03-07 14:37:03.998 24671 24671 W System.err: at java.lang.Class.newInstance(Native Method)
03-07 14:37:03.998 24671 24671 W System.err: at android.app.AppComponentFactory.instantiateApplication(AppComponentFactory.java:76)
03-07 14:37:03.998 24671 24671 W System.err: at androidx.core.app.CoreComponentFactory.instantiateApplication(Unknown Source:0)
03-07 14:37:03.998 24671 24671 W System.err: at android.app.Instrumentation.newApplication(Instrumentation.java:1232)
03-07 14:37:03.998 24671 24671 W System.err: at android.app.LoadedApk.makeApplicationInner(LoadedApk.java:1565)
03-07 14:37:03.998 24671 24671 W System.err: at android.app.LoadedApk.makeApplicationInner(LoadedApk.java:1502)
03-07 14:37:03.998 24671 24671 W System.err: at android.app.ActivityThread.handleBindApplication(ActivityThread.java:7553)
03-07 14:37:03.999 24671 24671 W System.err: at android.app.ActivityThread.-$ $Nest$mhandleBindApplication(Unknown Source:0)
03-07 14:37:03.999 24671 24671 W System.err: at android.app.ActivityThread$H.handleMessage(ActivityThread.java:2400)
03-07 14:37:03.999 24671 24671 W System.err: at android.os.Handler.dispatchMessage(Handler.java:106)
03-07 14:37:03.999 24671 24671 W System.err: at android.os.Looper.loopOnce(Looper.java:226)
03-07 14:37:03.999 24671 24671 W System.err: at android.os.Looper.loop(Looper.java:313)
03-07 14:37:03.999 24671 24671 W System.err: at android.app.ActivityThread.main(ActivityThread.java:8757)
03-07 14:37:03.999 24671 24671 W System.err: at java.lang.reflect.Method.invoke(Native Method)
03-07 14:37:03.999 24671 24671 W System.err: at com.android.internal.os.RuntimeInit$MethodAndArgsCaller.run(RuntimeInit.java:571)
03-07 14:37:03.999 24671 24671 W System.err: at com.android.internal.os.ZygoteInit.main(ZygoteInit.java:1067)
03-07 14:37:04.075 24671 24671 E CustomActivityOnCrash: IMPORTANT WARNING! You already have an UncaughtExceptionHandler, are you sure this is correct? If you use a custom UncaughtExceptionHandler, you must initialize it AFTER CustomActivityOnCrash! Installing anyway, but your original handler will not be called.
03-07 14:37:04.358 24671 24671 W com.mbwhatsapp: Accessing hidden method Lcom/android/org/conscrypt/OpenSSLSocketImpl;->setUseSessionTickets(Z)V (max- target-q,core-platform-api, reflection, denied)
03-07 14:37:04.358 24671 24671 W com.mbwhatsapp: Accessing hidden method Lcom/android/org/conscrypt/AbstractConscryptSocket;->setUseSessionTickets(Z)V (max- target-q, reflection, denied)
03-07 14:37:04.622 24708 24708 W libprocessgroup: Controller sfreezer is not found
03-07 14:37:04.623 24708 24708 W libprocessgroup: SetAttribute: unknown attribute: OlafState
03-07 14:37:04.624 24708 24708 W libprocessgroup: SetAttribute: unknown attribute: OlafState
03-07 14:37:04.630 24671 24723 W com.mbwhatsapp: Method void X.2rL.A03(java.lang.Integer) failed lock verification and will run slower.
03-07 14:37:04.630 24671 24723 W com.mbwhatsapp: Common causes for lock verification issues are non-optimized dex code
03-07 14:37:04.630 24671 24723 W com.mbwhatsapp: and incorrect proguard optimizations.
03-07 14:39:36.621 24671 24671 W com.mbwhatsapp: Method void X.0eU.A0h(X.0tK, boolean) failed lock verification and will run slower.
03-07 14:39:36.831 24671 25313 E QT : [QT]file does not exist
03-07 14:39:36.874 24671 24671 W com.mbwhatsapp: Method void com.mbwhatsapp.HomeActivity.A6e() failed lock verification and will run slower.
03-07 14:39:37.658 24671 24671 E ArmVmp : Match on catch block at 0x0a in for 0x18d
03-07 14:39:37.720 24671 24671 E ArmVmp : Match on catch block at 0x0a in for 0x261
03-07 14:39:37.841 24671 24671 W Activity: Can request only one set of permissions at a time
03-07 14:39:38.053 24671 25321 W com.mbwhatsapp: Accessing hidden method Lcom/android/org/conscrypt/ConscryptEngineSocket;->setUseSessionTickets(Z)V (max- target-q,core-platform-api, reflection, denied)
03-07 14:39:38.053 24671 25321 W com.mbwhatsapp: Accessing hidden method Lcom/android/org/conscrypt/OpenSSLSocketImpl;->setUseSessionTickets(Z)V (max- target-q,core-platform-api, reflection, denied)
03-07 14:39:38.053 24671 25321 W com.mbwhatsapp: Accessing hidden method Lcom/android/org/conscrypt/AbstractConscryptSocket;->setUseSessionTickets(Z)V (max- target-q, reflection, denied)
03-07 14:39:38.053 24671 25321 W com.mbwhatsapp: Accessing hidden method Lcom/android/org/conscrypt/ConscryptEngineSocket;->setHostname(Ljava/lang/String;)V (max-target-q,core-platform-api, reflection, denied)
03-07 14:39:38.054 24671 25321 W com.mbwhatsapp: Accessing hidden method Lcom/android/org/conscrypt/OpenSSLSocketImpl;->setHostname(Ljava/lang/String;)V (max-target-q,core-platform-api, reflection, denied)
03-07 14:39:38.054 24671 25321 W com.mbwhatsapp: Accessing hidden method Lcom/android/org/conscrypt/AbstractConscryptSocket;->setHostname(Ljava/lang/ String;)V (max-target-q, reflection, denied)
03-07 14:39:38.058 24671 25321 W com.mbwhatsapp: Accessing hidden method Lcom/android/org/conscrypt/OpenSSLSocketImpl;->setAlpnProtocols([B)V (max-target- q,core-platform-api, reflection, denied)
03-07 14:39:38.058 24671 25321 W com.mbwhatsapp: Accessing hidden method Lcom/android/org/conscrypt/AbstractConscryptSocket;->setAlpnProtocols([B)V (max- target-q, reflection, denied)
03-07 14:39:38.247 24671 24671 E ArmVmp : Match on catch block at 0x0a in for 0x1a1
03-07 14:39:38.363 24671 25321 W com.mbwhatsapp: Accessing hidden method Lcom/android/org/conscrypt/OpenSSLSocketImpl;->getAlpnSelectedProtocol()[B (max- target-q,core-platform-api, reflection, denied)
03-07 14:39:38.363 24671 25321 W com.mbwhatsapp: Accessing hidden method Lcom/android/org/conscrypt/AbstractConscryptSocket;->getAlpnSelectedProtocol()[B (max-target-q, reflection, denied)
03-07 14:39:39.072 24671 24671 E FBI : Can't load library: dlopen failed: library "libmagtsync.so" not found
03-07 14:39:39.094 24671 25374 E ion : ioctl c0044901 failed with code -1: Invalid argument
03-07 14:39:39.215 24671 25313 E IMGMapper: set:488 set: Unset optional value from type SMPTE2086
03-07 14:39:39.215 24671 25313 E IMGMapper: set:488 set: Unset optional value from type CTA861_3
03-07 14:39:39.221 24671 25313 W Parcel : Expecting binder but got null!
03-07 14:39:39.354 24671 25382 W LOTTIE : Animation contains merge paths. Merge paths are only supported on KitKat+ and must be manually enabled by calling enableMergePathsForKitKatAndAbove().
03-07 14:39:39.506 24671 25313 E IMGMapper: set:488 set: Unset optional value from type SMPTE2086
03-07 14:39:39.506 24671 25313 E IMGMapper: set:488 set: Unset optional value from type CTA861_3
03-07 14:39:39.519 24671 25313 E IMGMapper: set:488 set: Unset optional value from type SMPTE2086
03-07 14:39:39.519 24671 25313 E IMGMapper: set:488 set: Unset optional value from type CTA861_3
03-07 14:39:39.535 24671 24671 W LOTTIE : Animation contains merge paths but they are disabled.
03-07 14:39:39.678 24671 25313 E IMGMapper: set:488 set: Unset optional value from type SMPTE2086
03-07 14:39:39.678 24671 25313 E IMGMapper: set:488 set: Unset optional value from type CTA861_3
03-07 14:39:39.691 24671 25313 E IMGMapper: set:488 set: Unset optional value from type SMPTE2086
03-07 14:39:39.691 24671 25313 E IMGMapper: set:488 set: Unset optional value from type CTA861_3
03-07 14:39:39.791 24671 25313 E IMGMapper: set:488 set: Unset optional value from type SMPTE2086
03-07 14:39:39.791 24671 25313 E IMGMapper: set:488 set: Unset optional value from type CTA861_3
03-07 14:39:39.804 24671 25313 E IMGMapper: set:488 set: Unset optional value from type SMPTE2086
03-07 14:39:39.804 24671 25313 E IMGMapper: set:488 set: Unset optional value from type CTA861_3
03-07 14:39:39.811 24671 25313 E IMGMapper: set:488 set: Unset optional value from type SMPTE2086
03-07 14:39:39.811 24671 25313 E IMGMapper: set:488 set: Unset optional value from type CTA861_3
03-07 14:39:39.820 24671 25313 E IMGMapper: set:488 set: Unset optional val--------- beginning of main
03-07 14:39:39.837 24671 25313 E IMGMapper: set:488 set: Unset optional value from type SMPTE2086
03-07 14:39:39.837 24671 25313 E IMGMapper: set:488 set: Unset optional value from type CTA861_3
03-07 14:39:39.853 24671 25313 E IMGMapper: set:488 set: Unset optional value from type SMPTE2086
03-07 14:39:39.853 24671 25313 E IMGMapper: set:488 set: Unset optional value from type CTA861_3
03-07 14:39:39.870 24671 25313 E IMGMapper: set:488 set: Unset optional value from type SMPTE2086
03-07 14:39:39.870 24671 25313 E IMGMapper: set:488 set: Unset optional value from type CTA861_3
03-07 14:39:41.390 24671 25313 E IMGMapper: set:488 set: Unset optional value from type SMPTE2086
03-07 14:39:41.390 24671 25313 E IMGMapper: set:488 set: Unset optional value from type CTA861_3
03-07 14:39:54.302 25554 25554 E com.mbwhatsapp: Not starting debugger since process cannot load the jdwp agent.
03-07 14:39:54.555 25554 25554 W System.err: java.lang.ClassNotFoundException: mbmodsd.mbmodsw.ui.views.btn.BtnBK
03-07 14:39:54.555 25554 25554 W System.err: at java.lang.Runtime.nativeLoad(Native Method)
03-07 14:39:54.555 25554 25554 W System.err: at java.lang.Runtime.nativeLoad(Runtime.java:1121)
03-07 14:39:54.555 25554 25554 W System.err: at java.lang.Runtime.loadLibrary0(Runtime.java:1075)
03-07 14:39:54.555 25554 25554 W System.err: at java.lang.Runtime.loadLibrary0(Runtime.java:998)
03-07 14:39:54.555 25554 25554 W System.err: at java.lang.System.loadLibrary(System.java:1661)
03-07 14:39:54.555 25554 25554 W System.err: at arm.EpicVm.<clinit>(Unknown Source:2)
03-07 14:39:54.555 25554 25554 W System.err: at java.lang.Class.newInstance(Native Method)
03-07 14:39:54.555 25554 25554 W System.err: at android.app.AppComponentFactory.instantiateApplication(AppComponentFactory.java:76)
03-07 14:39:54.555 25554 25554 W System.err: at androidx.core.app.CoreComponentFactory.instantiateApplication(Unknown Source:0)
03-07 14:39:54.555 25554 25554 W System.err: at android.app.Instrumentation.newApplication(Instrumentation.java:1232)
03-07 14:39:54.555 25554 25554 W System.err: at android.app.LoadedApk.makeApplicationInner(LoadedApk.java:1565)
03-07 14:39:54.555 25554 25554 W System.err: at android.app.LoadedApk.makeApplicationInner(LoadedApk.java:1502)
03-07 14:39:54.555 25554 25554 W System.err: at android.app.ActivityThread.handleBindApplication(ActivityThread.java:7553)
03-07 14:39:54.555 25554 25554 W System.err: at android.app.ActivityThread.-$ $Nest$mhandleBindApplication(Unknown Source:0)
03-07 14:39:54.555 25554 25554 W System.err: at android.app.ActivityThread$H.handleMessage(ActivityThread.java:2400)
03-07 14:39:54.555 25554 25554 W System.err: at android.os.Handler.dispatchMessage(Handler.java:106)
03-07 14:39:54.556 25554 25554 W System.err: at android.os.Looper.loopOnce(Looper.java:226)
03-07 14:39:54.556 25554 25554 W System.err: at android.os.Looper.loop(Looper.java:313)
03-07 14:39:54.556 25554 25554 W System.err: at android.app.ActivityThread.main(ActivityThread.java:8757)
03-07 14:39:54.556 25554 25554 W System.err: at java.lang.reflect.Method.invoke(Native Method)
03-07 14:39:54.556 25554 25554 W System.err: at com.android.internal.os.RuntimeInit$MethodAndArgsCaller.run(RuntimeInit.java:571)
03-07 14:39:54.556 25554 25554 W System.err: at com.android.internal.os.ZygoteInit.main(ZygoteInit.java:1067)
03-07 14:39:54.734 25554 25554 E CustomActivityOnCrash: IMPORTANT WARNING! You already have an UncaughtExceptionHandler, are you sure this is correct? If you use a custom UncaughtExceptionHandler, you must initialize it AFTER CustomActivityOnCrash! Installing anyway, but your original handler will not be called.
03-07 14:39:54.861 25554 25574 W LibraryVersion: Failed to get app version for libraryName: firebase-iid
03-07 14:39:55.261 25554 25554 W com.mbwhatsapp: Accessing hidden method Lcom/android/org/conscrypt/OpenSSLSocketImpl;->setUseSessionTickets(Z)V (max- target-q,core-platform-api, reflection, denied)
03-07 14:39:55.261 25554 25554 W com.mbwhatsapp: Accessing hidden method Lcom/a--------- beginning of main
03-07 15:11:00.569 9723 9723 E com.mbwhatsapp: Not starting debugger since process cannot load the jdwp agent.
03-07 15:11:01.098 9723 9723 W System.err: java.lang.ClassNotFoundException: mbmodsd.mbmodsw.ui.views.btn.BtnBK
03-07 15:11:01.102 9723 9723 W System.err: at java.lang.Runtime.nativeLoad(Native Method)
03-07 15:11:01.102 9723 9723 W System.err: at java.lang.Runtime.nativeLoad(Runtime.java:1121)
03-07 15:11:01.102 9723 9723 W System.err: at java.lang.Runtime.loadLibrary0(Runtime.java:1075)
03-07 15:11:01.102 9723 9723 W System.err: at java.lang.Runtime.loadLibrary0(Runtime.java:998)
03-07 15:11:01.102 9723 9723 W System.err: at java.lang.System.loadLibrary(System.java:1661)
03-07 15:11:01.102 9723 9723 W System.err: at arm.EpicVm.<clinit>(Unknown Source:2)
03-07 15:11:01.102 9723 9723 W System.err: at java.lang.Class.newInstance(Native Method)
03-07 15:11:01.102 9723 9723 W System.err: at android.app.AppComponentFactory.instantiateApplication(AppComponentFactory.java:76)
03-07 15:11:01.102 9723 9723 W System.err: at androidx.core.app.CoreComponentFactory.instantiateApplication(Unknown Source:0)
03-07 15:11:01.102 9723 9723 W System.err: at android.app.Instrumentation.newApplication(Instrumentation.java:1232)
03-07 15:11:01.102 9723 9723 W System.err: at android.app.LoadedApk.makeApplicationInner(LoadedApk.java:1565)
03-07 15:11:01.102 9723 9723 W System.err: at android.app.LoadedApk.makeApplicationInner(LoadedApk.java:1502)
03-07 15:11:01.102 9723 9723 W System.err: at android.app.ActivityThread.handleBindApplication(ActivityThread.java:7553)
03-07 15:11:01.102 9723 9723 W System.err: at android.app.ActivityThread.-$ $Nest$mhandleBindApplication(Unknown Source:0)
03-07 15:11:01.102 9723 9723 W System.err: at android.app.ActivityThread$H.handleMessage(ActivityThread.java:2400)
03-07 15:11:01.103 9723 9723 W System.err: at android.os.Handler.dispatchMessage(Handler.java:106)
03-07 15:11:01.103 9723 9723 W System.err: at android.os.Looper.loopOnce(Looper.java:226)
03-07 15:11:01.103 9723 9723 W System.err: at android.os.Looper.loop(Looper.java:313)
03-07 15:11:01.103 9723 9723 W System.err: at android.app.ActivityThread.main(ActivityThread.java:8757)
03-07 15:11:01.103 9723 9723 W System.err: at java.lang.reflect.Method.invoke(Native Method)
03-07 15:11:01.103 9723 9723 W System.err: at com.android.internal.os.RuntimeInit$MethodAndArgsCaller.run(RuntimeInit.java:571)
03-07 15:11:01.103 9723 9723 W System.err: at com.android.internal.os.ZygoteInit.main(ZygoteInit.java:1067)
03-07 15:11:01.295 9723 9723 E CustomActivityOnCrash: IMPORTANT WARNING! You already have an UncaughtExceptionHandler, are you sure this is correct? If you use a custom UncaughtExceptionHandler, you must initialize it AFTER CustomActivityOnCrash! Installing anyway, but your original handler will not be called.
03-07 15:11:01.963 9723 9723 W com.mbwhatsapp: Accessing hidden method Lcom/android/org/conscrypt/OpenSSLSocketImpl;->setUseSessionTickets(Z)V (max- target-q,core-platform-api, reflection, denied)
03-07 15:11:01.963 9723 9723 W com.mbwhatsapp: Accessing hidden method Lcom/android/org/conscrypt/AbstractConscryptSocket;->setUseSessionTickets(Z)V (max- target-q, reflection, denied)
03-07 15:11:02.111 9788 9788 W libprocessgroup: Controller sfreezer is not found
03-07 15:11:02.114 9788 9788 W libprocessgroup: SetAttribute: unknown attribute: OlafState
03-07 15:11:02.114 9788 9788 W libprocessgroup: SetAttribute: unknown attribute: OlafState
03-07 15:11:02.418 9723 9809 W com.mbwhatsapp: Method void X.2rL.A03(java.lang.Integer) failed lock verification and will run slower.
03-07 15:11:02.418 9723 9809 W com.mbwhatsapp: Common causes for lock verification issues are non-optimized dex code
03-07 15:11:02.418 9723 9809 W com.mbwhatsapp: and incorrect proguard optimizations.
03-07 15:11:05.975 9723 9806 E SQLiteDatabase: Error inserting transferred=1 media_job_uuid=2ea2c852-c9d7-43b7-a84a-66beb00b878f transcoded=0 gif_attribution=0 first--------- beginning of main
03-07 16:11:01.431 4952 4952 E com.mbwhatsapp: Not starting debugger since process cannot load the jdwp agent.
03-07 16:11:02.376 4952 4952 W System.err: java.lang.ClassNotFoundException: mbmodsd.mbmodsw.ui.views.btn.BtnBK
03-07 16:11:02.379 4952 4952 W System.err: at java.lang.Runtime.nativeLoad(Native Method)
03-07 16:11:02.379 4952 4952 W System.err: at java.lang.Runtime.nativeLoad(Runtime.java:1121)
03-07 16:11:02.379 4952 4952 W System.err: at java.lang.Runtime.loadLibrary0(Runtime.java:1075)
03-07 16:11:02.379 4952 4952 W System.err: at java.lang.Runtime.loadLibrary0(Runtime.java:998)
03-07 16:11:02.379 4952 4952 W System.err: at java.lang.System.loadLibrary(System.java:1661)
03-07 16:11:02.379 4952 4952 W System.err: at arm.EpicVm.<clinit>(Unknown Source:2)
03-07 16:11:02.379 4952 4952 W System.err: at java.lang.Class.newInstance(Native Method)
03-07 16:11:02.380 4952 4952 W System.err: at android.app.AppComponentFactory.instantiateApplication(AppComponentFactory.java:76)
03-07 16:11:02.380 4952 4952 W System.err: at androidx.core.app.CoreComponentFactory.instantiateApplication(Unknown Source:0)
03-07 16:11:02.380 4952 4952 W System.err: at android.app.Instrumentation.newApplication(Instrumentation.java:1232)
03-07 16:11:02.380 4952 4952 W System.err: at android.app.LoadedApk.makeApplicationInner(LoadedApk.java:1565)
03-07 16:11:02.380 4952 4952 W System.err: at android.app.LoadedApk.makeApplicationInner(LoadedApk.java:1502)
03-07 16:11:02.380 4952 4952 W System.err: at android.app.ActivityThread.handleBindApplication(ActivityThread.java:7553)
03-07 16:11:02.380 4952 4952 W System.err: at android.app.ActivityThread.-$ $Nest$mhandleBindApplication(Unknown Source:0)
03-07 16:11:02.380 4952 4952 W System.err: at android.app.ActivityThread$H.handleMessage(ActivityThread.java:2400)
03-07 16:11:02.380 4952 4952 W System.err: at android.os.Handler.dispatchMessage(Handler.java:106)
03-07 16:11:02.380 4952 4952 W System.err: at android.os.Looper.loopOnce(Looper.java:226)
03-07 16:11:02.380 4952 4952 W System.err: at android.os.Looper.loop(Looper.java:313)
03-07 16:11:02.380 4952 4952 W System.err: at android.app.ActivityThread.main(ActivityThread.java:8757)
03-07 16:11:02.380 4952 4952 W System.err: at java.lang.reflect.Method.invoke(Native Method)
03-07 16:11:02.380 4952 4952 W System.err: at com.android.internal.os.RuntimeInit$MethodAndArgsCaller.run(RuntimeInit.java:571)
03-07 16:11:02.380 4952 4952 W System.err: at com.android.internal.os.ZygoteInit.main(ZygoteInit.java:1067)
03-07 16:11:02.825 4952 4952 E CustomActivityOnCrash: IMPORTANT WARNING! You already have an UncaughtExceptionHandler, are you sure this is correct? If you use a custom UncaughtExceptionHandler, you must initialize it AFTER CustomActivityOnCrash! Installing anyway, but your original handler will not be called.
03-07 16:11:05.795 5073 5073 W libprocessgroup: Controller sfreezer is not found
03-07 16:11:05.798 5073 5073 W libprocessgroup: SetAttribute: unknown attribute: OlafState
03-07 16:11:05.798 5073 5073 W libprocessgroup: SetAttribute: unknown attribute: OlafState
03-07 16:11:05.815 4952 4952 W com.mbwhatsapp: Accessing hidden method Lcom/android/org/conscrypt/OpenSSLSocketImpl;->setUseSessionTickets(Z)V (max- target-q,core-platform-api, reflection, denied)
03-07 16:11:05.816 4952 4952 W com.mbwhatsapp: Accessing hidden method Lcom/android/org/conscrypt/AbstractConscryptSocket;->setUseSessionTickets(Z)V (max- target-q, reflection, denied)
03-07 16:11:07.265 4952 5101 W com.mbwhatsapp: Method void X.2rL.A03(java.lang.Integer) failed lock verification and will run slower.
03-07 16:11:07.265 4952 5101 W com.mbwhatsapp: Common causes for lock verification issues are non-optimized dex code
03-07 16:11:07.265 4952 5101 W com.mbwhatsapp: and incorrect proguard optimizations.
03-07 16:11:08.869 4952 5116 W com.mbwhatsapp: Long monitor contention with owner MBWhatsApp Worker #5 (5112) at X.2U6 X.35t.A08()(:-1) waiters=0 in X.2U6 X.35t.A08() for 659ms
03-07 16:11:12.695 4952 5182 W com.mbwhatsapp: Long monitor contention with owner MBWhatsApp Worker #1 (5101) at android.database.sqlite.SQLiteConnection android.database.sqlite.SQLiteConnectionPool.waitForConnection(java.lang.String, int, android.os.CancellationSignal)(SQLiteConnectionPool.java:984) waiters=1 in void android.database.sqlite.SQLiteConnectionPool.releaseConnection(android.database.sql ite.SQLiteConnection) for 735ms
03-07 16:11:12.699 4952 5178 W com.mbwhatsapp: Long monitor contention with owner MBWhatsApp Worker #1 (5101) at android.database.sqlite.SQLiteConnection android.database.sqlite.SQLiteConnectionPool.waitForConnection(java.lang.String, int, android.os.CancellationSignal)(SQLiteConnectionPool.java:984) waiters=4 in android.database.sqlite.SQLiteConnection android.database.sqlite.SQLiteConnectionPool.waitForConnection(java.lang.String, int, android.os.CancellationSignal) for 518ms
