03-07 16:11:12.701 4952 5172 W com.mbwhatsapp: Long monitor contention with owner MBWhatsApp Worker #1 (5101) at android.database.sqlite.SQLiteConnection android.database.sqlite.SQLiteConnectionPool.waitForConnection(java.lang.String, int, android.os.CancellationSignal)(SQLiteConnectionPool.java:984) waiters=5 in android.database.sqlite.SQLiteConnection android.database.sqlite.SQLiteConnectionPool.waitForConnection(java.lang.String, int, android.os.CancellationSignal) for 505ms
03-07 16:11:12.701 4952 5111 W com.mbwhatsapp: Long monitor contention with owner MBWhatsApp Worker #1 (5101) at android.database.sqlite.SQLiteConnection android.database.sqlite.SQLiteConnectionPool.waitForConnection(java.lang.String, int, android.os.CancellationSignal)(SQLiteConnectionPool.java:984) waiters=3 in android.database.sqlite.SQLiteConnection android.database.sqlite.SQLiteConnectionPool.waitForConnection(java.lang.String, int, android.os.CancellationSignal) for 525ms
03-07 16:11:12.713 4952 5116 W com.mbwhatsapp: Long monitor contention with owner MBWhatsApp Worker #1 (5101) at android.database.sqlite.SQLiteConnection android.database.sqlite.SQLiteConnectionPool.waitForConnection(java.lang.String, int, android.os.CancellationSignal)(SQLiteConnectionPool.java:984) waiters=2 in android.database.sqlite.SQLiteConnection android.database.sqlite.SQLiteConnectionPool.waitForConnection(java.lang.String, int, android.os.CancellationSignal) for 640ms
03-07 16:11:13.757 4952 4964 W com.mbwhatsapp: Suspending all threads took: 49.777ms
03-07 16:11:15.595 4952 5214 W 3ib : java.util.concurrent.ExecutionException: java.io.IOException: disconnected
03-07 16:11:15.595 4952 5214 W 3ib : at X.3hG.get(Unknown Source:16)
03-07 16:11:15.595 4952 5214 W 3ib : at com.mbwhatsapp.jobqueue.job.BulkGetPreKeyJob.A06(Unknown Source:145)
03-07 16:11:15.595 4952 5214 W 3ib : at X.3e7.run(Unknown Source:1006)
03-07 16:11:15.595 4952 5214 W 3ib : at java.util.concurrent.ThreadPoolExecutor.runWorker(ThreadPoolExecutor.java:1137)
03-07 16:11:15.595 4952 5214 W 3ib : at java.util.concurrent.ThreadPoolExecutor$Worker.run(ThreadPoolExecutor.java:637)
03-07 16:11:15.595 4952 5214 W 3ib : at X.3e7.run(Unknown Source:1130)
03-07 16:11:15.595 4952 5214 W 3ib : at java.lang.Thread.run(Thread.java:1012)
03-07 16:11:15.595 4952 5214 W 3ib : Caused by: java.io.IOException: disconnected
03-07 16:11:15.595 4952 5214 W 3ib : at X.002.A0F(Unknown Source:2)
03-07 16:11:15.595 4952 5214 W 3ib : at X.3QD.A03(Unknown Source:182)
03-07 16:11:15.595 4952 5214 W 3ib : at X.10F.handleMessage(Unknown Source:1167)
03-07 16:11:15.595 4952 5214 W 3ib : at android.os.Handler.dispatchMessage(Handler.java:106)
03-07 16:11:15.595 4952 5214 W 3ib : at android.os.Looper.loopOnce(Looper.java:226)
03-07 16:11:15.595 4952 5214 W 3ib : at android.os.Looper.loop(Looper.java:313)
03-07 16:11:15.595 4952 5214 W 3ib : at android.app.ActivityThread.main(ActivityThread.java:8757)
03-07 16:11:15.595 4952 5214 W 3ib : at java.lang.reflect.Method.invoke(Native Method) 03-07 16:--------- beginning of main
03-07 16:11:33.194 5747 5747 E com.mbwhatsapp: Not starting debugger since process cannot load the jdwp agent.
03-07 16:11:35.511 5747 5826 W com.mbwhatsapp: Long monitor contention with owner Thread-2 (5822) at android.content.res.ApkAssets[] android.content.res.AssetManager.getApkAssets()(AssetManager.java:442) waiters=0 in boolean android.content.res.AssetManager.retrieveAttributes(android.content.res.XmlBlock$Pa rser, int[], int[], int[]) for 233ms
03-07 16:11:36.377 5747 5747 W System.err: java.lang.ClassNotFoundException: mbmodsd.mbmodsw.ui.views.btn.BtnBK
03-07 16:11:36.381 5747 5747 W System.err: at java.lang.Runtime.nativeLoad(Native Method)
03-07 16:11:36.381 5747 5747 W System.err: at java.lang.Runtime.nativeLoad(Runtime.java:1121)
03-07 16:11:36.381 5747 5747 W System.err: at java.lang.Runtime.loadLibrary0(Runtime.java:1075)
03-07 16:11:36.381 5747 5747 W System.err: at java.lang.Runtime.loadLibrary0(Runtime.java:998)
03-07 16:11:36.381 5747 5747 W System.err: at java.lang.System.loadLibrary(System.java:1661)
03-07 16:11:36.381 5747 5747 W System.err: at arm.EpicVm.<clinit>(Unknown Source:2)
03-07 16:11:36.381 5747 5747 W System.err: at java.lang.Class.newInstance(Native Method)
03-07 16:11:36.381 5747 5747 W System.err: at android.app.AppComponentFactory.instantiateApplication(AppComponentFactory.java:76)
03-07 16:11:36.381 5747 5747 W System.err: at androidx.core.app.CoreComponentFactory.instantiateApplication(Unknown Source:0)
03-07 16:11:36.381 5747 5747 W System.err: at android.app.Instrumentation.newApplication(Instrumentation.java:1232)
03-07 16:11:36.382 5747 5747 W System.err: at android.app.LoadedApk.makeApplicationInner(LoadedApk.java:1565)
03-07 16:11:36.382 5747 5747 W System.err: at android.app.LoadedApk.makeApplicationInner(LoadedApk.java:1502)
03-07 16:11:36.382 5747 5747 W System.err: at android.app.ActivityThread.handleBindApplication(ActivityThread.java:7553)
03-07 16:11:36.382 5747 5747 W System.err: at android.app.ActivityThread.-$ $Nest$mhandleBindApplication(Unknown Source:0)
03-07 16:11:36.382 5747 5747 W System.err: at android.app.ActivityThread$H.handleMessage(ActivityThread.java:2400)
03-07 16:11:36.382 5747 5747 W System.err: at android.os.Handler.dispatchMessage(Handler.java:106)
03-07 16:11:36.382 5747 5747 W System.err: at android.os.Looper.loopOnce(Looper.java:226)
03-07 16:11:36.382 5747 5747 W System.err: at android.os.Looper.loop(Looper.java:313)
03-07 16:11:36.382 5747 5747 W System.err: at android.app.ActivityThread.main(ActivityThread.java:8757)
03-07 16:11:36.382 5747 5747 W System.err: at java.lang.reflect.Method.invoke(Native Method)
03-07 16:11:36.382 5747 5747 W System.err: at com.android.internal.os.RuntimeInit$MethodAndArgsCaller.run(RuntimeInit.java:571)
03-07 16:11:36.382 5747 5747 W System.err: at com.android.internal.os.ZygoteInit.main(ZygoteInit.java:1067)
03-07 16:11:36.951 5747 5747 E CustomActivityOnCrash: IMPORTANT WARNING! You already have an UncaughtExceptionHandler, are you sure this is correct? If you use a custom UncaughtExceptionHandler, you must initialize it AFTER CustomActivityOnCrash! Installing anyway, but your original handler will not be called.
03-07 16:11:42.568 5988 5988 W libprocessgroup: Controller sfreezer is not found
03-07 16:11:42.570 5988 5988 W libprocessgroup: SetAttribute: unknown attribute: OlafState
03-07 16:11:42.570 5988 5988 W libprocessgroup: SetAttribute: unknown attribute: OlafState
03-07 16:11:42.785 5747 5747 W com.mbwhatsapp: Accessing hidden method Lcom/android/org/conscrypt/OpenSSLSocketImpl;->setUseSessionTickets(Z)V (max- target-q,core-platform-api, reflection, denied)
03-07 16:11:42.785 5747 5747 W com.mbwhatsapp: Accessing hidden method Lcom/android/org/conscrypt/AbstractConscryptSocket;->setUseSessionTickets(Z)V (max- target-q, reflection, denied)
03-07 16:11:46.868 5747 6124 W com.mbwhatsapp: Method void X.2rL.A03(java.lang.Integer) failed lock verification and will run slower.
03-07 16:11:46.868 5747 --------- beginning of main
03-07 17:08:49.129 32765 32765 E com.mbwhatsapp: Not starting debugger since process cannot load the jdwp agent.
03-07 17:08:50.310 32765 32765 W System.err: java.lang.ClassNotFoundException: mbmodsd.mbmodsw.ui.views.btn.BtnBK
03-07 17:08:50.315 32765 32765 W System.err: at java.lang.Runtime.nativeLoad(Native Method)
03-07 17:08:50.315 32765 32765 W System.err: at java.lang.Runtime.nativeLoad(Runtime.java:1121)
03-07 17:08:50.316 32765 32765 W System.err: at java.lang.Runtime.loadLibrary0(Runtime.java:1075)
03-07 17:08:50.316 32765 32765 W System.err: at java.lang.Runtime.loadLibrary0(Runtime.java:998)
03-07 17:08:50.316 32765 32765 W System.err: at java.lang.System.loadLibrary(System.java:1661)
03-07 17:08:50.316 32765 32765 W System.err: at arm.EpicVm.<clinit>(Unknown Source:2)
03-07 17:08:50.316 32765 32765 W System.err: at java.lang.Class.newInstance(Native Method)
03-07 17:08:50.316 32765 32765 W System.err: at android.app.AppComponentFactory.instantiateApplication(AppComponentFactory.java:76)
03-07 17:08:50.316 32765 32765 W System.err: at androidx.core.app.CoreComponentFactory.instantiateApplication(Unknown Source:0)
03-07 17:08:50.316 32765 32765 W System.err: at android.app.Instrumentation.newApplication(Instrumentation.java:1232)
03-07 17:08:50.316 32765 32765 W System.err: at android.app.LoadedApk.makeApplicationInner(LoadedApk.java:1565)
03-07 17:08:50.316 32765 32765 W System.err: at android.app.LoadedApk.makeApplicationInner(LoadedApk.java:1502)
03-07 17:08:50.316 32765 32765 W System.err: at android.app.ActivityThread.handleBindApplication(ActivityThread.java:7553)
03-07 17:08:50.316 32765 32765 W System.err: at android.app.ActivityThread.-$ $Nest$mhandleBindApplication(Unknown Source:0)
03-07 17:08:50.316 32765 32765 W System.err: at android.app.ActivityThread$H.handleMessage(ActivityThread.java:2400)
03-07 17:08:50.316 32765 32765 W System.err: at android.os.Handler.dispatchMessage(Handler.java:106)
03-07 17:08:50.316 32765 32765 W System.err: at android.os.Looper.loopOnce(Looper.java:226)
03-07 17:08:50.317 32765 32765 W System.err: at android.os.Looper.loop(Looper.java:313)
03-07 17:08:50.317 32765 32765 W System.err: at android.app.ActivityThread.main(ActivityThread.java:8757)
03-07 17:08:50.317 32765 32765 W System.err: at java.lang.reflect.Method.invoke(Native Method)
03-07 17:08:50.317 32765 32765 W System.err: at com.android.internal.os.RuntimeInit$MethodAndArgsCaller.run(RuntimeInit.java:571)
03-07 17:08:50.317 32765 32765 W System.err: at com.android.internal.os.ZygoteInit.main(ZygoteInit.java:1067)
03-07 17:08:50.827 32765 32765 E CustomActivityOnCrash: IMPORTANT WARNING! You already have an UncaughtExceptionHandler, are you sure this is correct? If you use a custom UncaughtExceptionHandler, you must initialize it AFTER CustomActivityOnCrash! Installing anyway, but your original handler will not be called.
03-07 17:08:54.593 1339 1339 W libprocessgroup: Controller sfreezer is not found
03-07 17:08:54.595 1339 1339 W libprocessgroup: SetAttribute: unknown attribute: OlafState
03-07 17:08:54.595 1339 1339 W libprocessgroup: SetAttribute: unknown attribute: OlafState
03-07 17:08:54.793 32765 32765 W com.mbwhatsapp: Accessing hidden method Lcom/android/org/conscrypt/OpenSSLSocketImpl;->setUseSessionTickets(Z)V (max- target-q,core-platform-api, reflection, denied)
03-07 17:08:54.794 32765 32765 W com.mbwhatsapp: Accessing hidden method Lcom/android/org/conscrypt/AbstractConscryptSocket;->setUseSessionTickets(Z)V (max- target-q, reflection, denied)
03-07 17:08:56.204 32765 1677 W com.mbwhatsapp: Method void X.2rL.A03(java.lang.Integer) failed lock verification and will run slower.
03-07 17:08:56.204 32765 1677 W com.mbwhatsapp: Common causes for lock verification issues are non-optimized dex code
03-07 17:08:56.204 32765 1677 W com.mbwhatsapp: and incorrect proguard optimizations.
03-07 17:08:59.238 32765 1748 W com.mbwhatsapp: Long monitor contention with owner MBWhatsApp Worker #3 (1746) at android.database.sqlite.SQLiteConnection android.dat--------- beginning of main
03-07 17:19:07.352 5960 5960 E com.mbwhatsapp: Not starting debugger since process cannot load the jdwp agent.
03-07 17:19:08.291 5960 5960 W System.err: java.lang.ClassNotFoundException: mbmodsd.mbmodsw.ui.views.btn.BtnBK
03-07 17:19:08.294 5960 5960 W System.err: at java.lang.Runtime.nativeLoad(Native Method)
03-07 17:19:08.294 5960 5960 W System.err: at java.lang.Runtime.nativeLoad(Runtime.java:1121)
03-07 17:19:08.294 5960 5960 W System.err: at java.lang.Runtime.loadLibrary0(Runtime.java:1075)
03-07 17:19:08.294 5960 5960 W System.err: at java.lang.Runtime.loadLibrary0(Runtime.java:998)
03-07 17:19:08.294 5960 5960 W System.err: at java.lang.System.loadLibrary(System.java:1661)
03-07 17:19:08.294 5960 5960 W System.err: at arm.EpicVm.<clinit>(Unknown Source:2)
03-07 17:19:08.294 5960 5960 W System.err: at java.lang.Class.newInstance(Native Method)
03-07 17:19:08.294 5960 5960 W System.err: at android.app.AppComponentFactory.instantiateApplication(AppComponentFactory.java:76)
03-07 17:19:08.294 5960 5960 W System.err: at androidx.core.app.CoreComponentFactory.instantiateApplication(Unknown Source:0)
03-07 17:19:08.294 5960 5960 W System.err: at android.app.Instrumentation.newApplication(Instrumentation.java:1232)
03-07 17:19:08.294 5960 5960 W System.err: at android.app.LoadedApk.makeApplicationInner(LoadedApk.java:1565)
03-07 17:19:08.294 5960 5960 W System.err: at android.app.LoadedApk.makeApplicationInner(LoadedApk.java:1502)
03-07 17:19:08.294 5960 5960 W System.err: at android.app.ActivityThread.handleBindApplication(ActivityThread.java:7553)
03-07 17:19:08.294 5960 5960 W System.err: at android.app.ActivityThread.-$ $Nest$mhandleBindApplication(Unknown Source:0)
03-07 17:19:08.294 5960 5960 W System.err: at android.app.ActivityThread$H.handleMessage(ActivityThread.java:2400)
03-07 17:19:08.294 5960 5960 W System.err: at android.os.Handler.dispatchMessage(Handler.java:106)
03-07 17:19:08.295 5960 5960 W System.err: at android.os.Looper.loopOnce(Looper.java:226)
03-07 17:19:08.295 5960 5960 W System.err: at android.os.Looper.loop(Looper.java:313)
03-07 17:19:08.295 5960 5960 W System.err: at android.app.ActivityThread.main(ActivityThread.java:8757)
03-07 17:19:08.295 5960 5960 W System.err: at java.lang.reflect.Method.invoke(Native Method)
03-07 17:19:08.295 5960 5960 W System.err: at com.android.internal.os.RuntimeInit$MethodAndArgsCaller.run(RuntimeInit.java:571)
03-07 17:19:08.295 5960 5960 W System.err: at com.android.internal.os.ZygoteInit.main(ZygoteInit.java:1067)
03-07 17:19:08.540 5960 5960 E CustomActivityOnCrash: IMPORTANT WARNING! You already have an UncaughtExceptionHandler, are you sure this is correct? If you use a custom UncaughtExceptionHandler, you must initialize it AFTER CustomActivityOnCrash! Installing anyway, but your original handler will not be called.
03-07 17:19:10.234 5960 5960 W com.mbwhatsapp: Accessing hidden method Lcom/android/org/conscrypt/OpenSSLSocketImpl;->setUseSessionTickets(Z)V (max- target-q,core-platform-api, reflection, denied)
03-07 17:19:10.234 5960 5960 W com.mbwhatsapp: Accessing hidden method Lcom/android/org/conscrypt/AbstractConscryptSocket;->setUseSessionTickets(Z)V (max- target-q, reflection, denied)
03-07 17:19:10.300 6166 6166 W libprocessgroup: Controller sfreezer is not found
03-07 17:19:10.301 6166 6166 W libprocessgroup: SetAttribute: unknown attribute: OlafState
03-07 17:19:10.301 6166 6166 W libprocessgroup: SetAttribute: unknown attribute: OlafState
03-07 17:19:10.641 5960 6208 W com.mbwhatsapp: Method void X.2rL.A03(java.lang.Integer) failed lock verification and will run slower.
03-07 17:19:10.641 5960 6208 W com.mbwhatsapp: Common causes for lock verification issues are non-optimized dex code
03-07 17:19:10.641 5960 6208 W com.mbwhatsapp: and incorrect proguard optimizations.
03-07 17:19:12.693 5960 6230 E ArmVmp : Match on catch block at 0x02 in for 0x21
03-07 17:19:12.701 5960 6230 W System.err: java.lang.NullPointerException 03-07 1--------- beginning of main
03-07 18:39:10.847 10027 10027 E com.mbwhatsapp: Not starting debugger since process cannot load the jdwp agent.
03-07 18:39:11.148 10027 10027 W System.err: java.lang.ClassNotFoundException: mbmodsd.mbmodsw.ui.views.btn.BtnBK
03-07 18:39:11.150 10027 10027 W System.err: at java.lang.Runtime.nativeLoad(Native Method)
03-07 18:39:11.150 10027 10027 W System.err: at java.lang.Runtime.nativeLoad(Runtime.java:1121)
03-07 18:39:11.150 10027 10027 W System.err: at java.lang.Runtime.loadLibrary0(Runtime.java:1075)
03-07 18:39:11.150 10027 10027 W System.err: at java.lang.Runtime.loadLibrary0(Runtime.java:998)
03-07 18:39:11.150 10027 10027 W System.err: at java.lang.System.loadLibrary(System.java:1661)
03-07 18:39:11.150 10027 10027 W System.err: at arm.EpicVm.<clinit>(Unknown Source:2)
03-07 18:39:11.150 10027 10027 W System.err: at java.lang.Class.newInstance(Native Method)
03-07 18:39:11.150 10027 10027 W System.err: at android.app.AppComponentFactory.instantiateApplication(AppComponentFactory.java:76)
03-07 18:39:11.150 10027 10027 W System.err: at androidx.core.app.CoreComponentFactory.instantiateApplication(Unknown Source:0)
03-07 18:39:11.150 10027 10027 W System.err: at android.app.Instrumentation.newApplication(Instrumentation.java:1232)
03-07 18:39:11.150 10027 10027 W System.err: at android.app.LoadedApk.makeApplicationInner(LoadedApk.java:1565)
03-07 18:39:11.150 10027 10027 W System.err: at android.app.LoadedApk.makeApplicationInner(LoadedApk.java:1502)
03-07 18:39:11.150 10027 10027 W System.err: at android.app.ActivityThread.handleBindApplication(ActivityThread.java:7553)
03-07 18:39:11.150 10027 10027 W System.err: at android.app.ActivityThread.-$ $Nest$mhandleBindApplication(Unknown Source:0)
03-07 18:39:11.150 10027 10027 W System.err: at android.app.ActivityThread$H.handleMessage(ActivityThread.java:2400)
03-07 18:39:11.150 10027 10027 W System.err: at android.os.Handler.dispatchMessage(Handler.java:106)
03-07 18:39:11.150 10027 10027 W System.err: at android.os.Looper.loopOnce(Looper.java:226)
03-07 18:39:11.150 10027 10027 W System.err: at android.os.Looper.loop(Looper.java:313)
03-07 18:39:11.150 10027 10027 W System.err: at android.app.ActivityThread.main(ActivityThread.java:8757)
03-07 18:39:11.150 10027 10027 W System.err: at java.lang.reflect.Method.invoke(Native Method)
03-07 18:39:11.150 10027 10027 W System.err: at com.android.internal.os.RuntimeInit$MethodAndArgsCaller.run(RuntimeInit.java:571)
03-07 18:39:11.150 10027 10027 W System.err: at com.android.internal.os.ZygoteInit.main(ZygoteInit.java:1067)
03-07 18:39:11.257 10027 10027 E CustomActivityOnCrash: IMPORTANT WARNING! You already have an UncaughtExceptionHandler, are you sure this is correct? If you use a custom UncaughtExceptionHandler, you must initialize it AFTER CustomActivityOnCrash! Installing anyway, but your original handler will not be called.
03-07 18:39:11.769 10027 10027 W com.mbwhatsapp: Accessing hidden method Lcom/android/org/conscrypt/OpenSSLSocketImpl;->setUseSessionTickets(Z)V (max- target-q,core-platform-api, reflection, denied)
03-07 18:39:11.769 10027 10027 W com.mbwhatsapp: Accessing hidden method Lcom/android/org/conscrypt/AbstractConscryptSocket;->setUseSessionTickets(Z)V (max- target-q, reflection, denied)
03-07 18:39:11.986 10067 10067 W libprocessgroup: Controller sfreezer is not found
03-07 18:39:11.988 10067 10067 W libprocessgroup: SetAttribute: unknown attribute: OlafState
03-07 18:39:11.988 10067 10067 W libprocessgroup: SetAttribute: unknown attribute: OlafState
03-07 18:39:12.011 10027 10082 W com.mbwhatsapp: Method void X.2rL.A03(java.lang.Integer) failed lock verification and will run slower.
03-07 18:39:12.011 10027 10082 W com.mbwhatsapp: Common causes for lock verification issues are non-optimized dex code
03-07 18:39:12.011 10027 10082 W com.mbwhatsapp: and incorrect proguard optimizations.
03-07 18:39:12.033 10027 10027 W com.mbwhatsapp: Method void X.0eU.A0h(X.0tK, boolean) failed lock verification and will run slower.
03-07 18:39:12.384 10027 10097 E QT : [QT]file does not exist
03-07 18:39:12.397 10027 10027 W com.mbwhatsapp: Method void com.mbwhatsapp.HomeActivity.A6e() failed lock verification and will run slower.
03-07 18:39:13.023 10027 10027 E ArmVmp : Match on catch block at 0x0a in for 0x199
03-07 18:39:13.075 10027 10027 E ArmVmp : Match on catch block at 0x0a in for 0x279
03-07 18:39:13.245 10027 10105 W com.mbwhatsapp: Accessing hidden method Lcom/android/org/conscrypt/ConscryptEngineSocket;->setUseSessionTickets(Z)V (max- target-q,core-platform-api, reflection, denied)
03-07 18:39:13.245 10027 10105 W com.mbwhatsapp: Accessing hidden method Lcom/android/org/conscrypt/OpenSSLSocketImpl;->setUseSessionTickets(Z)V (max- target-q,core-platform-api, reflection, denied)
03-07 18:39:13.245 10027 10105 W com.mbwhatsapp: Accessing hidden method Lcom/android/org/conscrypt/AbstractConscryptSocket;->setUseSessionTickets(Z)V (max- target-q, reflection, denied)
03-07 18:39:13.245 10027 10105 W com.mbwhatsapp: Accessing hidden method Lcom/android/org/conscrypt/ConscryptEngineSocket;->setHostname(Ljava/lang/String;)V (max-target-q,core-platform-api, reflection, denied)
03-07 18:39:13.245 10027 10105 W com.mbwhatsapp: Accessing hidden method Lcom/android/org/conscrypt/OpenSSLSocketImpl;->setHostname(Ljava/lang/String;)V (max-target-q,core-platform-api, reflection, denied)
03-07 18:39:13.245 10027 10105 W com.mbwhatsapp: Accessing hidden method Lcom/android/org/conscrypt/AbstractConscryptSocket;->setHostname(Ljava/lang/ String;)V (max-target-q, reflection, denied)
03-07 18:39:13.246 10027 10105 W com.mbwhatsapp: Accessing hidden method Lcom/android/org/conscrypt/OpenSSLSocketImpl;->setAlpnProtocols([B)V (max-target- q,core-platform-api, reflection, denied)
03-07 18:39:13.246 10027 10105 W com.mbwhatsapp: Accessing hidden method Lcom/android/org/conscrypt/AbstractConscryptSocket;->setAlpnProtocols([B)V (max- target-q, reflection, denied)
03-07 18:39:13.350 10027 10027 W Activity: Can request only one set of permissions at a time
03-07 18:39:13.452 10027 10105 W com.mbwhatsapp: Accessing hidden method Lcom/android/org/conscrypt/OpenSSLSocketImpl;->getAlpnSelectedProtocol()[B (max- target-q,core-platform-api, reflection, denied)
03-07 18:39:13.452 10027 10105 W com.mbwhatsapp: Accessing hidden method Lcom/android/org/conscrypt/AbstractConscryptSocket;->getAlpnSelectedProtocol()[B (max-target-q, reflection, denied)
03-07 18:39:13.670 10027 10027 E ArmVmp : Match on catch block at 0x0a in for 0x1b9
03-07 18:39:14.408 10027 10027 E FBI : Can't load library: dlopen failed: library "libmagtsync.so" not found
03-07 18:39:14.428 10027 10184 E ion : ioctl c0044901 failed with code -1: Invalid argument
03-07 18:39:14.793 10027 10097 E IMGMapper: set:488 set: Unset optional value from type SMPTE2086
03-07 18:39:14.793 10027 10097 E IMGMapper: set:488 set: Unset optional value from type CTA861_3
03-07 18:39:14.802 10027 10097 W Parcel : Expecting binder but got null!
03-07 18:39:14.936 10027 10097 E IMGMapper: set:488 set: Unset optional value from type SMPTE2086
03-07 18:39:14.936 10027 10097 E IMGMapper: set:488 set: Unset optional value from type CTA861_3
03-07 18:39:14.994 10027 10097 E IMGMapper: set:488 set: Unset optional value from type SMPTE2086
03-07 18:39:14.994 10027 10097 E IMGMapper: set:488 set: Unset optional value from type CTA861_3
03-07 18:39:15.061 10027 10199 W LOTTIE : Animation contains merge paths. Merge paths are only supported on KitKat+ and must be manually enabled by calling enableMergePathsForKitKatAndAbove().
03-07 18:39:15.312 10027 10097 E IMGMapper: set:488 set: Unset optional value from type SMPTE2086
03-07 18:39:15.312 10027 10097 E IMGMapper: set:488 set: Unset optional value from type CTA861_3
03-07 18:39:15.335 10027 10097 E IMGMapper: set:488 set: Unset optional value from type SMPTE2086
03-07 18:39:15.336 10027 10097 E IMGMapper: set:488 set: Unset optional value from type CTA861_3
03-07 18:39:15.363 10027 10027 W LOTTIE : Animation contains merge paths but they are disabled.
03-07 18:39:15.517 10027 10097 E IMGMapper: set:488 set: Unset optional value from type SMPTE2086
03-07 18:39:15.517 10027 10097 E IMGMapper: set:488 set: Unset optional value from type CTA861_3
03-07 18:39:15.568 10027 10097 E IMGMapper: set:488 set: Unset optional value from type SMPTE2086
03-07 18:39:15.568 10027 10097 E IMGMapper: set:488 set: Unset optional value from type CTA861_3
03-07 18:39:15.609 10027 10097 E IMGMapper: set:488 set: Unset optional value from type SMPTE2086
03-07 18:39:15.609 10027 10097 E IMGMapper: set:488 set: Unset optional value from type CTA861_3
03-07 18:39:15.644 10027 10097 E IMGMapper: set:488 set: Unset optional value from type SMPTE2086
03-07 18:39:15.644 10027 10097 E IMGMapper: set:488 set: Unset optional value from type CTA861_3
03-07 18:39:15.703 10027 10054 W LibraryVersion: Failed to get app version for libraryName: firebase-iid
03-07 18:39:15.744 10027 10097 E IMGMapper: set:488 set: Unset optional value from type SMPTE2086
03-07 18:39:15.744 10027 10097 E IMGMapper: set:488 set: Unset optional value from type CTA861_3
03-07 18:39:15.792 10027 10097 E IMGMapper: set:488 set: Unset optional value from type SMPTE2086
03-07 18:39:15.792 10027 10097 E IMGMapper: set:488 set: Unset optional value from type CTA861_3
03-07 18:39:15.887 10027 10097 E IMGMapper: set:488 set: Unset optional value from type SMPTE2086
03-07 18:39:15.888 10027 10097 E IMGMapper: set:488 set: Unset optional value from type CTA861_3
03-07 18:39:15.905 10027 10097 E IMGMapper: set:488 set: Unset optional value from type SMPTE2086
03-07 18:39:15.905 10027 10097 E IMGMapper: set:488 set: Unset optional value from type CTA861_3
03-07 18:39:16.587 10027 10079 E SQLiteDatabase: Error inserting transferred=1 media_job_uuid=6cd24ad6-6f1e-43c8-931f-ef3f0fece2f1 transcoded=0 gif_attribution=0 first_scan_length=4267 direct_path=/o1/v/t62.7118-24/f1/m231/up-oil-image-359dc53d- 4fab-4317-b1f1-72c40a019b85?ccb=9- 4&oh=01_AdR45Vd9Njj2tFo2Tg2Zk4PGeblQptYdOEFaCmhOp0uE5w&oe=66102068&_nc_sid=000000&_ nc_hot=1709825421 thumbnail_height_width_ratio=1.7560976 is_animated_sticker=0 file_hash=BJRbEjbrEyo6HckAbsJpd4F0LIJ+mYqG+15Doa7Yuzo= file_path=Media/.Statuses/e84cda18d73d4977be433d77b09532f4.jpg file_size=26182 partial_media_hash=LfYuMVyJMn2xdekqkjglKCtfFlpv2Aue0LGT7ZpLS3w= face_x=0 face_y=0 height=1080 trim_to=0 media_key_timestamp=1709666365000 message_url=https://mmg.whatsapp.net/o1/v/t62.7118-24/f1/m231/up-oil-image- 359dc53d-4fab-4317-b1f1-72c40a019b85?ccb=9- 4&oh=01_AdR45Vd9Njj2tFo2Tg2Zk4PGeblQptYdOEFaCmhOp0uE5w&oe=66102068&_nc_sid=000000&m ms3=true media_caption=null trim_from=0 mime_type=image/jpeg partial_media_enc_hash=null width=616 original_file_hash=null has_streaming_sidecar=1 autotransfer_retry_enabled=1 media_upload_handle=null message_row_id=102 multicast_id=null enc_file_hash=tn8H3kQK6m9FeheQKIeN0IZi09+29UPbUzI3cfXet9M= mute_video=0 page_count=0 first_scan_sidecar=[B@3ad6b4c suspicious_content=0 file_length=26182 media_name=null media_duration=0 chat_row_id=84 media_key=[B@500795
03-07 18:39:16.587 10027 10079 E SQLiteDatabase: android.database.sqlite.SQLiteConstraintException: UNIQUE constraint failed: message_media.message_row_id (code 1555 SQLITE_CONSTRAINT_PRIMARYKEY[1555])
03-07 18:39:16.587 10027 10079 E SQLiteDatabase: at android.database.sqlite.SQLiteConnection.nativeExecuteForLastInsertedRowId(Native Method)
03-07 18:39:16.587 10027 10079 E SQLiteDatabase: at android.database.sqlite.SQLiteConnection.executeForLastInsertedRowId(SQLiteConnecti on.java:1275)
03-07 18:39:16.587 10027 10079 E SQLiteDatabase: at android.database.sqlite.SQLiteSession.executeForLastInsertedRowId(SQLiteSession.jav a:790)
03-07 18:39:16.587 10027 10079 E SQLiteDatabase: at android.database.sqlite.SQLiteStatement.executeInsert(SQLiteStatement.java:89)
03-07 18:39:16.587 10027 10079 E SQLiteDatabase: at android.database.sqlite.SQLiteDatabase.insertWithOnConflict(SQLiteDatabase.java:241 0)
03-07 18:39:16.587 10027 10079 E SQLiteDatabase: at android.database.sqlite.SQLiteDatabase.insert(SQLiteDatabase.java:2279)
03-07 18:39:16.587 10027 10079 E SQLiteDatabase: at X.2tm.A08(Unknown Source:6)
03-07 18:39:16.587 10027 10079 E SQLiteDatabase: at X.35Y.A07(Unknown Source:212)
03-07 18:39:16.587 10027 10079 E SQLiteDatabase: at X.3QF.A14(Unknown Source:470)
03-07 18:39:16.587 10027 10079 E SQLiteDatabase: at X.3gU.run(Unknown Source:982)
03-07 18:39:16.587 10027 10079 E SQLiteDatabase: at android.os.Handler.handleCallback(Handler.java:942)
03-07 18:39:16.587 10027 10079 E SQLiteDatabase: at android.os.Handler.dispatchMessage(Handler.java:99)
03-07 18:39:16.587 10027 10079 E SQLiteDatabase: at X.0zq.dispatchMessage(Unknown Source:4)
03-07 18:39:16.587 10027 10079 E SQLiteDatabase: at android.os.Looper.loopOnce(Looper.java:226)
03-07 18:39:16.587 10027 10079 E SQLiteDatabase: at android.os.Looper.loop(Looper.java:313)
03-07 18:39:16.587 10027 10079 E SQLiteDatabase: at android.os.HandlerThread.run(HandlerThread.java:67)
03-07 18:39:16.650 10027 10097 E IMGMapper: set:488 set: Unset optional value from type SMPTE2086
03-07 18:39:16.651 10027 10097 E IMGMapper: set:488 set: Unset optional value from type CTA861_3
03-07 18:39:16.696 10027 10097 E IMGMapper: set:488 set: Unset optional value from type SMPTE2086
03-07 18:39:16.696 10027 10097 E IMGMapper: set:488 set: Unset optional value from type CTA861_3
03-07 18:39:16.706 10027 10097 E IMGMapper: set:488 set: Unset optional value from type SMPTE2086
03-07 18:39:16.706 10027 10097 E IMGMapper: set:488 set: Unset optional value from type CTA861_3
03-07 18:39:16.729 10027 10097 E IMGMapper: set:488 set: Unset optional value from type SMPTE2086
03-07 18:39:16.729 10027 10097 E IMGMapper: set:488 set: Unset optional value from type CTA861_3
03-07 18:39:16.738 10027 10097 E IMGMapper: set:488 set: Unset optional value from type SMPTE2086
03-07 18:39:16.739 10027 10097 E IMGMapper: set:488 set: Unset optional value from type CTA861_3
03-07 18:39:16.769 10027 10097 E IMGMapper: set:488 set: Unset optional value from type SMPTE2086
03-07 18:39:16.769 10027 10097 E IMGMapper: set:488 set: Unset optional value from type CTA861_3
03-07 18:39:16.787 10027 10097 E IMGMapper: set:488 set: Unset optional value from type SMPTE2086
03-07 18:39:16.788 10027 10097 E IMGMapper: set:488 set: Unset optional value from type CTA861_3
03-07 18:39:16.795 10027 10097 E IMGMapper: set:488 set: Unset optional value from type SMPTE2086
03-07 18:39:16.796 10027 10097 E IMGMapper: set:488 set: Unset optional value from type CTA861_3
03-07 18:39:16.808 10027 10097 E IMGMapper: set:488 set: Unset optional value from type SMPTE2086
03-07 18:39:16.808 10027 10097 E IMGMapper: set:488 set: Unset optional value from type CTA861_3
03-07 18:39:16.823 10027 10097 E IMGMapper: set:488 set: Unset optional value from type SMPTE2086
03-07 18:39:16.823 10027 10097 E IMGMapper: set:488 set: Unset optional value from type CTA861_3
03-07 18:39:16.840 10027 10097 E IMGMapper: set:488 set: Unset optional value from type SMPTE2086
03-07 18:39:16.840 10027 10097 E IMGMapper: set:488 set: Unset optional value from type CTA861_3
03-07 18:39:16.857 10027 10097 E IMGMapper: set:488 set: Unset optional value from type SMPTE2086
03-07 18:39:16.857 10027 10097 E IMGMapper: set:488 set: Unset optional value from type CTA861_3
03-07 18:39:16.876 10027 10097 E IMGMapper: set:488 set: Unset optional value from type SMPTE2086
03-07 18:39:16.876 10027 10097 E IMGMapper: set:488 set: Unset optional value from type CTA861_3
03-07 18:39:16.891 10027 10097 E IMGMapper: set:488 set: Unset optional value from type SMPTE2086
03-07 18:39:16.892 10027 10097 E IMGMapper: set:488 set: Unset optional value from type CTA861_3
03-07 18:39:16.907 10027 10097 E IMGMapper: set:488 set: Unset optional value from type SMPTE2086
03-07 18:39:16.908 10027 10097 E IMGMapper: set:488 set: Unset optional value from type CTA861_3
03-07 18:39:16.925 10027 10097 E IMGMapper: set:488 set: Unset optional value from type SMPTE2086
03-07 18:39:16.925 10027 10097 E IMGMapper: set:488 set: Unset optional value from type CTA861_3
03-07 18:39:16.941 10027 10097 E IMGMapper: set:488 set: Unset optional value from type SMPTE2086
03-07 18:39:16.941 10027 10097 E IMGMapper: set:488 set: Unset optional value from type CTA861_3
03-07 18:39:16.960 10027 10097 E IMGMapper: set:488 set: Unset optional value from type SMPTE2086
03-07 18:39:16.960 10027 10097 E IMGMapper: set:488 set: Unset optional value from type CTA861_3
03-07 18:39:16.975 10027 10097 E IMGMapper: set:488 set: Unset optional value from type SMPTE2086
03-07 18:39:16.976 10027 10097 E IMGMapper: set:488 set: Unset optional value from type CTA861_3
03-07 18:39:16.994 10027 10097 E IMGMapper: set:488 set: Unset optional value from type SMPTE2086
03-07 18:39:16.994 10027 10097 E IMGMapper: set:488 set: Unset optional value from type CTA861_3
03-07 18:39:17.009 10027 10097 E IMGMapper: set:488 set: Unset optional value from type SMPTE2086
03-07 18:39:17.009 10027 10097 E IMGMapper: set:488 set: Unset optional value from type CTA861_3
03-07 18:39:18.803 10027 10097 E IMGMapper: set:488 set: Unset optional value from type SMPTE2086
03-07 18:39:18.803 10027 10097 E IMGMapper: set:488 set: Unset optional value from type CTA861_3
03-07 18:39:18.947 10027 10097 E IMGMapper: set:488 set: Unset optional value from type SMPTE2086
03-07 18:39:18.947 10027 10097 E IMGMapper: set:488 set: Unset optional value from type CTA861_3
03-07 18:39:18.971 10027 10097 E IMGMapper: set:488 set: Unset optional value from type SMPTE2086
03-07 18:39:18.971 10027 10097 E IMGMapper: set:488 set: Unset optional value from type CTA861_3
03-07 18:39:18.982 10027 10097 E IMGMapper: set:488 set: Unset optional value from type SMPTE2086
03-07 18:39:18.982 10027 10097 E IMGMapper: set:488 set: Unset optional value from type CTA861_3
03-07 18:39:18.998 10027 10097 E IMGMapper: set:488 set: Unset optional value from type SMPTE2086
03-07 18:39:18.998 10027 10097 E IMGMapper: set:488 set: Unset optional value from type CTA861_3
03-07 18:39:19.017 10027 10097 E IMGMapper: set:488 set: Unset optional value from type SMPTE2086
03-07 18:39:19.017 10027 10097 E IMGMapper: set:488 set: Unset optional value from type CTA861_3
03-07 18:39:19.033 10027 10097 E IMGMapper: set:488 set: Unset optional value from type SMPTE2086
03-07 18:39:19.033 10027 10097 E IMGMapper: set:488 set: Unset optional value from type CTA861_3
03-07 18:39:19.050 10027 10097 E IMGMapper: set:488 set: Unset optional value from type SMPTE2086
03-07 18:39:19.050 10027 10097 E IMGMapper: set:488 set: Unset optional value from type CTA861_3
03-07 18:39:19.067 10027 10097 E IMGMapper: set:488 set: Unset optional value from type SMPTE2086
03-07 18:39:19.067 10027 10097 E IMGMapper: set:488 set: Unset optional value from type CTA861_3
03-07 18:39:19.083 10027 10097 E IMGMapper: set:488 set: Unset optional value from type SMPTE2086
03-07 18:39:19.084 10027 10097 E IMGMapper: set:488 set: Unset optional value from type CTA861_3
03-07 18:39:19.100 10027 10097 E IMGMapper: set:488 set: Unset optional value from type SMPTE2086
03-07 18:39:19.100 10027 10097 E IMGMapper: set:488 set: Unset optional value from type CTA861_3
03-07 18:39:19.117 10027 10097 E IMGMapper: set:488 set: Unset optional value from type SMPTE2086
03-07 18:39:19.117 10027 10097 E IMGMapper: set:488 set: Unset optional value from type CTA861_3
03-07 18:39:19.133 10027 10097 E IMGMapper: set:488 set: Unset optional value from type SMPTE2086
03-07 18:39:19.133 10027 10097 E IMGMapper: set:488 set: Unset optional value from type CTA861_3
03-07 18:39:19.150 10027 10097 E IMGMapper: set:488 set: Unset optional value from type SMPTE2086
03-07 18:39:19.150 10027 10097 E IMGMapper: set:488 set: Unset optional value from type CTA861_3
03-07 18:39:19.167 10027 10097 E IMGMapper: set:488 set: Unset optional value from type SMPTE2086
03-07 18:39:19.167 10027 10097 E IMGMapper: set:488 set: Unset optional value from type CTA861_3
03-07 18:39:19.184 10027 10097 E IMGMapper: set:488 set: Unset optional value from type SMPTE2086
03-07 18:39:19.184 10027 10097 E IMGMapper: set:488 set: Unset optional value from type CTA861_3
03-07 18:39:19.524 10027 10027 E ArmVmp : Match on catch block at 0x0a in for 0x195
03-07 18:39:19.535 10027 10027 E ArmVmp : Match on catch block at 0x0a in for 0x191
03-07 18:39:19.925 10027 10037 W com.mbwhatsapp: Cleared Reference was only reachable from finalizer (only reported once)
03-07 18:39:20.144 10027 10027 E ArmVmp : Match on catch block at 0xc3 in for 0x169
03-07 18:39:20.154 10027 10027 E ArmVmp : Match on catch block at 0xc3 in for 0x169
03-07 18:39:20.214 10027 10097 E IMGMapper: set:488 set: Unset optional value from type SMPTE2086
03-07 18:39:20.215 10027 10097 E IMGMapper: set:488 set: Unset optional value from type CTA861_3
03-07 18:39:20.218 10027 10097 W Parcel : Expecting binder but got null!
03-07 18:39:20.229 10027 10097 E IMGMapper: set:488 set: Unset optional value from type SMPTE2086
03-07 18:39:20.229 10027 10097 E IMGMapper: set:488 set: Unset optional value from type CTA861_3
03-07 18:39:20.257 10027 10097 E IMGMapper: set:488 set: Unset optional value from type SMPTE2086
03-07 18:39:20.257 10027 10097 E IMGMapper: set:488 set: Unset optional value from type CTA861_3
03-07 18:39:20.307 10027 10027 E ArmVmp : Match on catch block at 0xc3 in for 0x149
03-07 18:39:20.311 10027 10027 E ArmVmp : Match on catch block at 0xc3 in for 0x149
03-07 18:39:20.335 10027 10097 E IMGMapper: set:488 set: Unset optional value from type SMPTE2086
03-07 18:39:20.335 10027 10097 E IMGMapper: set:488 set: Unset optional value from type CTA861_3
03-07 18:39:20.375 10027 10027 E ArmVmp : Match on catch block at 0xc3 in for 0x145
03-07 18:39:20.380 10027 10027 E ArmVmp : Match on catch block at 0xc3 in for 0x141
03-07 18:39:20.398 10027 10097 E IMGMapper: set:488 set: Unset optional value from type SMPTE2086
03-07 18:39:20.398 10027 10097 E IMGMapper: set:488 set: Unset optional value from type CTA861_3
03-07 18:39:20.407 10027 10097 E IMGMapper: set:488 set: Unset optional value from type SMPTE2086
03-07 18:39:20.407 10027 10097 E IMGMapper: set:488 set: Unset optional value from type CTA861_3
03-07 18:39:20.432 10027 10027 E ArmVmp : Match on catch block at 0xc3 in for 0x159
03-07 18:39:20.436 10027 10027 E ArmVmp : Match on catch block at 0xc3 in for 0x155
03-07 18:39:20.450 10027 10097 E IMGMapper: set:488 set: Unset optional value from type SMPTE2086
03-07 18:39:20.450 10027 10097 E IMGMapper: set:488 set: Unset optional value from type CTA861_3
03-07 18:39:20.499 10027 10027 E ArmVmp : Match on catch block at 0xc3 in for 0x141
03-07 18:39:20.504 10027 10027 E ArmVmp : Match on catch block at 0xc3 in for 0x159
03-07 18:39:20.520 10027 10097 E IMGMapper: set:488 set: Unset optional value from type SMPTE2086
03-07 18:39:20.520 10027 10097 E IMGMapper: set:488 set: Unset optional value from type CTA861_3
03-07 18:39:20.566 10027 10027 E ArmVmp : Match on catch block at 0xc3 in for 0x145
03-07 18:39:20.574 10027 10027 E ArmVmp : Match on catch block at 0xc3 in for 0x141
03-07 18:39:20.591 10027 10097 E IMGMapper: set:488 set: Unset optional value from type SMPTE2086
03-07 18:39:20.591 10027 10097 E IMGMapper: set:488 set: Unset optional value from type CTA861_3
03-07 18:39:20.633 10027 10027 E ArmVmp : Match on catch block at 0xc3 in for 0x149
03-07 18:39:20.640 10027 10027 E ArmVmp : Match on catch block at 0xc3 in for 0x145
03-07 18:39:20.652 10027 10097 E IMGMapper: set:488 set: Unset optional value from type SMPTE2086
03-07 18:39:20.652 10027 10097 E IMGMapper: set:488 set: Unset optional value from type CTA861_3
03-07 18:39:20.718 10027 10027 E ArmVmp : Match on catch block at 0xc3 in for 0x141
03-07 18:39:20.723 10027 10027 E ArmVmp : Match on catch block at 0xc3 in for 0x159
03-07 18:39:20.733 10027 10097 E IMGMapper: set:488 set: Unset optional value from type SMPTE2086
03-07 18:39:20.734 10027 10097 E IMGMapper: set:488 set: Unset optional value from type CTA861_3
03-07 18:39:20.802 10027 10027 E ArmVmp : Match on catch block at 0xc3 in for 0x145
03-07 18:39:20.810 10027 10027 E ArmVmp : Match on catch block at 0xc3 in for 0x141
03-07 18:39:20.825 10027 10097 E IMGMapper: set:488 set: Unset optional value from type SMPTE2086
03-07 18:39:20.825 10027 10097 E IMGMapper: set:488 set: Unset optional value from type CTA861_3
03-07 18:39:20.854 10027 10027 E ArmVmp : Match on catch block at 0xc3 in for 0x149
03-07 18:39:20.862 10027 10027 E ArmVmp : Match on catch block at 0xc3 in for 0x145
03-07 18:39:20.881 10027 10097 E IMGMapper: set:488 set: Unset optional value from type SMPTE2086
03-07 18:39:20.881 10027 10097 E IMGMapper: set:488 set: Unset optional value from type CTA861_3
03-07 18:39:20.920 10027 10027 E ArmVmp : Match on catch block at 0xc3 in for 0x14d
03-07 18:39:20.929 10027 10027 E ArmVmp : Match on catch block at 0xc3 in for 0x149
03-07 18:39:20.955 10027 10097 E IMGMapper: set:488 set: Unset optional value from type SMPTE2086
03-07 18:39:20.955 10027 10097 E IMGMapper: set:488 set: Unset optional value from type CTA861_3
03-07 18:39:20.987 10027 10027 E ArmVmp : Match on catch block at 0xc3 in for 0x151
03-07 18:39:20.994 10027 10027 E ArmVmp : Match on catch block at 0xc3 in for 0x14d
03-07 18:39:21.018 10027 10097 E IMGMapper: set:488 set: Unset optional value from type SMPTE2086
03-07 18:39:21.018 10027 10097 E IMGMapper: set:488 set: Unset optional value from type CTA861_3
03-07 18:39:21.055 10027 10027 E ArmVmp : Match on catch block at 0xc3 in for 0x155
03-07 18:39:21.067 10027 10027 E ArmVmp : Match on catch block at 0xc3 in for 0x151
03-07 18:39:21.088 10027 10097 E IMGMapper: set:488 set: Unset optional value from type SMPTE2086
03-07 18:39:21.088 10027 10097 E IMGMapper: set:488 set: Unset optional value from type CTA861_3
03-07 18:39:21.122 10027 10027 E ArmVmp : Match on catch block at 0xc3 in for 0x159
03-07 18:39:21.132 10027 10027 E ArmVmp : Match on catch block at 0xc3 in for 0x155
03-07 18:39:21.151 10027 10097 E IMGMapper: set:488 set: Unset optional value from type SMPTE2086
03-07 18:39:21.151 10027 10097 E IMGMapper: set:488 set: Unset optional value from type CTA861_3
03-07 18:39:21.188 10027 10027 E ArmVmp : Match on catch block at 0xc3 in for 0x141
03-07 18:39:21.197 10027 10027 E ArmVmp : Match on catch block at 0xc3 in for 0x159
03-07 18:39:21.214 10027 10097 E IMGMapper: set:488 set: Unset optional value from type SMPTE2086
03-07 18:39:21.214 10027 10097 E IMGMapper: set:488 set: Unset optional value from type CTA861_3
03-07 18:39:21.256 10027 10027 E ArmVmp : Match on catch block at 0xc3 in for 0x145
03-07 18:39:21.266 10027 10027 E ArmVmp : Match on catch block at 0xc3 in for 0x141
03-07 18:39:21.284 10027 10097 E IMGMapper: set:488 set: Unset optional value from type SMPTE2086
03-07 18:39:21.284 10027 10097 E IMGMapper: set:488 set: Unset optional value from type CTA861_3
03-07 18:39:21.323 10027 10027 E ArmVmp : Match on catch block at 0xc3 in for 0x149
03-07 18:39:21.336 10027 10027 E ArmVmp : Match on catch block at 0xc3 in for 0x145
03-07 18:39:21.354 10027 10097 E IMGMapper: set:488 set: Unset optional value from type SMPTE2086
03-07 18:39:21.354 10027 10097 E IMGMapper: set:488 set: Unset optional value from type CTA861_3
03-07 18:39:21.423 10027 10027 E ArmVmp : Match on catch block at 0xc3 in for 0x14d
03-07 18:39:21.436 10027 10027 E ArmVmp : Match on catch block at 0xc3 in for 0x149
03-07 18:39:21.464 10027 10097 E IMGMapper: set:488 set: Unset optional value from type SMPTE2086
03-07 18:39:21.464 10027 10097 E IMGMapper: set:488 set: Unset optional value from type CTA861_3
03-07 18:39:21.927 10027 10027 E ArmVmp : Match on catch block at 0xc3 in for 0x151
03-07 18:39:21.940 10027 10027 E ArmVmp : Match on catch block at 0xc3 in for 0x14d
03-07 18:39:21.964 10027 10097 E IMGMapper: set:488 set: Unset optional value from type SMPTE2086
03-07 18:39:21.964 10027 10097 E IMGMapper: set:488 set: Unset optional value from type CTA861_3
03-07 18:39:22.424 10027 10027 E ArmVmp : Match on catch block at 0xc3 in for 0x159
03-07 18:39:22.427 10027 10027 E ArmVmp : Match on catch block at 0xc3 in for 0x155
03-07 18:39:22.433 10027 10097 E IMGMapper: set:488 set: Unset optional value from type SMPTE2086
03-07 18:39:22.434 10027 10097 E IMGMapper: set:488 set: Unset optional value from type CTA861_3
03-07 18:39:22.505 10027 10027 E ArmVmp : Match on catch block at 0xc3 in for 0x149
03-07 18:39:22.509 10027 10027 E ArmVmp : Match on catch block at 0xc3 in for 0x145
03-07 18:39:22.522 10027 10097 E IMGMapper: set:488 set: Unset optional value from type SMPTE2086
03-07 18:39:22.522 10027 10097 E IMGMapper: set:488 set: Unset optional value from type CTA861_3
03-07 18:39:22.528 10027 10027 E ArmVmp : Match on catch block at 0xc3 in for 0x14d
03-07 18:39:22.532 10027 10027 E ArmVmp : Match on catch block at 0xc3 in for 0x149
03-07 18:39:22.551 10027 10027 W OnBackInvokedCallback: OnBackInvokedCallback is not enabled for the application.
03-07 18:39:22.551 10027 10027 W OnBackInvokedCallback: Set 'android:enableOnBackInvokedCallback="true"' in the application manifest.
03-07 18:39:22.644 10027 10027 E ArmVmp : Match on catch block at 0xc3 in for 0x159
03-07 18:39:22.649 10027 10027 E ArmVmp : Match on catch block at 0xc3 in for 0x155
03-07 18:39:22.660 10027 10027 E ArmVmp : Match on catch block at 0xc3 in for 0x141
03-07 18:39:22.662 10027 10097 E IMGMapper: set:488 set: Unset optional value from type SMPTE2086
03-07 18:39:22.662 10027 10097 E IMGMapper: set:488 set: Unset optional value from type CTA861_3
03-07 18:39:22.665 10027 10027 E ArmVmp : Match on catch block at 0xc3 in for 0x159
03-07 18:39:22.674 10027 10097 E IMGMapper: set:488 set: Unset optional value from type SMPTE2086
03-07 18:39:22.675 10027 10097 E IMGMapper: set:488 set: Unset optional value from type CTA861_3
03-07 18:39:22.825 10027 10027 E ArmVmp : Match on catch block at 0xc3 in for 0x145
03-07 18:39:22.830 10027 10027 E ArmVmp : Match on catch block at 0xc3 in for 0x141
03-07 18:39:22.840 10027 10097 E IMGMapper: set:488 set: Unset optional value from type SMPTE2086
03-07 18:39:22.841 10027 10097 E IMGMapper: set:488 set: Unset optional value from type CTA861_3
03-07 18:39:22.926 10027 10027 E ArmVmp : Match on catch block at 0xc3 in for 0x149
03-07 18:39:22.930 10027 10027 E ArmVmp : Match on catch block at 0xc3 in for 0x145
03-07 18:39:22.942 10027 10097 E IMGMapper: set:488 set: Unset optional value from type SMPTE2086
03-07 18:39:22.942 10027 10097 E IMGMapper: set:488 set: Unset optional value from type CTA861_3
03-07 18:39:23.431 10027 10027 E ArmVmp : Match on catch block at 0xc3 in for 0x14d
03-07 18:39:23.445 10027 10027 E ArmVmp : Match on catch block at 0xc3 in for 0x149
03-07 18:39:23.468 10027 10097 E IMGMapper: set:488 set: Unset optional value from type SMPTE2086
03-07 18:39:23.468 10027 10097 E IMGMapper: set:488 set: Unset optional value from type CTA861_3
03-07 18:39:23.934 10027 10027 E ArmVmp : Match on catch block at 0xc3 in for 0x151
03-07 18:39:23.946 10027 10027 E ArmVmp : Match on catch block at 0xc3 in for 0x14d
03-07 18:39:23.960 10027 10097 E IMGMapper: set:488 set: Unset optional value from type SMPTE2086
03-07 18:39:23.960 10027 10097 E IMGMapper: set:488 set: Unset optional value from type CTA861_3
03-07 18:39:24.436 10027 10027 E ArmVmp : Match on catch block at 0xc3 in for 0x155
03-07 18:39:24.448 10027 10027 E ArmVmp : Match on catch block at 0xc3 in for 0x151
03-07 18:39:24.461 10027 10097 E IMGMapper: set:488 set: Unset optional value from type SMPTE2086
03-07 18:39:24.461 10027 10097 E IMGMapper: set:488 set: Unset optional value from type CTA861_3
03-07 18:39:24.937 10027 10027 E ArmVmp : Match on catch block at 0xc3 in for 0x159
03-07 18:39:24.946 10027 10027 E ArmVmp : Match on catch block at 0xc3 in for 0x155
03-07 18:39:24.962 10027 10097 E IMGMapper: set:488 set: Unset optional value from type SMPTE2086
03-07 18:39:24.962 10027 10097 E IMGMapper: set:488 set: Unset optional value from type CTA861_3
03-07 18:39:25.441 10027 10027 E ArmVmp : Match on catch block at 0xc3 in for 0x141
03-07 18:39:25.455 10027 10027 E ArmVmp : Match on catch block at 0xc3 in for 0x159
03-07 18:39:25.473 10027 10097 E IMGMapper: set:488 set: Unset optional value from type SMPTE2086
03-07 18:39:25.473 10027 10097 E IMGMapper: set:488 set: Unset optional value from type CTA861_3
03-07 18:39:25.942 10027 10027 E ArmVmp : Match on catch block at 0xc3 in for 0x145
03-07 18:39:25.957 10027 10027 E ArmVmp : Match on catch block at 0xc3 in for 0x141
03-07 18:39:25.974 10027 10097 E IMGMapper: set:488 set: Unset optional value from type SMPTE2086
03-07 18:39:25.974 10027 10097 E IMGMapper: set:488 set: Unset optional value from type CTA861_3
03-07 18:39:26.444 10027 10027 E ArmVmp : Match on catch block at 0xc3 in for 0x149
03-07 18:39:26.457 10027 10027 E ArmVmp : Match on catch block at 0xc3 in for 0x145
03-07 18:39:26.478 10027 10097 E IMGMapper: set:488 set: Unset optional value from type SMPTE2086
03-07 18:39:26.479 10027 10097 E IMGMapper: set:488 set: Unset optional value from type CTA861_3
03-07 18:39:26.947 10027 10027 E ArmVmp : Match on catch block at 0xc3 in for 0x14d
03-07 18:39:26.961 10027 10027 E ArmVmp : Match on catch block at 0xc3 in for 0x149
03-07 18:39:26.975 10027 10097 E IMGMapper: set:488 set: Unset optional value from type SMPTE2086
03-07 18:39:26.975 10027 10097 E IMGMapper: set:488 set: Unset optional value from type CTA861_3
03-07 18:39:27.102 10027 10027 E ArmVmp : Match on catch block at 0xc3 in for 0x151
03-07 18:39:27.106 10027 10027 E ArmVmp : Match on catch block at 0xc3 in for 0x14d
03-07 18:39:27.123 10027 10097 E IMGMapper: set:488 set: Unset optional value from type SMPTE2086
03-07 18:39:27.123 10027 10097 E IMGMapper: set:488 set: Unset optional value from type CTA861_3
03-07 18:39:27.126 10027 10027 E ArmVmp : Match on catch block at 0xc3 in for 0x151
03-07 18:39:27.131 10027 10027 E ArmVmp : Match on catch block at 0xc3 in for 0x14d
03-07 18:39:27.141 10027 10097 E IMGMapper: set:488 set: Unset optional value from type SMPTE2086
03-07 18:39:27.141 10027 10097 E IMGMapper: set:488 set: Unset optional value from type CTA861_3
03-07 18:39:27.143 10027 10027 E ArmVmp : Match on catch block at 0xc3 in for 0x155
03-07 18:39:27.147 10027 10027 E ArmVmp : Match on catch block at 0xc3 in for 0x151
03-07 18:39:27.159 10027 10027 E ArmVmp : Match on catch block at 0xc3 in for 0x159
03-07 18:39:27.164 10027 10027 E ArmVmp : Match on catch block at 0xc3 in for 0x155
03-07 18:39:27.168 10027 10097 E IMGMapper: set:488 set: Unset optional value from type SMPTE2086
