03-07 13:48:55.398 13432 13432 E CustomActivityOnCrash: IMPORTANT WARNING! You already have an UncaughtExceptionHandler, are you sure this is correct? If you use a custom UncaughtExceptionHandler, you must initialize it AFTER CustomActivityOnCrash! Installing anyway, but your original handler will not be called.
03-07 13:48:56.857 13540 13540 W libprocessgroup: Controller sfreezer is not found
03-07 13:48:56.859 13540 13540 W libprocessgroup: SetAttribute: unknown attribute: OlafState
03-07 13:48:56.859 13540 13540 W libprocessgroup: SetAttribute: unknown attribute: OlafState
03-07 13:48:56.898 13432 13432 W com.mbwhatsapp: Accessing hidden method Lcom/android/org/conscrypt/OpenSSLSocketImpl;->setUseSessionTickets(Z)V (max- target-q,core-platform-api, reflection, denied)
03-07 13:48:56.898 13432 13432 W com.mbwhatsapp: Accessing hidden method Lcom/android/org/conscrypt/AbstractConscryptSocket;->setUseSessionTickets(Z)V (max- target-q, reflection, denied)
03-07 13:48:57.376 13432 13554 W com.mbwhatsapp: Method void X.2rL.A03(java.lang.Integer) failed lock verification and will run slower.
03-07 13:48:57.376 13432 13554 W com.mbwhatsapp: Common causes for lock verification issues are non-optimized dex code
03-07 13:48:57.376 13432 13554 W com.mbwhatsapp: and incorrect proguard optimizations.
03-07 13:52:00.913 16360 16360 E com.mbwhatsapp: Not starting debugger since process cannot load the jdwp agent.
03-07 13:52:01.798 16360 16360 W System.err: java.lang--------- beginning of main
03-07 13:52:01.816 16360 16360 W System.err: at java.lang.Runtime.nativeLoad(Native Method)
03-07 13:52:01.816 16360 16360 W System.err: at java.lang.Runtime.nativeLoad(Runtime.java:1121)
03-07 13:52:01.816 16360 16360 W System.err: at java.lang.Runtime.loadLibrary0(Runtime.java:1075)
03-07 13:52:01.816 16360 16360 W System.err: at java.lang.Runtime.loadLibrary0(Runtime.java:998)
03-07 13:52:01.816 16360 16360 W System.err: at java.lang.System.loadLibrary(System.java:1661)
03-07 13:52:01.816 16360 16360 W System.err: at arm.EpicVm.<clinit>(Unknown Source:2)
03-07 13:52:01.817 16360 16360 W System.err: at java.lang.Class.newInstance(Native Method)
03-07 13:52:01.817 16360 16360 W System.err: at android.app.AppComponentFactory.instantiateApplication(AppComponentFactory.java:76)
03-07 13:52:01.817 16360 16360 W System.err: at androidx.core.app.CoreComponentFactory.instantiateApplication(Unknown Source:0)
03-07 13:52:01.817 16360 16360 W System.err: at android.app.Instrumentation.newApplication(Instrumentation.java:1232)
03-07 13:52:01.817 16360 16360 W System.err: at android.app.LoadedApk.makeApplicationInner(LoadedApk.java:1565)
03-07 13:52:01.817 16360 16360 W System.err: at android.app.LoadedApk.makeApplicationInner(LoadedApk.java:1502)
03-07 13:52:01.817 16360 16360 W System.err: at android.app.ActivityThread.handleBindApplication(ActivityThread.java:7553)
03-07 13:52:01.817 16360 16360 W System.err: at android.app.ActivityThread.-$ $Nest$mhandleBindApplication(Unknown Source:0)
03-07 13:52:01.817 16360 16360 W System.err: at android.app.ActivityThread$H.handleMessage(ActivityThread.java:2400)
03-07 13:52:01.817 16360 16360 W System.err: at android.os.Handler.dispatchMessage(Handler.java:106)
03-07 13:52:01.817 16360 16360 W System.err: at android.os.Looper.loopOnce(Looper.java:226)
03-07 13:52:01.817 16360 16360 W System.err: at android.os.Looper.loop(Looper.java:313)
03-07 13:52:01.817 16360 16360 W System.err: at android.app.ActivityThread.main(ActivityThread.java:8757)
03-07 13:52:01.817 16360 16360 W System.err: at java.lang.reflect.Method.invoke(Native Method)
03-07 13:52:01.817 16360 16360 W System.err: at com.android.internal.os.RuntimeInit$MethodAndArgsCaller.run(RuntimeInit.java:571)
03-07 13:52:01.817 16360 16360 W System.err: at com.android.internal.os.ZygoteInit.main(ZygoteInit.java:1067)
03-07 13:52:02.299 16360 16360 E CustomActivityOnCrash: IMPORTANT WARNING! You already have an UncaughtExceptionHandler, are you sure this is correct? If you use a custom UncaughtExceptionHandler, you must initialize it AFTER CustomActivityOnCrash! Installing anyway, but your original handler will not be called.
03-07 13:52:05.053 16548 16548 W libprocessgroup: Controller sfreezer is not found
03-07 13:52:05.056 16548 16548 W libprocessgroup: SetAttribute: unknown attribute: OlafState
03-07 13:52:05.056 16548 16548 W libprocessgroup: SetAttribute: unknown attribute: OlafState
03-07 13:52:05.169 16360 16360 W com.mbwhatsapp: Accessing hidden method Lcom/android/org/conscrypt/OpenSSLSocketImpl;->setUseSessionTickets(Z)V (max- target-q,core-platform-api, reflection, denied)
03-07 13:52:05.169 16360 16360 W com.mbwhatsapp: Accessing hidden method Lcom/android/org/conscrypt/AbstractConscryptSocket;->setUseSessionTickets(Z)V (max- target-q, reflection, denied)
03-07 13:53:47.809 22733 22733 E com.mbwhatsapp: Not starting debugger since process cannot load the jdwp agent.
03-07 13:53:48.357 22733 22733 W System.err: java.lang.ClassNotFoundException: mbmodsd.mbmodsw.ui.views.btn.BtnBK
03-07 13:53:48.362 22733 22733 W System.err: at java.lang.Runtime.nativeLoad(Native Method)
03-07 13:53:48.362 22733 22733 W System.err: at java.lang.Runtime.nativeLoad(Runtime.java:1121)
03-07 13:53:48.362 22733 22733 W System.err: at java.lang.Runtime.loadLibrary0(Runtime.java:1075)
03-07 13:53:48.362 22733 22733 W System.err: at java.lang.Runtime.loadLibrary0(Runtime.java:998)
03-07 13:53:48.362 22733 22733 W System.err: at java.lang.System.loadLibrary(System.java:1661)
03-07 13:53:48.362 22733 2--------- beginning of main
03-07 13:53:48.569 22733 22733 E CustomActivityOnCrash: IMPORTANT WARNING! You already have an UncaughtExceptionHandler, are you sure this is correct? If you use a custom UncaughtExceptionHandler, you must initialize it AFTER CustomActivityOnCrash! Installing anyway, but your original handler will not be called.
03-07 13:53:49.729 22845 22845 W libprocessgroup: Controller sfreezer is not found
03-07 13:53:49.731 22845 22845 W libprocessgroup: SetAttribute: unknown attribute: OlafState
03-07 13:53:49.731 22845 22845 W libprocessgroup: SetAttribute: unknown attribute: OlafState
03-07 13:53:49.755 22733 22733 W com.mbwhatsapp: Accessing hidden method Lcom/android/org/conscrypt/OpenSSLSocketImpl;->setUseSessionTickets(Z)V (max- target-q,core-platform-api, reflection, denied)
03-07 13:53:49.756 22733 22733 W com.mbwhatsapp: Accessing hidden method Lcom/android/org/conscrypt/AbstractConscryptSocket;->setUseSessionTickets(Z)V (max- target-q, reflection, denied)
03-07 13:53:50.304 22733 22863 W com.mbwhatsapp: Method void X.2rL.A03(java.lang.Integer) failed lock verification and will run slower.
03-07 13:53:50.304 22733 22863 W com.mbwhatsapp: Common causes for lock verification issues are non-optimized dex code
03-07 13:53:50.304 22733 22863 W com.mbwhatsapp: and incorrect proguard optimizations.
03-07 14:01:29.167 27559 27559 E com.mbwhatsapp: Not starting debugger since process cannot load the jdwp agent.
03-07 14:01:29.985 27559 27559 W System.err: java.lang.ClassNotFoundException: mbmodsd.mbmodsw.ui.views.btn.BtnBK
03-07 14:01:29.988 27559 27559 W System.err: at java.lang.Runtime.nativeLoad(Native Method)
03-07 14:01:29.988 27559 27559 W System.err: at java.lang.Runtime.nativeLoad(Runtime.java:1121)
03-07 14:01:29.988 27559 27559 W System.err: at java.lang.Runtime.loadLibrary0(Runtime.java:1075)
03-07 14:01:29.988 27559 27559 W System.err: at java.lang.Runtime.loadLibrary0(Runtime.java:998)
03-07 14:01:29.988 27559 27559 W System.err: at java.lang.System.loadLibrary(System.java:1661)
03-07 14:01:29.988 27559 27559 W System.err: at arm.EpicVm.<clinit>(Unknown Source:2)
03-07 14:01:29.988 27559 27559 W System.err: at java.lang.Class.newInstance(Native Method)
03-07 14:01:29.988 27559 27559 W System.err: at android.app.AppComponentFactory.instantiateApplication(AppComponentFactory.java:76)
03-07 14:01:29.988 27559 27559 W System.err: at androidx.core.app.CoreComponentFactory.instantiateApplication(Unknown Source:0)
03-07 14:01:29.988 27559 27559 W System.err: at android.app.Instrumentation.newApplication(Instrumentation.java:1232)
03-07 14:01:29.988 27559 27559 W System.err: at android.app.LoadedApk.makeApplicationInner(LoadedApk.java:1565)
03-07 14:01:29.988 27559 27559 W System.err: at android.app.LoadedApk.makeApplicationInner(LoadedApk.java:1502)
03-07 14:01:29.988 27559 27559 W System.err: at android.app.ActivityThread.handleBindApplication(ActivityThread.java:7553)
03-07 14:01:29.988 27559 27559 W System.err: at android.app.ActivityThread.-$ $Nest$mhandleBindApplication(Unknown Source:0)
03-07 14:01:29.988 27559 27559 W System.err: at android.app.ActivityThread$H.handleMessage(ActivityThread.java:2400)
03-07 14:01:29.988 27559 27559 W System.err: at android.os.Handler.dispatchMessage(Handler.java:106)
03-07 14:01:29.988 27559 27559 W System.err: at android.os.Looper.loopOnce(Looper.java:226)
03-07 14:01:29.988 27559 27559 W System.err: at android.os.Looper.loop(Looper.java:313)
03-07 14:01:29.988 27559 27559 W System.err: at android.app.ActivityThread.main(ActivityThread.java:8757)
03-07 14:01:29.988 27559 27559 W System.err: at java.lang.reflect.Method.invoke(Native Method)
03-07 14:01:29.988 27559 27559 W System.err: at com.android.internal.os.RuntimeInit$MethodAndArgsCaller.run(RuntimeInit.java:571)
03-07 14:01:29.988 27559 27559 W System.err: at com.android.internal.os.ZygoteInit.main(ZygoteInit.java:1067)
03-07 14:01:30.245 27559 27559 E CustomActivityOnCrash: IMPORTANT WARNING! You already have an UncaughtExceptionHandler, are you sure this is correct? If you use a custom UncaughtExceptionHandler, you must initialize it AFTER CustomActivityOnCrash! Installing anyway, but your original handler will not be called.
03-07 14:01:31.415 27632 27632 W libprocessgroup: Controller sfreezer is not found
03-07 14:01:31.417 27632 27632 W libprocessgroup: SetAttribute: unknown attribute: OlafState
03-07 14:01:31.417 27632 27632 W libprocessgroup: SetAttribute: unknown attribute: OlafState
03-07 14:01:31.472 27559 27559 W com.mbwhatsapp: Accessing hidden method Lcom/android/org/conscrypt/OpenSSLSocketImpl;->setUseSessionTickets(Z)V (max- target-q,core-platform-api, reflection, denied)
03-07 14:01:31.472 27559 27559 W com.mbwhatsapp: Accessing hidden method Lcom/android/org/conscrypt/AbstractConscryptSocket;->setUseSessionTickets(Z)V (max- target-q, reflection, denied)
03-07 14:01:31.844 27559 27650 W com.mbwhatsapp: Method void X.2rL.A03(java.lang.Integer) failed lock verification and will run slower.
03-07 14:01:31.844 27559 27650 W com.mbwhatsapp: Common causes for lock verification issues are non-optimized dex code
03-07 14:01:31.844 27559 27650 W com.mbwhatsapp: and incorrect proguard optimizations.
03-07 14:04:09.405 27559 27559 W com.mbwhatsapp: Method void X.0eU.A0h(X.0tK, boolean) failed lock verification and will run slower.
03-07 14:04:09.602 27559 28706 E QT : [QT]file does not exist
03-07 14:04:09.999 27559 27559 E FBI : Can't load library: dlopen failed: library "libmagtsync.so" not found
03-07 14:04:10.014 27559 28716 E ion : ioctl c0044901 failed with code -1: Invalid argument
03-07 14:04:10.069 27559 28706 E IMGMapper: set:488 set: Unset optional value from type SMPTE2086
03-07 14:04:10.069 27559 28706 E IMGMapper: set:488 set: Unset optional value from type CTA861_3
03-07 14:04:10.075 27559 28706 W Parcel : Expecting binder but got null!
03-07 14:04:10.086 27559 28706 E IMGMapper: set:488 set: Unset optional value from type SMPTE2086
03-07 14:04:10.086 27559 28706 E IMGMapper: set:488 set: Unset optional value from type CTA861_3
03-07 14:04:10.136 27559 28706 E IMGMapper: set:488 set: Unset optional value from type SMPTE2086
03-07 14:04:10.136 27559 28706 E IMGMapper: set:488 set: Unset optional value from type CTA861_3
03-07 14:04:10.141 27559 28706 E IMGMapper: set:488 set: Unset optional value from type SMPTE2086
03-07 14:04:10.141 27559 28706 E IMGMapper: set:488 set: Unset optional value from type CTA861_3
03-07 14:04:10.315 27559 28706 E IMGMapper: set:488 set: Unset optional value from type SMPTE2086
03-07 14:04:10.315 27559 28706 E IMGMapper: set:488 set: Unset optional value from type CTA861_3
03-07 14:04:10.380 27559 27559 W OnBackInvokedCallback: OnBackInvokedCallback is not enabled for the application.
03-07 14:04:10.380 27559 27559 W OnBackInvokedCallback: Set 'android:enableOnBackInvokedCallback="true"' in the application manifest.
03-07 14:04:10.434 27559 28706 E IMGMapper: set:488 set: Unset optional value from type SMPTE2086
03-07 14:04:10.434 27559 28706 E IMGMapper: set:488 set: Unset optional value from type CTA861_3
03-07 14:04:10.476 27559 28706 E IMGMapper: set:488 set: Unset optional value from type SMPTE2086
03-07 14:04:10.476 27559 28706 E IMGMapper: set:488 set: Unset optional value from type CTA861_3
03-07 14:04:10.668 27559 28706 E IMGMapper: set:488 set: Unset optional value from type SMPTE2086
03-07 14:04:10.668 27559 28706 E IMGMapper: set:488 set: Unset optional value from type CTA861_3
03-07 14:04:10.683 27559 28706 E IMGMapper: set:488 set: Unset optional value from type SMPTE2086
03-07 14:04:10.683 27559 28706 E IMGMapper: set:488 set: Unset optional value from type CTA861_3
03-07 14:04:11.153 27559 28706 E IMGMapper: set:488 set: Unset optional value from type SMPTE2086
03-07 14:04:11.153 27559 28706 E IMGMapper: set:488 set: Unset optional value from type CTA861_3
03-07 14:04:11.660 27559 28706 E IMGMapper: set:488 set: Unset optional value from type SMPTE2086
03-07 14:04:11.660 27559 28706 E IMGMapper: set:488 set: Unset optional value from type CTA861_3
03-07 14:04:12.160 27559 28706 E IMGMapper: set:488 set: Unset optional value from type SMPTE2086
03-07 14:04:12.160 27559 28706 E IMGMapper: set:488 set: Unset optional value from type CTA861_3
03-07 14:04:12.664 27559 28706 E IMGMapper: set:488 set: Unset optional value from type SMPTE2086
03-07 14:04:12.664 27559 28706 E IMGMapper: set:488 set: Unset optional value from type CTA861_3
03-07 14:04:13.161 27559 28706 E IMGMapper: set:488 set: Unset optional value from type SMPTE2086
03-07 14:04:13.162 27559 28706 E IMGMapper: set:488 set: Unset optional value from type CTA861_3
03-07 14:04:13.231 27559 28706 E IMGMapper: set:488 set: Unset optional value from type SMPTE2086
03-07 14:04:13.232 27559 28706 E IMGMapper: set:488 set: Unset optional value from type CTA861_3
03-07 14:04:13.527 27559 28706 E IMGMapper: set:488 set: Unset optional value from type SMPTE2086
03-07 14:04:13.527 27559 28706 E IMGMapper: set:488 set: Unset optional value from type CTA861_3
03-07 14:04:13.653 27559 28706 E IMGMapper: set:488 set: Unset optional value from type SMPTE2086
03-07 14:04:13.653 27559 28706 E IMGMapper: set:488 set: Unset optional value from type CTA861_3
03-07 14:04:13.663 27559 28706 E IMGMapper: set:488 set: Unset optional value from type SMPTE2086
03-07 14:04:13.663 27559 28706 E IMGMapper: set:488 set: Unset optional value from type CTA861_3
03-07 14:04:14.165 27559 28706 E IMGMapper: set:488 set: Unset optional value from type SMPTE2086
03-07 14:04:14.166 27559 28706 E IMGMapper: set:488 set: Unset optional value from type CTA861_3
03-07 14:04:14.667 27559 28706 E IMGMapper: set:488 set: Unset optional value from type SMPTE2086
03-07 14:04:14.667 27559 28706 E IMGMapper: set:488 set: Unset optional value from type CTA861_3
03-07 14:04:15.157 27559 28706 E IMGMapper: set:488 set: Unset optional value from type SMPTE2086
03-07 14:04:15.157 27559 28706 E IMGMapper: set:488 set: Unset optional value from type CTA861_3
03-07 14:04:16.190 27559 27559 W OnBackInvokedCallback: OnBackInvokedCallback is not enabled for the application.
03-07 14:04:16.190 27559 27559 W OnBackInvokedCallback: Set 'android:enableOnBackInvokedCallback="true"' in the application manifest.
03-07 14:04:16.618 27559 28706 E IMGMapper: set:488 set: Unset optional value from type SMPTE2086
03-07 14:04:16.618 27559 28706 E IMGMapper: set:488 set: Unset optional value from type CTA861_3
03-07 14:04:16.881 27559 28706 E IMGMapper: set:488 set: Unset optional value from type SMPTE2086
03-07 14:04:16.881 27559 28706 E IMGMapper: set:488 set: Unset optional value from type CTA861_3
03-07 14:04:17.185 27559 27559 W Settings: Setting show_button_background has moved from android.provider.Settings.System to android.provider.Settings.Global, returning read-only value.
03-07 14:04:17.215 27559 28706 E IMGMapper: set:488 set: Unset optional value from type SMPTE2086
03-07 14:04:17.215 27559 28706 E IMGMapper: set:488 set: Unset optional value from type CTA861_3
03-07 14:04:17.252 27559 28706 E IMGMapper: set:488 set: Unset optional value from type SMPTE2086
03-07 14:04:17.253 27559 28706 E IMGMapper: set:488 set: Unset optional value from type CTA861_3
03-07 14:04:17.255 27559 28706 W Parcel : Expecting binder but got null!
03-07 14:04:17.266 27559 28706 E IMGMapper: set:488 set: Unset optional value from type SMPTE2086
03-07 14:04:17.266 27559 28706 E IMGMapper: set:488 set: Unset optional value from type CTA861_3
03-07 14:04:17.276 27559 28706 E IMGMapper: set:488 set: Unset optional value from type SMPTE2086
03-07 14:04:17.276 27559 28706 E IMGMapper: set:488 set: Unset optional value from type CTA861_3
03-07 14:04:17.282 27559 28706 E IMGMapper: set:488 set: Unset optional value from type SMPTE2086
03-07 14:04:17.282 27559 28706 E IMGMapper: set:488 set: Unset optional value from type CTA861_3
03-07 14:04:17.297 27559 28706 E IMGMapper: set:488 set: Unset optional value from type SMPTE2086
03-07 14:04:17.297 27559 28706 E IMGMapper: set:488 set: Unset optional value from type CTA861_3
03-07 14:04:17.317 27559 28706 E IMGMapper: set:488 set: Unset optional value from type SMPTE2086
03-07 14:04:17.317 27559 28706 E IMGMapper: set:488 set: Unset optional value from type CTA861_3
03-07 14:04:17.332 27559 28706 E IMGMapper: set:488 set: Unset optional value from type SMPTE2086
03-07 14:04:17.332 27559 28706 E IMGMapper: set:488 set: Unset optional value from type CTA861_3
03-07 14:04:17.348 27559 28706 E IMGMapper: set:488 set: Unset optional value from type SMPTE2086
03-07 14:04:17.348 27559 28706 E IMGMapper: set:488 set: Unset optional value from type CTA861_3
03-07 14:04:17.355 27559 27654 W ziparchive: Unable to open '/system_ext/framework/org.carconnectivity.android.digitalkey.timesync.dm': No such file or directory
03-07 14:04:17.355 27559 27654 W ziparchive: Unable to open '/system_ext/framework/org.carconnectivity.android.digitalkey.timesync.dm': No such file or directory
03-07 14:04:17.364 27559 28706 E IMGMapper: set:488 set: Unset optional value from type SMPTE2086
03-07 14:04:17.364 27559 28706 E IMGMapper: set:488 set: Unset optional value from type CTA861_3
03-07 14:04:17.381 27559 28706 E IMGMapper: set:488 set: Unset optional value from type SMPTE2086
03-07 14:04:17.381 27559 28706 E IMGMapper: set:488 set: Unset optional value from type CTA861_3
03-07 14:04:17.397 27559 28706 E IMGMapper: set:488 set: Unset optional value from type SMPTE2086
03-07 14:04:17.397 27559 28706 E IMGMapper: set:488 set: Unset optional value from type CTA861_3
03-07 14:04:17.414 27559 28706 E IMGMapper: set:488 set: Unset optional value from type SMPTE2086
03-07 14:04:17.414 27559 28706 E IMGMapper: set:488 set: Unset optional value from type CTA861_3
03-07 14:04:17.431 27559 28706 E IMGMapper: set:488 set: Unset optional value from type SMPTE2086
03-07 14:04:17.431 27559 28706 E IMGMapper: set:488 set: Unset optional value from type CTA861_3
03-07 14:04:17.447 27559 28706 E IMGMapper: set:488 set: Unset optional value from type SMPTE2086
03-07 14:04:17.448 27559 28706 E IMGMapper: set:488 set: Unset optional value from type CTA861_3
03-07 14:04:17.464 27559 28706 E IMGMapper: set:488 set: Unset optional value from type SMPTE2086
03-07 14:04:17.465 27559 28706 E IMGMapper: set:488 set: Unset optional value from type CTA861_3
03-07 14:04:17.481 27559 28706 E IMGMapper: set:488 set: Unset optional value from type SMPTE2086
03-07 14:04:17.481 27559 28706 E IMGMapper: set:488 set: Unset optional value from type CTA861_3
03-07 14:04:17.498 27559 28706 E IMGMapper: set:488 set: Unset optional value from type SMPTE2086
03-07 14:04:17.498 27559 28706 E IMGMapper: set:488 set: Unset optional value from type CTA861_3
03-07 14:04:17.515 27559 28706 E IMGMapper: set:488 set: Unset optional value from type SMPTE2086
03-07 14:04:17.515 27559 28706 E IMGMapper: set:488 set: Unset optional value from type CTA861_3
03-07 14:04:17.531 27559 28706 E IMGMapper: set:488 set: Unset optional value from type SMPTE2086
03-07 14:04:17.531 27559 28706 E IMGMapper: set:488 set: Unset optional value from type CTA861_3
03-07 14:04:17.548 27559 28706 E IMGMapper: set:488 set: Unset optional value from type SMPTE2086
03-07 14:04:17.548 27559 28706 E IMGMapper: set:488 set: Unset optional value from type CTA861_3
03-07 14:04:17.565 27559 28706 E IMGMapper: set:488 set: Unset optional value from type SMPTE2086
03-07 14:04:17.565 27559 28706 E IMGMapper: set:488 set: Unset optional value from type CTA861_3
03-07 14:04:17.582 27559 28706 E IMGMapper: set:488 set: Unset optional value from type SMPTE2086
03-07 14:04:17.582 27559 28706 E IMGMapper: set:488 set: Unset optional value from type CTA861_3
03-07 14:04:17.598 27559 28706 E IMGMapper: set:488 set: Unset optional value from type SMPTE2086
03-07 14:04:17.598 27559 28706 E IMGMapper: set:488 set: Unset optional value from type CTA861_3
03-07 14:04:17.615 27559 28706 E IMGMapper: set:488 set: Unset optional value from type SMPTE2086
03-07 14:04:17.615 27559 28706 E IMGMapper: set:488 set: Unset optional value from type CTA861_3
03-07 14:04:17.632 27559 28706 E IMGMapper: set:488 set: Unset optional value from type SMPTE2086
03-07 14:04:17.632 27559 28706 E IMGMapper: set:488 set: Unset optional value from type CTA861_3
03-07 14:04:17.648 27559 28706 E IMGMapper: set:488 set: Unset optional value from type SMPTE2086
03-07 14:04:17.648 27559 28706 E IMGMapper: set:488 set: Unset optional value from type CTA861_3
03-07 14:04:17.665 27559 28706 E IMGMapper: set:488 set: Unset optional value from type SMPTE2086
03-07 14:04:17.665 27559 28706 E IMGMapper: set:488 set: Unset optional value from type CTA861_3
03-07 14:04:17.683 27559 28706 E IMGMapper: set:488 set: Unset optional value from type SMPTE2086
03-07 14:04:17.683 27559 28706 E IMGMapper: set:488 set: Unset optional value from type CTA861_3
03-07 14:04:17.702 27559 28706 E IMGMapper: set:488 set: Unset optional value from type SMPTE2086
03-07 14:04:17.702 27559 28706 E IMGMapper: set:488 set: Unset optional value from type CTA861_3
03-07 14:04:17.718 27559 28706 E IMGMapper: set:488 set: Unset optional value from type SMPTE2086
03-07 14:04:17.719 27559 28706 E IMGMapper: set:488 set: Unset optional value from type CTA861_3
03-07 14:04:17.734 27559 28706 E IMGMapper: set:488 set: Unset optional value from type SMPTE2086
03-07 14:04:17.734 27559 28706 E IMGMapper: set:488 set: Unset optional value from type CTA861_3
03-07 14:04:17.752 27559 28706 E IMGMapper: set:488 set: Unset optional value from type SMPTE2086
03-07 14:04:17.752 27559 28706 E IMGMapper: set:488 set: Unset optional value from type CTA861_3
03-07 14:04:17.768 27559 28706 E IMGMapper: set:488 set: Unset optional value from type SMPTE2086
03-07 14:04:17.768 27559 28706 E IMGMapper: set:488 set: Unset optional value from type CTA861_3
03-07 14:04:17.784 27559 28706 E IMGMapper: set:488 set: Unset optional value from type SMPTE2086
03-07 14:04:17.784 27559 28706 E IMGMapper: set:488 set: Unset optional value from type CTA861_3
03-07 14:04:17.801 27559 28706 E IMGMapper: set:488 set: Unset optional value from type SMPTE2086
03-07 14:04:17.801 27559 28706 E IMGMapper: set:488 set: Unset optional value from type CTA861_3
03-07 14:04:17.818 27559 28706 E IMGMapper: set:488 set: Unset optional value from type SMPTE2086
03-07 14:04:17.818 27559 28706 E IMGMapper: set:488 set: Unset optional value from type CTA861_3
03-07 14:04:17.835 27559 28706 E IMGMapper: set:488 set: Unset optional value from type SMPTE2086
03-07 14:04:17.835 27559 28706 E IMGMapper: set:488 set: Unset optional value from type CTA861_3
03-07 14:04:17.852 27559 28706 E IMGMapper: set:488 set: Unset optional value from type SMPTE2086
03-07 14:04:17.852 27559 28706 E IMGMapper: set:488 set: Unset optional value from type CTA861_3
03-07 14:04:17.868 27559 28706 E IMGMapper: set:488 set: Unset optional value from type SMPTE2086
03-07 14:04:17.868 27559 28706 E IMGMapper: set:488 set: Unset optional value from type CTA861_3
03-07 14:04:17.885 27559 28706 E IMGMapper: set:488 set: Unset optional value from type SMPTE2086
03-07 14:04:17.885 27559 28706 E IMGMapper: set:488 set: Unset optional value from type CTA861_3
03-07 14:04:17.902 27559 28706 E IMGMapper: set:488 set: Unset optional value from type SMPTE2086
03-07 14:04:17.902 27559 28706 E IMGMapper: set:488 set: Unset optional value from type CTA861_3
03-07 14:04:17.918 27559 28706 E IMGMapper: set:488 set: Unset optional value from type SMPTE2086
03-07 14:04:17.918 27559 28706 E IMGMapper: set:488 set: Unset optional value from type CTA861_3
03-07 14:04:17.936 27559 28706 E IMGMapper: set:488 set: Unset optional value from type SMPTE2086
03-07 14:04:17.936 27559 28706 E IMGMapper: set:488 set: Unset optional value from type CTA861_3
03-07 14:04:17.952 27559 28706 E IMGMapper: set:488 set: Unset optional value from type SMPTE2086
03-07 14:04:17.952 27559 28706 E IMGMapper: set:488 set: Unset optional value from type CTA861_3
03-07 14:04:17.971 27559 28706 E IMGMapper: set:488 set: Unset optional value from type SMPTE2086
03-07 14:04:17.971 27559 28706 E IMGMapper: set:488 set: Unset optional value from type CTA861_3
03-07 14:04:17.986 27559 28706 E IMGMapper: set:488 set: Unset optional value from type SMPTE2086
03-07 14:04:17.986 27559 28706 E IMGMapper: set:488 set: Unset optional value from type CTA861_3
03-07 14:04:18.002 27559 28706 E IMGMapper: set:488 set: Unset optional value from type SMPTE2086
03-07 14:04:18.002 27559 28706 E IMGMapper: set:488 set: Unset optional value from type CTA861_3
03-07 14:04:18.019 27559 28706 E IMGMapper: set:488 set: Unset optional value from type SMPTE2086
03-07 14:04:18.019 27559 28706 E IMGMapper: set:488 set: Unset optional value from type CTA861_3
03-07 14:04:18.035 27559 28706 E IMGMapper: set:488 set: Unset optional value from type SMPTE2086
03-07 14:04:18.035 27559 28706 E IMGMapper: set:488 set: Unset optional value from type CTA861_3
03-07 14:04:18.052 27559 28706 E IMGMapper: set:488 set: Unset optional value from type SMPTE2086
03-07 14:04:18.053 27559 28706 E IMGMapper: set:488 set: Unset optional value from type CTA861_3
03-07 14:04:18.069 27559 28706 E IMGMapper: set:488 set: Unset optional value from type SMPTE2086
03-07 14:04:18.069 27559 28706 E IMGMapper: set:488 set: Unset optional value from type CTA861_3
03-07 14:04:18.086 27559 28706 E IMGMapper: set:488 set: Unset optional value from type SMPTE2086
03-07 14:04:18.086 27559 28706 E IMGMapper: set:488 set: Unset optional value from type CTA861_3
03-07 14:04:18.102 27559 28706 E IMGMapper: set:488 set: Unset optional value from type SMPTE2086
03-07 14:04:18.102 27559 28706 E IMGMapper: set:488 set: Unset optional value from type CTA861_3
03-07 14:04:18.119 27559 28706 E IMGMapper: set:488 set: Unset optional value from type SMPTE2086
03-07 14:04:18.119 27559 28706 E IMGMapper: set:488 set: Unset optional value from type CTA861_3
03-07 14:04:18.136 27559 28706 E IMGMapper: set:488 set: Unset optional value from type SMPTE2086
03-07 14:04:18.136 27559 28706 E IMGMapper: set:488 set: Unset optional value from type CTA861_3
03-07 14:04:18.153 27559 28706 E IMGMapper: set:488 set: Unset optional value from type SMPTE2086
03-07 14:04:18.153 27559 28706 E IMGMapper: set:488 set: Unset optional value from type CTA861_3
03-07 14:04:18.168 27559 28706 E IMGMapper: set:488 set: Unset optional value from type SMPTE2086
03-07 14:04:18.168 27559 28706 E IMGMapper: set:488 set: Unset optional value from type CTA861_3
03-07 14:04:18.186 27559 28706 E IMGMapper: set:488 set: Unset optional value from type SMPTE2086
03-07 14:04:18.186 27559 28706 E IMGMapper: set:488 set: Unset optional value from type CTA861_3
03-07 14:04:18.202 27559 28706 E IMGMapper: set:488 set: Unset optional value from type SMPTE2086
03-07 14:04:18.202 27559 28706 E IMGMapper: set:488 set: Unset optional value from type CTA861_3
03-07 14:04:18.218 27559 28706 E IMGMapper: set:488 set: Unset optional value from type SMPTE2086
03-07 14:04:18.218 27559 28706 E IMGMapper: set:488 set: Unset optional value from type CTA861_3
03-07 14:04:18.235 27559 28706 E IMGMapper: set:488 set: Unset optional value from type SMPTE2086
03-07 14:04:18.235 27559 28706 E IMGMapper: set:488 set: Unset optional value from type CTA861_3
03-07 14:04:18.253 27559 28706 E IMGMapper: set:488 set: Unset optional value from type SMPTE2086
03-07 14:04:18.253 27559 28706 E IMGMapper: set:488 set: Unset optional value from type CTA861_3
03-07 14:04:18.273 27559 28706 E IMGMapper: set:488 set: Unset optional value from type SMPTE2086
03-07 14:04:18.273 27559 28706 E IMGMapper: set:488 set: Unset optional value from type CTA861_3
03-07 14:04:18.317 27559 28706 E IMGMapper: set:488 set: Unset optional value from type SMPTE2086
03-07 14:04:18.318 27559 28706 E IMGMapper: set:488 set: Unset optional value from type CTA861_3
03-07 14:04:18.501 27559 28706 E IMGMapper: set:488 set: Unset optional value from type SMPTE2086
03-07 14:04:18.502 27559 28706 E IMGMapper: set:488 set: Unset optional value from type CTA861_3
03-07 14:04:18.504 27559 28706 W Parcel : Expecting binder but got null!
03-07 14:04:18.622 27559 28706 E IMGMapper: set:488 set: Unset optional value from type SMPTE2086
03-07 14:04:18.623 27559 28706 E IMGMapper: set:488 set: Unset optional value from type CTA861_3
03-07 14:04:19.464 27559 28706 E IMGMapper: set:488 set: Unset optional value from type SMPTE2086
03-07 14:04:19.465 27559 28706 E IMGMapper: set:488 set: Unset optional value from type CTA861_3
03-07 14:04:19.714 27559 27573 W com.mbwhatsapp: Cleared Reference was only reachable from finalizer (only reported once)
03-07 14:04:19.882 27559 28706 E IMGMapper: set:488 set: Unset optional value from type SMPTE2086
03-07 14:04:19.882 27559 28706 E IMGMapper: set:488 set: Unset optional value from type CTA861_3
03-07 14:04:19.886 27559 28706 W Parcel : Expecting binder but got null!
03-07 14:04:19.973 27559 28706 E IMGMapper: set:488 set: Unset optional value from type SMPTE2086
03-07 14:04:19.973 27559 28706 E IMGMapper: set:488 set: Unset optional value from type CTA861_3
03-07 14:04:19.981 27559 28706 E IMGMapper: set:488 set: Unset optional value from type SMPTE2086
03-07 14:04:19.981 27559 28706 E IMGMapper: set:488 set: Unset optional value from type CTA861_3
03-07 14:04:20.226 27559 28706 E IMGMapper: set:488 set: Unset optional value from type SMPTE2086
03-07 14:04:20.227 27559 28706 E IMGMapper: set:488 set: Unset optional value from type CTA861_3
03-07 14:04:20.240 27559 28706 E IMGMapper: set:488 set: Unset optional value from type SMPTE2086
03-07 14:04:20.240 27559 28706 E IMGMapper: set:488 set: Unset optional value from type CTA861_3
03-07 14:04:20.342 27559 27559 W OnBackInvokedCallback: OnBackInvokedCallback is not enabled for the application.
03-07 14:04:20.342 27559 27559 W OnBackInvokedCallback: Set 'android:enableOnBackInvokedCallback="true"' in the application manifest.
03-07 14:04:20.451 27559 28706 E IMGMapper: set:488 set: Unset optional value from type SMPTE2086
03-07 14:04:20.451 27559 28706 E IMGMapper: set:488 set: Unset optional value from type CTA861_3
03-07 14:04:20.458 27559 28706 E IMGMapper: set:488 set: Unset optional value from type SMPTE2086
03-07 14:04:20.458 27559 28706 E IMGMapper: set:488 set: Unset optional value from type CTA861_3
03-07 14:04:20.477 27559 28706 E IMGMapper: set:488 set: Unset optional value from type SMPTE2086
03-07 14:04:20.477 27559 28706 E IMGMapper: set:488 set: Unset optional value from type CTA861_3
03-07 14:04:20.493 27559 28706 E IMGMapper: set:488 set: Unset optional value from type SMPTE2086
03-07 14:04:20.493 27559 28706 E IMGMapper: set:488 set: Unset optional value from type CTA861_3
03-07 14:04:20.508 27559 28706 E IMGMapper: set:488 set: Unset optional value from type SMPTE2086
03-07 14:04:20.508 27559 28706 E IMGMapper: set:488 set: Unset optional value from type CTA861_3
03-07 14:04:20.525 27559 28706 E IMGMapper: set:488 set: Unset optional value from type SMPTE2086
03-07 14:04:20.525 27559 28706 E IMGMapper: set:488 set: Unset optional value from type CTA861_3
03-07 14:04:20.543 27559 28706 E IMGMapper: set:488 set: Unset optional value from type SMPTE2086
03-07 14:04:20.543 27559 28706 E IMGMapper: set:488 set: Unset optional value from type CTA861_3
03-07 14:04:20.560 27559 28706 E IMGMapper: set:488 set: Unset optional value from type SMPTE2086
03-07 14:04:20.560 27559 28706 E IMGMapper: set:488 set: Unset optional value from type CTA861_3
03-07 14:04:20.575 27559 28706 E IMGMapper: set:488 set: Unset optional value from type SMPTE2086
03-07 14:04:20.575 27559 28706 E IMGMapper: set:488 set: Unset optional value from type CTA861_3
03-07 14:04:20.599 27559 28706 E IMGMapper: set:488 set: Unset optional value from type SMPTE2086
03-07 14:04:20.599 27559 28706 E IMGMapper: set:488 set: Unset optional value from type CTA861_3
03-07 14:04:20.640 27559 28706 E IMGMapper: set:488 set: Unset optional value from type SMPTE2086
03-07 14:04:20.640 27559 28706 E IMGMapper: set:488 set: Unset optional value from type CTA861_3
03-07 14:04:20.676 27559 28706 E IMGMapper: set:488 set: Unset optional value from type SMPTE2086
03-07 14:04:20.676 27559 28706 E IMGMapper: set:488 set: Unset optional value from type CTA861_3
03-07 14:04:20.874 27559 28706 E IMGMapper: set:488 set: Unset optional value from type SMPTE2086
03-07 14:04:20.875 27559 28706 E IMGMapper: set:488 set: Unset optional value from type CTA861_3
03-07 14:04:20.881 27559 28706 E IMGMapper: set:488 set: Unset optional value from type SMPTE2086
03-07 14:04:20.881 27559 28706 E IMGMapper: set:488 set: Unset optional value from type CTA861_3
03-07 14:04:21.261 27559 28706 E IMGMapper: set:488 set: Unset optional value from type SMPTE2086
03-07 14:04:21.262 27559 28706 E IMGMapper: set:488 set: Unset optional value from type CTA861_3
03-07 14:04:21.281 27559 28706 E IMGMapper: set:488 set: Unset optional value from type SMPTE2086
03-07 14:04:21.281 27559 28706 E IMGMapper: set:488 set: Unset optional value from type CTA861_3
03-07 14:04:21.297 27559 28706 E IMGMapper: set:488 set: Unset optional value from type SMPTE2086
03-07 14:04:21.297 27559 28706 E IMGMapper: set:488 set: Unset optional value from type CTA861_3
03-07 14:04:21.313 27559 28706 E IMGMapper: set:488 set: Unset optional value from type SMPTE2086
03-07 14:04:21.313 27559 28706 E IMGMapper: set:488 set: Unset optional value from type CTA861_3
03-07 14:04:21.331 27559 28706 E IMGMapper: set:488 set: Unset optional value from type SMPTE2086
03-07 14:04:21.331 27559 28706 E IMGMapper: set:488 set: Unset optional value from type CTA861_3
03-07 14:04:21.347 27559 28706 E IMGMapper: set:488 set: Unset optional value from type SMPTE2086
03-07 14:04:21.347 27559 28706 E IMGMapper: set:488 set: Unset optional value from type CTA861_3
03-07 14:04:21.363 27559 28706 E IMGMapper: set:488 set: Unset optional value from type SMPTE2086
03-07 14:04:21.364 27559 28706 E IMGMapper: set:488 set: Unset optional value from type CTA861_3
03-07 14:04:21.381 27559 28706 E IMGMapper: set:488 set: Unset optional value from type SMPTE2086
03-07 14:04:21.381 27559 28706 E IMGMapper: set:488 set: Unset optional value from type CTA861_3
03-07 14:04:21.397 27559 28706 E IMGMapper: set:488 set: Unset optional value from type SMPTE2086
03-07 14:04:21.397 27559 28706 E IMGMapper: set:488 set: Unset optional value from type CTA861_3
03-07 14:04:21.412 27559 28706 E IMGMapper: set:488 set: Unset optional value from type SMPTE2086
03-07 14:04:21.412 27559 28706 E IMGMapper: set:488 set: Unset optional value from type CTA861_3
03-07 14:04:21.431 27559 28706 E IMGMapper: set:488 set: Unset optional value from type SMPTE2086
03-07 14:04:21.432 27559 28706 E IMGMapper: set:488 set: Unset optional value from type CTA861_3
03-07 14:04:21.448 27559 28706 E IMGMapper: set:488 set: Unset optional value from type SMPTE2086
03-07 14:04:21.448 27559 28706 E IMGMapper: set:488 set: Unset optional value from type CTA861_3
03-07 14:04:21.465 27559 28706 E IMGMapper: set:488 set: Unset optional value from type SMPTE2086
03-07 14:04:21.465 27559 28706 E IMGMapper: set:488 set: Unset optional value from type CTA861_3
03-07 14:04:21.479 27559 28706 E IMGMapper: set:488 set: Unset optional value from type SMPTE2086
03-07 14:04:21.479 27559 28706 E IMGMapper: set:488 set: Unset optional value from type CTA861_3
03-07 14:04:21.496 27559 28706 E IMGMapper: set:488 set: Unset optional value from type SMPTE2086
03-07 14:04:21.497 27559 28706 E IMGMapper: set:488 set: Unset optional value from type CTA861_3
03-07 14:04:21.513 27559 28706 E IMGMapper: set:488 set: Unset optional value from type SMPTE2086
03-07 14:04:21.513 27559 28706 E IMGMapper: set:488 set: Unset optional value from type CTA861_3
03-07 14:04:21.531 27559 28706 E IMGMapper: set:488 set: Unset optional value from type SMPTE2086
03-07 14:04:21.531 27559 28706 E IMGMapper: set:488 set: Unset optional value from type CTA861_3
03-07 14:04:21.899 27559 28706 E IMGMapper: set:488 set: Unset optional value from type SMPTE2086
03-07 14:04:21.899 27559 28706 E IMGMapper: set:488 set: Unset optional value from type CTA861_3
03-07 14:04:22.403 27559 28706 E IMGMapper: set:488 set: Unset optional value from type SMPTE2086
03-07 14:04:22.403 27559 28706 E IMGMapper: set:488 set: Unset optional value from type CTA861_3
03-07 14:04:22.907 27559 28706 E IMGMapper: set:488 set: Unset optional value from type SMPTE2086
03-07 14:04:22.907 27559 28706 E IMGMapper: set:488 set: Unset optional value from type CTA861_3
03-07 14:04:23.385 27559 28706 E IMGMapper: set:488 set: Unset optional value from type SMPTE2086
03-07 14:04:23.386 27559 28706 E IMGMapper: set:488 set: Unset optional value from type CTA861_3
03-07 14:04:23.476 27559 27559 W Settings: Setting show_button_background has moved from android.provider.Settings.System to android.provider.Settings.Global, returning read-only value.
03-07 14:04:23.481 27559 28706 E IMGMapper: set:488 set: Unset optional value from type SMPTE2086
03-07 14:04:23.481 27559 28706 E IMGMapper: set:488 set: Unset optional value from type CTA861_3
03-07 14:04:23.506 27559 28706 E IMGMapper: set:488 set: Unset optional value from type SMPTE2086
03-07 14:04:23.506 27559 28706 E IMGMapper: set:488 set: Unset optional value from type CTA861_3
03-07 14:04:23.524 27559 28706 E IMGMapper: set:488 set: Unset optional value from type SMPTE2086
03-07 14:04:23.524 27559 28706 E IMGMapper: set:488 set: Unset optional value from type CTA861_3
03-07 14:04:23.526 27559 28706 W Parcel : Expecting binder but got null!
03-07 14:04:23.529 27559 28706 E IMGMapper: set:488 set: Unset optional value from type SMPTE2086
03-07 14:04:23.529 27559 28706 E IMGMapper: set:488 set: Unset optional value from type CTA861_3
03-07 14:04:23.539 27559 28706 E IMGMapper: set:488 set: Unset optional value from type SMPTE2086
03-07 14:04:23.539 27559 28706 E IMGMapper: set:488 set: Unset optional value from type CTA861_3
03-07 14:04:23.542 27559 28706 E IMGMapper: set:488 set: Unset optional value from type SMPTE2086
03-07 14:04:23.542 27559 28706 E IMGMapper: set:488 set: Unset optional value from type CTA861_3
03-07 14:04:23.555 27559 28706 E IMGMapper: set:488 set: Unset optional value from type SMPTE2086
03-07 14:04:23.555 27559 28706 E IMGMapper: set:488 set: Unset optional value from type CTA861_3
03-07 14:04:23.561 27559 28706 E IMGMapper: set:488 set: Unset optional value from type SMPTE2086
03-07 14:04:23.561 27559 28706 E IMGMapper: set:488 set: Unset optional value from type CTA861_3
03-07 14:04:23.572 27559 28706 E IMGMapper: set:488 set: Unset optional value from type SMPTE2086
03-07 14:04:23.573 27559 28706 E IMGMapper: set:488 set: Unset optional value from type CTA861_3
03-07 14:04:23.576 27559 28706 E IMGMapper: set:488 set: Unset optional value from type SMPTE2086
03-07 14:04:23.576 27559 28706 E IMGMapper: set:488 set: Unset optional value from type CTA861_3
03-07 14:04:23.590 27559 28706 E IMGMapper: set:488 set: Unset optional value from type SMPTE2086
03-07 14:04:23.590 27559 28706 E IMGMapper: set:488 set: Unset optional value from type CTA861_3
03-07 14:04:23.594 27559 28706 E IMGMapper: set:488 set: Unset optional value from type SMPTE2086
03-07 14:04:23.594 27559 28706 E IMGMapper: set:488 set: Unset optional value from type CTA861_3
03-07 14:04:23.606 27559 28706 E IMGMapper: set:488 set: Unset optional value from type SMPTE2086
03-07 14:04:23.606 27559 28706 E IMGMapper: set:488 set: Unset optional value from type CTA861_3
03-07 14:04:23.609 27559 28706 E IMGMapper: set:488 set: Unset optional value from type SMPTE2086
03-07 14:04:23.609 27559 28706 E IMGMapper: set:488 set: Unset optional value from type CTA861_3
03-07 14:04:23.623 27559 28706 E IMGMapper: set:488 set: Unset optional value from type SMPTE2086
03-07 14:04:23.623 27559 28706 E IMGMapper: set:488 set: Unset optional value from type CTA861_3
03-07 14:04:23.626 27559 28706 E IMGMapper: set:488 set: Unset optional value from type SMPTE2086
03-07 14:04:23.626 27559 28706 E IMGMapper: set:488 set: Unset optional value from type CTA861_3
03-07 14:04:23.640 27559 28706 E IMGMapper: set:488 set: Unset optional value from type SMPTE2086
03-07 14:04:23.640 27559 28706 E IMGMapper: set:488 set: Unset optional value from type CTA861_3
03-07 14:04:23.643 27559 28706 E IMGMapper: set:488 set: Unset optional value from type SMPTE2086
03-07 14:04:23.643 27559 28706 E IMGMapper: set:488 set: Unset optional value from type CTA861_3
03-07 14:04:23.656 27559 28706 E IMGMapper: set:488 set: Unset optional value from type SMPTE2086
03-07 14:04:23.656 27559 28706 E IMGMapper: set:488 set: Unset optional value from type CTA861_3
03-07 14:04:23.659 27559 28706 E IMGMapper: set:488 set: Unset optional value from type SMPTE2086
03-07 14:04:23.660 27559 28706 E IMGMapper: set:488 set: Unset optional value from type CTA861_3
03-07 14:04:23.673 27559 28706 E IMGMapper: set:488 set: Unset optional value from type SMPTE2086
03-07 14:04:23.673 27559 28706 E IMGMapper: set:488 set: Unset optional value from type CTA861_3
03-07 14:04:23.676 27559 28706 E IMGMapper: set:488 set: Unset optional value from type SMPTE2086
03-07 14:04:23.676 27559 28706 E IMGMapper: set:488 set: Unset optional value from type CTA861_3
03-07 14:04:23.690 27559 28706 E IMGMapper: set:488 set: Unset optional value from type SMPTE2086
03-07 14:04:23.690 27559 28706 E IMGMapper: set:488 set: Unset optional value from type CTA861_3
03-07 14:04:23.693 27559 28706 E IMGMapper: set:488 set: Unset optional value from type SMPTE2086
03-07 14:04:23.693 27559 28706 E IMGMapper: set:488 set: Unset optional value from type CTA861_3
03-07 14:04:23.707 27559 28706 E IMGMapper: set:488 set: Unset optional value from type SMPTE2086
03-07 14:04:23.707 27559 28706 E IMGMapper: set:488 set: Unset optional value from type CTA861_3
03-07 14:04:23.710 27559 28706 E IMGMapper: set:488 set: Unset optional value from type SMPTE2086
03-07 14:04:23.710 27559 28706 E IMGMapper: set:488 set: Unset optional value from type CTA861_3
03-07 14:04:23.723 27559 28706 E IMGMapper: set:488 set: Unset optional value from type SMPTE2086
03-07 14:04:23.724 27559 28706 E IMGMapper: set:488 set: Unset optional value from type CTA861_3
03-07 14:04:23.727 27559 28706 E IMGMapper: set:488 set: Unset optional value from type SMPTE2086
03-07 14:04:23.727 27559 28706 E IMGMapper: set:488 set: Unset optional value from type CTA861_3
03-07 14:04:23.740 27559 28706 E IMGMapper: set:488 set: Unset optional value from type SMPTE2086
03-07 14:04:23.740 27559 28706 E IMGMapper: set:488 set: Unset optional value from type CTA861_3
03-07 14:04:23.743 27559 28706 E IMGMapper: set:488 set: Unset optional value from type SMPTE2086
03-07 14:04:23.743 27559 28706 E IMGMapper: set:488 set: Unset optional value from type CTA861_3
03-07 14:04:23.757 27559 28706 E IMGMapper: set:488 set: Unset optional value from type SMPTE2086
03-07 14:04:23.757 27559 28706 E IMGMapper: set:488 set: Unset optional value from type CTA861_3
03-07 14:04:23.761 27559 28706 E IMGMapper: set:488 set: Unset optional value from type SMPTE2086
03-07 14:04:23.761 27559 28706 E IMGMapper: set:488 set: Unset optional value from type CTA861_3
03-07 14:04:23.774 27559 28706 E IMGMapper: set:488 set: Unset optional value from type SMPTE2086
03-07 14:04:23.774 27559 28706 E IMGMapper: set:488 set: Unset optional value from type CTA861_3
03-07 14:04:23.777 27559 28706 E IMGMapper: set:488 set: Unset optional value from type SMPTE2086
03-07 14:04:23.777 27559 28706 E IMGMapper: set:488 set: Unset optional value from type CTA861_3
03-07 14:04:23.790 27559 28706 E IMGMapper: set:488 set: Unset optional value from type SMPTE2086
03-07 14:04:23.791 27559 28706 E IMGMapper: set:488 set: Unset optional value from type CTA861_3
03-07 14:04:23.794 27559 28706 E IMGMapper: set:488 set: Unset optional value from type SMPTE2086
03-07 14:04:23.794 27559 28706 E IMGMapper: set:488 set: Unset optional value from type CTA861_3
03-07 14:04:23.807 27559 28706 E IMGMapper: set:488 set: Unset optional value from type SMPTE2086
03-07 14:04:23.807 27559 28706 E IMGMapper: set:488 set: Unset optional value from type CTA861_3
03-07 14:04:23.824 27559 28706 E IMGMapper: set:488 set: Unset optional value from type SMPTE2086
03-07 14:04:23.824 27559 28706 E IMGMapper: set:488 set: Unset optional value from type CTA861_3
03-07 14:04:23.841 27559 28706 E IMGMapper: set:488 set: Unset optional value from type SMPTE2086
03-07 14:04:23.841 27559 28706 E IMGMapper: set:488 set: Unset optional value from type CTA861_3
03-07 14:04:23.857 27559 28706 E IMGMapper: set:488 set: Unset optional value from type SMPTE2086
03-07 14:04:23.857 27559 28706 E IMGMapper: set:488 set: Unset optional value from type CTA861_3
03-07 14:04:23.874 27559 28706 E IMGMapper: set:488 set: Unset optional value from type SMPTE2086
03-07 14:04:23.874 27559 28706 E IMGMapper: set:488 set: Unset optional value from type CTA861_3
03-07 14:04:23.891 27559 28706 E IMGMapper: set:488 set: Unset optional value from type SMPTE2086
03-07 14:04:23.891 27559 28706 E IMGMapper: set:488 set: Unset optional value from type CTA861_3
03-07 14:04:23.908 27559 28706 E IMGMapper: set:488 set: Unset optional value from type SMPTE2086
03-07 14:04:23.908 27559 28706 E IMGMapper: set:488 set: Unset optional value from type CTA861_3
03-07 14:04:23.924 27559 28706 E IMGMapper: set:488 set: Unset optional value from type SMPTE2086
03-07 14:04:23.924 27559 28706 E IMGMapper: set:488 set: Unset optional value from type CTA861_3
03-07 14:04:23.941 27559 28706 E IMGMapper: set:488 set: Unset optional value from type SMPTE2086
03-07 14:04:23.941 27559 28706 E IMGMapper: set:488 set: Unset optional value from type CTA861_3
03-07 14:04:23.958 27559 28706 E IMGMapper: set:488 set: Unset optional value from type SMPTE2086
03-07 14:04:23.958 27559 28706 E IMGMapper: set:488 set: Unset optional value from type CTA861_3
03-07 14:04:23.974 27559 28706 E IMGMapper: set:488 set: Unset optional value from type SMPTE2086
03-07 14:04:23.975 27559 28706 E IMGMapper: set:488 set: Unset optional value from type CTA861_3
03-07 14:04:23.994 27559 28706 E IMGMapper: set:488 set: Unset optional value from type SMPTE2086
03-07 14:04:23.994 27559 28706 E IMGMapper: set:488 set: Unset optional value from type CTA861_3
03-07 14:04:24.011 27559 28706 E IMGMapper: set:488 set: Unset optional value from type SMPTE2086
03-07 14:04:24.011 27559 28706 E IMGMapper: set:488 set: Unset optional value from type CTA861_3
03-07 14:04:24.027 27559 28706 E IMGMapper: set:488 set: Unset optional value from type SMPTE2086
03-07 14:04:24.027 27559 28706 E IMGMapper: set:488 set: Unset optional value from type CTA861_3
03-07 14:04:24.044 27559 28706 E IMGMapper: set:488 set: Unset optional value from type SMPTE2086
03-07 14:04:24.044 27559 28706 E IMGMapper: set:488 set: Unset optional value from type CTA861_3
03-07 14:04:24.061 27559 28706 E IMGMapper: set:488 set: Unset optional value from type SMPTE2086
03-07 14:04:24.061 27559 28706 E IMGMapper: set:488 set: Unset optional value from type CTA861_3
03-07 14:04:24.077 27559 28706 E IMGMapper: set:488 set: Unset optional value from type SMPTE2086
03-07 14:04:24.078 27559 28706 E IMGMapper: set:488 set: Unset optional value from type CTA861_3
03-07 14:04:24.094 27559 28706 E IMGMapper: set:488 set: Unset optional value from type SMPTE2086
03-07 14:04:24.095 27559 28706 E IMGMapper: set:488 set: Unset optional value from type CTA861_3
03-07 14:04:24.112 27559 28706 E IMGMapper: set:488 set: Unset optional value from type SMPTE2086
03-07 14:04:24.112 27559 28706 E IMGMapper: set:488 set: Unset optional value from type CTA861_3
03-07 14:04:24.127 27559 28706 E IMGMapper: set:488 set: Unset optional value from type SMPTE2086
03-07 14:04:24.127 27559 28706 E IMGMapper: set:488 set: Unset optional value from type CTA861_3
03-07 14:04:24.144 27559 28706 E IMGMapper: set:488 set: Unset optional value from type SMPTE2086
03-07 14:04:24.144 27559 28706 E IMGMapper: set:488 set: Unset optional value from type CTA861_3
03-07 14:04:24.161 27559 28706 E IMGMapper: set:488 set: Unset optional value from type SMPTE2086
03-07 14:04:24.161 27559 28706 E IMGMapper: set:488 set: Unset optional value from type CTA861_3
