The document contains log messages from an Android application startup process. It logs the loading of various Google Play services modules and libraries. It also logs the hooking of various Android subsystem services by a blackbox debugging tool to intercept and trace system calls.
Download as TXT, PDF, TXT or read online on Scribd
0 ratings0% found this document useful (0 votes)
40 views
Logcat
The document contains log messages from an Android application startup process. It logs the loading of various Google Play services modules and libraries. It also logs the hooking of various Android subsystem services by a blackbox debugging tool to intercept and trace system calls.
Download as TXT, PDF, TXT or read online on Scribd
You are on page 1/ 11
--------- beginning of main
10-13 18:04:38.660 30344 30509 W apkdone.com: Verification of dd
com.google.android.gms.dynamiteloader.DynamiteLoaderV2.loadModule2NoCrashUtils(dd, java.lang.String, int, dd) took 113.467ms
10-13 18:04:38.660 30344 30509 I DynamiteModule: Considering local module com.google.android.gms.measurement.dynamite:73 and remote module com.google.android.gms.measurement.dynamite:84
10-13 18:04:38.660 30344 30509 I DynamiteModule: Selected remote version of com.google.android.gms.measurement.dynamite, version >= 84
10-13 18:04:38.661 30344 30509 V DynamiteModule: Dynamite loader version >= 2, using loadModule2NoCrashUtils
10-13 18:04:38.940 30344 30344 I FirebaseInitProvider: FirebaseApp initialization successful
10-13 18:04:39.070 30344 30344 D FLTFireContextHolder: received application context.
10-13 18:04:39.344 30344 30509 W apkdone.com: Verification of android.content.res.Resources bf.b() took 112.684ms
10-13 18:04:39.840 30344 30509 W apkdone.com: Verification of void aq.c(android.content.Context, aq, bf, java.lang.String, int, java.lang.String, android.content.res.Resources, java.lang.ClassLoader, java.util.Map, boolean, boolean) took 491.637ms
10-13 18:04:39.992 30344 30509 W apkdone.com: Verification of android.content.Context aq.createDisplayContext(android.view.Display) took 149.238ms
10-13 18:04:40.213 30344 30344 W apkdone.com: Verification of void com.flurry.sdk.an$2.a() took 103.320ms
10-13 18:04:40.266 30344 30344 D DownloaderInitializer: MAX_CONCURRENT_TASKS = 10
10-13 18:04:40.291 30344 30547 I DynamiteModule: Considering local module com.google.android.gms.ads.dynamite:0 and remote module com.google.android.gms.ads.dynamite:223104600
10-13 18:04:40.291 30344 30547 I DynamiteModule: Selected remote version of com.google.android.gms.ads.dynamite, version >= 223104600
10-13 18:04:40.291 30344 30547 V DynamiteModule: Dynamite loader version >= 2, using loadModule2NoCrashUtils
10-13 18:04:40.474 30344 30509 W apkdone.com: Verification of boolean bl.b() took 143.347ms
10-13 18:04:40.936 30344 30509 I apkdone.com: Waiting for a blocking GC ClassLinker
10-13 18:04:41.264 30344 30344 W com.facebook.J: Please set a value for AutoLogAppEventsEnabled. Set the flag to TRUE if you want to collect app install, app launch and in-app purchase events automatically. To request user consent before collecting data, set the flag value to FALSE, then change to TRUE once user consent is received. Learn more: https://developers.facebook.com/docs/app-events/getting- started-app-events-android#disable-auto-events.
10-13 18:04:41.264 30344 30344 W com.facebook.J: You haven't set a value for AdvertiserIDCollectionEnabled. Set the flag to TRUE if you want to collect Advertiser ID for better advertising and analytics results. To request user consent before collecting data, set the flag value to FALSE, then change to TRUE once user consent is received. Learn more: https://developers.facebook.com/docs/app-events/getting-started-app-events- android#disable-auto-events.
10-13 18:04:41.407 30344 30687 W apkdone.com: Verification of void com.android.org.conscrypt.OpenSSLContextImpl.<init>() took 130.620ms
10-13 18:04:41.569 30344 30687 W apkdone.com: Verification of void com.android.org.conscrypt.ClientSessionContext.putSession(com.android.org.conscrypt .ClientSessionContext$HostAndPort, com.android.org.conscrypt.NativeSslSession) took 113.992ms
10-13 18:04:41.918 30344 30687 W apkdone.com: Verification of com.android.org.conscrypt.PSKKeyManager com.android.org.conscrypt.SSLParametersImpl.findFirstPSKKeyManager(javax.net.ssl.Ke yManager[]) took 172.698ms
10-13 18:04:42.074 30344 30687 D NetworkSecurityConfig: Using Network Security Config from resource network_security_config debugBuild: false
10-13 18:04:42.096 30344 30687 I System.out: [okhttp]:check permission begin!
10-13 18:04:42.097 30344 30687 W System : ClassLoader referenced unknown path: system/framework/mediatek-cta.jar
10-13 18:04:42.105 30344 30687 I System.out: [okhttp] e:java.lang.ClassNotFoundException: com.mediatek.cta.CtaUtils
10-13 18:04:42.122 30344 30701 I System.out: [okhttp]:check permission begin!
10-13 18:04:42.126 30344 30701 I System.out: [okhttp]:not MMS!
10-13 18:04:42.126 30344 30701 I System.out: [okhttp]:not Email!
10-13 18:04:42.128 30344 30702 I System.out: [okhttp]:check permission begin!
10-13 18:04:42.128 30344 30702 I System.out: [okhttp]:not MMS!
10-13 18:04:42.135 30344 30702 I System.out: [okhttp]:not Email!
10-13 18:04:42.272 30344 30701 I System.out: [socket]:check permission begin!
10-13 18:04:42.273 30344 30701 W System : ClassLoader referenced unknown path: system/framework/mediatek-cta.jar
10-13 18:04:42.274 30344 30701 I System.out: [socket] e:java.lang.ClassNotFoundException: com.mediatek.cta.CtaUtils
10-13 18:04:42.275 30344 30687 I System.out: [socket]:check permission begin!
10-13 18:04:42.617 30344 30509 I apkdone.com: Waiting for a blocking GC ClassLinker
10-13 18:04:42.626 30344 30509 I apkdone.com: WaitForGcToComplete blocked ClassLinker on HeapTrim for 1.689s
10-13 18:04:42.689 30344 30360 I apkdone.com: WaitForGcToComplete blocked HeapTrim on ClassLinker for 60.386ms
10-13 18:04:43.484 30796 30796 E kdone.com:blac: Not starting debugger since process cannot load the jdwp agent.
10-13 18:04:43.858 30344 30547 W apkdone.com: ClassLoaderContext type mismatch. expected=PCL, found=DLC (PCL[] | DLC[];PCL[/data/app/apkdone.com-BkNFYx_t5BP- 5nukekTxMQ==/base.apk*3623145145:/data/app/apkdone.com-BkNFYx_t5BP-5nukekTxMQ==/ base.apk!classes2.dex*3829516013:/data/app/apkdone.com-BkNFYx_t5BP-5nukekTxMQ==/ base.apk!classes3.dex*1676885350:/data/app/apkdone.com-BkNFYx_t5BP-5nukekTxMQ==/ base.apk!classes4.dex*4182275115])
10-13 18:04:43.949 30344 30547 W apkdone.com: Found duplicate classes, falling back to extracting from APK : /data/user_de/0/com.google.android.gms/app_chimera/m/0000014a/dl- AdsFdrDynamite.integ_223104600000000.apk
10-13 18:04:43.949 30344 30547 W apkdone.com: NOTE: This wastes RAM and hurts startup performance.
10-13 18:04:43.949 30344 30547 W apkdone.com: Found duplicated class when checking oat files: 'Landroid/support/v4/app/RemoteActionCompatParcelizer;' in /data/user_de/0/com.google.android.gms/app_chimera/m/0000014a/dl- AdsFdrDynamite.integ_223104600000000.apk and /data/app/apkdone.com-BkNFYx_t5BP- 5nukekTxMQ==/base.apk
10-13 18:04:43.949 30344 30547 W apkdone.com:
10-13 18:04:44.154 30344 30701 I System.out: [OkHttp] sendRequest>>
10-13 18:04:44.154 30344 30701 I System.out: [OkHttp] sendRequest<<
10-13 18:04:44.158 30344 30687 I System.out: [OkHttp] sendRequest>>
10-13 18:04:44.161 30344 30687 I System.out: [OkHttp] sendRequest<<
10-13 18:04:44.386 30344 30509 W apkdone.com: Verification of android.os.Bundle ib.a() took 231.634ms
10-13 18:04:44.446 30796 30796 D HookManager: hook: top.niunaijun.blackbox.fake.service.IAlarmManagerProxy@a41b31d
10-13 18:04:44.456 30796 30796 D HookManager: hook: top.niunaijun.blackbox.fake.service.IPhoneSubInfoProxy@309498c
10-13 18:04:44.464 30796 30796 D HookManager: hook error: top.niunaijun.blackbox.fake.service.IPhoneSubInfoProxy@309498c
10-13 18:04:44.464 30796 30796 D HookManager: hook: top.niunaijun.blackbox.fake.service.IDisplayManagerProxy@da528d5
10-13 18:04:44.470 30796 30796 D HookManager: hook: top.niunaijun.blackbox.fake.service.IWindowManagerProxy@5878753
10-13 18:04:44.502 30796 30796 D HookManager: hook: top.niunaijun.blackbox.fake.service.IConnectivityManagerProxy@61f09a
10-13 18:04:44.506 30796 30796 I kdone.com:blac: Starting a blocking GC Alloc
10-13 18:04:44.506 30796 30796 I kdone.com:blac: Starting a blocking GC Alloc
10-13 18:04:44.611 30796 30796 I kdone.com:blac: Alloc young concurrent copying GC freed 18999(11MB) AllocSpace objects, 0(0B) LOS objects, 92% free, 1052KB/12MB, paused 230us total 104.522ms
10-13 18:04:44.624 30796 30796 D HookManager: hook: top.niunaijun.blackbox.fake.service.libcore.OsStub@f7b03fd
10-13 18:04:44.640 30796 30796 D HookManager: hook: top.niunaijun.blackbox.fake.service.ILocationManagerProxy@274c5c0
10-13 18:04:44.652 30796 30796 D HookManager: hook: top.niunaijun.blackbox.fake.service.IAppWidgetManagerProxy@8dbb5b5
10-13 18:04:44.662 30796 30796 D HookManager: hook: top.niunaijun.blackbox.fake.service.IAppOpsManagerProxy@2f4cb16
10-13 18:04:44.686 30796 30796 D HookManager: hook: top.niunaijun.blackbox.fake.service.IUserManagerProxy@79226ee
10-13 18:04:44.715 30796 30796 D HookManager: hook: top.niunaijun.blackbox.fake.service.ILauncherAppsProxy@c1ecdab
10-13 18:04:44.728 30796 30796 D HookManager: hook: top.niunaijun.blackbox.fake.service.HCallbackProxy@c64b0b4
10-13 18:04:44.752 30796 30796 D HookManager: hook: top.niunaijun.blackbox.fake.service.IAccountManagerProxy@333327f
10-13 18:04:44.788 30796 30796 D HookManager: hook: top.niunaijun.blackbox.fake.service.IFingerprintManagerProxy@df05738
10-13 18:04:44.793 30796 30796 D HookManager: hook: top.niunaijun.blackbox.fake.delegate.AppInstrumentation@aaf1f4d
10-13 18:04:44.795 30796 30796 D HookManager: hook: top.niunaijun.blackbox.fake.service.IActivityTaskManagerProxy@aa7fa02
10-13 18:04:44.810 30796 30796 D HookManager: hook: top.niunaijun.blackbox.fake.service.context.ContentServiceStub@8c3fe68
10-13 18:04:44.813 30796 30796 D HookManager: hook: top.niunaijun.blackbox.fake.service.IContextHubServiceProxy@b5375bd
10-13 18:04:44.818 30796 30796 D HookManager: hook: top.niunaijun.blackbox.fake.service.IDevicePolicyManagerProxy@487ccfe
10-13 18:04:44.820 30344 30509 W apkdone.com: Verification of void jx.R(java.lang.String, java.lang.String, java.lang.Object, long) took 105.104ms
10-13 18:04:44.830 30796 30796 D HookManager: hook: top.niunaijun.blackbox.fake.service.IAutofillManagerProxy@96bdf7b
10-13 18:04:44.849 30796 30796 D HookManager: hook: top.niunaijun.blackbox.fake.service.IWifiManagerProxy@8946f44
10-13 18:04:44.855 30796 30796 D HookManager: hook: top.niunaijun.blackbox.fake.service.context.RestrictionsManagerStub@e183a29
10-13 18:04:44.860 30796 30796 D HookManager: hook: top.niunaijun.blackbox.fake.service.INetworkManagementServiceProxy@94faba
10-13 18:04:44.870 30796 30796 D HookManager: hook: top.niunaijun.blackbox.fake.service.IDeviceIdentifiersPolicyProxy@4a8a547
10-13 18:04:44.876 30796 30796 D HookManager: hook: top.niunaijun.blackbox.fake.service.IJobServiceProxy@6fcf0e0
10-13 18:04:44.883 30796 30796 D HookManager: hook: top.niunaijun.blackbox.fake.service.INotificationManagerProxy@88efc55
10-13 18:04:44.892 30796 30796 D HookManager: hook: top.niunaijun.blackbox.fake.service.IActivityManagerProxy@aebfbf8
10-13 18:04:44.908 30796 30796 D HookManager: hook: top.niunaijun.blackbox.fake.service.IPackageManagerProxy@56878c2
10-13 18:04:44.931 30796 30796 D HookManager: hook: top.niunaijun.blackbox.fake.service.IMediaSessionManagerProxy@27e7f3c
10-13 18:04:44.946 30796 30796 D HookManager: hook: top.niunaijun.blackbox.fake.service.ISystemUpdateProxy@253c841
10-13 18:04:44.947 30796 30796 D HookManager: hook error: top.niunaijun.blackbox.fake.service.ISystemUpdateProxy@253c841
10-13 18:04:44.949 30796 30796 D HookManager: hook: top.niunaijun.blackbox.fake.service.IVibratorServiceProxy@7f641e6
10-13 18:04:44.951 30796 30796 D HookManager: hook: top.niunaijun.blackbox.fake.service.IPowerManagerProxy@986fac3
10-13 18:04:44.955 30796 30796 D HookManager: hook: top.niunaijun.blackbox.fake.service.IStorageManagerProxy@efe2f6c
10-13 18:04:44.967 30796 30796 D HookManager: hook: top.niunaijun.blackbox.fake.service.ITelephonyRegistryProxy@47e43b1
10-13 18:04:44.973 30796 30796 D HookManager: hook: top.niunaijun.blackbox.fake.service.IGraphicsStatsProxy@1b8022
10-13 18:04:44.975 30796 30796 D HookManager: hook: top.niunaijun.blackbox.fake.service.IPersistentDataBlockServiceProxy@90c1ab3
10-13 18:04:44.980 30796 30796 D HookManager: hook error: top.niunaijun.blackbox.fake.service.IPersistentDataBlockServiceProxy@90c1ab3
10-13 18:04:44.980 30796 30796 D HookManager: hook: top.niunaijun.blackbox.fake.service.IWifiScannerProxy@9957c6e
10-13 18:04:44.981 30796 30796 D HookManager: hook error: top.niunaijun.blackbox.fake.service.IWifiScannerProxy@9957c6e
10-13 18:04:44.982 30796 30796 D HookManager: hook: top.niunaijun.blackbox.fake.service.IMediaRouterServiceProxy@ba3af0f
10-13 18:04:44.985 30796 30796 D HookManager: hook: top.niunaijun.blackbox.fake.service.IShortcutManagerProxy@a568588
10-13 18:04:44.992 30796 30796 D HookManager: hook: top.niunaijun.blackbox.fake.service.ITelephonyManagerProxy@c5ea85d
10-13 18:04:45.011 30796 30796 D HookManager: hook: top.niunaijun.blackbox.fake.service.IAccessibilityManagerProxy@10fdd1e
10-13 18:04:45.014 30796 30796 D HookManager: hook: top.niunaijun.blackbox.fake.service.IStorageStatsManagerProxy@9e36e91
10-13 18:04:45.018 30796 30796 I LoadedApk: No resource references to update in package com.transsion.theme.icon --------- beginning of system
10-13 18:04:45.490 30796 30796 D ActivityThread: Loading provider apkdone.com.blackbox.SystemCallProvider: top.niunaijun.blackbox.core.system.SystemCallProvider
10-13 18:04:45.491 30796 30796 D SystemCallProvider: call: VM, Bundle[{_B_| _server_name_=package_manager}]
10-13 18:04:45.491 30796 30796 D BlackBoxCore: getService: package_manager, top.niunaijun.blackbox.core.system.pm.BPackageManagerService@bfbc9ce
10-13 18:04:45.531 30796 30816 D SystemCallProvider: call: VM, Bundle[mParcelledData.dataSize=88]
10-13 18:04:45.535 30344 30344 D BlackBoxCore: getService: activity_manager, android.os.BinderProxy@103b7fe
10-13 18:04:45.547 30796 30816 D SystemCallProvider: call: VM, Bundle[mParcelledData.dataSize=76]
10-13 18:04:45.548 30344 30344 D BlackBoxCore: getService: job_manager, android.os.BinderProxy@d18eb5f
10-13 18:04:45.549 30796 30816 D SystemCallProvider: call: VM, Bundle[mParcelledData.dataSize=84]
10-13 18:04:45.549 30344 30344 D BlackBoxCore: getService: package_manager, android.os.BinderProxy@5cd59ac
10-13 18:04:45.550 30796 30816 D SystemCallProvider: call: VM, Bundle[mParcelledData.dataSize=84]
10-13 18:04:45.551 30796 30796 I DaemonService: DaemonInnerService -> onCreate
10-13 18:04:45.552 30796 30796 I DaemonService: DaemonInnerService -> onStartCommand
10-13 18:04:45.556 30796 30796 I DaemonService: DaemonInnerService -> onDestroy
10-13 18:04:45.557 30344 30344 D BlackBoxCore: getService: storage_manager, android.os.BinderProxy@c9c675
10-13 18:04:45.565 30796 30816 D SystemCallProvider: call: VM, Bundle[mParcelledData.dataSize=80]
10-13 18:04:45.568 30344 30344 D BlackBoxCore: getService: user_manager, android.os.BinderProxy@3df560a
10-13 18:04:45.572 30796 30816 D SystemCallProvider: call: VM, Bundle[mParcelledData.dataSize=84]
10-13 18:04:45.574 30344 30344 D BlackBoxCore: getService: xposed_manager, android.os.BinderProxy@80ade7b
10-13 18:04:45.576 30796 30816 D SystemCallProvider: call: VM, Bundle[mParcelledData.dataSize=84]
10-13 18:04:45.579 30344 30344 D BlackBoxCore: getService: account_manager, android.os.BinderProxy@a8c6498
10-13 18:04:45.580 30796 30816 D SystemCallProvider: call: VM, Bundle[mParcelledData.dataSize=88]
10-13 18:04:45.584 30344 30344 D BlackBoxCore: getService: location_manager, android.os.BinderProxy@9fd54f1
10-13 18:04:45.585 30796 30816 D SystemCallProvider: call: VM, Bundle[mParcelledData.dataSize=96]
10-13 18:04:45.587 30344 30344 D BlackBoxCore: getService: notification_manager, android.os.BinderProxy@424c8d6
10-13 18:04:45.638 30344 30915 W apkdone.com: Verification of eg lk.f(boolean) took 121.008ms
10-13 18:04:45.750 30344 30344 W AutofillManager: Session 1960994477 could not be restored
10-13 18:04:45.801 30344 30915 W apkdone.com: Verification of void lk.p() took 163.447ms
10-13 18:04:45.916 30344 30915 W apkdone.com: Verification of void lk.q() took 114.783ms
10-13 18:04:45.994 30344 30547 W apkdone.com: Verification of int app.d(android.content.Context, boolean) took 124.822ms
10-13 18:04:46.337 30344 30915 W apkdone.com: Verification of void lj.b(au) took 214.207ms
10-13 18:04:46.596 30344 30344 W RenderThread: type=1400 audit(0.0:161705): avc: denied { search } for name="gift" dev="mmcblk0p39" ino=93 scontext=u:r:untrusted_app:s0:c207,c256,c512,c768 tcontext=u:object_r:gift_data_file:s0 tclass=dir permissive=0
10-13 18:04:46.630 30344 30953 I libMEOW_gift: open /vendor/etc/arc.ini
10-13 18:04:46.631 30344 30953 D libMEOW : applied 1 plugins for [apkdone.com]:
10-13 18:04:46.631 30344 30953 D libMEOW : plugin 1: [libMEOW_gift.so]:
10-13 18:04:46.853 30344 30915 W apkdone.com: Verification of void hq.<clinit>() took 138.242ms
10-13 18:04:46.886 30344 30344 W apkdone.com: type=1400 audit(0.0:161707): avc: denied { read } for name="max_map_count" dev="proc" ino=21527386 scontext=u:r:untrusted_app:s0:c207,c256,c512,c768 tcontext=u:object_r:proc_max_map_count:s0 tclass=file permissive=0
10-13 18:04:46.967 30344 30344 D libMEOW : applied 1 plugins for [apkdone.com]:
10-13 18:04:46.967 30344 30344 D libMEOW : plugin 1: [libMEOW_gift.so]:
10-13 18:04:46.968 30344 30344 I GPUD : @gpudInitialize: successfully initialized with GL, dbg=0 mmdump_dbg=0 mmpath_dbg=0
10-13 18:04:47.045 30344 30344 E GED : Failed to get GED Log Buf, err(0)
10-13 18:04:47.156 30344 30344 I libMEOW_gift: ctx:0xa09a8a80, ARC not Enabled.
10-13 18:04:47.178 30344 30344 I libMEOW_gift: ctx:0xa09a8b40, ARC not Enabled.
10-13 18:04:47.183 30344 31013 D libMEOW : applied 1 plugins for [apkdone.com]:
10-13 18:04:47.183 30344 31013 D libMEOW : plugin 1: [libMEOW_gift.so]:
10-13 18:04:47.223 30344 30702 I System.out: [socket]:check permission begin!
10-13 18:04:47.368 30344 30702 I System.out: [OkHttp] sendRequest>>
10-13 18:04:47.372 30344 30702 I System.out: [OkHttp] sendRequest<<
10-13 18:04:47.689 30344 30344 D com.llfbandit.app_links: handleIntent: (Action) android.intent.action.MAIN
10-13 18:04:47.689 30344 30344 D com.llfbandit.app_links: handleIntent: (Data) null
10-13 18:04:47.708 30344 30344 D FlutterArchivePlugin: onAttachedToEngine - IN
10-13 18:04:47.708 30344 30344 D FlutterArchivePlugin: doOnAttachedToEngine - IN
10-13 18:04:47.708 30344 30344 D FlutterArchivePlugin: doOnAttachedToEngine - OUT
10-13 18:04:47.708 30344 30344 D FlutterArchivePlugin: onAttachedToEngine - OUT
10-13 18:04:48.430 30344 30344 I WebViewFactory: Loading com.google.android.webview version 105.0.5195.136 (code 519513630)
10-13 18:04:48.469 30344 30915 W System : ClassLoader referenced unknown path: /system/framework/mediatek-cta.jar
10-13 18:04:48.470 30344 30915 W CtaManagerFactory: CtaManagerFactoryImpl not found
10-13 18:04:48.677 30344 30702 I System.out: [okhttp]:check permission begin!
10-13 18:04:48.678 30344 30702 I System.out: [okhttp]:not MMS!
10-13 18:04:48.678 30344 30702 I System.out: [okhttp]:not Email!
10-13 18:04:48.678 30344 30702 I System.out: [OkHttp] sendRequest>>
10-13 18:04:48.678 30344 30702 I System.out: [OkHttp] sendRequest<<
10-13 18:04:49.147 30344 30915 I FA : App measurement initialized, version: 73015
10-13 18:04:49.148 30344 30915 I FA : To enable debug logging run: adb shell setprop log.tag.FA VERBOSE
10-13 18:04:49.148 30344 30915 I FA : To enable faster debug mode event logging run:
10-13 18:04:49.148 30344 30915 I FA : adb shell setprop debug.firebase.analytics.app apkdone.com
10-13 18:04:49.321 30344 30344 W apkdone.com: Verification of android.webkit.PacProcessor com.android.webview.chromium.WebViewChromiumFactoryProvider.createPacProcessor() took 100.364ms
10-13 18:04:49.567 30344 30344 I cr_WVCFactoryProvider: Loaded version=105.0.5195.136 minSdkVersion=29 isBundle=true multiprocess=false packageId=2
10-13 18:04:49.714 30344 30344 I cr_LibraryLoader: Successfully loaded native library
10-13 18:04:49.718 30344 30344 I cr_CachingUmaRecorder: Flushed 8 samples from 8 histograms.
10-13 18:04:49.946 30344 30915 W apkdone.com: Verification of java.lang.Object eh.createFromParcel(android.os.Parcel) took 189.291ms
10-13 18:04:51.054 30344 30344 W FlutterEngineCxnRegstry: Attempted to register plugin (O0.c@c695db2) but it was already registered with this FlutterEngine (io.flutter.embedding.engine.FlutterEngine@d155103).
10-13 18:04:51.054 30344 30344 W FlutterEngineCxnRegstry: Attempted to register plugin (N0.a@c149880) but it was already registered with this FlutterEngine (io.flutter.embedding.engine.FlutterEngine@d155103).
10-13 18:04:51.054 30344 30344 W FlutterEngineCxnRegstry: Attempted to register plugin (L0.a@e3c1eb9) but it was already registered with this FlutterEngine (io.flutter.embedding.engine.FlutterEngine@d155103).
10-13 18:04:51.054 30344 30344 W FlutterEngineCxnRegstry: Attempted to register plugin (J0.g@d0ba2fe) but it was already registered with this FlutterEngine (io.flutter.embedding.engine.FlutterEngine@d155103).
10-13 18:04:51.054 30344 30344 W FlutterEngineCxnRegstry: Attempted to register plugin (io.flutter.plugins.camera.CameraPlugin@811fa5f) but it was already registered with this FlutterEngine (io.flutter.embedding.engine.FlutterEngine@d155103).
10-13 18:04:51.054 30344 30344 W FlutterEngineCxnRegstry: Attempted to register plugin (C1.d@e6abcac) but it was already registered with this FlutterEngine (io.flutter.embedding.engine.FlutterEngine@d155103).
10-13 18:04:51.055 30344 30344 W FlutterEngineCxnRegstry: Attempted to register plugin (H1.c@1f6ed75) but it was already registered with this FlutterEngine (io.flutter.embedding.engine.FlutterEngine@d155103).
10-13 18:04:51.055 30344 30344 W FlutterEngineCxnRegstry: Attempted to register plugin (D1.a@ffaf10a) but it was already registered with this FlutterEngine (io.flutter.embedding.engine.FlutterEngine@d155103).
10-13 18:04:51.055 30344 30344 W FlutterEngineCxnRegstry: Attempted to register plugin (B1.a@b05dd7b) but it was already registered with this FlutterEngine (io.flutter.embedding.engine.FlutterEngine@d155103).
10-13 18:04:51.055 30344 30344 W FlutterEngineCxnRegstry: Attempted to register plugin (R0.a@31cf798) but it was already registered with this FlutterEngine (io.flutter.embedding.engine.FlutterEngine@d155103).
10-13 18:04:51.055 30344 30344 W FlutterEngineCxnRegstry: Attempted to register plugin (io.flutter.plugins.firebase.analytics.FlutterFirebaseAnalyticsPlugin@e55ebf1) but it was already registered with this FlutterEngine (io.flutter.embedding.engine.FlutterEngine@d155103).
10-13 18:04:51.055 30344 30344 W FlutterEngineCxnRegstry: Attempted to register plugin (io.flutter.plugins.firebase.core.FlutterFirebaseCorePlugin@5df13d6) but it was already registered with this FlutterEngine (io.flutter.embedding.engine.FlutterEngine@d155103).
10-13 18:04:51.055 30344 30344 W FlutterEngineCxnRegstry: Attempted to register plugin (io.flutter.plugins.firebase.crashlytics.FlutterFirebaseCrashlyticsPlugin@58ad657) but it was already registered with this FlutterEngine (io.flutter.embedding.engine.FlutterEngine@d155103).
10-13 18:04:51.055 30344 30344 W FlutterEngineCxnRegstry: Attempted to register plugin (K1.a@7b5f544) but it was already registered with this FlutterEngine (io.flutter.embedding.engine.FlutterEngine@d155103).
10-13 18:04:51.055 30344 30344 W FlutterEngineCxnRegstry: Attempted to register plugin (io.flutter.plugins.firebase.messaging.FlutterFirebaseMessagingPlugin@fcc562d) but it was already registered with this FlutterEngine (io.flutter.embedding.engine.FlutterEngine@d155103).
10-13 18:04:51.055 30344 30344 W FlutterEngineCxnRegstry: Attempted to register plugin (io.flutter.plugins.firebase.performance.FlutterFirebasePerformancePlugin@109762) but it was already registered with this FlutterEngine (io.flutter.embedding.engine.FlutterEngine@d155103).
10-13 18:04:51.055 30344 30344 W FlutterEngineCxnRegstry: Attempted to register plugin (io.flutter.plugins.firebase.firebaseremoteconfig.FirebaseRemoteConfigPlugin@cfc80f 3) but it was already registered with this FlutterEngine (io.flutter.embedding.engine.FlutterEngine@d155103).
10-13 18:04:51.055 30344 30344 W FlutterEngineCxnRegstry: Attempted to register plugin (K0.a@5bf21b0) but it was already registered with this FlutterEngine (io.flutter.embedding.engine.FlutterEngine@d155103).
10-13 18:04:51.055 30344 30344 W FlutterEngineCxnRegstry: Attempted to register plugin (vn.hunghd.flutterdownloader.d@cc52829) but it was already registered with this FlutterEngine (io.flutter.embedding.engine.FlutterEngine@d155103).
10-13 18:04:51.055 30344 30344 W FlutterEngineCxnRegstry: Attempted to register plugin (S0.a@ae4c7ae) but it was already registered with this FlutterEngine (io.flutter.embedding.engine.FlutterEngine@d155103).
10-13 18:04:51.055 30344 30344 W FlutterEngineCxnRegstry: Attempted to register plugin (d.f@6d4394f) but it was already registered with this FlutterEngine (io.flutter.embedding.engine.FlutterEngine@d155103).
10-13 18:04:51.061 30344 30344 W FlutterEngineCxnRegstry: Attempted to register plugin (F.a@3eca8dc) but it was already registered with this FlutterEngine (io.flutter.embedding.engine.FlutterEngine@d155103).
10-13 18:04:51.061 30344 30344 W FlutterEngineCxnRegstry: Attempted to register plugin (com.pichillilorenzo.flutter_inappwebview.InAppWebViewFlutterPlugin@d5f1de5) but it was already registered with this FlutterEngine (io.flutter.embedding.engine.FlutterEngine@d155103).
10-13 18:04:51.061 30344 30344 W FlutterEngineCxnRegstry: Attempted to register plugin (f.a@b9b0ba) but it was already registered with this FlutterEngine (io.flutter.embedding.engine.FlutterEngine@d155103).
10-13 18:04:51.061 30344 30344 W FlutterEngineCxnRegstry: Attempted to register plugin (com.dexterous.flutterlocalnotifications.FlutterLocalNotificationsPlugin@cc51b6b) but it was already registered with this FlutterEngine (io.flutter.embedding.engine.FlutterEngine@d155103).
10-13 18:04:51.062 30344 30344 W FlutterEngineCxnRegstry: Attempted to register plugin (M0.i@e0976c8) but it was already registered with this FlutterEngine (io.flutter.embedding.engine.FlutterEngine@d155103).
10-13 18:04:51.062 30344 30344 W FlutterEngineCxnRegstry: Attempted to register plugin (io.flutter.plugins.flutter_plugin_android_lifecycle.FlutterAndroidLifecyclePlugin@ 2e8b361) but it was already registered with this FlutterEngine (io.flutter.embedding.engine.FlutterEngine@d155103).
10-13 18:04:51.062 30344 30344 W FlutterEngineCxnRegstry: Attempted to register plugin (J1.a@1c21e86) but it was already registered with this FlutterEngine (io.flutter.embedding.engine.FlutterEngine@d155103).
10-13 18:04:51.062 30344 30344 W FlutterEngineCxnRegstry: Attempted to register plugin (io.flutter.plugins.googlemobileads.GoogleMobileAdsPlugin@6980347) but it was already registered with this FlutterEngine (io.flutter.embedding.engine.FlutterEngine@d155103).
10-13 18:04:51.062 30344 30344 W FlutterEngineCxnRegstry: Attempted to register plugin (io.flutter.plugins.googlesignin.GoogleSignInPlugin@fa33774) but it was already registered with this FlutterEngine (io.flutter.embedding.engine.FlutterEngine@d155103).
10-13 18:04:51.062 30344 30344 W FlutterEngineCxnRegstry: Attempted to register plugin (F2.c@b1c249d) but it was already registered with this FlutterEngine (io.flutter.embedding.engine.FlutterEngine@d155103).
10-13 18:04:51.062 30344 30344 W FlutterEngineCxnRegstry: Attempted to register plugin (N.a@c919d12) but it was already registered with this FlutterEngine (io.flutter.embedding.engine.FlutterEngine@d155103).
10-13 18:04:51.062 30344 30344 W FlutterEngineCxnRegstry: Attempted to register plugin (io.flutter.plugins.packageinfo.PackageInfoPlugin@5c78ce3) but it was already registered with this FlutterEngine (io.flutter.embedding.engine.FlutterEngine@d155103).
10-13 18:04:51.062 30344 30344 W FlutterEngineCxnRegstry: Attempted to register plugin (io.flutter.plugins.pathprovider.PathProviderPlugin@d7656e0) but it was already registered with this FlutterEngine (io.flutter.embedding.engine.FlutterEngine@d155103).
10-13 18:04:51.062 30344 30344 W FlutterEngineCxnRegstry: Attempted to register plugin (e.f@b1b6d99) but it was already registered with this FlutterEngine (io.flutter.embedding.engine.FlutterEngine@d155103).
10-13 18:04:51.062 30344 30344 W FlutterEngineCxnRegstry: Attempted to register plugin (o0.b@368785e) but it was already registered with this FlutterEngine (io.flutter.embedding.engine.FlutterEngine@d155103).
10-13 18:04:51.062 30344 30344 W FlutterEngineCxnRegstry: Attempted to register plugin (E1.f@edc143f) but it was already registered with this FlutterEngine (io.flutter.embedding.engine.FlutterEngine@d155103).
10-13 18:04:51.062 30344 30344 W FlutterEngineCxnRegstry: Attempted to register plugin (io.flutter.plugins.sharedpreferences.SharedPreferencesPlugin@99a010c) but it was already registered with this FlutterEngine (io.flutter.embedding.engine.FlutterEngine@d155103).
10-13 18:04:51.062 30344 30344 W FlutterEngineCxnRegstry: Attempted to register plugin (I0.b@e2c4a55) but it was already registered with this FlutterEngine (io.flutter.embedding.engine.FlutterEngine@d155103).
10-13 18:04:51.062 30344 30344 W FlutterEngineCxnRegstry: Attempted to register plugin (V0.l@a3fbc6a) but it was already registered with this FlutterEngine (io.flutter.embedding.engine.FlutterEngine@d155103).
10-13 18:04:51.062 30344 30344 W FlutterEngineCxnRegstry: Attempted to register plugin (P0.l@c87b55b) but it was already registered with this FlutterEngine (io.flutter.embedding.engine.FlutterEngine@d155103).
10-13 18:04:51.062 30344 30344 W FlutterEngineCxnRegstry: Attempted to register plugin (io.flutter.plugins.urllauncher.UrlLauncherPlugin@e6c21f8) but it was already registered with this FlutterEngine (io.flutter.embedding.engine.FlutterEngine@d155103).
10-13 18:04:51.062 30344 30344 W FlutterEngineCxnRegstry: Attempted to register plugin (io.flutter.plugins.videoplayer.VideoPlayerPlugin@43436d1) but it was already registered with this FlutterEngine (io.flutter.embedding.engine.FlutterEngine@d155103).
10-13 18:04:51.062 30344 30344 W FlutterEngineCxnRegstry: Attempted to register plugin (G2.a@9953536) but it was already registered with this FlutterEngine (io.flutter.embedding.engine.FlutterEngine@d155103).
10-13 18:04:51.062 30344 30344 W FlutterEngineCxnRegstry: Attempted to register plugin (i1.n@8824c37) but it was already registered with this FlutterEngine (io.flutter.embedding.engine.FlutterEngine@d155103).
10-13 18:04:51.062 30344 30344 W FlutterEngineCxnRegstry: Attempted to register plugin (z1.d@c3d65a4) but it was already registered with this FlutterEngine (io.flutter.embedding.engine.FlutterEngine@d155103).
10-13 18:04:51.378 30344 30344 W FlutterActivityAndFragmentDelegate: A splash screen was provided to Flutter, but this is deprecated. See flutter.dev/go/android- splash-migration for migration steps.
10-13 18:04:51.432 30344 31168 I System.out: [okhttp]:check permission begin!
10-13 18:04:51.454 30344 31168 I System.out: [okhttp]:not MMS!
10-13 18:04:51.454 30344 31168 I System.out: [okhttp]:not Email!
10-13 18:04:51.548 30344 30344 I SurfaceFactory: [static] sSurfaceFactory = com.mediatek.view.impl.SurfaceFactoryImpl@a44db59
10-13 18:04:51.597 30344 30344 D TouchScreenHelper: --getInstance()
10-13 18:04:51.598 30344 30344 D TouchScreenHelper: --getInstance() com.transsion.view.TouchScreenHelperImpl
10-13 18:04:51.599 30344 30344 I TouchScreenHelperImpl: constructed in apkdone.com
10-13 18:04:51.606 30344 30344 E libc : Access denied finding property "ro.vendor.scaler_version"
10-13 18:04:51.603 30344 30344 W apkdone.com: type=1400 audit(0.0:161726): avc: denied { read } for name="u:object_r:vendor_default_prop:s0" dev="tmpfs" ino=11366 scontext=u:r:untrusted_app:s0:c207,c256,c512,c768 tcontext=u:object_r:vendor_default_prop:s0 tclass=file permissive=0
10-13 18:04:51.608 30344 30344 E libc : Access denied finding property "ro.vendor.scaler_version"
10-13 18:04:51.603 30344 30344 W apkdone.com: type=1400 audit(0.0:161727): avc: denied { read } for name="u:object_r:vendor_default_prop:s0" dev="tmpfs" ino=11366 scontext=u:r:untrusted_app:s0:c207,c256,c512,c768 tcontext=u:object_r:vendor_default_prop:s0 tclass=file permissive=0
10-13 18:04:51.624 30344 30344 D ViewRootImpl[MainActivity]: hardware acceleration = true , fakeHwAccelerated = false, sRendererDisabled = false, forceHwAccelerated = false, sSystemRendererDisabled = false
10-13 18:04:51.646 30344 30344 I InputTransport: Create ARC handle: 0x955b10d0
10-13 18:04:51.651 30344 30344 V PhoneWindow: DecorView setVisiblity: visibility = 0, Parent = android.view.ViewRootImpl@e45ac93, this = DecorView@af174d0[MainActivity]
10-13 18:04:51.658 30344 31184 D libMEOW_gift: etEventThreadFunc()::thread Begin. eventRefCnt: 1
10-13 18:04:52.220 30344 30915 I FA : Tag Manager is not found and thus will not be used
10-13 18:04:52.618 30344 30875 D SharedPreferencesImpl: Time required to fsync /data/user/0/apkdone.com/shared_prefs/apkdone.com_preferences.xml: [<1: 0, <2: 0, <4: 0, <8: 0, <16: 0, <32: 0, <64: 0, <128: 0, <256: 0, <512: 0, <1024: 1, <2048: 0, <4096: 0, <8192: 0, <16384: 0, >=16384: 0]
10-13 18:04:52.927 30344 30344 I Choreographer: Skipped 83 frames! The application may be doing too much work on its main thread.
10-13 18:04:53.152 30344 30948 D libMEOW : applied 1 plugins for [apkdone.com]:
10-13 18:04:53.152 30344 30948 D libMEOW : plugin 1: [libMEOW_gift.so]:
10-13 18:04:53.168 30344 30948 I libMEOW_gift: ctx:0xa09aae80, ARC not Enabled.
10-13 18:04:53.245 30344 30948 D Surface : Surface::connect(this=0x7e9b9000,api=1)
10-13 18:04:53.248 30344 30948 D Surface : Surface::setBufferCount(this=0x7e9b9000,bufferCount=3)
10-13 18:04:53.248 30344 30948 D Surface : Surface::allocateBuffers(this=0x7e9b9000)
10-13 18:04:53.250 30344 30344 D TextureView: getHardwareLayer, createNewSurface:true
10-13 18:04:53.251 30344 30344 I BufferQueue: [unnamed-30344-0] (this:0x7cd8c000,id:0,api:0,p:-1,c:-1) BufferQueue core=(30344:apkdone.com)
10-13 18:04:53.334 30344 30344 E libc : Access denied finding property "vendor.debug.bq.dump"
10-13 18:04:53.334 30344 30344 I BufferQueueConsumer: [unnamed-30344-0] (this:0x7cd8c000,id:0,api:0,p:-1,c:30344) connect(C): consumer=(30344:apkdone.com) controlledByApp=true
10-13 18:04:53.334 30344 30344 E libc : Access denied finding property "vendor.debug.bq.dump"
10-13 18:04:53.334 30344 30344 I BufferQueueConsumer: [unnamed-30344-0] (this:0x7cd8c000,id:0,api:0,p:-1,c:30344) setConsumerName: unnamed-30344-0
10-13 18:04:53.329 30344 30344 W apkdone.com: type=1400 audit(0.0:161730): avc: denied { read } for name="u:object_r:debug_bq_dump_prop:s0" dev="tmpfs" ino=7994 scontext=u:r:untrusted_app:s0:c207,c256,c512,c768 tcontext=u:object_r:debug_bq_dump_prop:s0 tclass=file permissive=0
10-13 18:04:53.334 30344 30344 E libc : Access denied finding property "vendor.debug.bq.dump"
10-13 18:04:53.334 30344 30344 I BufferQueueConsumer: [SurfaceTexture-0-30344-0] (this:0x7cd8c000,id:0,api:0,p:-1,c:30344) setConsumerName: SurfaceTexture-0-30344-0
10-13 18:04:53.329 30344 30344 W apkdone.com: type=1400 audit(0.0:161732): avc: denied { read } for name="u:object_r:debug_bq_dump_prop:s0" dev="tmpfs" ino=7994 scontext=u:r:untrusted_app:s0:c207,c256,c512,c768 tcontext=u:object_r:debug_bq_dump_prop:s0 tclass=file permissive=0
10-13 18:04:53.335 30344 30344 I BufferQueueConsumer: [SurfaceTexture-0-30344-0] (this:0x7cd8c000,id:0,api:0,p:-1,c:30344) setDefaultBufferSize: width=720 height=1504
10-13 18:04:53.335 30344 30344 D OpenGLRenderer: 0x7cdabb98 setSurfaceTexture: 0x0 to 0x7cdbfc00
10-13 18:04:53.340 30344 31010 D libMEOW : applied 1 plugins for [apkdone.com]:
10-13 18:04:53.341 30344 31010 D libMEOW : plugin 1: [libMEOW_gift.so]:
10-13 18:04:53.341 30344 31010 D Surface : Surface::connect(this=0x7cdd4800,api=1)
10-13 18:04:53.341 30344 31010 I BufferQueueProducer: [SurfaceTexture-0-30344-0] (this:0x7cd8c000,id:0,api:1,p:30344,c:30344) connect(P): api=1 producer=(30344:apkdone.com) producerControlledByApp=true
10-13 18:04:53.426 30344 31010 W Gralloc3: mapper 3.x is not supported
10-13 18:04:53.503 30344 31010 W Gralloc3: allocator 3.x is not supported
10-13 18:04:53.524 30344 31010 E ion : ioctl c0044901 failed with code -1: Invalid argument
10-13 18:04:53.525 30344 31010 E ion : ioctl c0044901 failed with code -1: Invalid argument
10-13 18:04:53.688 30344 30948 I OpenGLRenderer: Davey! duration=2120ms; Flags=1, IntendedVsync=143874714813429, Vsync=143876098146790, OldestInputEvent=9223372036854775807, NewestInputEvent=0, HandleInputStart=143876107873774, AnimationStart=143876107923082, PerformTraversalsStart=143876107927774, DrawStart=143876428637422, SyncQueued=143876788759843, SyncStart=143876821331692, IssueDrawCommandsStart=143876821451846, SwapBuffers=143876861309850, FrameCompleted=143876868193774, DequeueBufferDuration=0, QueueBufferDuration=2250000,
10-13 18:04:53.953 30344 30481 I TRuntime.CctTransportBackend: Making request to: https://firebaselogging-pa.googleapis.com/v1/firelog/legacy/batchlog
10-13 18:04:53.954 30344 30481 I System.out: [okhttp]:check permission begin!
10-13 18:04:53.954 30344 30481 I System.out: [okhttp]:not MMS!
10-13 18:04:53.954 30344 30481 I System.out: [okhttp]:not Email!
10-13 18:04:54.386 30344 30748 I System.out: [okhttp]:check permission begin!
10-13 18:04:54.386 30344 30748 I System.out: [okhttp]:not MMS!
10-13 18:04:54.387 30344 30748 I System.out: [okhttp]:not Email!
10-13 18:04:54.492 30344 30748 I System.out: [OkHttp] sendRequest<<
10-13 18:04:54.498 30344 30360 I apkdone.com: Background young concurrent copying GC freed 28887(1811KB) AllocSpace objects, 22(712KB) LOS objects, 8% free, 6218KB/6824KB, paused 174us total 497.428ms
10-13 18:04:54.858 30344 30360 I apkdone.com: Background young concurrent copying GC freed 28974(1993KB) AllocSpace objects, 7(268KB) LOS objects, 35% free, 4404KB/6824KB, paused 226us total 106.438ms
10-13 18:04:54.981 30344 30748 I System.out: [okhttp]:check permission begin!
10-13 18:04:54.981 30344 30748 I System.out: [okhttp]:not MMS!
10-13 18:04:54.981 30344 30748 I System.out: [okhttp]:not Email!
10-13 18:04:54.986 30344 30748 I System.out: [OkHttp] sendRequest<<
10-13 18:04:56.715 30344 31168 I System.out: [socket]:check permission begin!
10-13 18:04:57.176 30344 31168 I System.out: [OkHttp] sendRequest>>
10-13 18:04:57.178 30344 31168 I System.out: [OkHttp] sendRequest<<
10-13 18:04:57.601 30344 31168 W FlurryAgent: Analytics report sent to https://data.flurry.com/v1/flr.do
10-13 18:04:57.602 30344 31168 I System.out: [okhttp]:check permission begin!
10-13 18:04:57.602 30344 31168 I System.out: [okhttp]:not MMS!
10-13 18:04:57.602 30344 31168 I System.out: [okhttp]:not Email!
10-13 18:04:57.607 30344 31168 I System.out: [OkHttp] sendRequest>>
10-13 18:04:57.607 30344 31168 I System.out: [OkHttp] sendRequest<<
10-13 18:04:57.860 30344 31168 W FlurryAgent: Analytics report sent to https://data.flurry.com/v1/flr.do
10-13 18:04:59.048 30344 30481 I System.out: [socket]:check permission begin!
10-13 18:04:59.607 30344 30481 I System.out: [OkHttp] sendRequest>>
10-13 18:04:59.639 30344 30481 I System.out: [OkHttp] sendRequest<<
10-13 18:05:02.011 30344 30481 I TRuntime.CctTransportBackend: Status Code: 200
10-13 18:05:43.081 30344 30948 D Surface : Surface::disconnect(this=0x7e9b9000,api=1)
10-13 18:05:48.882 30344 30344 V PhoneWindow: DecorView setVisiblity: visibility = 0, Parent = android.view.ViewRootImpl@e45ac93, this = DecorView@af174d0[MainActivity]
10-13 18:05:50.828 30344 30344 V PhoneWindow: DecorView setVisiblity: visibility = 4, Parent = android.view.ViewRootImpl@e45ac93, this = DecorView@af174d0[MainActivity]
10-13 18:05:51.066 30344 30344 I Choreographer: Skipped 179 frames! The application may be doing too much work on its main thread.
10-13 18:05:51.532 30344 30948 I GED : ged_boost_gpu_freq, level 100, eOrigin 2, final_idx 2, oppidx_max 2, oppidx_min 0