01-17 21:28:47.777 27360 27360 E ArmVmp : Match on catch block at 0xc3 in for 017 21:28:40.269 27360 27360 E ArmVmp : Match on catch block at 0xc3 in for 0x151
01-17 21:28:40.757 27360 27360 E ArmVmp : Match on catch block at 0xc3 in for 0x151
01-17 21:28:40.763 27360 27360 E ArmVmp : Match on catch block at 0xc3 in for 0x14d
01-17 21:28:40.767 27360 27360 E ArmVmp : Match on catch block at 0xc3 in for 0x151
01-17 21:28:41.255 27360 27360 E ArmVmp : Match on catch block at 0xc3 in for 0x151
01-17 21:28:41.262 27360 27360 E ArmVmp : Match on catch block at 0xc3 in for 0x14d
01-17 21:28:41.266 27360 27360 E ArmVmp : Match on catch block at 0xc3 in for 0x151
01-17 21:28:41.769 27360 27360 E ArmVmp : Match on catch block at 0xc3 in for 0x151
01-17 21:28:41.775 27360 27360 E ArmVmp : Match on catch block at 0xc3 in for 0x14d
01-17 21:28:41.779 27360 27360 E ArmVmp : Match on catch block at 0xc3 in for 0x151
01-17 21:28:42.265 27360 27360 E ArmVmp : Match on catch block at 0xc3 in for 0x155
01-17 21:28:42.270 27360 27360 E ArmVmp : Match on catch block at 0xc3 in for 0x151
01-17 21:28:42.272 27360 27360 E ArmVmp : Match on catch block at 0xc3 in for 0x155
01-17 21:28:42.762 27360 27360 E ArmVmp : Match on catch block at 0xc3 in for 0x155
01-17 21:28:42.767 27360 27360 E ArmVmp : Match on catch block at 0xc3 in for 0x151
01-17 21:28:42.770 27360 27360 E ArmVmp : Match on catch block at 0xc3 in for 0x155
01-17 21:28:43.259 27360 27360 E ArmVmp : Match on catch block at 0xc3 in for 0x155
01-17 21:28:43.264 27360 27360 E ArmVmp : Match on catch block at 0xc3 in for 0x151
01-17 21:28:43.268 27360 27360 E ArmVmp : Match on catch block at 0xc3 in for 0x155
01-17 21:28:43.756 27360 27360 E ArmVmp : Match on catch block at 0xc3 in for 0x155
01-17 21:28:43.761 27360 27360 E ArmVmp : Match on catch block at 0xc3 in for 0x151
01-17 21:28:43.764 27360 27360 E ArmVmp : Match on catch block at 0xc3 in for 0x155
01-17 21:28:44.270 27360 27360 E ArmVmp : Match on catch block at 0xc3 in for 0x155
01-17 21:28:44.274 27360 27360 E ArmVmp : Match on catch block at 0xc3 in for 0x151
01-17 21:28:44.277 27360 27360 E ArmVmp : Match on catch block at 0xc3 in for 0x155
01-17 21:28:44.767 27360 27360 E ArmVmp : Match on catch block at 0xc3 in for 0x155
01-17 21:28:44.771 27360 27360 E ArmVmp : Match on catch block at 0xc3 in for 0x151
01-17 21:28:44.774 27360 27360 E ArmVmp : Match on catch block at 0xc3 in for 0x155
01-17 21:28:45.264 27360 27360 E ArmVmp : Match on catch block at 0xc3 in for 0x155
01-17 21:28:45.269 27360 27360 E ArmVmp : Match on catch block at 0xc3 in for 0x151
01-17 21:28:45.272 27360 27360 E ArmVmp : Match on catch block at 0xc3 in for 0x155
01-17 21:28:45.761 27360 27360 E ArmVmp : Match on catch block at 0xc3 in for 0x155
01-17 21:28:45.766 27360 27360 E ArmVmp : Match on catch block at 0xc3 in for 0x151
01-17 21:28:45.770 27360 27360 E ArmVmp : Match on catch block at 0xc3 in for 0x155
01-17 21:28:46.276 27360 27360 E ArmVmp : Match on catch block at 0xc3 in for 0x155
01-17 21:28:46.281 27360 27360 E ArmVmp : Match on catch block at 0xc3 in for 0x151
01-17 21:28:46.284 27360 27360 E ArmVmp : Match on catch block at 0xc3 in for 0x155
01-17 21:28:46.774 27360 27360 E ArmVmp : Match on catch block at 0xc3 in for 0x155
01-17 21:28:46.779 27360 27360 E ArmVmp : Match on catch block at 0xc3 in for 0x151
01-17 21:28:46.784 27360 27360 E ArmVmp : Match on catch block at 0xc3 in for 0x155
01-17 21:28:47.271 27360 27360 E ArmVmp : Match on catch block at 0xc3 in for 0x155
01-17 21:28:47.276 27360 27360 E ArmVmp : Match on catch block at 0xc3 in for 0x151
01-17 21:28:47.280 27360 27360 E ArmVmp : Match on catch block at 0xc3 in for 0x155
01-17 21:28:47.767 27360 27360 E ArmVmp : Match on catch block at 0xc3 in for 0x155
01-17 21:28:47.773 27360 27360 E ArmVmp : Match on catch block at 0xc3 in for 0x151
01-17 21:28:47.777 27360 27360 E ArmVmp : Match on catch block at 0xc3 in for 0x155
01-17 21:28:48.282 27360 27360 E ArmVmp : Match on catch block at 0xc3 in for 0x155
01-17 21:28:48.289 27360 27360 E ArmVmp : Match on catch block at 0xc3 in for 0x151
01-17 21:28:48.293 x155
01-17 21:28:48.282 27360 27360 E ArmVmp : Match on catch block at 0xc3 in for 0x155
01-17 21:28:48.289 27360 27360 E ArmVmp : Match on catch block at 0xc3 in for 0x151
01-17 21:28:48.293 27360 27360 E ArmVmp : Match on catch block at 0xc3 in for 0x155
01-17 21:28:48.778 27360 27360 E ArmVmp : Match on catch block at 0xc3 in for 0x155
01-17 21:28:48.784 27360 27360 E ArmVmp : Match on catch block at 0xc3 in for 0x151
01-17 21:28:48.787 27360 27360 E ArmVmp : Match on catch block at 0xc3 in for 0x155
01-17 21:28:49.274 27360 27360 E ArmVmp : Match on catch block at 0xc3 in for 0x155
01-17 21:28:49.279 27360 27360 E ArmVmp : Match on catch block at 0xc3 in for 0x151
01-17 21:28:49.282 27360 27360 E ArmVmp : Match on catch block at 0xc3 in for 0x155
01-17 21:28:49.772 27360 27360 E ArmVmp : Match on catch block at 0xc3 in for 0x155
01-17 21:28:49.777 27360 27360 E ArmVmp : Match on catch block at 0xc3 in for 0x151
01-17 21:28:49.780 27360 27360 E ArmVmp : Match on catch block at 0xc3 in for 0x155
01-17 21:28:50.269 27360 27360 E ArmVmp : Match on catch block at 0xc3 in for 0x155
01-17 21:28:50.275 27360 27360 E ArmVmp : Match on catch block at 0xc3 in for 0x151
01-17 21:28:50.278 27360 27360 E ArmVmp : Match on catch block at 0xc3 in for 0x155
01-17 21:28:50.783 27360 27360 E ArmVmp : Match on catch block at 0xc3 in for 0x155
01-17 21:28:50.788 27360 27360 E ArmVmp : Match on catch block at 0xc3 in for 0x151
01-17 21:28:50.791 27360 27360 E ArmVmp : Match on catch block at 0xc3 in for 0x155
01-17 21:28:51.281 27360 27360 E ArmVmp : Match on catch block at 0xc3 in for 0x155
01-17 21:28:51.286 27360 27360 E ArmVmp : Match on catch block at 0xc3 in for 0x151
01-17 21:28:51.288 27360 27360 E ArmVmp : Match on catch block at 0xc3 in for 0x155
01-17 21:28:51.778 27360 27360 E ArmVmp : Match on catch block at 0xc3 in for 0x155
01-17 21:28:51.783 27360 27360 E ArmVmp : Match on catch block at 0xc3 in for 0x151
01-17 21:28:51.787 27360 27360 E ArmVmp : Match on catch block at 0xc3 in for 0x155
01-17 21:28:52.275 27360 27360 E ArmVmp : Match on catch block at 0xc3 in for 0x155
01-17 21:28:52.281 27360 27360 E ArmVmp : Match on catch block at 0xc3 in for 0x151
01-17 21:28:52.284 27360 27360 E ArmVmp : Match on catch block at 0xc3 in for 0x155
01-17 21:28:52.789 27360 27360 E ArmVmp : Match on catch block at 0xc3 in for 0x155
01-17 21:28:52.794 27360 27360 E ArmVmp : Match on catch block at 0xc3 in for 0x151
01-17 21:28:52.798 27360 27360 E ArmVmp : Match on catch block at 0xc3 in for 0x155
01-17 21:28:53.287 27360 27360 E ArmVmp : Match on catch block at 0xc3 in for 0x155
01-17 21:28:53.293 27360 27360 E ArmVmp : Match on catch block at 0xc3 in for 0x151
01-17 21:28:53.298 27360 27360 E ArmVmp : Match on catch block at 0xc3 in for 0x155
01-17 21:28:53.785 27360 27360 E ArmVmp : Match on catch block at 0xc3 in for 0x155
01-17 21:28:53.791 27360 27360 E ArmVmp : Match on catch block at 0xc3 in for 0x151
01-17 21:28:53.796 27360 27360 E ArmVmp : Match on catch block at 0xc3 in for 0x155
01-17 21:28:54.280 27360 27360 E ArmVmp : Match on catch block at 0xc3 in for 0x155
01-17 21:28:54.285 27360 27360 E ArmVmp : Match on catch block at 0xc3 in for 0x151
01-17 21:28:54.288 27360 27360 E ArmVmp : Match on catch block at 0xc3 in for 0x155
01-17 21:28:54.794 27360 27360 E ArmVmp : Match on catch block at 0xc3 in for 0x155
01-17 21:28:54.799 27360 27360 E ArmVmp : Match on catch block at 0xc3 in for 0x151
01-17 21:28:54.803 27360 27360 E ArmVmp : Match on catch block at 0xc3 in for 0x155
01-17 21:28:55.292 27360 27360 E ArmVmp : Match on catch block at 0xc3 in for 0x155
01-17 21:28:55.296 27360 27360 E ArmVmp : Match on catch block at 0xc3 in for 0x151
01-17 21:28:55.299 27360 27360 E ArmVmp : Match on catch block at 0xc3 in for 0x155
01-17 21:28:55.788 27360 27360 E ArmVmp : Match on catch block at 0xc3 in for 0x155
01-17 21:28:55.796 27360 27360 E ArmVmp : Match on catch block at 0xc3 in for 0x151
01-17 21:28:55.798 27360 27360 E ArmVmp : Match on catch block at 0xc3 in for 0x155 01-17 21:2827360 27360 E ArmVmp : Match on catch block at 0xc3 in for 0x155
01-17 21:28:48.778 27360 27360 E ArmVmp : Match on catch block at 0xc3 in for 0x155
01-17 21:28:48.784 27360 27360 E ArmVmp : Match on catch block at 0xc3 in for 0x151
01-17 21:28:48.787 27360 27360 E ArmVmp : Match on catch block at 0xc3 in for 0x155
01-17 21:28:49.274 27360 27360 E ArmVmp : Match on catch block at 0xc3 in for 0x155
01-17 21:28:49.279 27360 27360 E ArmVmp : Match on catch block at 0xc3 in for 0x151
01-17 21:28:49.282 27360 27360 E ArmVmp : Match on catch block at 0xc3 in for 0x155
01-17 21:28:49.772 27360 27360 E ArmVmp : Match on catch block at 0xc3 in for 0x155
01-17 21:28:49.777 27360 27360 E ArmVmp : Match on catch block at 0xc3 in for 0x151
01-17 21:28:49.780 27360 27360 E ArmVmp : Match on catch block at 0xc3 in for 0x155
01-17 21:28:50.269 27360 27360 E ArmVmp : Match on catch block at 0xc3 in for 0x155
01-17 21:28:50.275 27360 27360 E ArmVmp : Match on catch block at 0xc3 in for 0x151
01-17 21:28:50.278 27360 27360 E ArmVmp : Match on catch block at 0xc3 in for 0x155
01-17 21:28:50.783 27360 27360 E ArmVmp : Match on catch block at 0xc3 in for 0x155
01-17 21:28:50.788 27360 27360 E ArmVmp : Match on catch block at 0xc3 in for 0x151
01-17 21:28:50.791 27360 27360 E ArmVmp : Match on catch block at 0xc3 in for 0x155
01-17 21:28:51.281 27360 27360 E ArmVmp : Match on catch block at 0xc3 in for 0x155
01-17 21:28:51.286 27360 27360 E ArmVmp : Match on catch block at 0xc3 in for 0x151
01-17 21:28:51.288 27360 27360 E ArmVmp : Match on catch block at 0xc3 in for 0x155
01-17 21:28:51.778 27360 27360 E ArmVmp : Match on catch block at 0xc3 in for 0x155
01-17 21:28:51.783 27360 27360 E ArmVmp : Match on catch block at 0xc3 in for 0x151
01-17 21:28:51.787 27360 27360 E ArmVmp : Match on catch block at 0xc3 in for 0x155
01-17 21:28:52.275 27360 27360 E ArmVmp : Match on catch block at 0xc3 in for 0x155
01-17 21:28:52.281 27360 27360 E ArmVmp : Match on catch block at 0xc3 in for 0x151
01-17 21:28:52.284 27360 27360 E ArmVmp : Match on catch block at 0xc3 in for 0x155
01-17 21:28:52.789 27360 27360 E ArmVmp : Match on catch block at 0xc3 in for 0x155
01-17 21:28:52.794 27360 27360 E ArmVmp : Match on catch block at 0xc3 in for 0x151
01-17 21:28:52.798 27360 27360 E ArmVmp : Match on catch block at 0xc3 in for 0x155
01-17 21:28:53.287 27360 27360 E ArmVmp : Match on catch block at 0xc3 in for 0x155
01-17 21:28:53.293 27360 27360 E ArmVmp : Match on catch block at 0xc3 in for 0x151
01-17 21:28:53.298 27360 27360 E ArmVmp : Match on catch block at 0xc3 in for 0x155
01-17 21:28:53.785 27360 27360 E ArmVmp : Match on catch block at 0xc3 in for 0x155
01-17 21:28:53.791 27360 27360 E ArmVmp : Match on catch block at 0xc3 in for 0x151
01-17 21:28:53.796 27360 27360 E ArmVmp : Match on catch block at 0xc3 in for 0x155
01-17 21:28:54.280 27360 27360 E ArmVmp : Match on catch block at 0xc3 in for 0x155
01-17 21:28:54.285 27360 27360 E ArmVmp : Match on catch block at 0xc3 in for 0x151
01-17 21:28:54.288 27360 27360 E ArmVmp : Match on catch block at 0xc3 in for 0x155
01-17 21:28:54.794 27360 27360 E ArmVmp : Match on catch block at 0xc3 in for 0x155
01-17 21:28:54.799 27360 27360 E ArmVmp : Match on catch block at 0xc3 in for 0x151
01-17 21:28:54.803 27360 27360 E ArmVmp : Match on catch block at 0xc3 in for 0x155
01-17 21:28:55.292 27360 27360 E ArmVmp : Match on catch block at 0xc3 in for 0x155
01-17 21:28:55.296 27360 27360 E ArmVmp : Match on catch block at 0xc3 in for 0x151
01-17 21:28:55.299 27360 27360 E ArmVmp : Match on catch block at 0xc3 in for 0x155
01-17 21:28:55.788 27360 27360 E ArmVmp : Match on catch block at 0xc3 in for 0x155
01-17 21:28:55.796 27360 27360 E ArmVmp : Match on catch block at 0xc3 in for 0x151
01-17 21:28:55.798 27360 27360 E ArmVmp : Match on catch block at 0xc3 in for 0x155
01-17 21:28:55.861 27360 27360 E ArmVmp : Match on catch block at 0xc3 in for 0x151
01-17 21:28:55.864 27360 27360 E ArmVmp : Match on catch block at 0xc3 in for 0x14d
01-17 21:28:55.867 27360 27360 E Ar:55.861 27360 27360 E ArmVmp : Match on catch block at 0xc3 in for 0x151
01-17 21:28:55.864 27360 27360 E ArmVmp : Match on catch block at 0xc3 in for 0x14d
01-17 21:28:55.867 27360 27360 E ArmVmp : Match on catch block at 0xc3 in for 0x151
01-17 21:28:55.877 27360 27360 E ArmVmp : Match on catch block at 0xc3 in for 0x149
01-17 21:28:55.881 27360 27360 E ArmVmp : Match on catch block at 0xc3 in for 0x145
01-17 21:28:55.884 27360 27360 E ArmVmp : Match on catch block at 0xc3 in for 0x149
01-17 21:28:55.903 27360 27360 E ArmVmp : Match on catch block at 0xc3 in for 0x149
01-17 21:28:55.905 27360 27360 E ArmVmp : Match on catch block at 0xc3 in for 0x145
01-17 21:28:55.907 27360 27360 E ArmVmp : Match on catch block at 0xc3 in for 0x149
01-17 21:28:55.919 27360 27360 E ArmVmp : Match on catch block at 0xc3 in for 0x149
01-17 21:28:55.922 27360 27360 E ArmVmp : Match on catch block at 0xc3 in for 0x145
01-17 21:28:55.924 27360 27360 E ArmVmp : Match on catch block at 0xc3 in for 0x149
01-17 21:28:55.936 27360 27360 E ArmVmp : Match on catch block at 0xc3 in for 0x149
01-17 21:28:55.941 27360 27360 E ArmVmp : Match on catch block at 0xc3 in for 0x145
01-17 21:28:55.946 27360 27360 E ArmVmp : Match on catch block at 0xc3 in for 0x149
01-17 21:28:55.953 27360 27360 E ArmVmp : Match on catch block at 0xc3 in for 0x149
01-17 21:28:55.959 27360 27360 E ArmVmp : Match on catch block at 0xc3 in for 0x145
01-17 21:28:55.962 27360 27360 E ArmVmp : Match on catch block at 0xc3 in for 0x149
01-17 21:28:55.969 27360 27360 E ArmVmp : Match on catch block at 0xc3 in for 0x149
01-17 21:28:55.972 27360 27360 E ArmVmp : Match on catch block at 0xc3 in for 0x145
01-17 21:28:55.974 27360 27360 E ArmVmp : Match on catch block at 0xc3 in for 0x149
01-17 21:28:55.987 27360 27360 E ArmVmp : Match on catch block at 0xc3 in for 0x149
01-17 21:28:55.992 27360 27360 E ArmVmp : Match on catch block at 0xc3 in for 0x145
01-17 21:28:55.995 27360 27360 E ArmVmp : Match on catch block at 0xc3 in for 0x149
01-17 21:28:56.003 27360 27360 E ArmVmp : Match on catch block at 0xc3 in for 0x149
01-17 21:28:56.006 27360 27360 E ArmVmp : Match on catch block at 0xc3 in for 0x145
01-17 21:28:56.009 27360 27360 E ArmVmp : Match on catch block at 0xc3 in for 0x149
01-17 21:28:56.019 27360 27360 E ArmVmp : Match on catch block at 0xc3 in for 0x149
01-17 21:28:56.022 27360 27360 E ArmVmp : Match on catch block at 0xc3 in for 0x145
01-17 21:28:56.023 27360 27360 E ArmVmp : Match on catch block at 0xc3 in for 0x149
01-17 21:28:56.035 27360 27360 E ArmVmp : Match on catch block at 0xc3 in for 0x149
01-17 21:28:56.038 27360 27360 E ArmVmp : Match on catch block at 0xc3 in for 0x145
01-17 21:28:56.040 27360 27360 E ArmVmp : Match on catch block at 0xc3 in for 0x149
01-17 21:28:56.052 27360 27360 E ArmVmp : Match on catch block at 0xc3 in for 0x149
01-17 21:28:56.055 27360 27360 E ArmVmp : Match on catch block at 0xc3 in for 0x145
01-17 21:28:56.058 27360 27360 E ArmVmp : Match on catch block at 0xc3 in for 0x149
01-17 21:28:56.185 27360 27360 E ArmVmp : Match on catch block at 0xc3 in for 0x151
01-17 21:28:56.188 27360 27360 E ArmVmp : Match on catch block at 0xc3 in for 0x14d
01-17 21:28:56.190 27360 27360 E ArmVmp : Match on catch block at 0xc3 in for 0x151
01-17 21:28:56.682 27360 27360 E ArmVmp : Match on catch block at 0xc3 in for 0x141
01-17 21:28:56.685 27360 27360 E ArmVmp : Match on catch block at 0xc3 in for 0x159
01-17 21:28:56.688 27360 27360 E ArmVmp : Match on catch block at 0xc3 in for 0x141
01-17 21:28:56.783 27360 27360 E ArmVmp : Match on catch block at 0xc3 in for 0x159
01-17 21:28:56.787 27360 27360 E ArmVmp : Match on catch block at 0xc3 in for 0x155
01-17 21:28:56.790 27360 27360 E ArmVmp : Match on catch block at 0xc3 in for 0x159
01-17 21:28:56.830 27360 27360 E ArmVmp : Match on catch block at 0xc3 in for 0x14d
01-17 21:28:56.835 27360 27360 E ArmVmp : Match on catch block at 0xc3 in for 0x149
01-17 21:28:56.838 27360 27360 E ArmVmp : Match on catch block at 0xc3 in for 0x14d
01-17 21:28:56.863 27360 27mVmp : Match on catch block at 0xc3 in for 0x151
01-17 21:28:55.877 27360 27360 E ArmVmp : Match on catch block at 0xc3 in for 0x149
01-17 21:28:55.881 27360 27360 E ArmVmp : Match on catch block at 0xc3 in for 0x145
01-17 21:28:55.884 27360 27360 E ArmVmp : Match on catch block at 0xc3 in for 0x149
01-17 21:28:55.903 27360 27360 E ArmVmp : Match on catch block at 0xc3 in for 0x149
01-17 21:28:55.905 27360 27360 E ArmVmp : Match on catch block at 0xc3 in for 0x145
01-17 21:28:55.907 27360 27360 E ArmVmp : Match on catch block at 0xc3 in for 0x149
01-17 21:28:55.919 27360 27360 E ArmVmp : Match on catch block at 0xc3 in for 0x149
01-17 21:28:55.922 27360 27360 E ArmVmp : Match on catch block at 0xc3 in for 0x145
01-17 21:28:55.924 27360 27360 E ArmVmp : Match on catch block at 0xc3 in for 0x149
01-17 21:28:55.936 27360 27360 E ArmVmp : Match on catch block at 0xc3 in for 0x149
01-17 21:28:55.941 27360 27360 E ArmVmp : Match on catch block at 0xc3 in for 0x145
01-17 21:28:55.946 27360 27360 E ArmVmp : Match on catch block at 0xc3 in for 0x149
01-17 21:28:55.953 27360 27360 E ArmVmp : Match on catch block at 0xc3 in for 0x149
01-17 21:28:55.959 27360 27360 E ArmVmp : Match on catch block at 0xc3 in for 0x145
01-17 21:28:55.962 27360 27360 E ArmVmp : Match on catch block at 0xc3 in for 0x149
01-17 21:28:55.969 27360 27360 E ArmVmp : Match on catch block at 0xc3 in for 0x149
01-17 21:28:55.972 27360 27360 E ArmVmp : Match on catch block at 0xc3 in for 0x145
01-17 21:28:55.974 27360 27360 E ArmVmp : Match on catch block at 0xc3 in for 0x149
01-17 21:28:55.987 27360 27360 E ArmVmp : Match on catch block at 0xc3 in for 0x149
01-17 21:28:55.992 27360 27360 E ArmVmp : Match on catch block at 0xc3 in for 0x145
01-17 21:28:55.995 27360 27360 E ArmVmp : Match on catch block at 0xc3 in for 0x149
01-17 21:28:56.003 27360 27360 E ArmVmp : Match on catch block at 0xc3 in for 0x149
01-17 21:28:56.006 27360 27360 E ArmVmp : Match on catch block at 0xc3 in for 0x145
01-17 21:28:56.009 27360 27360 E ArmVmp : Match on catch block at 0xc3 in for 0x149
01-17 21:28:56.019 27360 27360 E ArmVmp : Match on catch block at 0xc3 in for 0x149
01-17 21:28:56.022 27360 27360 E ArmVmp : Match on catch block at 0xc3 in for 0x145
01-17 21:28:56.023 27360 27360 E ArmVmp : Match on catch block at 0xc3 in for 0x149
01-17 21:28:56.035 27360 27360 E ArmVmp : Match on catch block at 0xc3 in for 0x149
01-17 21:28:56.038 27360 27360 E ArmVmp : Match on catch block at 0xc3 in for 0x145
01-17 21:28:56.040 27360 27360 E ArmVmp : Match on catch block at 0xc3 in for 0x149
01-17 21:28:56.052 27360 27360 E ArmVmp : Match on catch block at 0xc3 in for 0x149
01-17 21:28:56.055 27360 27360 E ArmVmp : Match on catch block at 0xc3 in for 0x145
01-17 21:28:56.058 27360 27360 E ArmVmp : Match on catch block at 0xc3 in for 0x149
01-17 21:28:56.185 27360 27360 E ArmVmp : Match on catch block at 0xc3 in for 0x151
01-17 21:28:56.188 27360 27360 E ArmVmp : Match on catch block at 0xc3 in for 0x14d
01-17 21:28:56.190 27360 27360 E ArmVmp : Match on catch block at 0xc3 in for 0x151
01-17 21:28:56.682 27360 27360 E ArmVmp : Match on catch block at 0xc3 in for 0x141
01-17 21:28:56.685 27360 27360 E ArmVmp : Match on catch block at 0xc3 in for 0x159
01-17 21:28:56.688 27360 27360 E ArmVmp : Match on catch block at 0xc3 in for 0x141
01-17 21:28:56.783 27360 27360 E ArmVmp : Match on catch block at 0xc3 in for 0x159
01-17 21:28:56.787 27360 27360 E ArmVmp : Match on catch block at 0xc3 in for 0x155
01-17 21:28:56.790 27360 27360 E ArmVmp : Match on catch block at 0xc3 in for 0x159
01-17 21:28:56.830 27360 27360 E ArmVmp : Match on catch block at 0xc3 in for 0x14d
01-17 21:28:56.835 27360 27360 E ArmVmp : Match on catch block at 0xc3 in for 0x149
01-17 21:28:56.838 27360 27360 E ArmVmp : Match on catch block at 0xc3 in for 0x14d
01-17 21:28:56.863 27360 27360 E ArmVmp : Match on catch block at 0xc3 in for 0x149
01-17 21:28:56.867 27360 27360 E ArmVmp : Match on catch block at 0xc3 in for 0x145
01-17 21:28:56.897 27360 27360 E ArmVmp : Match on360 E ArmVmp : Match on catch block at 0xc3 in for 0x149
01-17 21:28:56.867 27360 27360 E ArmVmp : Match on catch block at 0xc3 in for 0x145
01-17 21:28:56.897 27360 27360 E ArmVmp : Match on catch block at 0xc3 in for 0x159
01-17 21:28:56.900 27360 27360 E ArmVmp : Match on catch block at 0xc3 in for 0x155
01-17 21:28:56.941 27360 27360 E ArmVmp : Match on catch block at 0xc3 in for 0x145
01-17 21:28:56.948 27360 27360 E ArmVmp : Match on catch block at 0xc3 in for 0x141
01-17 21:28:56.964 27360 27360 E ArmVmp : Match on catch block at 0xc3 in for 0x14d
01-17 21:28:56.968 27360 27360 E ArmVmp : Match on catch block at 0xc3 in for 0x149
01-17 21:28:56.980 27360 27360 E ArmVmp : Match on catch block at 0xc3 in for 0x159
01-17 21:28:56.983 27360 27360 E ArmVmp : Match on catch block at 0xc3 in for 0x155
01-17 21:28:56.997 27360 27360 E ArmVmp : Match on catch block at 0xc3 in for 0x149
01-17 21:28:57.000 27360 27360 E ArmVmp : Match on catch block at 0xc3 in for 0x145
01-17 21:28:57.013 27360 27360 E ArmVmp : Match on catch block at 0xc3 in for 0x155
01-17 21:28:57.016 27360 27360 E ArmVmp : Match on catch block at 0xc3 in for 0x151
01-17 21:28:57.030 27360 27360 E ArmVmp : Match on catch block at 0xc3 in for 0x145
01-17 21:28:57.033 27360 27360 E ArmVmp : Match on catch block at 0xc3 in for 0x141
01-17 21:28:57.046 27360 27360 E ArmVmp : Match on catch block at 0xc3 in for 0x151
01-17 21:28:57.049 27360 27360 E ArmVmp : Match on catch block at 0xc3 in for 0x14d
01-17 21:28:57.151 27360 27360 E ArmVmp : Match on catch block at 0xc3 in for 0x141
01-17 21:28:57.155 27360 27360 E ArmVmp : Match on catch block at 0xc3 in for 0x159
01-17 21:28:57.164 27360 28086 W MediaPlayer: Use of stream types is deprecated for operations other than volume control
01-17 21:28:57.164 27360 28086 W MediaPlayer: See the documentation of setAudioStreamType() for what to use instead with android.media.AudioAttributes to qualify your playback use case
01-17 21:28:57.189 27360 27373 W MediaPlayerNative: info/warning (10973, 0)
01-17 21:28:57.312 27360 27360 E ArmVmp : Match on catch block at 0xc3 in for 0x155
01-17 21:28:57.315 27360 27360 E ArmVmp : Match on catch block at 0xc3 in for 0x151
01-17 21:28:57.466 27360 27360 E ArmVmp : Match on catch block at 0xc3 in for 0x14d
01-17 21:28:57.470 27360 27360 E ArmVmp : Match on catch block at 0xc3 in for 0x149
01-17 21:28:57.496 27360 27360 E ArmVmp : Match on catch block at 0xc3 in for 0x159
01-17 21:28:57.499 27360 27360 E ArmVmp : Match on catch block at 0xc3 in for 0x155
01-17 21:28:57.589 27360 27360 E ArmVmp : Match on catch block at 0xc3 in for 0x151
01-17 21:28:57.591 27360 27360 E ArmVmp : Match on catch block at 0xc3 in for 0x14d
01-17 21:28:57.610 27360 27360 E ArmVmp : Match on catch block at 0xc3 in for 0x141
01-17 21:28:57.614 27360 27360 E ArmVmp : Match on catch block at 0xc3 in for 0x159
01-17 21:28:57.811 27360 27360 E ArmVmp : Match on catch block at 0xc3 in for 0x141
01-17 21:28:57.816 27360 27360 E ArmVmp : Match on catch block at 0xc3 in for 0x159
01-17 21:28:57.990 27360 27360 E ArmVmp : Match on catch block at 0xc3 in for 0x141
01-17 21:28:57.996 27360 27360 E ArmVmp : Match on catch block at 0xc3 in for 0x159
01-17 21:28:58.097 27360 27360 E ArmVmp : Match on catch block at 0xc3 in for 0x159
01-17 21:28:58.100 27360 27360 E ArmVmp : Match on catch block at 0xc3 in for 0x155
01-17 21:28:58.485 27360 27360 E ArmVmp : Match on catch block at 0xc3 in for 0x145
01-17 21:28:58.488 27360 27360 E ArmVmp : Match on catch block at 0xc3 in for 0x141
01-17 21:29:05.442 27360 27427 W Parcel : Expecting binder but got null!
01-17 21:29:07.445 27360 27427 W Parcel : Expecting binder but got null!
01-17 21:29:09.452 27360 27427 W Parcel : Expecting binder but got null!
01-17 21:29:11.965 27360 27427 W Parcel : Expecting binder but got null!
01-17 21:29:12.770 27360 27360 W InputEventReceiver: Attempted to finish an input event but the input event receiver has already been disposed.
01-17 21:29:13.019 27360 27427 W Parcel : Expecting binder but got null!
01-17 21:29:14.738 27296 27334 W Parcel : Expecting binder but got null!
01-17 21:29:15.441 28256 28256 E com.whatsapp: Not starting debugger since process cannot load the jdwp agent.
01-17 21:29:15.553 28256 28256 W System.err: java.lang.ClassNotFoundException: mbmodsd.mbmodsw.ui.views.btn.BtnBK
01-17 21:29:15.554 28256 28256 W System.err: at java.lang.Runtime.nativeLoad(Native Method)
01-17 21:29:15.554 28256 28256 W System.err: at java.lang.Runtime.nativeLoad(Runtime.java:1121)
01-17 21:29:15.554 28256 28256 W System.err: at java.lang.Runtime.loadLibrary0(Runtime.java:1075)
01-17 21:29:15.554 28256 28256 W System.err: at java.lang.Runtime.loadLibrary0(Runtime.java:998)
01-17 21:29:15.554 28256 28256 W System.err: at java.lang.System.loadLibrary(System.java:1661)
01-17 21:29:15.554 28256 28256 W System.err: at arm.EpicVm.<clinit>(Unknown Source:2)
01-17 21:29:15.554 28256 28256 W System.err: at java.lang.Class.newInstance(Native Method)
01-17 21:29:15.554 28256 28256 W System.err: at android.app.AppComponentFactory.instantiateApplication(AppComponentFactory.java:76)
01-17 21:29:15.554 28256 28256 W System.err: at androidx.core.app.CoreComponentFactory.instantiateApplication(Unknown Source:0)
01-17 21:29:15.554 28256 28256 W System.err: at android.app.Instrumentation.newApplication(Instrumentation.java:1232)
01-17 21:29:15.554 28256 28256 W System.err: at android.app.LoadedApk.makeApplicationInner(LoadedApk.java:1565)
01-17 21:29:15.554 28256 28256 W System.err: at android.app.LoadedApk.makeApplicationInner(LoadedApk.java:1502)
01-17 21:29:15.554 28256 28256 W System.err: at android.app.ActivityThread.handleBindApplication(ActivityThread.java:7553)
01-17 21:29:15.554 28256 28256 W System.err: at android.app.ActivityThread.-$ $Nest$mhandleBindApplication(Unknown Source:0)
01-17 21:29:15.554 28256 28256 W System.err: at android.app.ActivityThread$H.handleMessage(ActivityThread.java:2400)
01-17 21:29:15.554 28256 28256 W System.err: at android.os.Handler.dispatchMessage(Handler.java:106)
01-17 21:29:15.554 28256 28256 W System.err: at android.os.Looper.loopOnce(Looper.java:226)
01-17 21:29:15.554 28256 28256 W System.err: at android.os.Looper.loop(Looper.java:313)
01-17 21:29:15.554 28256 28256 W System.err: at android.app.ActivityThread.main(ActivityThread.java:8757)
01-17 21:29:15.554 28256 28256 W System.err: at java.lang.reflect.Method.invoke(Native Method)
01-17 21:29:15.554 28256 28256 W System.err: at com.android.internal.os.RuntimeInit$MethodAndArgsCaller.run(RuntimeInit.java:571)
01-17 21:29:15.554 28256 28256 W System.err: at com.android.internal.os.ZygoteInit.main(ZygoteInit.java:1067)
01-17 21:29:15.590 28256 28256 E CustomActivityOnCrash: IMPORTANT WARNING! You already have an UncaughtExceptionHandler, are you sure this is correct? If you use a custom UncaughtExceptionHandler, you must initialize it AFTER CustomActivityOnCrash! Installing anyway, but your original handler will not be called.
01-17 21:29:15.809 28256 28256 W com.whatsapp: Accessing hidden method Lcom/android/org/conscrypt/OpenSSLSocketImpl;->setUseSessionTickets(Z)V (max- target-q,core-platform-api, reflection, denied)
01-17 21:29:15.809 28256 28256 W com.whatsapp: Accessing hidden method Lcom/android/org/conscrypt/AbstractConscryptSocket;->setUseSessionTickets(Z)V (max- target-q, reflection, denied)
01-17 21:29:15.900 28293 28293 W libprocessgroup: Controller sfreezer is not found
01-17 21:29:15.901 28293 28293 W libprocessgroup: SetAttribute: unknown attribute: OlafState
01-17 21:29:15.901 28293 28293 W libprocessgroup: SetAttribute: unknown attribute: OlafState
01-17 21:29:15.946 28256 28256 W com.whatsapp: Method void X.0eU.A0h(X.0tK, boolean) failed lock verification and will run slower.
01-17 21:29:15.946 28256 28256 W com.whatsapp: Common causes for lock verification issues are non-optimized dex code
01-17 21:29:15.946 28256 28256 W com.whatsapp: and incorrect proguard optimizations.
01-17 21:29:15.949 28256 28308 W com.whatsapp: Method void X.2rL.A03(java.lang.Integer) failed lock verification and will run slower.--------- beginning of main
01-17 21:29:14.738 27296 27334 W Parcel : Expecting binder but got null!
01-17 21:29:15.441 28256 28256 E com.whatsapp: Not starting debugger since process cannot load the jdwp agent.
01-17 21:29:15.553 28256 28256 W System.err: java.lang.ClassNotFoundException: mbmodsd.mbmodsw.ui.views.btn.BtnBK
01-17 21:29:15.554 28256 28256 W System.err: at java.lang.Runtime.nativeLoad(Native Method)
01-17 21:29:15.554 28256 28256 W System.err: at java.lang.Runtime.nativeLoad(Runtime.java:1121)
01-17 21:29:15.554 28256 28256 W System.err: at java.lang.Runtime.loadLibrary0(Runtime.java:1075)
01-17 21:29:15.554 28256 28256 W System.err: at java.lang.Runtime.loadLibrary0(Runtime.java:998)
01-17 21:29:15.554 28256 28256 W System.err: at java.lang.System.loadLibrary(System.java:1661)
01-17 21:29:15.554 28256 28256 W System.err: at arm.EpicVm.<clinit>(Unknown Source:2)
01-17 21:29:15.554 28256 28256 W System.err: at java.lang.Class.newInstance(Native Method)
01-17 21:29:15.554 28256 28256 W System.err: at android.app.AppComponentFactory.instantiateApplication(AppComponentFactory.java:76)
01-17 21:29:15.554 28256 28256 W System.err: at androidx.core.app.CoreComponentFactory.instantiateApplication(Unknown Source:0)
01-17 21:29:15.554 28256 28256 W System.err: at android.app.Instrumentation.newApplication(Instrumentation.java:1232)
01-17 21:29:15.554 28256 28256 W System.err: at android.app.LoadedApk.makeApplicationInner(LoadedApk.java:1565)
01-17 21:29:15.554 28256 28256 W System.err: at android.app.LoadedApk.makeApplicationInner(LoadedApk.java:1502)
01-17 21:29:15.554 28256 28256 W System.err: at android.app.ActivityThread.handleBindApplication(ActivityThread.java:7553)
01-17 21:29:15.554 28256 28256 W System.err: at android.app.ActivityThread.-$ $Nest$mhandleBindApplication(Unknown Source:0)
01-17 21:29:15.554 28256 28256 W System.err: at android.app.ActivityThread$H.handleMessage(ActivityThread.java:2400)
01-17 21:29:15.554 28256 28256 W System.err: at android.os.Handler.dispatchMessage(Handler.java:106)
01-17 21:29:15.554 28256 28256 W System.err: at android.os.Looper.loopOnce(Looper.java:226)
01-17 21:29:15.554 28256 28256 W System.err: at android.os.Looper.loop(Looper.java:313)
01-17 21:29:15.554 28256 28256 W System.err: at android.app.ActivityThread.main(ActivityThread.java:8757)
01-17 21:29:15.554 28256 28256 W System.err: at java.lang.reflect.Method.invoke(Native Method)
01-17 21:29:15.554 28256 28256 W System.err: at com.android.internal.os.RuntimeInit$MethodAndArgsCaller.run(RuntimeInit.java:571)
01-17 21:29:15.554 28256 28256 W System.err: at com.android.internal.os.ZygoteInit.main(ZygoteInit.java:1067)
01-17 21:29:15.590 28256 28256 E CustomActivityOnCrash: IMPORTANT WARNING! You already have an UncaughtExceptionHandler, are you sure this is correct? If you use a custom UncaughtExceptionHandler, you must initialize it AFTER CustomActivityOnCrash! Installing anyway, but your original handler will not be called.
01-17 21:29:15.809 28256 28256 W com.whatsapp: Accessing hidden method Lcom/android/org/conscrypt/OpenSSLSocketImpl;->setUseSessionTickets(Z)V (max- target-q,core-platform-api, reflection, denied)
01-17 21:29:15.809 28256 28256 W com.whatsapp: Accessing hidden method Lcom/android/org/conscrypt/AbstractConscryptSocket;->setUseSessionTickets(Z)V (max- target-q, reflection, denied)
01-17 21:29:15.900 28293 28293 W libprocessgroup: Controller sfreezer is not found
01-17 21:29:15.901 28293 28293 W libprocessgroup: SetAttribute: unknown attribute: OlafState
01-17 21:29:15.901 28293 28293 W libprocessgroup: SetAttribute: unknown attribute: OlafState
01-17 21:29:15.946 28256 28256 W com.whatsapp: Method void X.0eU.A0h(X.0tK, boolean) failed lock verification and will run slower.
01-17 21:29:15.946 28256 28256 W com.whatsapp: Common causes for lock verification issues are non-optimized dex code
01-17 21:29:15.946 28256 28256 W com.whatsapp: and incorrect proguard optimizations.
01-17 21:29:15.949 28256 28308 W com.whatsapp: Method void X.2rL.A03(java.lang.Integer) failed lock verification and will run slower.
01-17 21:29:16.144 28256 28322 W libc : Access denied finding property "vendor.mali.config"
01-17 21:29:16.159 28256 28256 W com.whatsapp: Method void com.whatsapp.HomeActivity.A6e() failed lock verification and will run slower.
01-17 21:29:16.583 28256 28256 E ArmVmp : Match on catch block at 0x0a in for 0x189
01-17 21:29:16.611 28256 28256 E ArmVmp : Match on catch block at 0x0a in for 0x275
01-17 21:29:16.753 28256 28344 W com.whatsapp: Accessing hidden method Lcom/android/org/conscrypt/ConscryptEngineSocket;->setUseSessionTickets(Z)V (max- target-q,core-platform-api, reflection, denied)
01-17 21:29:16.753 28256 28344 W com.whatsapp: Accessing hidden method Lcom/android/org/conscrypt/OpenSSLSocketImpl;->setUseSessionTickets(Z)V (max- target-q,core-platform-api, reflection, denied)
01-17 21:29:16.753 28256 28344 W com.whatsapp: Accessing hidden method Lcom/android/org/conscrypt/AbstractConscryptSocket;->setUseSessionTickets(Z)V (max- target-q, reflection, denied)
01-17 21:29:16.754 28256 28344 W com.whatsapp: Accessing hidden method Lcom/android/org/conscrypt/ConscryptEngineSocket;->setHostname(Ljava/lang/String;)V (max-target-q,core-platform-api, reflection, denied)
01-17 21:29:16.754 28256 28344 W com.whatsapp: Accessing hidden method Lcom/android/org/conscrypt/OpenSSLSocketImpl;->setHostname(Ljava/lang/String;)V (max-target-q,core-platform-api, reflection, denied)
01-17 21:29:16.754 28256 28344 W com.whatsapp: Accessing hidden method Lcom/android/org/conscrypt/AbstractConscryptSocket;->setHostname(Ljava/lang/ String;)V (max-target-q, reflection, denied)
01-17 21:29:16.754 28256 28344 W com.whatsapp: Accessing hidden method Lcom/android/org/conscrypt/OpenSSLSocketImpl;->setAlpnProtocols([B)V (max-target- q,core-platform-api, reflection, denied)
01-17 21:29:16.754 28256 28344 W com.whatsapp: Accessing hidden method Lcom/android/org/conscrypt/AbstractConscryptSocket;->setAlpnProtocols([B)V (max- target-q, reflection, denied)
01-17 21:29:17.554 28256 28256 E RecyclerView: No adapter attached; skipping layout
01-17 21:29:17.616 28256 28344 W com.whatsapp: Accessing hidden method Lcom/android/org/conscrypt/OpenSSLSocketImpl;->getAlpnSelectedProtocol()[B (max- target-q,core-platform-api, reflection, denied)
01-17 21:29:17.617 28256 28344 W com.whatsapp: Accessing hidden method Lcom/android/org/conscrypt/AbstractConscryptSocket;->getAlpnSelectedProtocol()[B (max-target-q, reflection, denied)
01-17 21:29:17.644 28256 28322 W Parcel : Expecting binder but got null!
01-17 21:29:17.702 28256 28256 E RecyclerView: No adapter attached; skipping layout
01-17 21:29:17.712 28256 28256 E ArmVmp : Match on catch block at 0x0a in for 0x1a9
01-17 21:29:17.845 28256 28313 W SQLiteLog: (28) double-quoted string literal: ""
01-17 21:29:17.895 28256 28277 W LibraryVersion: Failed to get app version for libraryName: firebase-iid
01-17 21:29:18.218 28256 28265 W com.whatsapp: Cleared Reference was only reachable from finalizer (only reported once)
01-17 21:29:18.539 28256 28256 W Choreographer: Already have a pending vsync event. There should only be one at a time.
01-17 21:29:18.644 28256 28256 E ArmVmp : Match on catch block at 0x5b in for 0x119
01-17 21:29:18.662 28256 28256 E ArmVmp : Match on catch block at 0x5b in for 0x119
01-17 21:29:18.673 28256 28256 E ArmVmp : Match on catch block at 0x5b in for 0x10d
01-17 21:29:19.330 28256 28305 E SQLiteDatabase: Error inserting transferred=1 media_job_uuid=7016add8-e96d-43be-8677-6a8acd5f97c5 transcoded=0 gif_attribution=0 first_scan_length=0 direct_path=/v/t62.15575- 24/19381552_1413192752614022_4606532313342603707_n.enc?ccb=11- 4&oh=01_AdS5uS5WdVtdzjK9ZmqLfGnBNYBMIhb1NY_UfhOP5DsofQ&oe=65CFB6B1&_nc_sid=5e03e0 thumbnail_height_width_ratio=1.25 is_animated_sticker=0 file_hash=pjAOVXUVnlSJmSWn/HOq6oIZH+QCC4hi4uvDG9IMK9E= file_path=Media/WhatsApp Stickers/STK-20240117-WA0061.webp file_size=36192 partial_media_hash=null face_x=0 face_y=0 height=64 trim_to=0 media_key_timestamp=1705523007000 message_url=https://mmg.whatsapp.net/v/t62.15575-24/19381552_1413192752614022_460
01-17 21:29:16.144 28256 28322 W libc : Access denied finding property "vendor.mali.config"
01-17 21:29:16.159 28256 28256 W com.whatsapp: Method void com.whatsapp.HomeActivity.A6e() failed lock verification and will run slower.
01-17 21:29:16.583 28256 28256 E ArmVmp : Match on catch block at 0x0a in for 0x189
01-17 21:29:16.611 28256 28256 E ArmVmp : Match on catch block at 0x0a in for 0x275
01-17 21:29:16.753 28256 28344 W com.whatsapp: Accessing hidden method Lcom/android/org/conscrypt/ConscryptEngineSocket;->setUseSessionTickets(Z)V (max- target-q,core-platform-api, reflection, denied)
01-17 21:29:16.753 28256 28344 W com.whatsapp: Accessing hidden method Lcom/android/org/conscrypt/OpenSSLSocketImpl;->setUseSessionTickets(Z)V (max- target-q,core-platform-api, reflection, denied)
01-17 21:29:16.753 28256 28344 W com.whatsapp: Accessing hidden method Lcom/android/org/conscrypt/AbstractConscryptSocket;->setUseSessionTickets(Z)V (max- target-q, reflection, denied)
01-17 21:29:16.754 28256 28344 W com.whatsapp: Accessing hidden method Lcom/android/org/conscrypt/ConscryptEngineSocket;->setHostname(Ljava/lang/String;)V (max-target-q,core-platform-api, reflection, denied)
01-17 21:29:16.754 28256 28344 W com.whatsapp: Accessing hidden method Lcom/android/org/conscrypt/OpenSSLSocketImpl;->setHostname(Ljava/lang/String;)V (max-target-q,core-platform-api, reflection, denied)
01-17 21:29:16.754 28256 28344 W com.whatsapp: Accessing hidden method Lcom/android/org/conscrypt/AbstractConscryptSocket;->setHostname(Ljava/lang/ String;)V (max-target-q, reflection, denied)
01-17 21:29:16.754 28256 28344 W com.whatsapp: Accessing hidden method Lcom/android/org/conscrypt/OpenSSLSocketImpl;->setAlpnProtocols([B)V (max-target- q,core-platform-api, reflection, denied)
01-17 21:29:16.754 28256 28344 W com.whatsapp: Accessing hidden method Lcom/android/org/conscrypt/AbstractConscryptSocket;->setAlpnProtocols([B)V (max- target-q, reflection, denied)
01-17 21:29:17.554 28256 28256 E RecyclerView: No adapter attached; skipping layout
01-17 21:29:17.616 28256 28344 W com.whatsapp: Accessing hidden method Lcom/android/org/conscrypt/OpenSSLSocketImpl;->getAlpnSelectedProtocol()[B (max- target-q,core-platform-api, reflection, denied)
01-17 21:29:17.617 28256 28344 W com.whatsapp: Accessing hidden method Lcom/android/org/conscrypt/AbstractConscryptSocket;->getAlpnSelectedProtocol()[B (max-target-q, reflection, denied)
01-17 21:29:17.644 28256 28322 W Parcel : Expecting binder but got null!
01-17 21:29:17.702 28256 28256 E RecyclerView: No adapter attached; skipping layout
01-17 21:29:17.712 28256 28256 E ArmVmp : Match on catch block at 0x0a in for 0x1a9
01-17 21:29:17.845 28256 28313 W SQLiteLog: (28) double-quoted string literal: ""
01-17 21:29:17.895 28256 28277 W LibraryVersion: Failed to get app version for libraryName: firebase-iid
01-17 21:29:18.218 28256 28265 W com.whatsapp: Cleared Reference was only reachable from finalizer (only reported once)
01-17 21:29:18.539 28256 28256 W Choreographer: Already have a pending vsync event. There should only be one at a time.
01-17 21:29:18.644 28256 28256 E ArmVmp : Match on catch block at 0x5b in for 0x119
01-17 21:29:18.662 28256 28256 E ArmVmp : Match on catch block at 0x5b in for 0x119
01-17 21:29:18.673 28256 28256 E ArmVmp : Match on catch block at 0x5b in for 0x10d
01-17 21:29:19.330 28256 28305 E SQLiteDatabase: Error inserting transferred=1 media_job_uuid=7016add8-e96d-43be-8677-6a8acd5f97c5 transcoded=0 gif_attribution=0 first_scan_length=0 direct_path=/v/t62.15575- 24/19381552_1413192752614022_4606532313342603707_n.enc?ccb=11- 4&oh=01_AdS5uS5WdVtdzjK9ZmqLfGnBNYBMIhb1NY_UfhOP5DsofQ&oe=65CFB6B1&_nc_sid=5e03e0 thumbnail_height_width_ratio=1.25 is_animated_sticker=0 file_hash=pjAOVXUVnlSJmSWn/HOq6oIZH+QCC4hi4uvDG9IMK9E= file_path=Media/WhatsApp Stickers/STK-20240117-WA0061.webp file_size=36192 partial_media_hash=null face_x=0 face_y=0 height=64 trim_to=0 media_key_timestamp=1705523007000 message_url=https://mmg.whatsapp.net/v/t62.15575- 24/19381552_1413192752614022_4606532313342603707_n.enc?cc6532313342603707_n.enc? ccb=11- 4&oh=01_AdS5uS5WdVtdzjK9ZmqLfGnBNYBMIhb1NY_UfhOP5DsofQ&oe=65CFB6B1&_nc_sid=5e03e0&m ms3=true media_caption=null trim_from=0 mime_type=image/webp partial_media_enc_hash=null width=64 original_file_hash=null has_streaming_sidecar=0 autotransfer_retry_enabled=1 media_upload_handle=null message_row_id=501240 multicast_id=null enc_file_hash=VAeIM56pHGM3FaNzU2qINEIAY843IyzA5/Y6M3VFkWU= mute_video=0 page_count=0 first_scan_sidecar=null suspicious_content=0 file_length=36192 media_name=null media_duration=0 chat_row_id=4195 media_key=[B@dbc21d5
01-17 21:29:19.330 28256 28305 E SQLiteDatabase: android.database.sqlite.SQLiteConstraintException: UNIQUE constraint failed: message_media.message_row_id (code 1555 SQLITE_CONSTRAINT_PRIMARYKEY[1555])
01-17 21:29:19.330 28256 28305 E SQLiteDatabase: at android.database.sqlite.SQLiteConnection.nativeExecuteForLastInsertedRowId(Native Method)
01-17 21:29:19.330 28256 28305 E SQLiteDatabase: at android.database.sqlite.SQLiteConnection.executeForLastInsertedRowId(SQLiteConnecti on.java:1275)
01-17 21:29:19.330 28256 28305 E SQLiteDatabase: at android.database.sqlite.SQLiteSession.executeForLastInsertedRowId(SQLiteSession.jav a:790)
01-17 21:29:19.330 28256 28305 E SQLiteDatabase: at android.database.sqlite.SQLiteStatement.executeInsert(SQLiteStatement.java:89)
01-17 21:29:19.330 28256 28305 E SQLiteDatabase: at android.database.sqlite.SQLiteDatabase.insertWithOnConflict(SQLiteDatabase.java:241 0)
01-17 21:29:19.330 28256 28305 E SQLiteDatabase: at android.database.sqlite.SQLiteDatabase.insert(SQLiteDatabase.java:2279)
01-17 21:29:19.330 28256 28305 E SQLiteDatabase: at X.2tm.A08(Unknown Source:6)
01-17 21:29:19.330 28256 28305 E SQLiteDatabase: at X.35Y.A07(Unknown Source:212)
01-17 21:29:19.330 28256 28305 E SQLiteDatabase: at X.3QF.A14(Unknown Source:470)
01-17 21:29:19.330 28256 28305 E SQLiteDatabase: at X.3gU.run(Unknown Source:982)
01-17 21:29:19.330 28256 28305 E SQLiteDatabase: at android.os.Handler.handleCallback(Handler.java:942)
01-17 21:29:19.330 28256 28305 E SQLiteDatabase: at android.os.Handler.dispatchMessage(Handler.java:99)
01-17 21:29:19.330 28256 28305 E SQLiteDatabase: at X.0zq.dispatchMessage(Unknown Source:4)
01-17 21:29:19.330 28256 28305 E SQLiteDatabase: at android.os.Looper.loopOnce(Looper.java:226)
01-17 21:29:19.330 28256 28305 E SQLiteDatabase: at android.os.Looper.loop(Looper.java:313)
01-17 21:29:19.330 28256 28305 E SQLiteDatabase: at android.os.HandlerThread.run(HandlerThread.java:67)
01-17 21:29:33.710 28256 28256 E ArmVmp : Match on catch block at 0x0a in for 0x1c5
01-17 21:29:33.729 28256 28256 E ArmVmp : Match on catch block at 0x0a in for 0x1a5
01-17 21:29:33.828 28256 28322 W Parcel : Expecting binder but got null!
01-17 21:29:34.815 28256 28322 W Parcel : Expecting binder but got null!
01-17 21:29:36.044 28256 28322 W Parcel : Expecting binder but got null!
01-17 21:29:45.664 28256 28497 E RenderScript: Failed loading RS driver: dlopen failed: library "libRSDriverArm.so" not found
01-17 21:29:45.664 28256 28497 E RenderScript: Failed to load runtime libRSDriverArm.so, loading default
01-17 21:29:45.893 28256 28256 E ArmVmp : Match on catch block at 0x0a in for 0x199
01-17 21:29:45.901 28256 28256 E ArmVmp : Match on catch block at 0x0a in for 0x195
01-17 21:29:46.241 28256 28256 E ArmVmp : Match on catch block at 0xc3 in for 0x169
01-17 21:29:46.246 28256 28256 E ArmVmp : Match on catch block at 0xc3 in for 0x169
01-17 21:29:46.248 28256 28256 E ArmVmp : Match on catch block at 0xc3 in for 0x161
01-17 21:29:46.289 28256 28322 W Parcel : Expecting binder but got null!
01-17 21:29:46.305 28256 28256 E ArmVmp : Match on catch block at 0xc3 in for 0x149
01-17 21:29:46.308 28256 28256 E ArmVmp : Match on catch block at 0xc3 in for 0x149
01-17 21:29:46.310 28256 28256 E ArmVmp : Match on catch block at 0xc3 in for 0x14d
01-17 21:29:46.345 28256 28256 E ArmVmp : Match on catch block at 0xc3 in for 0x145
01-17 21:29:46.347 28256 28256 E ArmVmp : Match on catch block at 0xc3 in for 0x141 01-17 21:29:46.b=11- 4&oh=01_AdS5uS5WdVtdzjK9ZmqLfGnBNYBMIhb1NY_UfhOP5DsofQ&oe=65CFB6B1&_nc_sid=5e03e0&m ms3=true media_caption=null trim_from=0 mime_type=image/webp partial_media_enc_hash=null width=64 original_file_hash=null has_streaming_sidecar=0 autotransfer_retry_enabled=1 media_upload_handle=null message_row_id=501240 multicast_id=null enc_file_hash=VAeIM56pHGM3FaNzU2qINEIAY843IyzA5/Y6M3VFkWU= mute_video=0 page_count=0 first_scan_sidecar=null suspicious_content=0 file_length=36192 media_name=null media_duration=0 chat_row_id=4195 media_key=[B@dbc21d5
01-17 21:29:19.330 28256 28305 E SQLiteDatabase: android.database.sqlite.SQLiteConstraintException: UNIQUE constraint failed: message_media.message_row_id (code 1555 SQLITE_CONSTRAINT_PRIMARYKEY[1555])
01-17 21:29:19.330 28256 28305 E SQLiteDatabase: at android.database.sqlite.SQLiteConnection.nativeExecuteForLastInsertedRowId(Native Method)
01-17 21:29:19.330 28256 28305 E SQLiteDatabase: at android.database.sqlite.SQLiteConnection.executeForLastInsertedRowId(SQLiteConnecti on.java:1275)
01-17 21:29:19.330 28256 28305 E SQLiteDatabase: at android.database.sqlite.SQLiteSession.executeForLastInsertedRowId(SQLiteSession.jav a:790)
01-17 21:29:19.330 28256 28305 E SQLiteDatabase: at android.database.sqlite.SQLiteStatement.executeInsert(SQLiteStatement.java:89)
01-17 21:29:19.330 28256 28305 E SQLiteDatabase: at android.database.sqlite.SQLiteDatabase.insertWithOnConflict(SQLiteDatabase.java:241 0)
01-17 21:29:19.330 28256 28305 E SQLiteDatabase: at android.database.sqlite.SQLiteDatabase.insert(SQLiteDatabase.java:2279)
01-17 21:29:19.330 28256 28305 E SQLiteDatabase: at X.2tm.A08(Unknown Source:6)
01-17 21:29:19.330 28256 28305 E SQLiteDatabase: at X.35Y.A07(Unknown Source:212)
01-17 21:29:19.330 28256 28305 E SQLiteDatabase: at X.3QF.A14(Unknown Source:470)
01-17 21:29:19.330 28256 28305 E SQLiteDatabase: at X.3gU.run(Unknown Source:982)
01-17 21:29:19.330 28256 28305 E SQLiteDatabase: at android.os.Handler.handleCallback(Handler.java:942)
01-17 21:29:19.330 28256 28305 E SQLiteDatabase: at android.os.Handler.dispatchMessage(Handler.java:99)
01-17 21:29:19.330 28256 28305 E SQLiteDatabase: at X.0zq.dispatchMessage(Unknown Source:4)
01-17 21:29:19.330 28256 28305 E SQLiteDatabase: at android.os.Looper.loopOnce(Looper.java:226)
01-17 21:29:19.330 28256 28305 E SQLiteDatabase: at android.os.Looper.loop(Looper.java:313)
01-17 21:29:19.330 28256 28305 E SQLiteDatabase: at android.os.HandlerThread.run(HandlerThread.java:67)
01-17 21:29:33.710 28256 28256 E ArmVmp : Match on catch block at 0x0a in for 0x1c5
01-17 21:29:33.729 28256 28256 E ArmVmp : Match on catch block at 0x0a in for 0x1a5
01-17 21:29:33.828 28256 28322 W Parcel : Expecting binder but got null!
01-17 21:29:34.815 28256 28322 W Parcel : Expecting binder but got null!
01-17 21:29:36.044 28256 28322 W Parcel : Expecting binder but got null!
01-17 21:29:45.664 28256 28497 E RenderScript: Failed loading RS driver: dlopen failed: library "libRSDriverArm.so" not found
01-17 21:29:45.664 28256 28497 E RenderScript: Failed to load runtime libRSDriverArm.so, loading default
01-17 21:29:45.893 28256 28256 E ArmVmp : Match on catch block at 0x0a in for 0x199
01-17 21:29:45.901 28256 28256 E ArmVmp : Match on catch block at 0x0a in for 0x195
01-17 21:29:46.241 28256 28256 E ArmVmp : Match on catch block at 0xc3 in for 0x169
01-17 21:29:46.246 28256 28256 E ArmVmp : Match on catch block at 0xc3 in for 0x169
01-17 21:29:46.248 28256 28256 E ArmVmp : Match on catch block at 0xc3 in for 0x161
01-17 21:29:46.289 28256 28322 W Parcel : Expecting binder but got null!
01-17 21:29:46.305 28256 28256 E ArmVmp : Match on catch block at 0xc3 in for 0x149
01-17 21:29:46.308 28256 28256 E ArmVmp : Match on catch block at 0xc3 in for 0x149
01-17 21:29:46.310 28256 28256 E ArmVmp : Match on catch block at 0xc3 in for 0x14d
01-17 21:29:46.345 28256 28256 E ArmVmp : Match on catch block at 0xc3 in for 0x145
01-17 21:29:46.347 28256 28256 E ArmVmp : Match on catch block at 0xc3 in for 0x141
01-17 21:29:46.349 28256 28256 E ArmVmp : Match on catch block at 0xc3 in for 0x145
01-17 21:29:46.368 28256 28256 E ArmVmp : Match on catch block at 0xc3 in for 0x149
01-17 21:29:46.371 28256 28256 E ArmVmp : Match on catch block at 0xc3 in for 0x145
01-17 21:29:46.373 28256 28256 E ArmVmp : Match on catch block at 0xc3 in for 0x149
01-17 21:29:46.403 28256 28256 E ArmVmp : Match on catch block at 0xc3 in for 0x149
01-17 21:29:46.406 28256 28256 E ArmVmp : Match on catch block at 0xc3 in for 0x145
01-17 21:29:46.408 28256 28256 E ArmVmp : Match on catch block at 0xc3 in for 0x149
01-17 21:29:46.901 28256 28256 E ArmVmp : Match on catch block at 0xc3 in for 0x155
01-17 21:29:46.906 28256 28256 E ArmVmp : Match on catch block at 0xc3 in for 0x151
01-17 21:29:46.909 28256 28256 E ArmVmp : Match on catch block at 0xc3 in for 0x155
01-17 21:29:47.399 28256 28256 E ArmVmp : Match on catch block at 0xc3 in for 0x155
01-17 21:29:47.405 28256 28256 E ArmVmp : Match on catch block at 0xc3 in for 0x151
01-17 21:29:47.408 28256 28256 E ArmVmp : Match on catch block at 0xc3 in for 0x155
