The document contains log entries from an Android system. It logs various error messages and events occurring in the system, including a window leaked error, errors related to missing classes and libraries, and errors related to reflection and hidden methods.
Download as TXT, PDF, TXT or read online on Scribd
0 ratings0% found this document useful (0 votes)
27 views
Logcat
The document contains log entries from an Android system. It logs various error messages and events occurring in the system, including a window leaked error, errors related to missing classes and libraries, and errors related to reflection and hidden methods.
Download as TXT, PDF, TXT or read online on Scribd
You are on page 1/ 12283
--------- beginning of system
01-17 20:23:45.818 3562 3562 W ViewRootImpl@4fe28ee[PopupWindow:c4e4669]:
Dropping event due to root view being removed: MotionEvent { action=ACTION_MOVE, actionButton=0, id[0]=0, x[0]=147.0, y[0]=-38.0, toolType[0]=TOOL_TYPE_FINGER, buttonState=0, classification=NONE, metaState=0, flags=0x2, edgeFlags=0x0, pointerCount=1, historySize=0, eventTime=6223527, downTime=6223517, deviceId=2, source=0x1002, displayId=0, eventId=12927369 }
01-17 20:23:45.818 3562 3562 E ViewRootImpl@4fe28ee[PopupWindow:c4e4669]: mStopped=false mHasWindowFocus=true mPausedForTransition=false
01-17 20:24:48.919 3562 3562 W ViewRootImpl@717b38c[PopupWindow:2cf00bf]: Dropping event due to root view being removed: MotionEvent { action=ACTION_MOVE, actionButton=0, id[0]=0, x[0]=81.0, y[0]=710.0, toolType[0]=TOOL_TYPE_FINGER, buttonState=0, classification=NONE, metaState=0, flags=0x2, edgeFlags=0x0, pointerCount=1, historySize=0, eventTime=6286638, downTime=6286628, deviceId=2, source=0x1002, displayId=0, eventId=118834221 }
01-17 20:24:48.919 3562 3562 E ViewRootImpl@717b38c[PopupWindow:2cf00bf]: mStopped=false mHasWindowFocus=true mPausedForTransition=false --------- beginning of main
01-17 21:01:17.826 17837 17837 E ArmVmp : Match on catch block at 0x0a in for 0x181
01-17 21:01:17.849 17837 17837 E ArmVmp : Match on catch block at 0x0a in for 0x269
01-17 21:01:18.434 17837 17837 E RecyclerView: No adapter attached; skipping layout
01-17 21:01:18.476 17837 17987 W Parcel : Expecting binder but got null!
01-17 21:01:18.482 17837 17837 E ArmVmp : Match on catch block at 0x0a in for 0x1a1
01-17 21:01:18.519 17837 17837 E RecyclerView: No adapter attached; skipping layout
01-17 21:01:18.779 17837 17987 W Parcel : Expecting binder but got null!
01-17 21:01:19.212 17837 17837 E ArmVmp : Match on catch block at 0x5b in for 0x119
01-17 21:01:19.221 17837 17837 E ArmVmp : Match on catch block at 0x5b in for 0x105
01-17 21:01:19.229 17837 17837 E ArmVmp : Match on catch block at 0x5b in for 0x111
01-17 21:01:21.889 17837 17837 E WindowManager: android.view.WindowLeaked: Activity com.whatsapp.HomeActivity has leaked window DecorView@e57e0a5[HomeActivity] that was originally added here
01-17 21:01:21.889 17837 17837 E WindowManager: at android.view.ViewRootImpl.<init>(ViewRootImpl.java:1322)
01-17 21:01:21.889 17837 17837 E WindowManager: at android.view.ViewRootImpl.<init>(ViewRootImpl.java:1297)
01-17 21:01:21.889 17837 17837 E WindowManager: at android.view.WindowManagerGlobal.addView(WindowManagerGlobal.java:530)
01-17 21:01:21.889 17837 17837 E WindowManager: at android.view.WindowManagerImpl.addView(WindowManagerImpl.java:148)
01-17 21:01:21.889 17837 17837 E WindowManager: at android.app.Dialog.show(Dialog.java:521)
01-17 21:01:21.889 17837 17837 E WindowManager: at mbmodsd.mbmodsw.update.MBUpdate.show(Native Method)
01-17 21:01:21.889 17837 17837 E WindowManager: at mbmodsd.mbmodsw.home.HomeActivity$2.onResponse(Native Method)
01-17 21:01:21.889 17837 17837 E WindowManager: at mbmodsd.mbmodsw.update.RequestNetworkController$3$2.run(Native Method)
01-17 21:01:21.889 17837 17837 E WindowManager: at android.os.Handler.handleCallback(Handler.java:942)
01-17 21:01:21.889 17837 17837 E WindowManager: at android.os.Handler.dispatchMessage(Handler.java:99)
01-17 21:01:21.889 17837 17837 E WindowManager: at android.os.Looper.loopOnce(Looper.java:226)
01-17 21:01:21.889 17837 17837 E WindowManager: at android.os.Looper.loop(Looper.java:313)
01-17 21:01:21.889 17837 17837 E WindowManager: at android.app.ActivityThread.main(ActivityThread.java:8757)
01-17 21:01:21.889 17837 17837 E WindowManager: at java.lang.reflect.Method.invoke(Native Method)
01-17 21:01:21.889 17837 17837 E WindowManager: at com.android.internal.os.RuntimeInit$MethodAndArgsCaller.run(RuntimeInit.java:571)
01-17 21:01:21.889 17837 17837 E WindowManager: at com.android.internal.os.ZygoteInit.main(ZygoteInit.java:1067)
01-17 21:01:23.129 18979 18979 E com.whatsapp: Not starting debugger since process cannot load the jdwp agent.
01-17 21:01:23.299 18979 18979 W System.err: java.lang.ClassNotFoundException: mbmodsd.mbmodsw.ui.views.btn.BtnBK
01-17 21:01:23.300 18979 18979 W System.err: at java.lang.Runtime.nativeLoad(Native Method)
01-17 21:01:23.300 18979 18979 W System.err: at java.lang.Runtime.nativeLoad(Runtime.java:1121)
01-17 21:01:23.300 18979 18979 W System.err: at java.lang.Runtime.loadLibrary0(Runtime.java:1075)
01-17 21:01:23.300 18979 18979 W System.err: at java.lang.Runtime.loadLibrary0(Runtime.java:998)
01-17 21:01:23.300 18979 18979 W System.err: at java.lang.System.loadLibrary(System.java:1661)
01-17 21:01:23.300 18979 18979 W System.err: at arm.EpicVm.<clinit>(Unknown Source:2)
01-17 21:01:23.300 18979 18979 W System.err: at java.lang.Class.newInstance(Native Method)
01-17 21:01:23.300 18979 18979 W System.err: at android.app.AppComponentFactory.instantiateApplication(AppComponentFactory.java:76)
01-17 21:01:23.300 18979 18979 W System.err: at androidx.core.app.CoreComponentFactory.instantiateApplication(Unknown Source:0)
01-17 21:01:23.300 18979 18979 W System.err: at android.app.Instrumentation.newApplication(Instrumentation.java:1232)
01-17 21:01:23.300 18979 18979 W System.err: at android.app.LoadedApk.makeApplicationInner(LoadedApk.java:1565)
01-17 21:01:23.300 18979 18979 W System.err: at android.app.LoadedApk.makeApplicationInner(LoadedApk.java:1502)
01-17 21:01:23.300 18979 18979 W System.err: at android.app.ActivityThread.handleBindApplication(ActivityThread.java:7553)
01-17 21:01:23.300 18979 18979 W System.err: at android.app.ActivityThread.-$ $Nest$mhandleBindApplication(Unknown Source:0)
01-17 21:01:23.300 18979 18979 W System.err: at android.app.ActivityThread$H.handleMessage(ActivityThread.java:2400)
01-17 21:01:23.300 18979 18979 W System.err: at android.os.Handler.dispatchMessage(Handler.java:106)
01-17 21:01:23.300 18979 18979 W System.err: at android.os.Looper.loopOnce(Looper.java:226)
01-17 21:01:23.300 18979 18979 W System.err: at android.os.Looper.loop(Looper.java:313)
01-17 21:01:23.300 18979 18979 W System.err: at android.app.ActivityThread.main(ActivityThread.java:8757)
01-17 21:01:23.300 18979 18979 W System.err: at java.lang.reflect.Method.invoke(Native Method)
01-17 21:01:23.300 18979 18979 W System.err: at com.android.internal.os.RuntimeInit$MethodAndArgsCaller.run(RuntimeInit.java:571)
01-17 21:01:23.300 18979 18979 W System.err: at com.android.internal.os.ZygoteInit.main(ZygoteInit.java:1067)
01-17 21:01:23.374 18979 18979 E CustomActivityOnCrash: IMPORTANT WARNING! You already have an UncaughtExceptionHandler, are you sure this is correct? If you use a custom UncaughtExceptionHandler, you must initialize it AFTER CustomActivityOnCrash! Installing anyway, but your original handler will not be called.
01-17 21:01:24.487 18979 18979 W com.whatsapp: Accessing hidden method Lcom/android/org/conscrypt/OpenSSLSocketImpl;->setUseSessionTickets(Z)V (max- target-q,core-platform-api, reflection, denied)
01-17 21:01:24.487 18979 18979 W com.whatsapp: Accessing hidden method Lcom/android/org/conscrypt/AbstractConscryptSocket;->setUseSessionTickets(Z)V (max- target-q, reflection, denied)
01-17 21:01:24.789 18979 19026 W com.whatsapp: Method void X.2rL.A03(java.lang.Integer) failed lock verification and will run slower.
01-17 21:01:24.789 18979 19026 W com.whatsapp: Common causes for lock verification issues are non-optimized dex code
01-17 21:01:24.789 18979 19026 W com.whatsapp: and incorrect proguard optimizations.
01-17 21:01:35.287 18997 18997 W libprocessgroup: Controller sfreezer is not found
01-17 21:01:35.288 18997 18997 W libprocessgroup: SetAttribute: unknown attribute: OlafState
01-17 21:01:35.288 18997 18997 W libprocessgroup: SetAttribute: unknown attribute: OlafState
01-17 21:01:37.711 18979 18979 W com.whatsapp: Method void X.0eU.A0h(X.0tK, boolean) failed lock verification and will run slower.
01-17 21:01:37.807 18979 19091 W libc : Access denied finding property "vendor.mali.config"
01-17 21:01:37.811 18979 18979 W com.whatsapp: Method void com.whatsapp.HomeActivity.A6e() failed lock verification and will run slower.
01-17 21:01:38.201 18979 18979 E ArmVmp : Match on catch block at 0x0a in for 0x18d
01-17 21:01:38.226 18979 18979 E ArmVmp : Match on catch block at 0x0a in for 0x26d
01-17 21:01:38.355 18979 19112 W com.whatsapp: Accessing hidden method Lcom/android/org/conscrypt/ConscryptEngineSocket;->setUseSessionTickets(Z)V (max- target-q,core-platform-api, reflection, denied)
01-17 21:01:38.355 18979 19112 W com.whatsapp: Accessing hidden method Lcom/android/org/conscrypt/OpenSSLSocketImpl;->setUseSessionTickets(Z)V (max- target-q,core-platform-api, reflection, denied)
01-17 21:01:38.355 18979 19112 W com.whatsapp: Accessing hidden method Lcom/android/org/conscrypt/AbstractConscryptSocket;->setUseSessionTickets(Z)V (max- target-q, reflection, denied)
01-17 21:01:38.355 18979 19112 W com.whatsapp: Accessing hidden method Lcom/android/org/conscrypt/ConscryptEngineSocket;->setHostname(Ljava/lang/String;)V (max-target-q,core-platform-api, reflection, denied)
01-17 21:01:38.355 18979 19112 W com.whatsapp: Accessing hidden method Lcom/android/org/conscrypt/OpenSSLSocketImpl;->setHostname(Ljava/lang/String;)V (max-target-q,core-platform-api, reflection, denied)
01-17 21:01:38.355 18979 19112 W com.whatsapp: Accessing hidden method Lcom/android/org/conscrypt/AbstractConscryptSocket;->setHostname(Ljava/lang/ String;)V (max-target-q, reflection, denied)
01-17 21:01:38.355 18979 19112 W com.whatsapp: Accessing hidden method Lcom/android/org/conscrypt/OpenSSLSocketImpl;->setAlpnProtocols([B)V (max-target- q,core-platform-api, reflection, denied)
01-17 21:01:38.355 18979 19112 W com.whatsapp: Accessing hidden method Lcom/android/org/conscrypt/AbstractConscryptSocket;->setAlpnProtocols([B)V (max- target-q, reflection, denied)
01-17 21:01:38.871 18979 19030 W SQLiteLog: (28) double-quoted string literal: ""
01-17 21:01:38.891 18979 19112 W com.whatsapp: Accessing hidden method Lcom/android/org/conscrypt/OpenSSLSocketImpl;->getAlpnSelectedProtocol()[B (max- target-q,core-platform-api, reflection, denied)
01-17 21:01:38.891 18979 19112 W com.whatsapp: Accessing hidden method Lcom/android/org/conscrypt/AbstractConscryptSocket;->getAlpnSelectedProtocol()[B (max-target-q, reflection, denied)
01-17 21:01:39.183 18979 18979 E RecyclerView: No adapter attached; skipping layout
01-17 21:01:39.276 18979 19091 W Parcel : Expecting binder but got null!
01-17 21:01:39.324 18979 18979 E RecyclerView: No adapter attached; skipping layout
01-17 21:01:39.340 18979 18979 E ArmVmp : Match on catch block at 0x0a in for 0x1b1
01-17 21:01:39.532 18979 19001 W LibraryVersion: Failed to get app version for libraryName: firebase-iid
01-17 21:01:39.683 18979 19091 W Parcel : Expecting binder but got null!
01-17 21:01:40.151 18979 18979 W Choreographer: Already have a pending vsync event. There should only be one at a time.
01-17 21:01:40.222 18979 18979 E ArmVmp : Match on catch block at 0x5b in for 0x119
01-17 21:01:40.259 18979 18979 E ArmVmp : Match on catch block at 0x5b in for 0x105
01-17 21:01:40.285 18979 18979 E ArmVmp : Match on catch block at 0x5b in for 0x10d
01-17 21:01:47.264 18979 19033 W SQLiteLog: (28) double-quoted string literal: ""
01-17 21:02:33.590 18979 19031 W SQLiteLog: (28) double-quoted string literal: ""
01-17 21:04:30.086 18979 19026 W SQLiteLog: (28) double-quoted string literal: ""
01-17 21:11:12.417 18979 18979 E ArmVmp : Match on catch block at 0x0a in for 0x1a5
01-17 21:11:12.440 18979 18979 W ziparchive: Unable to open '/data/app/~~N7aJhW23LItxGr63j42PFw==/com.google.android.trichromelibrary_609919331 -hJrhKH3jhq3QS3BscpDt5Q==/base.dm': No such file or directory
01-17 21:11:12.440 18979 18979 W ziparchive: Unable to open '/data/app/~~N7aJhW23LItxGr63j42PFw==/com.google.android.trichromelibrary_609919331 -hJrhKH3jhq3QS3BscpDt5Q==/base.dm': No such file or directory
01-17 21:11:12.442 18979 18979 W com.whatsapp: Entry not found
01-17 21:11:12.545 18979 24191 E chromium: [0117/211112.543639:ERROR:variations_seed_loader.cc(69)] Failed to open file for reading. Errno: 2
01-17 21:11:13.061 18979 24218 W cr_media: BLUETOOTH_CONNECT permission is missing.
01-17 21:11:13.066 18979 24218 W cr_media: registerBluetoothIntentsIfNeeded: Requires BLUETOOTH permission
01-17 21:11:13.100 18979 18979 E ArmVmp : Match on catch block at 0x0a in for 0x185
01-17 21:11:13.248 18979 19091 W Parcel : Expecting binder but got null!
01-17 21:11:13.486 18979 24225 W AudioCapabilities: Unsupported mime audio/x-ima
01-17 21:11:13.486 18979 24225 W AudioCapabilities: Unsupported mime audio/mpeg-L1
01-17 21:11:13.486 18979 24225 W AudioCapabilities: Unsupported mime audio/mpeg-L2
01-17 21:11:13.487 18979 24225 W VideoCapabilities: Unsupported mime video/wvc1
01-17 21:11:13.488 18979 24225 W VideoCapabilities: Unsupported mime video/x-ms-wmv
01-17 21:11:13.488 18979 24225 W AudioCapabilities: Unsupported mime audio/mpeg-L1
01-17 21:11:13.488 18979 24225 W AudioCapabilities: Unsupported mime audio/mpeg-L2
01-17 21:11:13.498 18979 24225 W VideoCapabilities: Unrecognized profile/level 32768/2 for video/mp4v-es
01-17 21:11:13.498 18979 24225 W VideoCapabilities: Unrecognized profile/level 32768/64 for video/mp4v-es
01-17 21:11:14.378 18979 24278 E ACodec : [OMX.sprd.hevc.decoder] setPortMode on output to DynamicANWBuffer failed w/ err -2147483648
01-17 21:11:14.621 18979 19091 E mali_gralloc: Unsupported dataspace standard (1780316832), format (100)
01-17 21:11:14.621 18979 19091 W mali_gralloc: intput dataspace(0), real dataspace(10020000) usage:400933, format:100, width:1088, height:1920.
01-17 21:11:14.861 18979 19091 E mali_gralloc: Unsupported dataspace standard (1780316832), format (100)
01-17 21:11:14.861 18979 19091 W mali_gralloc: intput dataspace(0), real dataspace(10020000) usage:400933, format:100, width:1088, height:1920.
01-17 21:11:14.871 18979 19091 E mali_gralloc: Unsupported dataspace standard (1780316832), format (100)
01-17 21:11:14.871 18979 19091 W mali_gralloc: intput dataspace(0), real dataspace(10020000) usage:400933, format:100, width:1088, height:1920.
01-17 21:11:14.888 18979 19091 E mali_gralloc: Unsupported dataspace standard (1780316832), format (100)
01-17 21:11:14.888 18979 19091 W mali_gralloc: intput dataspace(0), real dataspace(10020000) usage:400933, format:100, width:1088, height:1920.
01-17 21:11:14.903 18979 19091 E mali_gralloc: Unsupported dataspace standard (1780316832), format (100)
01-17 21:11:14.903 18979 19091 W mali_gralloc: intput dataspace(0), real dataspace(10020000) usage:400933, format:100, width:1088, height:1920.
01-17 21:11:14.920 18979 19091 E mali_gralloc: Unsupported dataspace standard (1780316832), format (100)
01-17 21:11:14.920 18979 19091 W mali_gralloc: intput dataspace(0), real dataspace(10020000) usage:400933, format:100, width:1088, height:1920.
01-17 21:11:14.937 18979 19091 E mali_gralloc: Unsupported dataspace standard (1780316832), format (100)
01-17 21:11:14.937 18979 19091 W mali_gralloc: intput dataspace(0), real dataspace(10020000) usage:400933, format:100, width:1088, height:1920.
01-17 21:11:14.952 18979 19091 E mali_gralloc: Unsupported dataspace standard (1780316832), format (100)
01-17 21:11:14.953 18979 19091 W mali_gralloc: intput dataspace(0), real dataspace(10020000) usage:400933, format:100, width:1088, height:1920.
01-17 21:11:14.970 18979 19091 E mali_gralloc: Unsupported dataspace standard (1780316832), format (100)
01-17 21:11:14.970 18979 19091 W mali_gralloc: intput dataspace(0), real dataspace(10020000) usage:400933, format:100, width:1088, height:1920.
01-17 21:11:14.988 18979 19091 E mali_gralloc: Unsupported dataspace standard (1780316832), format (100)
01-17 21:11:14.988 18979 19091 W mali_gralloc: intput dataspace(0), real dataspace(10020000) usage:400933, format:100, width:1088, height:1920.
01-17 21:11:15.004 18979 19091 E mali_gralloc: Unsupported dataspace standard (1780316832), format (100)
01-17 21:11:15.004 18979 19091 W mali_gralloc: intput dataspace(0), real dataspace(10020000) usage:400933, format:100, width:1088, height:1920.
01-17 21:11:15.022 18979 19091 E mali_gralloc: Unsupported dataspace standard (1780316832), format (100)
01-17 21:11:15.022 18979 19091 W mali_gralloc: intput dataspace(0), real dataspace(10020000) usage:400933, format:100, width:1088, height:1920.
01-17 21:11:15.043 18979 19091 E mali_gralloc: Unsupported dataspace standard (1780316832), format (100)
01-17 21:11:15.043 18979 19091 W mali_gralloc: intput dataspace(0), real dataspace(10020000) usage:400933, format:100, width:1088, height:1920.
01-17 21:11:15.064 18979 19091 E mali_gralloc: Unsupported dataspace standard (1780316832), format (100)
01-17 21:11:15.064 18979 19091 W mali_gralloc: intput dataspace(0), real dataspace(10020000) usage:400933, format:100, width:1088, height:1920.
01-17 21:11:15.104 18979 19091 E mali_gralloc: Unsupported dataspace standard (1780316832), format (100)
01-17 21:11:15.104 18979 19091 W mali_gralloc: intput dataspace(0), real dataspace(10020000) usage:400933, format:100, width:1088, height:1920.
01-17 21:11:15.118 18979 19091 E mali_gralloc: Unsupported dataspace standard (1780316832), format (100)
01-17 21:11:15.118 18979 19091 W mali_gralloc: intput dataspace(0), real dataspace(10020000) usage:400933, format:100, width:1088, height:1920.
01-17 21:11:15.136 18979 19091 E mali_gralloc: Unsupported dataspace standard (1780316832), format (100)
01-17 21:11:15.136 18979 19091 W mali_gralloc: intput dataspace(0), real dataspace(10020000) usage:400933, format:100, width:1088, height:1920.
01-17 21:11:15.152 18979 19091 E mali_gralloc: Unsupported dataspace standard (1780316832), format (100)
01-17 21:11:15.152 18979 19091 W mali_gralloc: intput dataspace(0), real dataspace(10020000) usage:400933, format:100, width:1088, height:1920.
01-17 21:11:15.170 18979 19091 E mali_gralloc: Unsupported dataspace standard (1780316832), format (100)
01-17 21:11:15.170 18979 19091 W mali_gralloc: intput dataspace(0), real dataspace(10020000) usage:400933, format:100, width:1088, height:1920.
01-17 21:11:15.187 18979 19091 E mali_gralloc: Unsupported dataspace standard (1780316832), format (100)
01-17 21:11:15.187 18979 19091 W mali_gralloc: intput dataspace(0), real dataspace(10020000) usage:400933, format:100, width:1088, height:1920.
01-17 21:11:15.203 18979 19091 E mali_gralloc: Unsupported dataspace standard (1780316832), format (100)
01-17 21:11:15.203 18979 19091 W mali_gralloc: intput dataspace(0), real dataspace(10020000) usage:400933, format:100, width:1088, height:1920.
01-17 21:11:15.218 18979 19091 E mali_gralloc: Unsupported dataspace standard (1780316832), format (100)
01-17 21:11:15.219 18979 19091 W mali_gralloc: intput dataspace(0), real dataspace(10020000) usage:400933, format:100, width:1088, height:1920.
01-17 21:11:15.235 18979 19091 E mali_gralloc: Unsupported dataspace standard (1780316832), format (100)
01-17 21:11:15.235 18979 19091 W mali_gralloc: intput dataspace(0), real dataspace(10020000) usage:400933, format:100, width:1088, height:1920.
01-17 21:11:15.251 18979 19091 E mali_gralloc: Unsupported dataspace standard (1780316832), format (100)
01-17 21:11:15.251 18979 19091 W mali_gralloc: intput dataspace(0), real dataspace(10020000) usage:400933, format:100, width:1088, height:1920.
01-17 21:11:15.269 18979 19091 E mali_gralloc: Unsupported dataspace standard (1780316832), format (100)
01-17 21:11:15.269 18979 19091 W mali_gralloc: intput dataspace(0), real dataspace(10020000) usage:400933, format:100, width:1088, height:1920.
01-17 21:11:15.285 18979 19091 E mali_gralloc: Unsupported dataspace standard (1780316832), format (100)
01-17 21:11:15.286 18979 19091 W mali_gralloc: intput dataspace(0), real dataspace(10020000) usage:400933, format:100, width:1088, height:1920.
01-17 21:11:15.302 18979 19091 E mali_gralloc: Unsupported dataspace standard (1780316832), format (100)
01-17 21:11:15.302 18979 19091 W mali_gralloc: intput dataspace(0), real dataspace(10020000) usage:400933, format:100, width:1088, height:1920.
01-17 21:11:15.319 18979 19091 E mali_gralloc: Unsupported dataspace standard (1780316832), format (100)
01-17 21:11:15.319 18979 19091 W mali_gralloc: intput dataspace(0), real dataspace(10020000) usage:400933, format:100, width:1088, height:1920.
01-17 21:11:15.337 18979 19091 E mali_gralloc: Unsupported dataspace standard (1780316832), format (100)
01-17 21:11:15.337 18979 19091 W mali_gralloc: intput dataspace(0), real dataspace(10020000) usage:400933, format:100, width:1088, height:1920.
01-17 21:11:15.352 18979 19091 E mali_gralloc: Unsupported dataspace standard (1780316832), format (100)
01-17 21:11:15.352 18979 19091 W mali_gralloc: intput dataspace(0), real dataspace(10020000) usage:400933, format:100, width:1088, height:1920.
01-17 21:11:15.369 18979 19091 E mali_gralloc: Unsupported dataspace standard (1780316832), format (100)
01-17 21:11:15.369 18979 19091 W mali_gralloc: intput dataspace(0), real dataspace(10020000) usage:400933, format:100, width:1088, height:1920.
01-17 21:11:15.384 18979 19091 E mali_gralloc: Unsupported dataspace standard (1780316832), format (100)
01-17 21:11:15.384 18979 19091 W mali_gralloc: intput dataspace(0), real dataspace(10020000) usage:400933, format:100, width:1088, height:1920.
01-17 21:11:15.402 18979 19091 E mali_gralloc: Unsupported dataspace standard (1780316832), format (100)
01-17 21:11:15.402 18979 19091 W mali_gralloc: intput dataspace(0), real dataspace(10020000) usage:400933, format:100, width:1088, height:1920.
01-17 21:11:15.418 18979 19091 E mali_gralloc: Unsupported dataspace standard (1780316832), format (100)
01-17 21:11:15.418 18979 19091 W mali_gralloc: intput dataspace(0), real dataspace(10020000) usage:400933, format:100, width:1088, height:1920.
01-17 21:11:15.434 18979 19091 E mali_gralloc: Unsupported dataspace standard (1780316832), format (100)
01-17 21:11:15.434 18979 19091 W mali_gralloc: intput dataspace(0), real dataspace(10020000) usage:400933, format:100, width:1088, height:1920.
01-17 21:11:15.450 18979 19091 E mali_gralloc: Unsupported dataspace standard (1780316832), format (100)
01-17 21:11:15.450 18979 19091 W mali_gralloc: intput dataspace(0), real dataspace(10020000) usage:400933, format:100, width:1088, height:1920.
01-17 21:11:15.467 18979 19091 E mali_gralloc: Unsupported dataspace standard (1780316832), format (100)
01-17 21:11:15.467 18979 19091 W mali_gralloc: intput dataspace(0), real dataspace(10020000) usage:400933, format:100, width:1088, height:1920.
01-17 21:11:15.484 18979 19091 E mali_gralloc: Unsupported dataspace standard (1780316832), format (100)
01-17 21:11:15.484 18979 19091 W mali_gralloc: intput dataspace(0), real dataspace(10020000) usage:400933, format:100, width:1088, height:1920.
01-17 21:11:15.501 18979 19091 E mali_gralloc: Unsupported dataspace standard (1780316832), format (100)
01-17 21:11:15.501 18979 19091 W mali_gralloc: intput dataspace(0), real dataspace(10020000) usage:400933, format:100, width:1088, height:1920.
01-17 21:11:15.518 18979 19091 E mali_gralloc: Unsupported dataspace standard (1780316832), format (100)
01-17 21:11:15.518 18979 19091 W mali_gralloc: intput dataspace(0), real dataspace(10020000) usage:400933, format:100, width:1088, height:1920.
01-17 21:11:15.534 18979 19091 E mali_gralloc: Unsupported dataspace standard (1780316832), format (100)
01-17 21:11:15.535 18979 19091 W mali_gralloc: intput dataspace(0), real dataspace(10020000) usage:400933, format:100, width:1088, height:1920.
01-17 21:11:15.551 18979 19091 E mali_gralloc: Unsupported dataspace standard (1780316832), format (100)
01-17 21:11:15.551 18979 19091 W mali_gralloc: intput dataspace(0), real dataspace(10020000) usage:400933, format:100, width:1088, height:1920.
01-17 21:11:15.568 18979 19091 E mali_gralloc: Unsupported dataspace standard (1780316832), format (100)
01-17 21:11:15.568 18979 19091 W mali_gralloc: intput dataspace(0), real dataspace(10020000) usage:400933, format:100, width:1088, height:1920.
01-17 21:11:15.586 18979 19091 E mali_gralloc: Unsupported dataspace standard (1780316832), format (100)
01-17 21:11:15.586 18979 19091 W mali_gralloc: intput dataspace(0), real dataspace(10020000) usage:400933, format:100, width:1088, height:1920.
01-17 21:11:15.601 18979 19091 E mali_gralloc: Unsupported dataspace standard (1780316832), format (100)
01-17 21:11:15.602 18979 19091 W mali_gralloc: intput dataspace(0), real dataspace(10020000) usage:400933, format:100, width:1088, height:1920.
01-17 21:11:15.616 18979 19091 E mali_gralloc: Unsupported dataspace standard (1780316832), format (100)
01-17 21:11:15.617 18979 19091 W mali_gralloc: intput dataspace(0), real dataspace(10020000) usage:400933, format:100, width:1088, height:1920.
01-17 21:11:15.633 18979 19091 E mali_gralloc: Unsupported dataspace standard (1780316832), format (100)
01-17 21:11:15.633 18979 19091 W mali_gralloc: intput dataspace(0), real dataspace(10020000) usage:400933, format:100, width:1088, height:1920.
01-17 21:11:15.650 18979 19091 E mali_gralloc: Unsupported dataspace standard (1780316832), format (100)
01-17 21:11:15.650 18979 19091 W mali_gralloc: intput dataspace(0), real dataspace(10020000) usage:400933, format:100, width:1088, height:1920.
01-17 21:11:15.667 18979 19091 E mali_gralloc: Unsupported dataspace standard (1780316832), format (100)
01-17 21:11:15.667 18979 19091 W mali_gralloc: intput dataspace(0), real dataspace(10020000) usage:400933, format:100, width:1088, height:1920.
01-17 21:11:15.682 18979 19091 E mali_gralloc: Unsupported dataspace standard (1780316832), format (100)
01-17 21:11:15.682 18979 19091 W mali_gralloc: intput dataspace(0), real dataspace(10020000) usage:400933, format:100, width:1088, height:1920.
01-17 21:11:15.700 18979 19091 E mali_gralloc: Unsupported dataspace standard (1780316832), format (100)
01-17 21:11:15.700 18979 19091 W mali_gralloc: intput dataspace(0), real dataspace(10020000) usage:400933, format:100, width:1088, height:1920.
01-17 21:11:15.716 18979 19091 E mali_gralloc: Unsupported dataspace standard (1780316832), format (100)
01-17 21:11:15.717 18979 19091 W mali_gralloc: intput dataspace(0), real dataspace(10020000) usage:400933, format:100, width:1088, height:1920.
01-17 21:11:15.733 18979 19091 E mali_gralloc: Unsupported dataspace standard (1780316832), format (100)
01-17 21:11:15.733 18979 19091 W mali_gralloc: intput dataspace(0), real dataspace(10020000) usage:400933, format:100, width:1088, height:1920.
01-17 21:11:15.750 18979 19091 E mali_gralloc: Unsupported dataspace standard (1780316832), format (100)
01-17 21:11:15.750 18979 19091 W mali_gralloc: intput dataspace(0), real dataspace(10020000) usage:400933, format:100, width:1088, height:1920.
01-17 21:11:15.766 18979 19091 E mali_gralloc: Unsupported dataspace standard (1780316832), format (100)
01-17 21:11:15.766 18979 19091 W mali_gralloc: intput dataspace(0), real dataspace(10020000) usage:400933, format:100, width:1088, height:1920.
01-17 21:11:15.783 18979 19091 E mali_gralloc: Unsupported dataspace standard (1780316832), format (100)
01-17 21:11:15.783 18979 19091 W mali_gralloc: intput dataspace(0), real dataspace(10020000) usage:400933, format:100, width:1088, height:1920.
01-17 21:11:15.799 18979 19091 E mali_gralloc: Unsupported dataspace standard (1780316832), format (100)
01-17 21:11:15.799 18979 19091 W mali_gralloc: intput dataspace(0), real dataspace(10020000) usage:400933, format:100, width:1088, height:1920.
01-17 21:11:15.816 18979 19091 E mali_gralloc: Unsupported dataspace standard (1780316832), format (100)
01-17 21:11:15.816 18979 19091 W mali_gralloc: intput dataspace(0), real dataspace(10020000) usage:400933, format:100, width:1088, height:1920.
01-17 21:11:15.832 18979 19091 E mali_gralloc: Unsupported dataspace standard (1780316832), format (100)
01-17 21:11:15.832 18979 19091 W mali_gralloc: intput dataspace(0), real dataspace(10020000) usage:400933, format:100, width:1088, height:1920.
01-17 21:11:15.849 18979 19091 E mali_gralloc: Unsupported dataspace standard (1780316832), format (100)
01-17 21:11:15.849 18979 19091 W mali_gralloc: intput dataspace(0), real dataspace(10020000) usage:400933, format:100, width:1088, height:1920.
01-17 21:11:15.866 18979 19091 E mali_gralloc: Unsupported dataspace standard (1780316832), format (100)
01-17 21:11:15.866 18979 19091 W mali_gralloc: intput dataspace(0), real dataspace(10020000) usage:400933, format:100, width:1088, height:1920.
01-17 21:11:15.882 18979 19091 E mali_gralloc: Unsupported dataspace standard (1780316832), format (100)
01-17 21:11:15.882 18979 19091 W mali_gralloc: intput dataspace(0), real dataspace(10020000) usage:400933, format:100, width:1088, height:1920.
01-17 21:11:15.899 18979 19091 E mali_gralloc: Unsupported dataspace standard (1780316832), format (100)
01-17 21:11:15.899 18979 19091 W mali_gralloc: intput dataspace(0), real dataspace(10020000) usage:400933, format:100, width:1088, height:1920.
01-17 21:11:15.915 18979 19091 E mali_gralloc: Unsupported dataspace standard (1780316832), format (100)
01-17 21:11:15.915 18979 19091 W mali_gralloc: intput dataspace(0), real dataspace(10020000) usage:400933, format:100, width:1088, height:1920.
01-17 21:11:15.932 18979 19091 E mali_gralloc: Unsupported dataspace standard (1780316832), format (100)
01-17 21:11:15.932 18979 19091 W mali_gralloc: intput dataspace(0), real dataspace(10020000) usage:400933, format:100, width:1088, height:1920.
01-17 21:11:15.964 18979 19091 E mali_gralloc: Unsupported dataspace standard (1780316832), format (100)
01-17 21:11:15.964 18979 19091 W mali_gralloc: intput dataspace(0), real dataspace(10020000) usage:400933, format:100, width:1088, height:1920.
01-17 21:11:15.997 18979 19091 E mali_gralloc: Unsupported dataspace standard (1780316832), format (100)
01-17 21:11:15.997 18979 19091 W mali_gralloc: intput dataspace(0), real dataspace(10020000) usage:400933, format:100, width:1088, height:1920.
01-17 21:11:16.030 18979 19091 E mali_gralloc: Unsupported dataspace standard (1780316832), format (100)
01-17 21:11:16.030 18979 19091 W mali_gralloc: intput dataspace(0), real dataspace(10020000) usage:400933, format:100, width:1088, height:1920.
01-17 21:11:16.046 18979 19091 E mali_gralloc: Unsupported dataspace standard (1780316832), format (100)
01-17 21:11:16.046 18979 19091 W mali_gralloc: intput dataspace(0), real dataspace(10020000) usage:400933, format:100, width:1088, height:1920.
01-17 21:11:16.063 18979 19091 E mali_gralloc: Unsupported dataspace standard (1780316832), format (100)
01-17 21:11:16.063 18979 19091 W mali_gralloc: intput dataspace(0), real dataspace(10020000) usage:400933, format:100, width:1088, height:1920.
01-17 21:11:16.097 18979 19091 E mali_gralloc: Unsupported dataspace standard (1780316832), format (100)
01-17 21:11:16.097 18979 19091 W mali_gralloc: intput dataspace(0), real dataspace(10020000) usage:400933, format:100, width:1088, height:1920.
01-17 21:11:16.130 18979 19091 E mali_gralloc: Unsupported dataspace standard (1780316832), format (100)
01-17 21:11:16.130 18979 19091 W mali_gralloc: intput dataspace(0), real dataspace(10020000) usage:400933, format:100, width:1088, height:1920.
01-17 21:11:16.162 18979 19091 E mali_gralloc: Unsupported dataspace standard (1780316832), format (100)
01-17 21:11:16.163 18979 19091 W mali_gralloc: intput dataspace(0), real dataspace(10020000) usage:400933, format:100, width:1088, height:1920.
01-17 21:11:16.196 18979 19091 E mali_gralloc: Unsupported dataspace standard (1780316832), format (100)
01-17 21:11:16.196 18979 19091 W mali_gralloc: intput dataspace(0), real dataspace(10020000) usage:400933, format:100, width:1088, height:1920.
01-17 21:11:16.229 18979 19091 E mali_gralloc: Unsupported dataspace standard (1780316832), format (100)
01-17 21:11:16.229 18979 19091 W mali_gralloc: intput dataspace(0), real dataspace(10020000) usage:400933, format:100, width:1088, height:1920.
01-17 21:11:16.262 18979 19091 E mali_gralloc: Unsupported dataspace standard (1780316832), format (100)
01-17 21:11:16.262 18979 19091 W mali_gralloc: intput dataspace(0), real dataspace(10020000) usage:400933, format:100, width:1088, height:1920.
01-17 21:11:16.295 18979 19091 E mali_gralloc: Unsupported dataspace standard (1780316832), format (100)
01-17 21:11:16.296 18979 19091 W mali_gralloc: intput dataspace(0), real dataspace(10020000) usage:400933, format:100, width:1088, height:1920.
01-17 21:11:16.328 18979 19091 E mali_gralloc: Unsupported dataspace standard (1780316832), format (100)
01-17 21:11:16.328 18979 19091 W mali_gralloc: intput dataspace(0), real dataspace(10020000) usage:400933, format:100, width:1088, height:1920.
01-17 21:11:16.362 18979 19091 E mali_gralloc: Unsupported dataspace standard (1780316832), format (100)
01-17 21:11:16.362 18979 19091 W mali_gralloc: intput dataspace(0), real dataspace(10020000) usage:400933, format:100, width:1088, height:1920.
01-17 21:11:16.395 18979 19091 E mali_gralloc: Unsupported dataspace standard (1780316832), format (100)
01-17 21:11:16.395 18979 19091 W mali_gralloc: intput dataspace(0), real dataspace(10020000) usage:400933, format:100, width:1088, height:1920.
01-17 21:11:16.428 18979 19091 E mali_gralloc: Unsupported dataspace standard (1780316832), format (100)
01-17 21:11:16.428 18979 19091 W mali_gralloc: intput dataspace(0), real dataspace(10020000) usage:400933, format:100, width:1088, height:1920.
01-17 21:11:16.461 18979 19091 E mali_gralloc: Unsupported dataspace standard (1780316832), format (100)
01-17 21:11:16.461 18979 19091 W mali_gralloc: intput dataspace(0), real dataspace(10020000) usage:400933, format:100, width:1088, height:1920.
01-17 21:11:16.495 18979 19091 E mali_gralloc: Unsupported dataspace standard (1780316832), format (100)
01-17 21:11:16.495 18979 19091 W mali_gralloc: intput dataspace(0), real dataspace(10020000) usage:400933, format:100, width:1088, height:1920.
01-17 21:11:16.528 18979 19091 E mali_gralloc: Unsupported dataspace standard (1780316832), format (100)
01-17 21:11:16.528 18979 19091 W mali_gralloc: intput dataspace(0), real dataspace(10020000) usage:400933, format:100, width:1088, height:1920.
01-17 21:11:16.560 18979 19091 E mali_gralloc: Unsupported dataspace standard (1780316832), format (100)
01-17 21:11:16.560 18979 19091 W mali_gralloc: intput dataspace(0), real dataspace(10020000) usage:400933, format:100, width:1088, height:1920.
01-17 21:11:16.593 18979 19091 E mali_gralloc: Unsupported dataspace standard (1780316832), format (100)
01-17 21:11:16.593 18979 19091 W mali_gralloc: intput dataspace(0), real dataspace(10020000) usage:400933, format:100, width:1088, height:1920.
01-17 21:11:16.625 18979 19091 E mali_gralloc: Unsupported dataspace standard (1780316832), format (100)
01-17 21:11:16.625 18979 19091 W mali_gralloc: intput dataspace(0), real dataspace(10020000) usage:400933, format:100, width:1088, height:1920.
01-17 21:11:16.659 18979 19091 E mali_gralloc: Unsupported dataspace standard (1780316832), format (100)
01-17 21:11:16.659 18979 19091 W mali_gralloc: intput dataspace(0), real dataspace(10020000) usage:400933, format:100, width:1088, height:1920.
01-17 21:11:16.692 18979 19091 E mali_gralloc: Unsupported dataspace standard (1780316832), format (100)
01-17 21:11:16.692 18979 19091 W mali_gralloc: intput dataspace(0), real dataspace(10020000) usage:400933, format:100, width:1088, height:1920.
01-17 21:11:16.727 18979 19091 E mali_gralloc: Unsupported dataspace standard (1780316832), format (100)
01-17 21:11:16.727 18979 19091 W mali_gralloc: intput dataspace(0), real dataspace(10020000) usage:400933, format:100, width:1088, height:1920.
01-17 21:11:16.761 18979 19091 E mali_gralloc: Unsupported dataspace standard (1780316832), format (100)
01-17 21:11:16.761 18979 19091 W mali_gralloc: intput dataspace(0), real dataspace(10020000) usage:400933, format:100, width:1088, height:1920.
01-17 21:11:16.794 18979 19091 E mali_gralloc: Unsupported dataspace standard (1780316832), format (100)
01-17 21:11:16.794 18979 19091 W mali_gralloc: intput dataspace(0), real dataspace(10020000) usage:400933, format:100, width:1088, height:1920.
01-17 21:11:16.826 18979 19091 E mali_gralloc: Unsupported dataspace standard (1780316832), format (100)
01-17 21:11:16.826 18979 19091 W mali_gralloc: intput dataspace(0), real dataspace(10020000) usage:400933, format:100, width:1088, height:1920.
01-17 21:11:16.859 18979 19091 E mali_gralloc: Unsupported dataspace standard (1780316832), format (100)
01-17 21:11:16.859 18979 19091 W mali_gralloc: intput dataspace(0), real dataspace(10020000) usage:400933, format:100, width:1088, height:1920.
01-17 21:11:16.891 18979 19091 E mali_gralloc: Unsupported dataspace standard (1780316832), format (100)
01-17 21:11:16.891 18979 19091 W mali_gralloc: intput dataspace(0), real dataspace(10020000) usage:400933, format:100, width:1088, height:1920.
01-17 21:11:16.925 18979 19091 E mali_gralloc: Unsupported dataspace standard (1780316832), format (100)
01-17 21:11:16.925 18979 19091 W mali_gralloc: intput dataspace(0), real dataspace(10020000) usage:400933, format:100, width:1088, height:1920.
01-17 21:11:16.959 18979 19091 E mali_gralloc: Unsupported dataspace standard (1780316832), format (100)
01-17 21:11:16.959 18979 19091 W mali_gralloc: intput dataspace(0), real dataspace(10020000) usage:400933, format:100, width:1088, height:1920.
01-17 21:11:16.992 18979 19091 E mali_gralloc: Unsupported dataspace standard (1780316832), format (100)
01-17 21:11:16.993 18979 19091 W mali_gralloc: intput dataspace(0), real dataspace(10020000) usage:400933, format:100, width:1088, height:1920.
01-17 21:11:17.025 18979 19091 E mali_gralloc: Unsupported dataspace standard (1780316832), format (100)
01-17 21:11:17.025 18979 19091 W mali_gralloc: intput dataspace(0), real dataspace(10020000) usage:400933, format:100, width:1088, height:1920.
01-17 21:11:17.059 18979 19091 E mali_gralloc: Unsupported dataspace standard (1780316832), format (100)
01-17 21:11:17.059 18979 19091 W mali_gralloc: intput dataspace(0), real dataspace(10020000) usage:400933, format:100, width:1088, height:1920.
01-17 21:11:17.091 18979 19091 E mali_gralloc: Unsupported dataspace standard (1780316832), format (100)
01-17 21:11:17.091 18979 19091 W mali_gralloc: intput dataspace(0), real dataspace(10020000) usage:400933, format:100, width:1088, height:1920.
01-17 21:11:17.125 18979 19091 E mali_gralloc: Unsupported dataspace standard (1780316832), format (100)
01-17 21:11:17.125 18979 19091 W mali_gralloc: intput dataspace(0), real dataspace(10020000) usage:400933, format:100, width:1088, height:1920.
01-17 21:11:17.158 18979 19091 E mali_gralloc: Unsupported dataspace standard (1780316832), format (100)
01-17 21:11:17.158 18979 19091 W mali_gralloc: intput dataspace(0), real dataspace(10020000) usage:400933, format:100, width:1088, height:1920.
01-17 21:11:17.191 18979 19091 E mali_gralloc: Unsupported dataspace standard (1780316832), format (100)
01-17 21:11:17.191 18979 19091 W mali_gralloc: intput dataspace(0), real dataspace(10020000) usage:400933, format:100, width:1088, height:1920.
01-17 21:11:17.225 18979 19091 E mali_gralloc: Unsupported dataspace standard (1780316832), format (100)
01-17 21:11:17.225 18979 19091 W mali_gralloc: intput dataspace(0), real dataspace(10020000) usage:400933, format:100, width:1088, height:1920.
01-17 21:11:17.258 18979 19091 E mali_gralloc: Unsupported dataspace standard (1780316832), format (100)
01-17 21:11:17.258 18979 19091 W mali_gralloc: intput dataspace(0), real dataspace(10020000) usage:400933, format:100, width:1088, height:1920.
01-17 21:11:17.289 18979 19091 E mali_gralloc: Unsupported dataspace standard (1780316832), format (100)
01-17 21:11:17.289 18979 19091 W mali_gralloc: intput dataspace(0), real dataspace(10020000) usage:400933, format:100, width:1088, height:1920.
01-17 21:11:17.324 18979 19091 E mali_gralloc: Unsupported dataspace standard (1780316832), format (100)
01-17 21:11:17.324 18979 19091 W mali_gralloc: intput dataspace(0), real dataspace(10020000) usage:400933, format:100, width:1088, height:1920.
01-17 21:11:17.357 18979 19091 E mali_gralloc: Unsupported dataspace standard (1780316832), format (100)
01-17 21:11:17.358 18979 19091 W mali_gralloc: intput dataspace(0), real dataspace(10020000) usage:400933, format:100, width:1088, height:1920.
01-17 21:11:17.390 18979 19091 E mali_gralloc: Unsupported dataspace standard (1780316832), format (100)
01-17 21:11:17.390 18979 19091 W mali_gralloc: intput dataspace(0), real dataspace(10020000) usage:400933, format:100, width:1088, height:1920.
01-17 21:11:17.424 18979 19091 E mali_gralloc: Unsupported dataspace standard (1780316832), format (100)
01-17 21:11:17.424 18979 19091 W mali_gralloc: intput dataspace(0), real dataspace(10020000) usage:400933, format:100, width:1088, height:1920.
01-17 21:11:17.456 18979 19091 E mali_gralloc: Unsupported dataspace standard (1780316832), format (100)
01-17 21:11:17.456 18979 19091 W mali_gralloc: intput dataspace(0), real dataspace(10020000) usage:400933, format:100, width:1088, height:1920.
01-17 21:11:17.489 18979 19091 E mali_gralloc: Unsupported dataspace standard (1780316832), format (100)
01-17 21:11:17.489 18979 19091 W mali_gralloc: intput dataspace(0), real dataspace(10020000) usage:400933, format:100, width:1088, height:1920.
01-17 21:11:17.523 18979 19091 E mali_gralloc: Unsupported dataspace standard (1780316832), format (100)
01-17 21:11:17.523 18979 19091 W mali_gralloc: intput dataspace(0), real dataspace(10020000) usage:400933, format:100, width:1088, height:1920.
01-17 21:11:17.555 18979 19091 E mali_gralloc: Unsupported dataspace standard (1780316832), format (100)
01-17 21:11:17.555 18979 19091 W mali_gralloc: intput dataspace(0), real dataspace(10020000) usage:400933, format:100, width:1088, height:1920.
01-17 21:11:17.589 18979 19091 E mali_gralloc: Unsupported dataspace standard (1780316832), format (100)
01-17 21:11:17.589 18979 19091 W mali_gralloc: intput dataspace(0), real dataspace(10020000) usage:400933, format:100, width:1088, height:1920.
01-17 21:11:17.622 18979 19091 E mali_gralloc: Unsupported dataspace standard (1780316832), format (100)
01-17 21:11:17.622 18979 19091 W mali_gralloc: intput dataspace(0), real dataspace(10020000) usage:400933, format:100, width:1088, height:1920.
01-17 21:11:17.656 18979 19091 E mali_gralloc: Unsupported dataspace standard (1780316832), format (100)
01-17 21:11:17.656 18979 19091 W mali_gralloc: intput dataspace(0), real dataspace(10020000) usage:400933, format:100, width:1088, height:1920.
01-17 21:11:17.688 18979 19091 E mali_gralloc: Unsupported dataspace standard (1780316832), format (100)
01-17 21:11:17.688 18979 19091 W mali_gralloc: intput dataspace(0), real dataspace(10020000) usage:400933, format:100, width:1088, height:1920.
01-17 21:11:17.722 18979 19091 E mali_gralloc: Unsupported dataspace standard (1780316832), format (100)
01-17 21:11:17.722 18979 19091 W mali_gralloc: intput dataspace(0), real dataspace(10020000) usage:400933, format:100, width:1088, height:1920.
01-17 21:11:17.755 18979 19091 E mali_gralloc: Unsupported dataspace standard (1780316832), format (100)
01-17 21:11:17.755 18979 19091 W mali_gralloc: intput dataspace(0), real dataspace(10020000) usage:400933, format:100, width:1088, height:1920.
01-17 21:11:17.788 18979 19091 E mali_gralloc: Unsupported dataspace standard (1780316832), format (100)
01-17 21:11:17.788 18979 19091 W mali_gralloc: intput dataspace(0), real dataspace(10020000) usage:400933, format:100, width:1088, height:1920.
01-17 21:11:17.821 18979 19091 E mali_gralloc: Unsupported dataspace standard (1780316832), format (100)
01-17 21:11:17.821 18979 19091 W mali_gralloc: intput dataspace(0), real dataspace(10020000) usage:400933, format:100, width:1088, height:1920.
01-17 21:11:17.854 18979 19091 E mali_gralloc: Unsupported dataspace standard (1780316832), format (100)
01-17 21:11:17.854 18979 19091 W mali_gralloc: intput dataspace(0), real dataspace(10020000) usage:400933, format:100, width:1088, height:1920.
01-17 21:11:17.887 18979 19091 E mali_gralloc: Unsupported dataspace standard (1780316832), format (100)
01-17 21:11:17.887 18979 19091 W mali_gralloc: intput dataspace(0), real dataspace(10020000) usage:400933, format:100, width:1088, height:1920.
01-17 21:11:17.920 18979 19091 E mali_gralloc: Unsupported dataspace standard (1780316832), format (100)
01-17 21:11:17.921 18979 19091 W mali_gralloc: intput dataspace(0), real dataspace(10020000) usage:400933, format:100, width:1088, height:1920.
01-17 21:11:17.955 18979 19091 E mali_gralloc: Unsupported dataspace standard (1780316832), format (100)
01-17 21:11:17.956 18979 19091 W mali_gralloc: intput dataspace(0), real dataspace(10020000) usage:400933, format:100, width:1088, height:1920.
01-17 21:11:17.987 18979 19091 E mali_gralloc: Unsupported dataspace standard (1780316832), format (100)
01-17 21:11:17.987 18979 19091 W mali_gralloc: intput dataspace(0), real dataspace(10020000) usage:400933, format:100, width:1088, height:1920.
01-17 21:11:18.020 18979 19091 E mali_gralloc: Unsupported dataspace standard (1780316832), format (100)
01-17 21:11:18.020 18979 19091 W mali_gralloc: intput dataspace(0), real dataspace(10020000) usage:400933, format:100, width:1088, height:1920.
01-17 21:11:18.053 18979 19091 E mali_gralloc: Unsupported dataspace standard (1780316832), format (100)
01-17 21:11:18.053 18979 19091 W mali_gralloc: intput dataspace(0), real dataspace(10020000) usage:400933, format:100, width:1088, height:1920.
01-17 21:11:18.086 18979 19091 E mali_gralloc: Unsupported dataspace standard (1780316832), format (100)
01-17 21:11:18.086 18979 19091 W mali_gralloc: intput dataspace(0), real dataspace(10020000) usage:400933, format:100, width:1088, height:1920.
01-17 21:11:18.119 18979 19091 E mali_gralloc: Unsupported dataspace standard (1780316832), format (100)
01-17 21:11:18.120 18979 19091 W mali_gralloc: intput dataspace(0), real dataspace(10020000) usage:400933, format:100, width:1088, height:1920.
01-17 21:11:18.153 18979 19091 E mali_gralloc: Unsupported dataspace standard (1780316832), format (100)
01-17 21:11:18.153 18979 19091 W mali_gralloc: intput dataspace(0), real dataspace(10020000) usage:400933, format:100, width:1088, height:1920.
01-17 21:11:18.186 18979 19091 E mali_gralloc: Unsupported dataspace standard (1780316832), format (100)
01-17 21:11:18.186 18979 19091 W mali_gralloc: intput dataspace(0), real dataspace(10020000) usage:400933, format:100, width:1088, height:1920.
01-17 21:11:18.219 18979 19091 E mali_gralloc: Unsupported dataspace standard (1780316832), format (100)
01-17 21:11:18.219 18979 19091 W mali_gralloc: intput dataspace(0), real dataspace(10020000) usage:400933, format:100, width:1088, height:1920.
01-17 21:11:18.252 18979 19091 E mali_gralloc: Unsupported dataspace standard (1780316832), format (100)
01-17 21:11:18.252 18979 19091 W mali_gralloc: intput dataspace(0), real dataspace(10020000) usage:400933, format:100, width:1088, height:1920.
01-17 21:11:18.285 18979 19091 E mali_gralloc: Unsupported dataspace standard (1780316832), format (100)
01-17 21:11:18.285 18979 19091 W mali_gralloc: intput dataspace(0), real dataspace(10020000) usage:400933, format:100, width:1088, height:1920.
01-17 21:11:18.316 18979 19091 E mali_gralloc: Unsupported dataspace standard (1780316832), format (100)
01-17 21:11:18.316 18979 19091 W mali_gralloc: intput dataspace(0), real dataspace(10020000) usage:400933, format:100, width:1088, height:1920.
01-17 21:11:18.351 18979 19091 E mali_gralloc: Unsupported dataspace standard (1780316832), format (100)
01-17 21:11:18.351 18979 19091 W mali_gralloc: intput dataspace(0), real dataspace(10020000) usage:400933, format:100, width:1088, height:1920.
01-17 21:11:18.384 18979 19091 E mali_gralloc: Unsupported dataspace standard (1780316832), format (100)
01-17 21:11:18.385 18979 19091 W mali_gralloc: intput dataspace(0), real dataspace(10020000) usage:400933, format:100, width:1088, height:1920.
01-17 21:11:18.418 18979 19091 E mali_gralloc: Unsupported dataspace standard (1780316832), format (100)
01-17 21:11:18.418 18979 19091 W mali_gralloc: intput dataspace(0), real dataspace(10020000) usage:400933, format:100, width:1088, height:1920.
01-17 21:11:18.451 18979 19091 E mali_gralloc: Unsupported dataspace standard (1780316832), format (100)
01-17 21:11:18.451 18979 19091 W mali_gralloc: intput dataspace(0), real dataspace(10020000) usage:400933, format:100, width:1088, height:1920.
01-17 21:11:18.484 18979 19091 E mali_gralloc: Unsupported dataspace standard (1780316832), format (100)
01-17 21:11:18.484 18979 19091 W mali_gralloc: intput dataspace(0), real dataspace(10020000) usage:400933, format:100, width:1088, height:1920.
01-17 21:11:18.517 18979 19091 E mali_gralloc: Unsupported dataspace standard (1780316832), format (100)
