01-17 21:25:13.724 27360 27360 E ArmVmp : Match on catch block at 0xc3 in for 0x145
01-17 21:25:13.731 27360 27360 E ArmVmp : Match on catch block at 0xc3 in for 0x141
01-17 21:25:14.221 27360 27360 E ArmVmp : Match on catch block at 0xc3 in for 0x151
01-17 21:25:14.226 27360 27360 E ArmVmp : Match on catch block at 0xc3 in for 0x14d
01-17 21:25:14.735 27360 27360 E ArmVmp : Match on catch block at 0xc3 in for 0x141
01-17 21:25:14.741 27360 27360 E ArmVmp : Match on catch block at 0xc3 in for 0x159
01-17 21:25:15.232 27360 27360 E ArmVmp : Match on catch block at 0xc3 in for 0x14d
01-17 21:25:15.237 27360 27360 E ArmVmp : Match on catch block at 0xc3 in for 0x149
01-17 21:25:15.729 27360 27360 E ArmVmp : Match on catch block at 0xc3 in for 0x159
01-17 21:25:15.736 27360 27360 E ArmVmp : Match on catch block at 0xc3 in for 0x155
01-17 21:25:16.227 27360 27360 E ArmVmp : Match on catch block at 0xc3 in for 0x149
01-17 21:25:16.233 27360 27360 E ArmVmp : Match on catch block at 0xc3 in for 0x145
01-17 21:25:16.725 27360 27360 E ArmVmp : Match on catch block at 0xc3 in for 0x155
01-17 21:25:16.731 27360 27360 E ArmVmp : Match on catch block at 0xc3 in for 0x151
01-17 21:25:17.239 27360 27360 E ArmVmp : Match on catch block at 0xc3 in for 0x145
01-17 21:25:17.245 27360 27360 E ArmVmp : Match on catch block at 0xc3 in for 0x141
01-17 21:25:17.736 27360 27360 E ArmVmp : Match on catch block at 0xc3 in catch block at 0xc3 in for 0x145
01-17 21:25:17.245 27360 27360 E ArmVmp : Match on catch block at 0xc3 in for 0x141
01-17 21:25:17.736 27360 27360 E ArmVmp : Match on catch block at 0xc3 in for 0x145
01-17 21:25:17.745 27360 27360 E ArmVmp : Match on catch block at 0xc3 in for 0x141
01-17 21:25:18.232 27360 27360 E ArmVmp : Match on catch block at 0xc3 in for 0x151
01-17 21:25:18.238 27360 27360 E ArmVmp : Match on catch block at 0xc3 in for 0x14d
01-17 21:25:18.729 27360 27360 E ArmVmp : Match on catch block at 0xc3 in for 0x141
01-17 21:25:18.736 27360 27360 E ArmVmp : Match on catch block at 0xc3 in for 0x159
01-17 21:25:19.243 27360 27360 E ArmVmp : Match on catch block at 0xc3 in for 0x14d
01-17 21:25:19.249 27360 27360 E ArmVmp : Match on catch block at 0xc3 in for 0x149
01-17 21:25:19.740 27360 27360 E ArmVmp : Match on catch block at 0xc3 in for 0x159
01-17 21:25:19.747 27360 27360 E ArmVmp : Match on catch block at 0xc3 in for 0x155
01-17 21:25:20.237 27360 27360 E ArmVmp : Match on catch block at 0xc3 in for 0x149
01-17 21:25:20.244 27360 27360 E ArmVmp : Match on catch block at 0xc3 in for 0x145
01-17 21:25:20.734 27360 27360 E ArmVmp : Match on catch block at 0xc3 in for 0x155
01-17 21:25:20.740 27360 27360 E ArmVmp : Match on catch block at 0xc3 in for 0x151
01-17 21:25:21.248 27360 27360 E ArmVmp : Match on catch block at 0xc3 in for 0x145
01-17 21:25:21.253 27360 27360 E ArmVmp : Match on catch block at 0xc3 in for 0x141
01-17 21:25:21.745 27360 27360 E ArmVmp : Match on catch block at 0xc3 in for 0x151
01-17 21:25:21.751 27360 27360 E ArmVmp : Match on catch block at 0xc3 in for 0x14d
01-17 21:25:22.242 27360 27360 E ArmVmp : Match on catch block at 0xc3 in for 0x141
01-17 21:25:22.248 27360 27360 E ArmVmp : Match on catch block at 0xc3 in for 0x159
01-17 21:25:22.740 27360 27360 E ArmVmp : Match on catch block at 0xc3 in for 0x14d
01-17 21:25:22.747 27360 27360 E ArmVmp : Match on catch block at 0xc3 in for 0x149
01-17 21:25:23.255 27360 27360 E ArmVmp : Match on catch block at 0xc3 in for 0x159
01-17 21:25:23.262 27360 27360 E ArmVmp : Match on catch block at 0xc3 in for 0x155
01-17 21:25:23.752 27360 27360 E ArmVmp : Match on catch block at 0xc3 in for 0x149
01-17 21:25:23.761 27360 27360 E ArmVmp : Match on catch block at 0xc3 in for 0x145
01-17 21:25:24.248 27360 27360 E ArmVmp : Match on catch block at 0xc3 in for 0x155
01-17 21:25:24.256 27360 27360 E ArmVmp : Match on catch block at 0xc3 in for 0x151
01-17 21:25:24.745 27360 27360 E ArmVmp : Match on catch block at 0xc3 in for 0x145
01-17 21:25:24.751 27360 27360 E ArmVmp : Match on catch block at 0xc3 in for 0x141
01-17 21:25:25.242 27360 27360 E ArmVmp : Match on catch block at 0xc3 in for 0x151
01-17 21:25:25.248 27360 27360 E ArmVmp : Match on catch block at 0xc3 in for 0x14d
01-17 21:25:25.757 27360 27360 E ArmVmp : Match on catch block at 0xc3 in for 0x141
01-17 21:25:25.763 27360 27360 E ArmVmp : Match on catch block at 0xc3 in for 0x159
01-17 21:25:26.253 27360 27360 E ArmVmp : Match on catch block at 0xc3 in for 0x14d
01-17 21:25:26.257 27360 27360 E ArmVmp : Match on catch block at 0xc3 in for 0x149
01-17 21:25:26.750 27360 27360 E ArmVmp : Match on catch block at 0xc3 in for 0x14d
01-17 21:25:26.756 27360 27360 E ArmVmp : Match on catch block at 0xc3 in for 0x149
01-17 21:25:27.248 27360 27360 E ArmVmp : Match on catch block at 0xc3 in for 0x159
01-17 21:25:27.254 27360 27360 E ArmVmp : Match on catch block at 0xc3 in for 0x155
01-17 21:25:27.761 27360 27360 E ArmVmp : Match on catch block at 0xc3 in for 0x149
01-17 21:25:27.767 27360 27360 E ArmVmp : Match on catch block at 0xc3 in for 0x145
01-17 21:25:28.258 27360 27360 E ArmVmp : Match on catch block at 0xc3 in for 0x155
01-17 21:25:28.263 27360 27360 E ArmVmp : Match on catch block at 0xc3 in for 0x151
01-17 21:25:28.756 27360 27360 E ArmVmp : Match on catch block at 0xc3 in for 0x145
01-17 21:25:28.763 27360 27360 E ArmVmp : Match on catch block at 0xc3 in for 0x141
01-17 21:25:29.254 27360 27360 E ArmVmp : Match on catch block at for 0x145
01-17 21:25:17.745 27360 27360 E ArmVmp : Match on catch block at 0xc3 in for 0x141
01-17 21:25:18.232 27360 27360 E ArmVmp : Match on catch block at 0xc3 in for 0x151
01-17 21:25:18.238 27360 27360 E ArmVmp : Match on catch block at 0xc3 in for 0x14d
01-17 21:25:18.729 27360 27360 E ArmVmp : Match on catch block at 0xc3 in for 0x141
01-17 21:25:18.736 27360 27360 E ArmVmp : Match on catch block at 0xc3 in for 0x159
01-17 21:25:19.243 27360 27360 E ArmVmp : Match on catch block at 0xc3 in for 0x14d
01-17 21:25:19.249 27360 27360 E ArmVmp : Match on catch block at 0xc3 in for 0x149
01-17 21:25:19.740 27360 27360 E ArmVmp : Match on catch block at 0xc3 in for 0x159
01-17 21:25:19.747 27360 27360 E ArmVmp : Match on catch block at 0xc3 in for 0x155
01-17 21:25:20.237 27360 27360 E ArmVmp : Match on catch block at 0xc3 in for 0x149
01-17 21:25:20.244 27360 27360 E ArmVmp : Match on catch block at 0xc3 in for 0x145
01-17 21:25:20.734 27360 27360 E ArmVmp : Match on catch block at 0xc3 in for 0x155
01-17 21:25:20.740 27360 27360 E ArmVmp : Match on catch block at 0xc3 in for 0x151
01-17 21:25:21.248 27360 27360 E ArmVmp : Match on catch block at 0xc3 in for 0x145
01-17 21:25:21.253 27360 27360 E ArmVmp : Match on catch block at 0xc3 in for 0x141
01-17 21:25:21.745 27360 27360 E ArmVmp : Match on catch block at 0xc3 in for 0x151
01-17 21:25:21.751 27360 27360 E ArmVmp : Match on catch block at 0xc3 in for 0x14d
01-17 21:25:22.242 27360 27360 E ArmVmp : Match on catch block at 0xc3 in for 0x141
01-17 21:25:22.248 27360 27360 E ArmVmp : Match on catch block at 0xc3 in for 0x159
01-17 21:25:22.740 27360 27360 E ArmVmp : Match on catch block at 0xc3 in for 0x14d
01-17 21:25:22.747 27360 27360 E ArmVmp : Match on catch block at 0xc3 in for 0x149
01-17 21:25:23.255 27360 27360 E ArmVmp : Match on catch block at 0xc3 in for 0x159
01-17 21:25:23.262 27360 27360 E ArmVmp : Match on catch block at 0xc3 in for 0x155
01-17 21:25:23.752 27360 27360 E ArmVmp : Match on catch block at 0xc3 in for 0x149
01-17 21:25:23.761 27360 27360 E ArmVmp : Match on catch block at 0xc3 in for 0x145
01-17 21:25:24.248 27360 27360 E ArmVmp : Match on catch block at 0xc3 in for 0x155
01-17 21:25:24.256 27360 27360 E ArmVmp : Match on catch block at 0xc3 in for 0x151
01-17 21:25:24.745 27360 27360 E ArmVmp : Match on catch block at 0xc3 in for 0x145
01-17 21:25:24.751 27360 27360 E ArmVmp : Match on catch block at 0xc3 in for 0x141
01-17 21:25:25.242 27360 27360 E ArmVmp : Match on catch block at 0xc3 in for 0x151
01-17 21:25:25.248 27360 27360 E ArmVmp : Match on catch block at 0xc3 in for 0x14d
01-17 21:25:25.757 27360 27360 E ArmVmp : Match on catch block at 0xc3 in for 0x141
01-17 21:25:25.763 27360 27360 E ArmVmp : Match on catch block at 0xc3 in for 0x159
01-17 21:25:26.253 27360 27360 E ArmVmp : Match on catch block at 0xc3 in for 0x14d
01-17 21:25:26.257 27360 27360 E ArmVmp : Match on catch block at 0xc3 in for 0x149
01-17 21:25:26.750 27360 27360 E ArmVmp : Match on catch block at 0xc3 in for 0x14d
01-17 21:25:26.756 27360 27360 E ArmVmp : Match on catch block at 0xc3 in for 0x149
01-17 21:25:27.248 27360 27360 E ArmVmp : Match on catch block at 0xc3 in for 0x159
01-17 21:25:27.254 27360 27360 E ArmVmp : Match on catch block at 0xc3 in for 0x155
01-17 21:25:27.761 27360 27360 E ArmVmp : Match on catch block at 0xc3 in for 0x149
01-17 21:25:27.767 27360 27360 E ArmVmp : Match on catch block at 0xc3 in for 0x145
01-17 21:25:28.258 27360 27360 E ArmVmp : Match on catch block at 0xc3 in for 0x155
01-17 21:25:28.263 27360 27360 E ArmVmp : Match on catch block at 0xc3 in for 0x151
01-17 21:25:28.756 27360 27360 E ArmVmp : Match on catch block at 0xc3 in for 0x145
01-17 21:25:28.763 27360 27360 E ArmVmp : Match on catch block at 0xc3 in for 0x141
01-17 21:25:29.254 27360 27360 E ArmVmp : Match on catch block at 0xc3 in for 0x151
01-17 21:25:29.259 27360 27360 E ArmVmp : Match on catch block at 0xc3 in for 0x14d
01-17 21:25:29.768 27360 27360 E ArmVmp : Match on catch block at 0xc3 in for 0x141 01-17 0xc3 in for 0x151
01-17 21:25:29.259 27360 27360 E ArmVmp : Match on catch block at 0xc3 in for 0x14d
01-17 21:25:29.768 27360 27360 E ArmVmp : Match on catch block at 0xc3 in for 0x141
01-17 21:25:29.776 27360 27360 E ArmVmp : Match on catch block at 0xc3 in for 0x159
01-17 21:25:30.265 27360 27360 E ArmVmp : Match on catch block at 0xc3 in for 0x14d
01-17 21:25:30.271 27360 27360 E ArmVmp : Match on catch block at 0xc3 in for 0x149
01-17 21:25:30.761 27360 27360 E ArmVmp : Match on catch block at 0xc3 in for 0x159
01-17 21:25:30.766 27360 27360 E ArmVmp : Match on catch block at 0xc3 in for 0x155
01-17 21:25:31.258 27360 27360 E ArmVmp : Match on catch block at 0xc3 in for 0x149
01-17 21:25:31.264 27360 27360 E ArmVmp : Match on catch block at 0xc3 in for 0x145
01-17 21:25:31.772 27360 27360 E ArmVmp : Match on catch block at 0xc3 in for 0x155
01-17 21:25:31.778 27360 27360 E ArmVmp : Match on catch block at 0xc3 in for 0x151
01-17 21:25:32.130 27360 27360 E ArmVmp : Match on catch block at 0xc3 in for 0x155
01-17 21:25:32.133 27360 27360 E ArmVmp : Match on catch block at 0xc3 in for 0x151
01-17 21:25:32.184 27360 27360 E ArmVmp : Match on catch block at 0xc3 in for 0x155
01-17 21:25:32.189 27360 27360 E ArmVmp : Match on catch block at 0xc3 in for 0x151
01-17 21:25:32.227 27360 27360 E ArmVmp : Match on catch block at 0xc3 in for 0x145
01-17 21:25:32.231 27360 27360 E ArmVmp : Match on catch block at 0xc3 in for 0x141
01-17 21:25:32.286 27360 27427 W Parcel : Expecting binder but got null!
01-17 21:25:32.294 27360 27360 E ArmVmp : Match on catch block at 0xc3 in for 0x155
01-17 21:25:32.299 27360 27360 E ArmVmp : Match on catch block at 0xc3 in for 0x151
01-17 21:25:32.310 27360 27360 E ArmVmp : Match on catch block at 0xc3 in for 0x145
01-17 21:25:32.314 27360 27360 E ArmVmp : Match on catch block at 0xc3 in for 0x141
01-17 21:25:32.323 27360 27360 E ArmVmp : Match on catch block at 0xc3 in for 0x151
01-17 21:25:32.326 27360 27360 E ArmVmp : Match on catch block at 0xc3 in for 0x14d
01-17 21:25:32.335 27360 27360 E ArmVmp : Match on catch block at 0xc3 in for 0x141
01-17 21:25:32.341 27360 27360 E ArmVmp : Match on catch block at 0xc3 in for 0x159
01-17 21:25:32.356 27360 27360 E ArmVmp : Match on catch block at 0xc3 in for 0x14d
01-17 21:25:32.361 27360 27360 E ArmVmp : Match on catch block at 0xc3 in for 0x149
01-17 21:25:32.374 27360 27360 E ArmVmp : Match on catch block at 0xc3 in for 0x159
01-17 21:25:32.378 27360 27360 E ArmVmp : Match on catch block at 0xc3 in for 0x155
01-17 21:25:32.392 27360 27360 E ArmVmp : Match on catch block at 0xc3 in for 0x149
01-17 21:25:32.396 27360 27360 E ArmVmp : Match on catch block at 0xc3 in for 0x145
01-17 21:25:32.427 27360 27360 E ArmVmp : Match on catch block at 0xc3 in for 0x155
01-17 21:25:32.431 27360 27360 E ArmVmp : Match on catch block at 0xc3 in for 0x151
01-17 21:25:32.441 27360 27360 E ArmVmp : Match on catch block at 0xc3 in for 0x145
01-17 21:25:32.447 27360 27360 E ArmVmp : Match on catch block at 0xc3 in for 0x141
01-17 21:25:32.476 27360 27360 E ArmVmp : Match on catch block at 0xc3 in for 0x145
01-17 21:25:32.481 27360 27360 E ArmVmp : Match on catch block at 0xc3 in for 0x141
01-17 21:25:32.494 27360 27360 E ArmVmp : Match on catch block at 0xc3 in for 0x151
01-17 21:25:32.499 27360 27360 E ArmVmp : Match on catch block at 0xc3 in for 0x14d
01-17 21:25:32.523 27360 27360 E ArmVmp : Match on catch block at 0xc3 in for 0x141
01-17 21:25:32.531 27360 27360 E ArmVmp : Match on catch block at 0xc3 in for 0x159
01-17 21:25:32.544 27360 27360 E ArmVmp : Match on catch block at 0xc3 in for 0x14d
01-17 21:25:32.549 27360 27360 E ArmVmp : Match on catch block at 0xc3 in for 0x149
01-17 21:25:32.575 27360 27360 E ArmVmp : Match on catch block at 0xc3 in for 0x159
01-17 21:25:32.580 27360 27360 E ArmVmp : Match on catch block at 0xc3 in for 0x155
01-17 21:25:32.593 27360 27360 E ArmVmp : Match on catch block at 0xc3 in for 0x149
01-17 21:25:32.598 27360 27360 E ArmVmp : Match on catch block at 0xc3 in for 0x145 01-17 21:21:25:29.776 27360 27360 E ArmVmp : Match on catch block at 0xc3 in for 0x159
01-17 21:25:30.265 27360 27360 E ArmVmp : Match on catch block at 0xc3 in for 0x14d
01-17 21:25:30.271 27360 27360 E ArmVmp : Match on catch block at 0xc3 in for 0x149
01-17 21:25:30.761 27360 27360 E ArmVmp : Match on catch block at 0xc3 in for 0x159
01-17 21:25:30.766 27360 27360 E ArmVmp : Match on catch block at 0xc3 in for 0x155
01-17 21:25:31.258 27360 27360 E ArmVmp : Match on catch block at 0xc3 in for 0x149
01-17 21:25:31.264 27360 27360 E ArmVmp : Match on catch block at 0xc3 in for 0x145
01-17 21:25:31.772 27360 27360 E ArmVmp : Match on catch block at 0xc3 in for 0x155
01-17 21:25:31.778 27360 27360 E ArmVmp : Match on catch block at 0xc3 in for 0x151
01-17 21:25:32.130 27360 27360 E ArmVmp : Match on catch block at 0xc3 in for 0x155
01-17 21:25:32.133 27360 27360 E ArmVmp : Match on catch block at 0xc3 in for 0x151
01-17 21:25:32.184 27360 27360 E ArmVmp : Match on catch block at 0xc3 in for 0x155
01-17 21:25:32.189 27360 27360 E ArmVmp : Match on catch block at 0xc3 in for 0x151
01-17 21:25:32.227 27360 27360 E ArmVmp : Match on catch block at 0xc3 in for 0x145
01-17 21:25:32.231 27360 27360 E ArmVmp : Match on catch block at 0xc3 in for 0x141
01-17 21:25:32.286 27360 27427 W Parcel : Expecting binder but got null!
01-17 21:25:32.294 27360 27360 E ArmVmp : Match on catch block at 0xc3 in for 0x155
01-17 21:25:32.299 27360 27360 E ArmVmp : Match on catch block at 0xc3 in for 0x151
01-17 21:25:32.310 27360 27360 E ArmVmp : Match on catch block at 0xc3 in for 0x145
01-17 21:25:32.314 27360 27360 E ArmVmp : Match on catch block at 0xc3 in for 0x141
01-17 21:25:32.323 27360 27360 E ArmVmp : Match on catch block at 0xc3 in for 0x151
01-17 21:25:32.326 27360 27360 E ArmVmp : Match on catch block at 0xc3 in for 0x14d
01-17 21:25:32.335 27360 27360 E ArmVmp : Match on catch block at 0xc3 in for 0x141
01-17 21:25:32.341 27360 27360 E ArmVmp : Match on catch block at 0xc3 in for 0x159
01-17 21:25:32.356 27360 27360 E ArmVmp : Match on catch block at 0xc3 in for 0x14d
01-17 21:25:32.361 27360 27360 E ArmVmp : Match on catch block at 0xc3 in for 0x149
01-17 21:25:32.374 27360 27360 E ArmVmp : Match on catch block at 0xc3 in for 0x159
01-17 21:25:32.378 27360 27360 E ArmVmp : Match on catch block at 0xc3 in for 0x155
01-17 21:25:32.392 27360 27360 E ArmVmp : Match on catch block at 0xc3 in for 0x149
01-17 21:25:32.396 27360 27360 E ArmVmp : Match on catch block at 0xc3 in for 0x145
01-17 21:25:32.427 27360 27360 E ArmVmp : Match on catch block at 0xc3 in for 0x155
01-17 21:25:32.431 27360 27360 E ArmVmp : Match on catch block at 0xc3 in for 0x151
01-17 21:25:32.441 27360 27360 E ArmVmp : Match on catch block at 0xc3 in for 0x145
01-17 21:25:32.447 27360 27360 E ArmVmp : Match on catch block at 0xc3 in for 0x141
01-17 21:25:32.476 27360 27360 E ArmVmp : Match on catch block at 0xc3 in for 0x145
01-17 21:25:32.481 27360 27360 E ArmVmp : Match on catch block at 0xc3 in for 0x141
01-17 21:25:32.494 27360 27360 E ArmVmp : Match on catch block at 0xc3 in for 0x151
01-17 21:25:32.499 27360 27360 E ArmVmp : Match on catch block at 0xc3 in for 0x14d
01-17 21:25:32.523 27360 27360 E ArmVmp : Match on catch block at 0xc3 in for 0x141
01-17 21:25:32.531 27360 27360 E ArmVmp : Match on catch block at 0xc3 in for 0x159
01-17 21:25:32.544 27360 27360 E ArmVmp : Match on catch block at 0xc3 in for 0x14d
01-17 21:25:32.549 27360 27360 E ArmVmp : Match on catch block at 0xc3 in for 0x149
01-17 21:25:32.575 27360 27360 E ArmVmp : Match on catch block at 0xc3 in for 0x159
01-17 21:25:32.580 27360 27360 E ArmVmp : Match on catch block at 0xc3 in for 0x155
01-17 21:25:32.593 27360 27360 E ArmVmp : Match on catch block at 0xc3 in for 0x149
01-17 21:25:32.598 27360 27360 E ArmVmp : Match on catch block at 0xc3 in for 0x145
01-17 21:25:32.816 27360 27360 E ArmVmp : Match on catch block at 0xc3 in for 0x151
01-17 21:25:32.824 27360 27360 E ArmVmp : Match on catch block at 0xc3 in for 0x14d
01-17 21:25:33.331 27360 27360 E 25:32.816 27360 27360 E ArmVmp : Match on catch block at 0xc3 in for 0x151
01-17 21:25:32.824 27360 27360 E ArmVmp : Match on catch block at 0xc3 in for 0x14d
01-17 21:25:33.331 27360 27360 E ArmVmp : Match on catch block at 0xc3 in for 0x151
01-17 21:25:33.338 27360 27360 E ArmVmp : Match on catch block at 0xc3 in for 0x14d
01-17 21:25:33.828 27360 27360 E ArmVmp : Match on catch block at 0xc3 in for 0x141
01-17 21:25:33.835 27360 27360 E ArmVmp : Match on catch block at 0xc3 in for 0x159
01-17 21:25:34.256 27360 27427 W Parcel : Expecting binder but got null!
01-17 21:25:34.342 27360 27360 E ArmVmp : Match on catch block at 0xc3 in for 0x155
01-17 21:25:34.350 27360 27360 E ArmVmp : Match on catch block at 0xc3 in for 0x151
01-17 21:25:34.839 27360 27360 E ArmVmp : Match on catch block at 0xc3 in for 0x155
01-17 21:25:34.848 27360 27360 E ArmVmp : Match on catch block at 0xc3 in for 0x151
01-17 21:25:35.336 27360 27360 E ArmVmp : Match on catch block at 0xc3 in for 0x145
01-17 21:25:35.345 27360 27360 E ArmVmp : Match on catch block at 0xc3 in for 0x141
01-17 21:25:35.833 27360 27360 E ArmVmp : Match on catch block at 0xc3 in for 0x151
01-17 21:25:35.840 27360 27360 E ArmVmp : Match on catch block at 0xc3 in for 0x14d
01-17 21:25:36.345 27360 27360 E ArmVmp : Match on catch block at 0xc3 in for 0x145
01-17 21:25:36.349 27360 27360 E ArmVmp : Match on catch block at 0xc3 in for 0x141
01-17 21:25:36.843 27360 27360 E ArmVmp : Match on catch block at 0xc3 in for 0x151
01-17 21:25:36.849 27360 27360 E ArmVmp : Match on catch block at 0xc3 in for 0x14d
01-17 21:25:37.340 27360 27360 E ArmVmp : Match on catch block at 0xc3 in for 0x141
01-17 21:25:37.346 27360 27360 E ArmVmp : Match on catch block at 0xc3 in for 0x159
01-17 21:25:37.837 27360 27360 E ArmVmp : Match on catch block at 0xc3 in for 0x14d
01-17 21:25:37.843 27360 27360 E ArmVmp : Match on catch block at 0xc3 in for 0x149
01-17 21:25:38.351 27360 27360 E ArmVmp : Match on catch block at 0xc3 in for 0x159
01-17 21:25:38.357 27360 27360 E ArmVmp : Match on catch block at 0xc3 in for 0x155
01-17 21:25:38.850 27360 27360 E ArmVmp : Match on catch block at 0xc3 in for 0x149
01-17 21:25:38.856 27360 27360 E ArmVmp : Match on catch block at 0xc3 in for 0x145
01-17 21:25:39.346 27360 27360 E ArmVmp : Match on catch block at 0xc3 in for 0x155
01-17 21:25:39.352 27360 27360 E ArmVmp : Match on catch block at 0xc3 in for 0x151
01-17 21:25:39.843 27360 27360 E ArmVmp : Match on catch block at 0xc3 in for 0x145
01-17 21:25:39.849 27360 27360 E ArmVmp : Match on catch block at 0xc3 in for 0x141
01-17 21:25:40.341 27360 27360 E ArmVmp : Match on catch block at 0xc3 in for 0x151
01-17 21:25:40.347 27360 27360 E ArmVmp : Match on catch block at 0xc3 in for 0x14d
01-17 21:25:40.855 27360 27360 E ArmVmp : Match on catch block at 0xc3 in for 0x141
01-17 21:25:40.861 27360 27360 E ArmVmp : Match on catch block at 0xc3 in for 0x159
01-17 21:25:41.353 27360 27360 E ArmVmp : Match on catch block at 0xc3 in for 0x14d
01-17 21:25:41.361 27360 27360 E ArmVmp : Match on catch block at 0xc3 in for 0x149
01-17 21:25:41.783 27360 27427 W Parcel : Expecting binder but got null!
01-17 21:25:41.789 27360 27360 E ArmVmp : Match on catch block at 0xc3 in for 0x14d
01-17 21:25:41.793 27360 27360 E ArmVmp : Match on catch block at 0xc3 in for 0x149
01-17 21:25:41.820 27360 27360 E ArmVmp : Match on catch block at 0xc3 in for 0x159
01-17 21:25:41.824 27360 27360 E ArmVmp : Match on catch block at 0xc3 in for 0x155
01-17 21:25:41.849 27360 27360 E ArmVmp : Match on catch block at 0xc3 in for 0x155
01-17 21:25:41.854 27360 27360 E ArmVmp : Match on catch block at 0xc3 in for 0x151
01-17 21:25:41.869 27360 27360 E ArmVmp : Match on catch block at 0xc3 in for 0x145
01-17 21:25:41.873 27360 27360 E ArmVmp : Match on catch block at 0xc3 in for 0x141
01-17 21:25:41.884 27360 27360 E ArmVmp : Match on catch block at 0xc3 in for 0x151
01-17 21:25:41.889 27360 27360 E ArmVmp : Match on catch block at 0xc3 in for 0x14d
01-17 21:25:41.902 27360 27360 E ArmVmp : MatcArmVmp : Match on catch block at 0xc3 in for 0x151
01-17 21:25:33.338 27360 27360 E ArmVmp : Match on catch block at 0xc3 in for 0x14d
01-17 21:25:33.828 27360 27360 E ArmVmp : Match on catch block at 0xc3 in for 0x141
01-17 21:25:33.835 27360 27360 E ArmVmp : Match on catch block at 0xc3 in for 0x159
01-17 21:25:34.256 27360 27427 W Parcel : Expecting binder but got null!
01-17 21:25:34.342 27360 27360 E ArmVmp : Match on catch block at 0xc3 in for 0x155
01-17 21:25:34.350 27360 27360 E ArmVmp : Match on catch block at 0xc3 in for 0x151
01-17 21:25:34.839 27360 27360 E ArmVmp : Match on catch block at 0xc3 in for 0x155
01-17 21:25:34.848 27360 27360 E ArmVmp : Match on catch block at 0xc3 in for 0x151
01-17 21:25:35.336 27360 27360 E ArmVmp : Match on catch block at 0xc3 in for 0x145
01-17 21:25:35.345 27360 27360 E ArmVmp : Match on catch block at 0xc3 in for 0x141
01-17 21:25:35.833 27360 27360 E ArmVmp : Match on catch block at 0xc3 in for 0x151
01-17 21:25:35.840 27360 27360 E ArmVmp : Match on catch block at 0xc3 in for 0x14d
01-17 21:25:36.345 27360 27360 E ArmVmp : Match on catch block at 0xc3 in for 0x145
01-17 21:25:36.349 27360 27360 E ArmVmp : Match on catch block at 0xc3 in for 0x141
01-17 21:25:36.843 27360 27360 E ArmVmp : Match on catch block at 0xc3 in for 0x151
01-17 21:25:36.849 27360 27360 E ArmVmp : Match on catch block at 0xc3 in for 0x14d
01-17 21:25:37.340 27360 27360 E ArmVmp : Match on catch block at 0xc3 in for 0x141
01-17 21:25:37.346 27360 27360 E ArmVmp : Match on catch block at 0xc3 in for 0x159
01-17 21:25:37.837 27360 27360 E ArmVmp : Match on catch block at 0xc3 in for 0x14d
01-17 21:25:37.843 27360 27360 E ArmVmp : Match on catch block at 0xc3 in for 0x149
01-17 21:25:38.351 27360 27360 E ArmVmp : Match on catch block at 0xc3 in for 0x159
01-17 21:25:38.357 27360 27360 E ArmVmp : Match on catch block at 0xc3 in for 0x155
01-17 21:25:38.850 27360 27360 E ArmVmp : Match on catch block at 0xc3 in for 0x149
01-17 21:25:38.856 27360 27360 E ArmVmp : Match on catch block at 0xc3 in for 0x145
01-17 21:25:39.346 27360 27360 E ArmVmp : Match on catch block at 0xc3 in for 0x155
01-17 21:25:39.352 27360 27360 E ArmVmp : Match on catch block at 0xc3 in for 0x151
01-17 21:25:39.843 27360 27360 E ArmVmp : Match on catch block at 0xc3 in for 0x145
01-17 21:25:39.849 27360 27360 E ArmVmp : Match on catch block at 0xc3 in for 0x141
01-17 21:25:40.341 27360 27360 E ArmVmp : Match on catch block at 0xc3 in for 0x151
01-17 21:25:40.347 27360 27360 E ArmVmp : Match on catch block at 0xc3 in for 0x14d
01-17 21:25:40.855 27360 27360 E ArmVmp : Match on catch block at 0xc3 in for 0x141
01-17 21:25:40.861 27360 27360 E ArmVmp : Match on catch block at 0xc3 in for 0x159
01-17 21:25:41.353 27360 27360 E ArmVmp : Match on catch block at 0xc3 in for 0x14d
01-17 21:25:41.361 27360 27360 E ArmVmp : Match on catch block at 0xc3 in for 0x149
01-17 21:25:41.783 27360 27427 W Parcel : Expecting binder but got null!
01-17 21:25:41.789 27360 27360 E ArmVmp : Match on catch block at 0xc3 in for 0x14d
01-17 21:25:41.793 27360 27360 E ArmVmp : Match on catch block at 0xc3 in for 0x149
01-17 21:25:41.820 27360 27360 E ArmVmp : Match on catch block at 0xc3 in for 0x159
01-17 21:25:41.824 27360 27360 E ArmVmp : Match on catch block at 0xc3 in for 0x155
01-17 21:25:41.849 27360 27360 E ArmVmp : Match on catch block at 0xc3 in for 0x155
01-17 21:25:41.854 27360 27360 E ArmVmp : Match on catch block at 0xc3 in for 0x151
01-17 21:25:41.869 27360 27360 E ArmVmp : Match on catch block at 0xc3 in for 0x145
01-17 21:25:41.873 27360 27360 E ArmVmp : Match on catch block at 0xc3 in for 0x141
01-17 21:25:41.884 27360 27360 E ArmVmp : Match on catch block at 0xc3 in for 0x151
01-17 21:25:41.889 27360 27360 E ArmVmp : Match on catch block at 0xc3 in for 0x14d
01-17 21:25:41.902 27360 27360 E ArmVmp : Match on catch block at 0xc3 in for 0x141
01-17 21:25:41.906 27360 27360 E ArmVmp : Match on catch block at 0xc3 in for 0x159
01-17 21:25:41.918 27360 27360 E ArmVmp : Match on catch block at 0xc3h on catch block at 0xc3 in for 0x141
01-17 21:25:41.906 27360 27360 E ArmVmp : Match on catch block at 0xc3 in for 0x159
01-17 21:25:41.918 27360 27360 E ArmVmp : Match on catch block at 0xc3 in for 0x14d
01-17 21:25:41.922 27360 27360 E ArmVmp : Match on catch block at 0xc3 in for 0x149
01-17 21:25:41.935 27360 27360 E ArmVmp : Match on catch block at 0xc3 in for 0x159
01-17 21:25:41.939 27360 27360 E ArmVmp : Match on catch block at 0xc3 in for 0x155
01-17 21:25:41.952 27360 27360 E ArmVmp : Match on catch block at 0xc3 in for 0x149
01-17 21:25:41.956 27360 27360 E ArmVmp : Match on catch block at 0xc3 in for 0x145
01-17 21:25:41.968 27360 27360 E ArmVmp : Match on catch block at 0xc3 in for 0x155
01-17 21:25:41.972 27360 27360 E ArmVmp : Match on catch block at 0xc3 in for 0x151
01-17 21:25:42.002 27360 27360 E ArmVmp : Match on catch block at 0xc3 in for 0x145
01-17 21:25:42.006 27360 27360 E ArmVmp : Match on catch block at 0xc3 in for 0x141
01-17 21:25:42.018 27360 27360 E ArmVmp : Match on catch block at 0xc3 in for 0x151
01-17 21:25:42.023 27360 27360 E ArmVmp : Match on catch block at 0xc3 in for 0x14d
01-17 21:25:42.052 27360 27360 E ArmVmp : Match on catch block at 0xc3 in for 0x141
01-17 21:25:42.056 27360 27360 E ArmVmp : Match on catch block at 0xc3 in for 0x159
01-17 21:25:42.069 27360 27360 E ArmVmp : Match on catch block at 0xc3 in for 0x14d
01-17 21:25:42.075 27360 27360 E ArmVmp : Match on catch block at 0xc3 in for 0x149
01-17 21:25:42.103 27360 27360 E ArmVmp : Match on catch block at 0xc3 in for 0x141
01-17 21:25:42.107 27360 27360 E ArmVmp : Match on catch block at 0xc3 in for 0x159
01-17 21:25:42.127 27360 27360 E ArmVmp : Match on catch block at 0xc3 in for 0x145
01-17 21:25:42.132 27360 27360 E ArmVmp : Match on catch block at 0xc3 in for 0x141
01-17 21:25:42.396 27360 27360 E ArmVmp : Match on catch block at 0xc3 in for 0x159
01-17 21:25:42.405 27360 27360 E ArmVmp : Match on catch block at 0xc3 in for 0x155
01-17 21:25:42.893 27360 27360 E ArmVmp : Match on catch block at 0xc3 in for 0x141
01-17 21:25:42.901 27360 27360 E ArmVmp : Match on catch block at 0xc3 in for 0x159
01-17 21:25:43.389 27360 27360 E ArmVmp : Match on catch block at 0xc3 in for 0x14d
01-17 21:25:43.395 27360 27360 E ArmVmp : Match on catch block at 0xc3 in for 0x149
01-17 21:25:43.887 27360 27360 E ArmVmp : Match on catch block at 0xc3 in for 0x141
01-17 21:25:43.894 27360 27360 E ArmVmp : Match on catch block at 0xc3 in for 0x159
01-17 21:25:44.384 27360 27360 E ArmVmp : Match on catch block at 0xc3 in for 0x14d
01-17 21:25:44.389 27360 27360 E ArmVmp : Match on catch block at 0xc3 in for 0x149
01-17 21:25:44.898 27360 27360 E ArmVmp : Match on catch block at 0xc3 in for 0x159
01-17 21:25:44.904 27360 27360 E ArmVmp : Match on catch block at 0xc3 in for 0x155
01-17 21:25:45.067 27360 27360 E ArmVmp : Match on catch block at 0xc3 in for 0x149
01-17 21:25:45.071 27360 27360 E ArmVmp : Match on catch block at 0xc3 in for 0x145
01-17 21:25:45.083 27360 27995 W MediaPlayer: Use of stream types is deprecated for operations other than volume control
01-17 21:25:45.083 27360 27995 W MediaPlayer: See the documentation of setAudioStreamType() for what to use instead with android.media.AudioAttributes to qualify your playback use case
01-17 21:25:45.093 27360 27360 E ArmVmp : Match on catch block at 0xc3 in for 0x145
01-17 21:25:45.098 27360 27360 E ArmVmp : Match on catch block at 0xc3 in for 0x141
01-17 21:25:45.110 27360 27360 E ArmVmp : Match on catch block at 0xc3 in for 0x14d
01-17 21:25:45.115 27360 27360 E ArmVmp : Match on catch block at 0xc3 in for 0x149
01-17 21:25:45.122 27360 27360 E ArmVmp : Match on catch block at 0xc3 in for 0x159
01-17 21:25:45.126 27360 27360 E ArmVmp : Match on catch block at 0xc3 in for 0x155
01-17 21:25:45.131 27360 27360 E ArmVmp : Match on catch block at 0xc3 in for 0x149
01-17 21:25:45.135 27360 27372 W MediaPlayerNative: info/warning (10973, 0)
01-17 21:25:45.135 27360 27360 E ArmVmp : Match on catch block at 0xc3 in for 0x145
01-17 21:25:45.145 27 in for 0x14d
01-17 21:25:41.922 27360 27360 E ArmVmp : Match on catch block at 0xc3 in for 0x149
01-17 21:25:41.935 27360 27360 E ArmVmp : Match on catch block at 0xc3 in for 0x159
01-17 21:25:41.939 27360 27360 E ArmVmp : Match on catch block at 0xc3 in for 0x155
01-17 21:25:41.952 27360 27360 E ArmVmp : Match on catch block at 0xc3 in for 0x149
01-17 21:25:41.956 27360 27360 E ArmVmp : Match on catch block at 0xc3 in for 0x145
01-17 21:25:41.968 27360 27360 E ArmVmp : Match on catch block at 0xc3 in for 0x155
01-17 21:25:41.972 27360 27360 E ArmVmp : Match on catch block at 0xc3 in for 0x151
01-17 21:25:42.002 27360 27360 E ArmVmp : Match on catch block at 0xc3 in for 0x145
01-17 21:25:42.006 27360 27360 E ArmVmp : Match on catch block at 0xc3 in for 0x141
01-17 21:25:42.018 27360 27360 E ArmVmp : Match on catch block at 0xc3 in for 0x151
01-17 21:25:42.023 27360 27360 E ArmVmp : Match on catch block at 0xc3 in for 0x14d
01-17 21:25:42.052 27360 27360 E ArmVmp : Match on catch block at 0xc3 in for 0x141
01-17 21:25:42.056 27360 27360 E ArmVmp : Match on catch block at 0xc3 in for 0x159
01-17 21:25:42.069 27360 27360 E ArmVmp : Match on catch block at 0xc3 in for 0x14d
01-17 21:25:42.075 27360 27360 E ArmVmp : Match on catch block at 0xc3 in for 0x149
01-17 21:25:42.103 27360 27360 E ArmVmp : Match on catch block at 0xc3 in for 0x141
01-17 21:25:42.107 27360 27360 E ArmVmp : Match on catch block at 0xc3 in for 0x159
01-17 21:25:42.127 27360 27360 E ArmVmp : Match on catch block at 0xc3 in for 0x145
01-17 21:25:42.132 27360 27360 E ArmVmp : Match on catch block at 0xc3 in for 0x141
01-17 21:25:42.396 27360 27360 E ArmVmp : Match on catch block at 0xc3 in for 0x159
01-17 21:25:42.405 27360 27360 E ArmVmp : Match on catch block at 0xc3 in for 0x155
01-17 21:25:42.893 27360 27360 E ArmVmp : Match on catch block at 0xc3 in for 0x141
01-17 21:25:42.901 27360 27360 E ArmVmp : Match on catch block at 0xc3 in for 0x159
01-17 21:25:43.389 27360 27360 E ArmVmp : Match on catch block at 0xc3 in for 0x14d
01-17 21:25:43.395 27360 27360 E ArmVmp : Match on catch block at 0xc3 in for 0x149
01-17 21:25:43.887 27360 27360 E ArmVmp : Match on catch block at 0xc3 in for 0x141
01-17 21:25:43.894 27360 27360 E ArmVmp : Match on catch block at 0xc3 in for 0x159
01-17 21:25:44.384 27360 27360 E ArmVmp : Match on catch block at 0xc3 in for 0x14d
01-17 21:25:44.389 27360 27360 E ArmVmp : Match on catch block at 0xc3 in for 0x149
01-17 21:25:44.898 27360 27360 E ArmVmp : Match on catch block at 0xc3 in for 0x159
01-17 21:25:44.904 27360 27360 E ArmVmp : Match on catch block at 0xc3 in for 0x155
01-17 21:25:45.067 27360 27360 E ArmVmp : Match on catch block at 0xc3 in for 0x149
01-17 21:25:45.071 27360 27360 E ArmVmp : Match on catch block at 0xc3 in for 0x145
01-17 21:25:45.083 27360 27995 W MediaPlayer: Use of stream types is deprecated for operations other than volume control
01-17 21:25:45.083 27360 27995 W MediaPlayer: See the documentation of setAudioStreamType() for what to use instead with android.media.AudioAttributes to qualify your playback use case
01-17 21:25:45.093 27360 27360 E ArmVmp : Match on catch block at 0xc3 in for 0x145
01-17 21:25:45.098 27360 27360 E ArmVmp : Match on catch block at 0xc3 in for 0x141
01-17 21:25:45.110 27360 27360 E ArmVmp : Match on catch block at 0xc3 in for 0x14d
01-17 21:25:45.115 27360 27360 E ArmVmp : Match on catch block at 0xc3 in for 0x149
01-17 21:25:45.122 27360 27360 E ArmVmp : Match on catch block at 0xc3 in for 0x159
01-17 21:25:45.126 27360 27360 E ArmVmp : Match on catch block at 0xc3 in for 0x155
01-17 21:25:45.131 27360 27360 E ArmVmp : Match on catch block at 0xc3 in for 0x149
01-17 21:25:45.135 27360 27372 W MediaPlayerNative: info/warning (10973, 0)
01-17 21:25:45.135 27360 27360 E ArmVmp : Match on catch block at 0xc3 in for 0x145
01-17 21:25:45.145 27360 27360 E ArmVmp : Match on catch block at 0xc3 in for 0x155
01-17 21:25:45.149 27360 27360 E ArmVmp : Match on catch block at 0xc3 in for 0x151
01-17 21:25:45.161 27360 27360 E ArmVmp : Ma360 27360 E ArmVmp : Match on catch block at 0xc3 in for 0x155
01-17 21:25:45.149 27360 27360 E ArmVmp : Match on catch block at 0xc3 in for 0x151
01-17 21:25:45.161 27360 27360 E ArmVmp : Match on catch block at 0xc3 in for 0x145
01-17 21:25:45.165 27360 27360 E ArmVmp : Match on catch block at 0xc3 in for 0x141
01-17 21:25:45.178 27360 27360 E ArmVmp : Match on catch block at 0xc3 in for 0x151
01-17 21:25:45.182 27360 27360 E ArmVmp : Match on catch block at 0xc3 in for 0x14d
01-17 21:25:45.195 27360 27360 E ArmVmp : Match on catch block at 0xc3 in for 0x141
01-17 21:25:45.198 27360 27360 E ArmVmp : Match on catch block at 0xc3 in for 0x159
01-17 21:25:45.212 27360 27360 E ArmVmp : Match on catch block at 0xc3 in for 0x14d
01-17 21:25:45.219 27360 27360 E ArmVmp : Match on catch block at 0xc3 in for 0x149
01-17 21:25:45.228 27360 27360 E ArmVmp : Match on catch block at 0xc3 in for 0x14d
01-17 21:25:45.232 27360 27360 E ArmVmp : Match on catch block at 0xc3 in for 0x149
01-17 21:25:45.245 27360 27360 E ArmVmp : Match on catch block at 0xc3 in for 0x159
01-17 21:25:45.249 27360 27360 E ArmVmp : Match on catch block at 0xc3 in for 0x155
01-17 21:25:45.261 27360 27360 E ArmVmp : Match on catch block at 0xc3 in for 0x149
01-17 21:25:45.266 27360 27360 E ArmVmp : Match on catch block at 0xc3 in for 0x145
01-17 21:25:45.278 27360 27360 E ArmVmp : Match on catch block at 0xc3 in for 0x155
01-17 21:25:45.283 27360 27360 E ArmVmp : Match on catch block at 0xc3 in for 0x151
01-17 21:25:45.296 27360 27360 E ArmVmp : Match on catch block at 0xc3 in for 0x145
01-17 21:25:45.300 27360 27360 E ArmVmp : Match on catch block at 0xc3 in for 0x141
01-17 21:25:45.311 27360 27360 E ArmVmp : Match on catch block at 0xc3 in for 0x151
01-17 21:25:45.316 27360 27360 E ArmVmp : Match on catch block at 0xc3 in for 0x14d
01-17 21:25:45.328 27360 27360 E ArmVmp : Match on catch block at 0xc3 in for 0x141
01-17 21:25:45.333 27360 27360 E ArmVmp : Match on catch block at 0xc3 in for 0x159
01-17 21:25:45.395 27360 27360 E ArmVmp : Match on catch block at 0xc3 in for 0x14d
01-17 21:25:45.400 27360 27360 E ArmVmp : Match on catch block at 0xc3 in for 0x149
01-17 21:25:45.893 27360 27360 E ArmVmp : Match on catch block at 0xc3 in for 0x145
01-17 21:25:45.899 27360 27360 E ArmVmp : Match on catch block at 0xc3 in for 0x141
01-17 21:25:46.390 27360 27360 E ArmVmp : Match on catch block at 0xc3 in for 0x151
01-17 21:25:46.397 27360 27360 E ArmVmp : Match on catch block at 0xc3 in for 0x14d
01-17 21:25:46.905 27360 27360 E ArmVmp : Match on catch block at 0xc3 in for 0x141
01-17 21:25:46.914 27360 27360 E ArmVmp : Match on catch block at 0xc3 in for 0x159
01-17 21:25:47.401 27360 27360 E ArmVmp : Match on catch block at 0xc3 in for 0x14d
01-17 21:25:47.410 27360 27360 E ArmVmp : Match on catch block at 0xc3 in for 0x149
01-17 21:25:47.898 27360 27360 E ArmVmp : Match on catch block at 0xc3 in for 0x159
01-17 21:25:47.904 27360 27360 E ArmVmp : Match on catch block at 0xc3 in for 0x155
01-17 21:25:48.395 27360 27360 E ArmVmp : Match on catch block at 0xc3 in for 0x149
01-17 21:25:48.402 27360 27360 E ArmVmp : Match on catch block at 0xc3 in for 0x145
01-17 21:25:48.909 27360 27360 E ArmVmp : Match on catch block at 0xc3 in for 0x155
01-17 21:25:48.914 27360 27360 E ArmVmp : Match on catch block at 0xc3 in for 0x151
01-17 21:25:49.406 27360 27360 E ArmVmp : Match on catch block at 0xc3 in for 0x145
01-17 21:25:49.411 27360 27360 E ArmVmp : Match on catch block at 0xc3 in for 0x141
01-17 21:25:49.903 27360 27360 E ArmVmp : Match on catch block at 0xc3 in for 0x151
01-17 21:25:49.908 27360 27360 E ArmVmp : Match on catch block at 0xc3 in for 0x14d
01-17 21:25:50.400 27360 27360 E ArmVmp : Match on catch block at 0xc3 in for 0x141
01-17 21:25:50.406 27360 27360 E ArmVmp : Match on catch block at 0xc3 in for 0x159
01-17 21:25:50.914 27360 27360 E ArmVmp : Match on catch block at 0xc3 in for 0x14d
01-17 21:25:50.921 27360 27360 E ArmVmp : Match on catch block at 0xc3 in for 0x149
01-17 21:25:51.412 27360 27360 E ArmVtch on catch block at 0xc3 in for 0x145
01-17 21:25:45.165 27360 27360 E ArmVmp : Match on catch block at 0xc3 in for 0x141
01-17 21:25:45.178 27360 27360 E ArmVmp : Match on catch block at 0xc3 in for 0x151
01-17 21:25:45.182 27360 27360 E ArmVmp : Match on catch block at 0xc3 in for 0x14d
01-17 21:25:45.195 27360 27360 E ArmVmp : Match on catch block at 0xc3 in for 0x141
01-17 21:25:45.198 27360 27360 E ArmVmp : Match on catch block at 0xc3 in for 0x159
01-17 21:25:45.212 27360 27360 E ArmVmp : Match on catch block at 0xc3 in for 0x14d
01-17 21:25:45.219 27360 27360 E ArmVmp : Match on catch block at 0xc3 in for 0x149
01-17 21:25:45.228 27360 27360 E ArmVmp : Match on catch block at 0xc3 in for 0x14d
01-17 21:25:45.232 27360 27360 E ArmVmp : Match on catch block at 0xc3 in for 0x149
01-17 21:25:45.245 27360 27360 E ArmVmp : Match on catch block at 0xc3 in for 0x159
01-17 21:25:45.249 27360 27360 E ArmVmp : Match on catch block at 0xc3 in for 0x155
01-17 21:25:45.261 27360 27360 E ArmVmp : Match on catch block at 0xc3 in for 0x149
01-17 21:25:45.266 27360 27360 E ArmVmp : Match on catch block at 0xc3 in for 0x145
01-17 21:25:45.278 27360 27360 E ArmVmp : Match on catch block at 0xc3 in for 0x155
01-17 21:25:45.283 27360 27360 E ArmVmp : Match on catch block at 0xc3 in for 0x151
01-17 21:25:45.296 27360 27360 E ArmVmp : Match on catch block at 0xc3 in for 0x145
01-17 21:25:45.300 27360 27360 E ArmVmp : Match on catch block at 0xc3 in for 0x141
01-17 21:25:45.311 27360 27360 E ArmVmp : Match on catch block at 0xc3 in for 0x151
01-17 21:25:45.316 27360 27360 E ArmVmp : Match on catch block at 0xc3 in for 0x14d
01-17 21:25:45.328 27360 27360 E ArmVmp : Match on catch block at 0xc3 in for 0x141
01-17 21:25:45.333 27360 27360 E ArmVmp : Match on catch block at 0xc3 in for 0x159
01-17 21:25:45.395 27360 27360 E ArmVmp : Match on catch block at 0xc3 in for 0x14d
01-17 21:25:45.400 27360 27360 E ArmVmp : Match on catch block at 0xc3 in for 0x149
01-17 21:25:45.893 27360 27360 E ArmVmp : Match on catch block at 0xc3 in for 0x145
01-17 21:25:45.899 27360 27360 E ArmVmp : Match on catch block at 0xc3 in for 0x141
01-17 21:25:46.390 27360 27360 E ArmVmp : Match on catch block at 0xc3 in for 0x151
01-17 21:25:46.397 27360 27360 E ArmVmp : Match on catch block at 0xc3 in for 0x14d
01-17 21:25:46.905 27360 27360 E ArmVmp : Match on catch block at 0xc3 in for 0x141
01-17 21:25:46.914 27360 27360 E ArmVmp : Match on catch block at 0xc3 in for 0x159
01-17 21:25:47.401 27360 27360 E ArmVmp : Match on catch block at 0xc3 in for 0x14d
01-17 21:25:47.410 27360 27360 E ArmVmp : Match on catch block at 0xc3 in for 0x149
01-17 21:25:47.898 27360 27360 E ArmVmp : Match on catch block at 0xc3 in for 0x159
01-17 21:25:47.904 27360 27360 E ArmVmp : Match on catch block at 0xc3 in for 0x155
01-17 21:25:48.395 27360 27360 E ArmVmp : Match on catch block at 0xc3 in for 0x149
01-17 21:25:48.402 27360 27360 E ArmVmp : Match on catch block at 0xc3 in for 0x145
01-17 21:25:48.909 27360 27360 E ArmVmp : Match on catch block at 0xc3 in for 0x155
01-17 21:25:48.914 27360 27360 E ArmVmp : Match on catch block at 0xc3 in for 0x151
01-17 21:25:49.406 27360 27360 E ArmVmp : Match on catch block at 0xc3 in for 0x145
01-17 21:25:49.411 27360 27360 E ArmVmp : Match on catch block at 0xc3 in for 0x141
01-17 21:25:49.903 27360 27360 E ArmVmp : Match on catch block at 0xc3 in for 0x151
01-17 21:25:49.908 27360 27360 E ArmVmp : Match on catch block at 0xc3 in for 0x14d
01-17 21:25:50.400 27360 27360 E ArmVmp : Match on catch block at 0xc3 in for 0x141
01-17 21:25:50.406 27360 27360 E ArmVmp : Match on catch block at 0xc3 in for 0x159
01-17 21:25:50.914 27360 27360 E ArmVmp : Match on catch block at 0xc3 in for 0x14d
01-17 21:25:50.921 27360 27360 E ArmVmp : Match on catch block at 0xc3 in for 0x149
01-17 21:25:51.412 27360 27360 E ArmVmp : Match on catch block at 0xc3 in for 0x149
01-17 21:25:51.418 27360 27360 E ArmVmp : Match on catch block at 0xc3 in for 0x145
01-17 21:25:51.514 27360 27360 E ArmVmp : Match on catch blomp : Match on catch block at 0xc3 in for 0x149
01-17 21:25:51.418 27360 27360 E ArmVmp : Match on catch block at 0xc3 in for 0x145
01-17 21:25:51.514 27360 27360 E ArmVmp : Match on catch block at 0xc3 in for 0x145
01-17 21:25:51.518 27360 27360 E ArmVmp : Match on catch block at 0xc3 in for 0x141
01-17 21:25:51.556 27360 27360 W OnBackInvokedCallback: OnBackInvokedCallback is not enabled for the application.
01-17 21:25:51.556 27360 27360 W OnBackInvokedCallback: Set 'android:enableOnBackInvokedCallback="true"' in the application manifest.
01-17 21:25:51.640 27360 27360 E ArmVmp : Match on catch block at 0xc3 in for 0x14d
01-17 21:25:51.644 27360 27360 E ArmVmp : Match on catch block at 0xc3 in for 0x149
01-17 21:25:51.658 27360 27360 E ArmVmp : Match on catch block at 0xc3 in for 0x159
01-17 21:25:51.662 27360 27360 E ArmVmp : Match on catch block at 0xc3 in for 0x155
01-17 21:25:51.858 27360 27360 E ArmVmp : Match on catch block at 0xc3 in for 0x149
01-17 21:25:51.862 27360 27360 E ArmVmp : Match on catch block at 0xc3 in for 0x145
01-17 21:25:51.908 27360 27360 E ArmVmp : Match on catch block at 0xc3 in for 0x155
01-17 21:25:51.913 27360 27360 E ArmVmp : Match on catch block at 0xc3 in for 0x151
01-17 21:25:52.405 27360 27360 E ArmVmp : Match on catch block at 0xc3 in for 0x145
01-17 21:25:52.412 27360 27360 E ArmVmp : Match on catch block at 0xc3 in for 0x141
01-17 21:25:52.904 27360 27360 E ArmVmp : Match on catch block at 0xc3 in for 0x151
01-17 21:25:52.912 27360 27360 E ArmVmp : Match on catch block at 0xc3 in for 0x14d
01-17 21:25:53.418 27360 27360 E ArmVmp : Match on catch block at 0xc3 in for 0x141
01-17 21:25:53.426 27360 27360 E ArmVmp : Match on catch block at 0xc3 in for 0x159
01-17 21:25:53.914 27360 27360 E ArmVmp : Match on catch block at 0xc3 in for 0x14d
01-17 21:25:53.920 27360 27360 E ArmVmp : Match on catch block at 0xc3 in for 0x149
01-17 21:25:54.411 27360 27360 E ArmVmp : Match on catch block at 0xc3 in for 0x159
01-17 21:25:54.416 27360 27360 E ArmVmp : Match on catch block at 0xc3 in for 0x155
01-17 21:25:54.908 27360 27360 E ArmVmp : Match on catch block at 0xc3 in for 0x149
01-17 21:25:54.913 27360 27360 E ArmVmp : Match on catch block at 0xc3 in for 0x145
01-17 21:25:55.422 27360 27360 E ArmVmp : Match on catch block at 0xc3 in for 0x155
01-17 21:25:55.428 27360 27360 E ArmVmp : Match on catch block at 0xc3 in for 0x151
01-17 21:25:55.920 27360 27360 E ArmVmp : Match on catch block at 0xc3 in for 0x145
01-17 21:25:55.927 27360 27360 E ArmVmp : Match on catch block at 0xc3 in for 0x141
01-17 21:25:56.254 27360 27360 E ArmVmp : Match on catch block at 0xc3 in for 0x14d
01-17 21:25:56.257 27360 27360 E ArmVmp : Match on catch block at 0xc3 in for 0x149
01-17 21:25:56.268 27360 27360 E ArmVmp : Match on catch block at 0xc3 in for 0x155
01-17 21:25:56.271 27360 27360 E ArmVmp : Match on catch block at 0xc3 in for 0x151
01-17 21:25:56.282 27360 27360 E ArmVmp : Match on catch block at 0xc3 in for 0x145
01-17 21:25:56.285 27360 27360 E ArmVmp : Match on catch block at 0xc3 in for 0x141
01-17 21:25:56.298 27360 27360 E ArmVmp : Match on catch block at 0xc3 in for 0x151
01-17 21:25:56.301 27360 27360 E ArmVmp : Match on catch block at 0xc3 in for 0x14d
01-17 21:25:56.315 27360 27360 E ArmVmp : Match on catch block at 0xc3 in for 0x141
01-17 21:25:56.317 27360 27360 E ArmVmp : Match on catch block at 0xc3 in for 0x159
01-17 21:25:56.331 27360 27360 E ArmVmp : Match on catch block at 0xc3 in for 0x14d
01-17 21:25:56.334 27360 27360 E ArmVmp : Match on catch block at 0xc3 in for 0x149
01-17 21:25:56.348 27360 27360 E ArmVmp : Match on catch block at 0xc3 in for 0x159
01-17 21:25:56.350 27360 27360 E ArmVmp : Match on catch block at 0xc3 in for 0x155
01-17 21:25:56.368 27360 27360 E ArmVmp : Match on catch block at 0xc3 in for 0x149
01-17 21:25:56.373 27360 27360 E ArmVmp : Match on catch block at 0xc3 in for 0x145
01-17 21:25:56.382 27360 27360 E ArmVmp : Match on catch block at 0xc3 in for 0x155
01-17 21:25:56.386 27360 27360 E ArmVmp : Match on catch blck at 0xc3 in for 0x145
01-17 21:25:51.518 27360 27360 E ArmVmp : Match on catch block at 0xc3 in for 0x141
01-17 21:25:51.556 27360 27360 W OnBackInvokedCallback: OnBackInvokedCallback is not enabled for the application.
01-17 21:25:51.556 27360 27360 W OnBackInvokedCallback: Set 'android:enableOnBackInvokedCallback="true"' in the application manifest.
01-17 21:25:51.640 27360 27360 E ArmVmp : Match on catch block at 0xc3 in for 0x14d
01-17 21:25:51.644 27360 27360 E ArmVmp : Match on catch block at 0xc3 in for 0x149
01-17 21:25:51.658 27360 27360 E ArmVmp : Match on catch block at 0xc3 in for 0x159
01-17 21:25:51.662 27360 27360 E ArmVmp : Match on catch block at 0xc3 in for 0x155
01-17 21:25:51.858 27360 27360 E ArmVmp : Match on catch block at 0xc3 in for 0x149
01-17 21:25:51.862 27360 27360 E ArmVmp : Match on catch block at 0xc3 in for 0x145
01-17 21:25:51.908 27360 27360 E ArmVmp : Match on catch block at 0xc3 in for 0x155
01-17 21:25:51.913 27360 27360 E ArmVmp : Match on catch block at 0xc3 in for 0x151
01-17 21:25:52.405 27360 27360 E ArmVmp : Match on catch block at 0xc3 in for 0x145
01-17 21:25:52.412 27360 27360 E ArmVmp : Match on catch block at 0xc3 in for 0x141
01-17 21:25:52.904 27360 27360 E ArmVmp : Match on catch block at 0xc3 in for 0x151
01-17 21:25:52.912 27360 27360 E ArmVmp : Match on catch block at 0xc3 in for 0x14d
01-17 21:25:53.418 27360 27360 E ArmVmp : Match on catch block at 0xc3 in for 0x141
01-17 21:25:53.426 27360 27360 E ArmVmp : Match on catch block at 0xc3 in for 0x159
01-17 21:25:53.914 27360 27360 E ArmVmp : Match on catch block at 0xc3 in for 0x14d
01-17 21:25:53.920 27360 27360 E ArmVmp : Match on catch block at 0xc3 in for 0x149
01-17 21:25:54.411 27360 27360 E ArmVmp : Match on catch block at 0xc3 in for 0x159
01-17 21:25:54.416 27360 27360 E ArmVmp : Match on catch block at 0xc3 in for 0x155
01-17 21:25:54.908 27360 27360 E ArmVmp : Match on catch block at 0xc3 in for 0x149
01-17 21:25:54.913 27360 27360 E ArmVmp : Match on catch block at 0xc3 in for 0x145
01-17 21:25:55.422 27360 27360 E ArmVmp : Match on catch block at 0xc3 in for 0x155
01-17 21:25:55.428 27360 27360 E ArmVmp : Match on catch block at 0xc3 in for 0x151
01-17 21:25:55.920 27360 27360 E ArmVmp : Match on catch block at 0xc3 in for 0x145
01-17 21:25:55.927 27360 27360 E ArmVmp : Match on catch block at 0xc3 in for 0x141
01-17 21:25:56.254 27360 27360 E ArmVmp : Match on catch block at 0xc3 in for 0x14d
01-17 21:25:56.257 27360 27360 E ArmVmp : Match on catch block at 0xc3 in for 0x149
01-17 21:25:56.268 27360 27360 E ArmVmp : Match on catch block at 0xc3 in for 0x155
01-17 21:25:56.271 27360 27360 E ArmVmp : Match on catch block at 0xc3 in for 0x151
01-17 21:25:56.282 27360 27360 E ArmVmp : Match on catch block at 0xc3 in for 0x145
01-17 21:25:56.285 27360 27360 E ArmVmp : Match on catch block at 0xc3 in for 0x141
01-17 21:25:56.298 27360 27360 E ArmVmp : Match on catch block at 0xc3 in for 0x151
01-17 21:25:56.301 27360 27360 E ArmVmp : Match on catch block at 0xc3 in for 0x14d
01-17 21:25:56.315 27360 27360 E ArmVmp : Match on catch block at 0xc3 in for 0x141
01-17 21:25:56.317 27360 27360 E ArmVmp : Match on catch block at 0xc3 in for 0x159
01-17 21:25:56.331 27360 27360 E ArmVmp : Match on catch block at 0xc3 in for 0x14d
01-17 21:25:56.334 27360 27360 E ArmVmp : Match on catch block at 0xc3 in for 0x149
01-17 21:25:56.348 27360 27360 E ArmVmp : Match on catch block at 0xc3 in for 0x159
01-17 21:25:56.350 27360 27360 E ArmVmp : Match on catch block at 0xc3 in for 0x155
01-17 21:25:56.368 27360 27360 E ArmVmp : Match on catch block at 0xc3 in for 0x149
01-17 21:25:56.373 27360 27360 E ArmVmp : Match on catch block at 0xc3 in for 0x145
01-17 21:25:56.382 27360 27360 E ArmVmp : Match on catch block at 0xc3 in for 0x155
01-17 21:25:56.386 27360 27360 E ArmVmp : Match on catch block at 0xc3 in for 0x151
01-17 21:25:56.399 27360 27360 E ArmVmp : Match on catch block at 0xc3 in for 0x145
