01-17 21:49:51.062 28256 28256 E ArmVmp : Match on catch block at 0xc3 in for 0x151
01-17 21:49:51.066 28256 28256 E ArmVmp : Match on catch block at 0xc3 in for 0x14d
01-17 21:49:51.069 28256 28256 E ArmVmp : Match on catch block at 0xc3 in for 0x151
01-17 21:49:51.079 28256 28256 E ArmVmp : Match on catch block at 0xc3 in for 0x151
01-17 21:49:51.082 28256 28256 E ArmVmp : Match on catch block at 0xc3 in for 0x14d
01-17 21:49:51.084 28256 28256 E ArmVmp : Match on catch block at 0xc3 in for 0x151
01-17 21:49:51.095 28256 28256 E ArmVmp : Match on catch block at 0xc3 in for 0x151
01-17 21:49:51.099 28256 28256 E ArmVmp : Match on catch block at 0xc3 in for 0x14d
01-17 21:49:51.101 28256 28256 E ArmVmp : Match on catch block at 0xc3 in for 0x151
01-17 21:49:51.112 28256 28256 E ArmVmp : Match on catch block at 0xc3 in for 0x151
01-17 21:49:51.115 28256 28256 E ArmVmp : Match on catch block at 0xc3 in for 0x14d
01-17 21:49:51.123 28256 28256 E ArmVmp : Match on catch block at 0xc3 in for 0x151
01-17 21:49:51.129 28256 28256 E ArmVmp : Match on catch block at 0xc3 in for 0x151
01-17 21:49:51.131 28256 28256 E ArmVmp : Match on catch block at 0xc3 in for 0x14d
01-17 21:49:51.136 28256 28256 E ArmVmp : Match on catch block at 0xc3 in for 0x151
01-17 21:49:51.147 28256 28256 E ArmVmp : Match on catch block at 0xc3 in for 0x151
01-17 21:49:51.149 28256 28256 E ArmVmp : Match on catch block at 0xc3 in for 0x14d
01-17 21:49:51.151 28256 28256 E ArmVmp : Match on catch block at 0xc3 in for 0x151
01-17 21:49:51.162 28256 28256 E ArmVmp : Match on catch block at 0xc3 in for 0x159
01-17 21:49:51.164 28256 28256 E ArmVmp : Match on catch block at 0xc3 in for 0x155
01-17 21:49:51.167 28256 28256 E ArmVmp : Match on catch block at 0xc3 in for 0x159
01-17 21:49:51.178 28256 28256 E ArmVmp : Match on catch block at 0xc3 in for 0x159
01-17 21:49:51.181 28256 28256 E ArmVmp : Match on catch block at 0xc3 in for 0x155
01-17 21:49:51.184 28256 28256 E ArmVmp : Match on catch block at 0xc3 in for 0x159
01-17 21:49:51.195 28256 28256 E ArmVmp : Match on catch block at 0xc3 in for 0x159
01-17 21:49:51.198 28256 28256 E ArmVmp : Match on catch block at 0xc3 in for 0x155
01-17 21:49:51.200 28256 28256 E ArmVmp : Match on catch block at 0xc3 in for 0x159
01-17 21:49:51.212 28256 28256 E ArmVmp : Match on catch block at 0xc3 in for 0x159
01-17 21:49:51.215 28256 28256 E ArmVmp : Match on catch block at 0xc3 in for 0x155
01-17 21:49:51.217 28256 28256 E ArmVmp : Match on catch block at 0xc3 in for 0x159
01-17 21:49:51.478 28256 28256 E ArmVmp : Match on catch block at 0xc3 in for 0x145
01-17 21:49:51.482 28256 28256 E ArmVmp : Match on catch block at 0xc3 in for 0x141
01-17 21:49:51.485 28256 28256 E ArmVmp : Match on catch block at 0xc3 in for 0x145
01-17 21:49:51.859 28256 28256 E ArmVmp : Match on catch block at 0xc3 in for 0x155
01-17 21:49:51.862 28256 28256 E ArmVmp : Match on catch block at 0xc3 in for 0x151
01-17 21:49:51.866 28256 28256 E ArmVmp : Match on catch block at 0xc3 in for 0x155
01-17 21:49:52.174 28256 28256 E ArmVmp : Match on catch block at 0xc3 in for 0x141
01-17 21:49:52.178 28256 28256 E ArmVmp : Match on catch block at 0xc3 in for 0x159
01-17 21:49:52.181 28256 28256 E ArmVmp : Match on catch block at 0xc3 in for 0x141
01-17 21:49:52.359 28256 28256 E ArmVmp : Match on catch block at 0xc3 in for 0x14d
01-17 21:49:52.363 28256 28256 E ArmVmp : Match on catch block at 0xc3 in for 0x149
01-17 21:49:52.366 28256 28256 E ArmVmp : Match on catch block at 0xc3 in for 0x14d
01-17 21:49:52.374 28256 28256 E ArmVmp : Match on catch block at 0xc3 in for 0x14d
01-17 21:49:52.378 28256 28256 E ArmVmp : Match on catch block at 0xc3 in for 0x149
01-17 21:49:52.381 28256 28256 E ArmVmp : Match on catch block at 0xc3 in for 0x14d
01-17 21:49:52.389 28256 28256 E ArmVmp : Match on catch block at 0xc3 in for 0x14d
01-17 21:49:52.393 28256 28256 E ArmVmp : Match on catch block at 0xc3 in for 0x149
01-17 21:49:52.395 28256 28256 E ArmVmp : Match on catch block at 0xc3 in for 0x14d
01-17 21:49:52.405 28256 28256 E ArmVmp : Match on catch block at 0xc3 in for 0x14d
01-17 21:49:52.407 28256 28256 E ArmVmp : Match on catch block at 0xc3 in for 0x149
01-17 21:49:52.410 28256 28256 E ArmVmp : Match on catch block at 0xc3 in for 0x14d
01-17 21:49:52.421 28256 28256 E ArmVmp : Match on catch block at 0xc3 in for 0x14d
01-17 21:49:52.424 28256 28256 E ArmVmp : Match on catch block at 0xc3 in for 0x149
01-17 21:49:52.426 28256 28256 E ArmVmp : Match on catch block at 0xc3 in for 0x14d
01-17 21:49:52.438 28256 28256 E ArmVmp : Match on catch block at 0xc3 in for 0x14d
01-17 21:49:52.440 28256 28256 E ArmVmp : Match on catch block at 0xc3 in for 0x149
01-17 21:49:52.443 28256 28256 E ArmVmp : Match on catch block at 0xc3 in for 0x14d
01-17 21:49:52.455 28256 28256 E ArmVmp : Match on catch block at 0xc3 in for 0x14d
01-17 21:49:52.457 28256 28256 E ArmVmp : Match on catch block at 0xc3 in for 0x149
01-17 21:49:52.459 28256 28256 E ArmVmp : Match on catch block at 0xc3 in for 0x14d
01-17 21:49:52.471 28256 28256 E ArmVmp : Match on catch block at 0xc3 in for 0x14d
01-17 21:49:52.474 28256 28256 E ArmVmp : Match on catch block at 0xc3 in for 0x149
01-17 21:49:52.476 28256 28256 E ArmVmp : Match on catch block at 0xc3 in for 0x14d
01-17 21:49:52.488 28256 28256 E ArmVmp : Match on catch block at 0xc3 in for 0x14d
01-17 21:49:52.491 28256 28256 E ArmVmp : Match on catch block at 0xc3 in for 0x149
01-17 21:49:52.494 28256 28256 E ArmVmp : Match on catch block at 0xc3 in for 0x14d
01-17 21:49:52.504 28256 28256 E ArmVmp : Match on catch block at 0xc3 in for 0x14d
01-17 21:49:52.508 28256 28256 E ArmVmp : Match on catch block at 0xc3 in for 0x149
01-17 21:49:52.510 28256 28256 E ArmVmp : Match on catch block at 0xc3 in for 0x14d
01-17 21:49:52.522 28256 28256 E ArmVmp : Match on catch block at 0xc3 in for 0x14d
01-17 21:49:52.525 28256 28256 E ArmVmp : Match on catch block at 0xc3 in for 0x149
01-17 21:49:52.529 28256 28256 E ArmVmp : Match on catch block at 0xc3 in for 0x14d
01-17 21:49:52.539 28256 28256 E ArmVmp : Match on catch block at 0xc3 in for 0x159
01-17 21:49:52.541 28256 28256 E ArmVmp : Match on catch block at 0xc3 in for 0x155
01-17 21:49:52.544 28256 28256 E ArmVmp : Match on catch block at 0xc3 in for 0x159
01-17 21:49:52.554 28256 28256 E ArmVmp : Match on catch block at 0xc3 in for 0x159
01-17 21:49:52.556 28256 28256 E ArmVmp : Match on catch block at 0xc3 in for 0x155
01-17 21:49:52.558 28256 28256 E ArmVmp : Match on catch block at 0xc3 in for 0x159
01-17 21:49:52.870 28256 28256 E ArmVmp : Match on catch block at 0xc3 in for 0x155
01-17 21:49:52.873 28256 28256 E ArmVmp : Match on catch block at 0xc3 in for 0x151
01-17 21:49:52.875 28256 28256 E ArmVmp : Match on catch block at 0xc3 in for 0x155
01-17 21:49:52.886 28256 28256 E ArmVmp : Match on catch block at 0xc3 in for 0x14d
01-17 21:49:52.888 28256 28256 E ArmVmp : Match on catch block at 0xc3 in for 0x149
01-17 21:49:52.890 28256 28256 E ArmVmp : Match on catch block at 0xc3 in for 0x14d
01-17 21:49:52.902 28256 28256 E ArmVmp : Match on catch block at 0xc3 in for 0x14d
01-17 21:49:52.905 28256 28256 E ArmVmp : Match on catch block at 0xc3 in for 0x149
01-17 21:49:52.909 28256 28256 E ArmVmp : Match on catch block at 0xc3 in for 0x14d
01-17 21:49:52.919 28256 28256 E ArmVmp : Match on catch block at 0xc3 in for 0x14d
01-17 21:49:52.923 28256 28256 E ArmVmp : Match on catch block at 0xc3 in for 0x149
01-17 21:49:52.927 28256 28256 E ArmVmp : Match on catch block at 0xc3 in for 0x14d
01-17 21:49:52.936 28256 28256 E ArmVmp : Match on catch block at 0xc3 in for 0x14d
01-17 21:49:52.940 28256 28256 E ArmVmp : Match on catch block at 0xc3 in for 0x149
01-17 21:49:52.943 28256 28256 E ArmVmp : Match on catch block at 0xc3 in for 0x14d
01-17 21:49:52.953 28256 28256 E ArmVmp : Match on catch block at 0xc3 in for 0x14d
01-17 21:49:52.957 28256 28256 E ArmVmp : Match on catch block at 0xc3 in for 0x149
01-17 21:49:52.959 28256 28256 E ArmVmp : Match on catch block at 0xc3 in for 0x14d
01-17 21:49:52.969 28256 28256 E ArmVmp : Match on catch block at 0xc3 in for 0x14d
01-17 21:49:52.972 28256 28256 E ArmVmp : Match on catch block at 0xc3 in for 0x149
01-17 21:49:52.975 28256 28256 E ArmVmp : Match on catch block at 0xc3 in for 0x14d
01-17 21:49:52.985 28256 28256 E ArmVmp : Match on catch block at 0xc3 in for 0x14d
01-17 21:49:52.987 28256 28256 E ArmVmp : Match on catch block at 0xc3 in for 0x149
01-17 21:49:52.989 28256 28256 E ArmVmp : Match on catch block at 0xc3 in for 0x14d
01-17 21:49:53.003 28256 28256 E ArmVmp : Match on catch block at 0xc3 in for 0x14d
01-17 21:49:53.006 28256 28256 E ArmVmp : Match on catch block at 0xc3 in for 0x149
01-17 21:49:53.010 28256 28256 E ArmVmp : Match on catch block at 0xc3 in for 0x14d
01-17 21:49:53.018 28256 28256 E ArmVmp : Match on catch block at 0xc3 in for 0x14d
01-17 21:49:53.021 28256 28256 E ArmVmp : Match on catch block at 0xc3 in for 0x149
01-17 21:49:53.024 28256 28256 E ArmVmp : Match on catch block at 0xc3 in for 0x14d
01-17 21:49:53.035 28256 28256 E ArmVmp : Match on catch block at 0xc3 in for 0x14d
01-17 21:49:53.037 28256 28256 E ArmVmp : Match on catch block at 0xc3 in for 0x149
01-17 21:49:53.040 28256 28256 E ArmVmp : Match on catch block at 0xc3 in for 0x14d
01-17 21:49:53.051 28256 28256 E ArmVmp : Match on catch block at 0xc3 in for 0x14d
01-17 21:49:53.055 28256 28256 E ArmVmp : Match on catch block at 0xc3 in for 0x149
01-17 21:49:53.057 28256 28256 E ArmVmp : Match on catch block at 0xc3 in for 0x14d
01-17 21:49:53.068 28256 28256 E ArmVmp : Match on catch block at 0xc3 in for 0x155
01-17 21:49:53.070 28256 28256 E ArmVmp : Match on catch block at 0xc3 in for 0x151
01-17 21:49:53.072 28256 28256 E ArmVmp : Match on catch block at 0xc3 in for 0x155
01-17 21:49:53.316 28256 28256 E ArmVmp : Match on catch block at 0xc3 in for 0x141
01-17 21:49:53.319 28256 28256 E ArmVmp : Match on catch block at 0xc3 in for 0x159
01-17 21:49:53.321 28256 28256 E ArmVmp : Match on catch block at 0xc3 in for 0x141
01-17 21:49:53.333 28256 28256 E ArmVmp : Match on catch block at 0xc3 in for 0x149
01-17 21:49:53.337 28256 28256 E ArmVmp : Match on catch block at 0xc3 in for 0x145
01-17 21:49:53.339 28256 28256 E ArmVmp : Match on catch block at 0xc3 in for 0x149
01-17 21:49:53.714 28256 28256 E ArmVmp : Match on catch block at 0xc3 in for 0x151
01-17 21:49:53.717 28256 28256 E ArmVmp : Match on catch block at 0xc3 in for 0x14d
01-17 21:49:53.719 28256 28256 E ArmVmp : Match on catch block at 0xc3 in for 0x151
01-17 21:49:53.780 28256 28256 E ArmVmp : Match on catch block at 0xc3 in for 0x159
01-17 21:49:53.783 28256 28256 E ArmVmp : Match on catch block at 0xc3 in for 0x155
01-17 21:49:53.785 28256 28256 E ArmVmp : Match on catch block at 0xc3 in for 0x159
01-17 21:49:53.979 28256 28256 E ArmVmp : Match on catch block at 0xc3 in for 0x145
01-17 21:49:53.983 28256 28256 E ArmVmp : Match on catch block at 0xc3 in for 0x141
01-17 21:49:53.985 28256 28256 E ArmVmp : Match on catch block at 0xc3 in for 0x145
01-17 21:49:54.294 28256 28256 E ArmVmp : Match on catch block at 0xc3 in for 0x14d
01-17 21:49:54.297 28256 28256 E ArmVmp : Match on catch block at 0xc3 in for 0x149
01-17 21:49:54.301 28256 28256 E ArmVmp : Match on catch block at 0xc3 in for 0x14d
01-17 21:49:54.809 28256 28256 E ArmVmp : Match on catch block at 0xc3 in for 0x14d
01-17 21:49:54.812 28256 28256 E ArmVmp : Match on catch block at 0xc3 in for 0x149
01-17 21:49:54.816 28256 28256 E ArmVmp : Match on catch block at 0xc3 in for 0x14d
01-17 21:49:55.307 28256 28256 E ArmVmp : Match on catch block at 0xc3 in for 0x141
01-17 21:49:55.312 28256 28256 E ArmVmp : Match on catch block at 0xc3 in for 0x159
01-17 21:49:55.315 28256 28256 E ArmVmp : Match on catch block at 0xc3 in for 0x141
01-17 21:49:55.324 28256 28256 E ArmVmp : Match on catch block at 0xc3 in for 0x141
01-17 21:49:55.328 28256 28256 E ArmVmp : Match on catch block at 0xc3 in for 0x159
01-17 21:49:55.331 28256 28256 E ArmVmp : Match on catch block at 0xc3 in for 0x141
01-17 21:49:55.351 28256 28256 E ArmVmp : Match on catch block at 0xc3 in for 0x14d
01-17 21:49:55.354 28256 28256 E ArmVmp : Match on catch block at 0xc3 in for 0x149
01-17 21:49:55.356 28256 28256 E ArmVmp : Match on catch block at 0xc3 in for 0x14d
01-17 21:49:55.378 28256 28256 E ArmVmp : Match on catch block at 0xc3 in for 0x155
01-17 21:49:55.381 28256 28256 E ArmVmp : Match on catch block at 0xc3 in for 0x151
01-17 21:49:55.405 28256 28256 E ArmVmp : Match on catch block at 0xc3 in for 0x155
01-17 21:49:55.408 28256 28256 E ArmVmp : Match on catch block at 0xc3 in for 0x151
01-17 21:49:55.425 28256 28256 E ArmVmp : Match on catch block at 0xc3 in for 0x151
01-17 21:49:55.427 28256 28256 E ArmVmp : Match on catch block at 0xc3 in for 0x14d
01-17 21:49:55.448 28256 28256 E ArmVmp : Match on catch block at 0xc3 in for 0x145
01-17 21:49:55.450 28256 28256 E ArmVmp : Match on catch block at 0xc3 in for 0x141
01-17 21:49:55.454 28256 28256 E ArmVmp : Match on catch block at 0xc3 in for 0x151
01-17 21:49:55.457 28256 28256 E ArmVmp : Match on catch block at 0xc3 in for 0x14d
01-17 21:49:55.471 28256 28256 E ArmVmp : Match on catch block at 0xc3 in for 0x141
01-17 21:49:55.473 28256 28256 E ArmVmp : Match on catch block at 0xc3 in for 0x159
01-17 21:49:55.488 28256 28256 E ArmVmp : Match on catch block at 0xc3 in for 0x14d
01-17 21:49:55.490 28256 28256 E ArmVmp : Match on catch block at 0xc3 in for 0x149
01-17 21:49:55.504 28256 28256 E ArmVmp : Match on catch block at 0xc3 in for 0x159
01-17 21:49:55.506 28256 28256 E ArmVmp : Match on catch block at 0xc3 in for 0x155
01-17 21:49:55.521 28256 28256 E ArmVmp : Match on catch block at 0xc3 in for 0x149
01-17 21:49:55.524 28256 28256 E ArmVmp : Match on catch block at 0xc3 in for 0x145
01-17 21:49:55.537 28256 28256 E ArmVmp : Match on catch block at 0xc3 in for 0x155
01-17 21:49:55.540 28256 28256 E ArmVmp : Match on catch block at 0xc3 in for 0x151
01-17 21:49:55.609 28256 28256 E ArmVmp : Match on catch block at 0xc3 in for 0x145
01-17 21:49:55.613 28256 28256 E ArmVmp : Match on catch block at 0xc3 in for 0x141
01-17 21:49:55.854 28256 28256 E ArmVmp : Match on catch block at 0xc3 in for 0x159
01-17 21:49:55.858 28256 28256 E ArmVmp : Match on catch block at 0xc3 in for 0x155
01-17 21:49:56.352 28256 28256 E ArmVmp : Match on catch block at 0xc3 in for 0x149
01-17 21:49:56.358 28256 28256 E ArmVmp : Match on catch block at 0xc3 in for 0x145
01-17 21:49:56.849 28256 28256 E ArmVmp : Match on catch block at 0xc3 in for 0x155
01-17 21:49:56.854 28256 28256 E ArmVmp : Match on catch block at 0xc3 in for 0x151
01-17 21:49:57.124 28256 28256 E ArmVmp : Match on catch block at 0xc3 in for 0x151
01-17 21:49:57.127 28256 28256 E ArmVmp : Match on catch block at 0xc3 in for 0x14d
01-17 21:49:57.145 28256 28256 E ArmVmp : Match on catch block at 0xc3 in for 0x141
01-17 21:49:57.150 28256 28256 E ArmVmp : Match on catch block at 0xc3 in for 0x159
01-17 21:49:57.362 28256 28256 E ArmVmp : Match on catch block at 0xc3 in for 0x14d
01-17 21:49:57.366 28256 28256 E ArmVmp : Match on catch block at 0xc3 in for 0x149
01-17 21:49:57.859 28256 28256 E ArmVmp : Match on catch block at 0xc3 in for 0x159
01-17 21:49:57.865 28256 28256 E ArmVmp : Match on catch block at 0xc3 in for 0x155
01-17 21:49:58.356 28256 28256 E ArmVmp : Match on catch block at 0xc3 in for 0x149
01-17 21:49:58.361 28256 28256 E ArmVmp : Match on catch block at 0xc3 in for 0x145
01-17 21:49:58.429 28256 28256 E ArmVmp : Match on catch block at 0xc3 in for 0x141
01-17 21:49:58.433 28256 28256 E ArmVmp : Match on catch block at 0xc3 in for 0x159
01-17 21:49:58.574 28256 28256 E ArmVmp : Match on catch block at 0xc3 in for 0x155
01-17 21:49:58.577 28256 28256 E ArmVmp : Match on catch block at 0xc3 in for 0x151
01-17 21:49:58.978 28256 28256 E ArmVmp : Match on catch block at 0xc3 in for 0x151
01-17 21:49:58.980 28256 28256 E ArmVmp : Match on catch block at 0xc3 in for 0x14d
01-17 21:50:12.075 28256 28256 E ArmVmp : Match on catch block at 0x0a in for 0x18d
01-17 21:50:12.081 28256 28256 E ArmVmp : Match on catch block at 0x0a in for 0x185
01-17 21:50:12.352 28256 28256 E ArmVmp : Match on catch block at 0xc3 in for 0x16d
01-17 21:50:12.356 28256 28256 E ArmVmp : Match on catch block at 0xc3 in for 0x165
01-17 21:50:12.391 28256 28322 W Parcel : Expecting binder but got null!
01-17 21:50:12.422 28256 28256 E ArmVmp : Match on catch block at 0xc3 in for 0x14d
01-17 21:50:12.426 28256 28256 E ArmVmp : Match on catch block at 0xc3 in for 0x149
01-17 21:50:12.445 28256 28256 E ArmVmp : Match on catch block at 0xc3 in for 0x151
01-17 21:50:12.448 28256 28256 E ArmVmp : Match on catch block at 0xc3 in for 0x14d
01-17 21:50:12.459 28256 28256 E ArmVmp : Match on catch block at 0xc3 in for 0x155
01-17 21:50:12.462 28256 28256 E ArmVmp : Match on catch block at 0xc3 in for 0x151
01-17 21:50:12.502 28256 28256 E ArmVmp : Match on catch block at 0xc3 in for 0x155
01-17 21:50:12.507 28256 28256 E ArmVmp : Match on catch block at 0xc3 in for 0x151
01-17 21:50:12.597 28256 28256 E ArmVmp : Match on catch block at 0xc3 in for 0x155
01-17 21:50:12.601 28256 28256 E ArmVmp : Match on catch block at 0xc3 in for 0x151
01-17 21:50:12.901 28256 28256 E ArmVmp : Match on catch block at 0xc3 in for 0x149
01-17 21:50:12.906 28256 28256 E ArmVmp : Match on catch block at 0xc3 in for 0x145
01-17 21:50:12.923 28256 28256 E ArmVmp : Match on catch block at 0xc3 in for 0x141
01-17 21:50:12.928 28256 28256 E ArmVmp : Match on catch block at 0xc3 in for 0x159
01-17 21:50:12.984 28256 28256 E ArmVmp : Match on catch block at 0xc3 in for 0x14d
01-17 21:50:12.986 28256 28256 E ArmVmp : Match on catch block at 0xc3 in for 0x149
01-17 21:50:13.366 28256 28256 E ArmVmp : Match on catch block at 0xc3 in for 0x151
01-17 21:50:13.371 28256 28256 E ArmVmp : Match on catch block at 0xc3 in for 0x14d
01-17 21:50:14.128 28256 28322 W Parcel : Expecting binder but got null!
01-17 21:50:14.155 28256 28256 W BottomSheetBehavior: BottomSheetBehavior now supports multiple callbacks. `setBottomSheetCallback()` removes all existing callbacks, including ones set internally by library authors, which may result in unintended behavior. This may change in the future. Please use `addBottomSheetCallback()` and `removeBottomSheetCallback()` instead to set your own callbacks.
01-17 21:50:14.155 28256 28256 W BottomSheetBehavior: BottomSheetBehavior now supports multiple callbacks. `setBottomSheetCallback()` removes all existing callbacks, including ones set internally by library authors, which may result in unintended behavior. This may change in the future. Please use `addBottomSheetCallback()` and `removeBottomSheetCallback()` instead to set your own callbacks.
01-17 21:50:14.189 28256 28256 W BottomSheetBehavior: BottomSheetBehavior now supports multiple callbacks. `setBottomSheetCallback()` removes all existing callbacks, including ones set internally by library authors, which may result in unintended behavior. This may change in the future. Please use `addBottomSheetCallback()` and `removeBottomSheetCallback()` instead to set your own callbacks.
01-17 21:50:14.189 28256 28256 W BottomSheetBehavior: BottomSheetBehavior now supports multiple callbacks. `setBottomSheetCallback()` removes all existing callbacks, including ones set internally by library authors, which may result in unintended behavior. This may change in the future. Please use `addBottomSheetCallback()` and `removeBottomSheetCallback()` instead to set your own callbacks.
01-17 21:50:14.211 28256 28256 W BottomSheetBehavior: BottomSheetBehavior now supports multiple callbacks. `setBottomSheetCallback()` removes all existing callbacks, including ones set internally by library authors, which may result in unintended behavior. This may change in the future. Please use `addBottomSheetCallback()` and `removeBottomSheetCallback()` instead to set your own callbacks.
01-17 21:50:14.211 28256 28256 W BottomSheetBehavior: BottomSheetBehavior now supports multiple callbacks. `setBottomSheetCallback()` removes all existing callbacks, including ones set internally by library authors, which may result in unintended behavior. This may change in the future. Please use `addBottomSheetCallback()` and `removeBottomSheetCallback()` instead to set your own callbacks.
01-17 21:50:14.239 28256 28256 E RecyclerView: No adapter attached; skipping layout
01-17 21:50:17.054 28256 28256 W BottomSheetBehavior: BottomSheetBehavior now supports multiple callbacks. `setBottomSheetCallback()` removes all existing callbacks, including ones set internally by library authors, which may result in unintended behavior. This may change in the future. Please use `addBottomSheetCallback()` and `removeBottomSheetCallback()` instead to set your own callbacks.
01-17 21:50:17.054 28256 28256 W BottomSheetBehavior: BottomSheetBehavior now supports multiple callbacks. `setBottomSheetCallback()` removes all existing callbacks, including ones set internally by library authors, which may result in unintended behavior. This may change in the future. Please use `addBottomSheetCallback()` and `removeBottomSheetCallback()` instead to set your own callbacks.
01-17 21:50:17.079 28256 28256 E RecyclerView: No adapter attached; skipping layout
01-17 21:50:19.088 28256 28256 W BottomSheetBehavior: BottomSheetBehavior now supports multiple callbacks. `setBottomSheetCallback()` removes all existing callbacks, including ones set internally by library authors, which may result in unintended behavior. This may change in the future. Please use `addBottomSheetCallback()` and `removeBottomSheetCallback()` instead to set your own callbacks.
01-17 21:50:19.088 28256 28256 W BottomSheetBehavior: BottomSheetBehavior now supports multiple callbacks. `setBottomSheetCallback()` removes all existing callbacks, including ones set internally by library authors, which may result in unintended behavior. This may change in the future. Please use `addBottomSheetCallback()` and `removeBottomSheetCallback()` instead to set your own callbacks.
01-17 21:50:19.113 28256 28256 E RecyclerView: No adapter attached; skipping layout
01-17 21:50:20.373 28256 28256 W BottomSheetBehavior: BottomSheetBehavior now supports multiple callbacks. `setBottomSheetCallback()` removes all existing callbacks, including ones set internally by library authors, which may result in unintended behavior. This may change in the future. Please use `addBottomSheetCallback()` and `removeBottomSheetCallback()` instead to set your own callbacks.
01-17 21:50:20.373 28256 28256 W BottomSheetBehavior: BottomSheetBehavior now supports multiple callbacks. `setBottomSheetCallback()` removes all existing callbacks, including ones set internally by library authors, which may result in unintended behavior. This may change in the future. Please use `addBottomSheetCallback()` and `removeBottomSheetCallback()` instead to set your own callbacks.
01-17 21:50:20.390 28256 28256 E RecyclerView: No adapter attached; skipping layout
01-17 21:50:23.213 28256 28256 W BottomSheetBehavior: BottomSheetBehavior now supports multiple callbacks. `setBottomSheetCallback()` removes all existing callbacks, including ones set internally by library authors, which may result in unintended behavior. This may change in the future. Please use `addBottomSheetCallback()` and `removeBottomSheetCallback()` instead to set your own callbacks.
01-17 21:50:23.275 28256 28322 W Parcel : Expecting binder but got null!
01-17 21:50:23.453 28256 28256 W OnBackInvokedCallback: OnBackInvokedCallback is not enabled for the application.
01-17 21:50:23.453 28256 28256 W OnBackInvokedCallback: Set 'android:enableOnBackInvokedCallback="true"' in the application manifest.
01-17 21:50:25.901 28256 28322 W Parcel : Expecting binder but got null!
01-17 21:50:28.257 28256 28256 E Toast : setGravity() shouldn't be called on text toasts, the values won't be used
01-17 21:50:28.356 28256 28322 W Parcel : Expecting binder but got null!
01-17 21:50:32.392 28256 28256 W BottomSheetBehavior: BottomSheetBehavior now supports multiple callbacks. `setBottomSheetCallback()` removes all existing callbacks, including ones set internally by library authors, which may result in unintended behavior. This may change in the future. Please use `addBottomSheetCallback()` and `removeBottomSheetCallback()` instead to set your own callbacks.
01-17 21:50:32.392 28256 28256 W BottomSheetBehavior: BottomSheetBehavior now supports multiple callbacks. `setBottomSheetCallback()` removes all existing callbacks, including ones set internally by library authors, which may result in unintended behavior. This may change in the future. Please use `addBottomSheetCallback()` and `removeBottomSheetCallback()` instead to set your own callbacks.
01-17 21:50:32.421 28256 28256 E RecyclerView: No adapter attached; skipping layout
01-17 21:50:41.220 28256 28256 W BottomSheetBehavior: BottomSheetBehavior now supports multiple callbacks. `setBottomSheetCallback()` removes all existing callbacks, including ones set internally by library authors, which may result in unintended behavior. This may change in the future. Please use `addBottomSheetCallback()` and `removeBottomSheetCallback()` instead to set your own callbacks.
01-17 21:50:41.220 28256 28256 W BottomSheetBehavior: BottomSheetBehavior now supports multiple callbacks. `setBottomSheetCallback()` removes all existing callbacks, including ones set internally by library authors, which may result in unintended behavior. This may change in the future. Please use `addBottomSheetCallback()` and `removeBottomSheetCallback()` instead to set your own callbacks.
01-17 21:50:41.245 28256 28256 E RecyclerView: No adapter attached; skipping layout
01-17 21:50:46.149 28256 28256 W BottomSheetBehavior: BottomSheetBehavior now supports multiple callbacks. `setBottomSheetCallback()` removes all existing callbacks, including ones set internally by library authors, which may result in unintended behavior. This may change in the future. Please use `addBottomSheetCallback()` and `removeBottomSheetCallback()` instead to set your own callbacks.
01-17 21:50:46.211 28256 28322 W Parcel : Expecting binder but got null!
01-17 21:50:46.384 28256 28256 W OnBackInvokedCallback: OnBackInvokedCallback is not enabled for the application.
01-17 21:50:46.384 28256 28256 W OnBackInvokedCallback: Set 'android:enableOnBackInvokedCallback="true"' in the application manifest.
01-17 21:50:56.781 28256 28256 E Toast : setGravity() shouldn't be called on text toasts, the values won't be used
01-17 21:50:56.944 28256 28322 W Parcel : Expecting binder but got null!
01-17 21:50:57.005 28256 28256 W RemoteInputConnectionImpl: getExtractedText on inactive InputConnection
01-17 21:50:58.133 28256 28256 E RecyclerView: No adapter attached; skipping layout
01-17 21:51:15.763 28256 28256 E ArmVmp : Match on catch block at 0x0a in for 0x189
01-17 21:51:15.791 28256 28256 E ArmVmp : Match on catch block at 0x0a in for 0x26d
01-17 21:51:16.424 28256 28256 E RecyclerView: No adapter attached; skipping layout
01-17 21:51:16.477 28256 28322 W Parcel : Expecting binder but got null!
01-17 21:51:16.529 28256 28256 E RecyclerView: No adapter attached; skipping layout
01-17 21:51:16.555 28256 28256 E ArmVmp : Match on catch block at 0x0a in for 0x1b5
01-17 21:51:16.767 28256 28256 E ArmVmp : Match on catch block at 0x5b in for 0x111
01-17 21:51:16.778 28256 28256 E ArmVmp : Match on catch block at 0x5b in for 0x105
01-17 21:51:16.807 28256 28256 E ArmVmp : Match on catch block at 0x5b in for 0x111
01-17 21:51:17.005 28256 2295 W com.whatsapp: Accessing hidden method Lcom/android/org/conscrypt/ConscryptEngineSocket;->setUseSessionTickets(Z)V (max- target-q,core-platform-api, reflection, denied)
01-17 21:51:17.005 28256 2295 W com.whatsapp: Accessing hidden method Lcom/android/org/conscrypt/OpenSSLSocketImpl;->setUseSessionTickets(Z)V (max- target-q,core-platform-api, reflection, denied)
01-17 21:51:17.005 28256 2295 W com.whatsapp: Accessing hidden method Lcom/android/org/conscrypt/AbstractConscryptSocket;->setUseSessionTickets(Z)V (max- target-q, reflection, denied)
01-17 21:51:17.005 28256 2295 W com.whatsapp: Accessing hidden method Lcom/android/org/conscrypt/ConscryptEngineSocket;->setHostname(Ljava/lang/String;)V (max-target-q,core-platform-api, reflection, denied)
01-17 21:51:17.005 28256 2295 W com.whatsapp: Accessing hidden method Lcom/android/org/conscrypt/OpenSSLSocketImpl;->setHostname(Ljava/lang/String;)V (max-target-q,core-platform-api, reflection, denied)
01-17 21:51:17.005 28256 2295 W com.whatsapp: Accessing hidden method Lcom/android/org/conscrypt/AbstractConscryptSocket;->setHostname(Ljava/lang/ String;)V (max-target-q, reflection, denied)
01-17 21:51:17.005 28256 2295 W com.whatsapp: Accessing hidden method Lcom/android/org/conscrypt/OpenSSLSocketImpl;->setAlpnProtocols([B)V (max-target- q,core-platform-api, reflection, denied)
01-17 21:51:17.005 28256 2295 W com.whatsapp: Accessing hidden method Lcom/android/org/conscrypt/AbstractConscryptSocket;->setAlpnProtocols([B)V (max- target-q, reflection, denied)
01-17 21:51:55.050 28256 31910 W SQLiteLog: (28) double-quoted string literal: ""
01-17 21:54:02.357 28256 28305 E SQLiteDatabase: Error inserting transferred=1 media_job_uuid=4ed47ecc-57a9-4342-81ad-512c4557a74f transcoded=0 gif_attribution=0 first_scan_length=0 direct_path=/v/t62.15575- 24/30668599_725391079556947_5116829265075002789_n.enc?ccb=11- 4&oh=01_AdQG5WGOTK8Rpf1PHXz8-A2837za8a2jcZ1kNycY5svAug&oe=65CF9F56&_nc_sid=5e03e0 thumbnail_height_width_ratio=1.0 is_animated_sticker=0 file_hash=gLr+PFLvuIXhIc18nMUjVtTCJbFtgA+1BLbG0w/JsX8= file_path=Media/WhatsApp Stickers/STK-20240117-WA0068.webp file_size=58036 partial_media_hash=null face_x=0 face_y=0 height=64 trim_to=0 media_key_timestamp=1705499772000 message_url=https://mmg.whatsapp.net/v/t62.15575- 24/30668599_725391079556947_5116829265075002789_n.enc?ccb=11- 4&oh=01_AdQG5WGOTK8Rpf1PHXz8- A2837za8a2jcZ1kNycY5svAug&oe=65CF9F56&_nc_sid=5e03e0&mms3=true media_caption=null trim_from=0 mime_type=image/webp partial_media_enc_hash=null width=64 original_file_hash=null has_streaming_sidecar=0 autotransfer_retry_enabled=1 media_upload_handle=null message_row_id=501329 multicast_id=null enc_file_hash=S0OVptERlrwIip7dlY8sLyxRjtNjc6nezQK+j2Qj5GA= mute_video=0 page_count=0 first_scan_sidecar=null suspicious_content=0 file_length=58036 media_name=null media_duration=0 chat_row_id=4429 media_key=[B@1f2cdfb
01-17 21:54:02.357 28256 28305 E SQLiteDatabase: android.database.sqlite.SQLiteConstraintException: UNIQUE constraint failed: message_media.message_row_id (code 1555 SQLITE_CONSTRAINT_PRIMARYKEY[1555])
01-17 21:54:02.357 28256 28305 E SQLiteDatabase: at android.database.sqlite.SQLiteConnection.nativeExecuteForLastInsertedRowId(Native Method)
01-17 21:54:02.357 28256 28305 E SQLiteDatabase: at android.database.sqlite.SQLiteConnection.executeForLastInsertedRowId(SQLiteConnecti on.java:1275)
01-17 21:54:02.357 28256 28305 E SQLiteDatabase: at android.database.sqlite.SQLiteSession.executeForLastInsertedRowId(SQLiteSession.jav a:790)
01-17 21:54:02.357 28256 28305 E SQLiteDatabase: at android.database.sqlite.SQLiteStatement.executeInsert(SQLiteStatement.java:89)
01-17 21:54:02.357 28256 28305 E SQLiteDatabase: at android.database.sqlite.SQLiteDatabase.insertWithOnConflict(SQLiteDatabase.java:241 0)
01-17 21:54:02.357 28256 28305 E SQLiteDatabase: at android.database.sqlite.SQLiteDatabase.insert(SQLiteDatabase.java:2279)
01-17 21:54:02.357 28256 28305 E SQLiteDatabase: at X.2tm.A08(Unknown Source:6)
01-17 21:54:02.357 28256 28305 E SQLiteDatabase: at X.35Y.A07(Unknown Source:212)
01-17 21:54:02.357 28256 28305 E SQLiteDatabase: at X.3QF.A14(Unknown Source:470)
01-17 21:54:02.357 28256 28305 E SQLiteDatabase: at X.3gU.run(Unknown Source:982)
01-17 21:54:02.357 28256 28305 E SQLiteDatabase: at android.os.Handler.handleCallback(Handler.java:942)
01-17 21:54:02.357 28256 28305 E SQLiteDatabase: at android.os.Handler.dispatchMessage(Handler.java:99)
01-17 21:54:02.357 28256 28305 E SQLiteDatabase: at X.0zq.dispatchMessage(Unknown Source:4)
01-17 21:54:02.357 28256 28305 E SQLiteDatabase: at android.os.Looper.loopOnce(Looper.java:226)
01-17 21:54:02.357 28256 28305 E SQLiteDatabase: at android.os.Looper.loop(Looper.java:313)
01-17 21:54:02.357 28256 28305 E SQLiteDatabase: at android.os.HandlerThread.run(HandlerThread.java:67)
01-17 21:54:23.238 28256 28256 E ArmVmp : Match on catch block at 0x0a in for 0x1c5
01-17 21:54:23.256 28256 28256 E ArmVmp : Match on catch block at 0x0a in for 0x1b5
01-17 21:54:23.313 28256 28322 W Parcel : Expecting binder but got null!
01-17 21:54:25.018 28256 28322 W Parcel : Expecting binder but got null!
01-17 21:54:25.995 28256 28322 W Parcel : Expecting binder but got null!
01-17 21:54:30.942 28256 28256 E ArmVmp : Match on catch block at 0x0a in for 0x199
01-17 21:54:30.948 28256 28256 E ArmVmp : Match on catch block at 0x0a in for 0x191
01-17 21:54:31.194 28256 28256 E ArmVmp : Match on catch block at 0xc3 in for 0x165
01-17 21:54:31.199 28256 28256 E ArmVmp : Match on catch block at 0xc3 in for 0x179
01-17 21:54:31.202 28256 28256 E ArmVmp : Match on catch block at 0xc3 in for 0x171
01-17 21:54:31.240 28256 28322 W Parcel : Expecting binder but got null!
01-17 21:54:31.263 28256 28256 E ArmVmp : Match on catch block at 0xc3 in for 0x145
01-17 21:54:31.266 28256 28256 E ArmVmp : Match on catch block at 0xc3 in for 0x141
01-17 21:54:31.269 28256 28256 E ArmVmp : Match on catch block at 0xc3 in for 0x145
01-17 21:54:31.289 28256 28256 E ArmVmp : Match on catch block at 0xc3 in for 0x145
01-17 21:54:31.292 28256 28256 E ArmVmp : Match on catch block at 0xc3 in for 0x141
01-17 21:54:31.294 28256 28256 E ArmVmp : Match on catch block at 0xc3 in for 0x145
01-17 21:54:31.300 28256 28256 E ArmVmp : Match on catch block at 0xc3 in for 0x145
01-17 21:54:31.303 28256 28256 E ArmVmp : Match on catch block at 0xc3 in for 0x141
01-17 21:54:31.305 28256 28256 E ArmVmp : Match on catch block at 0xc3 in for 0x145
01-17 21:54:31.349 28256 28256 E ArmVmp : Match on catch block at 0xc3 in for 0x149
01-17 21:54:31.352 28256 28256 E ArmVmp : Match on catch block at 0xc3 in for 0x145
01-17 21:54:31.354 28256 28256 E ArmVmp : Match on catch block at 0xc3 in for 0x149
01-17 21:54:31.438 28256 28256 E ArmVmp : Match on catch block at 0xc3 in for 0x145
01-17 21:54:31.440 28256 28256 E ArmVmp : Match on catch block at 0xc3 in for 0x141
01-17 21:54:31.442 28256 28256 E ArmVmp : Match on catch block at 0xc3 in for 0x145
01-17 21:54:31.830 28256 28256 E ArmVmp : Match on catch block at 0xc3 in for 0x145
01-17 21:54:31.836 28256 28256 E ArmVmp : Match on catch block at 0xc3 in for 0x141
01-17 21:54:31.839 28256 28256 E ArmVmp : Match on catch block at 0xc3 in for 0x145
01-17 21:54:32.329 28256 28256 E ArmVmp : Match on catch block at 0xc3 in for 0x145
01-17 21:54:32.336 28256 28256 E ArmVmp : Match on catch block at 0xc3 in for 0x141
01-17 21:54:32.339 28256 28256 E ArmVmp : Match on catch block at 0xc3 in for 0x145
01-17 21:54:32.843 28256 28256 E ArmVmp : Match on catch block at 0xc3 in for 0x145
01-17 21:54:32.848 28256 28256 E ArmVmp : Match on catch block at 0xc3 in for 0x141
01-17 21:54:32.851 28256 28256 E ArmVmp : Match on catch block at 0xc3 in for 0x145
01-17 21:54:33.340 28256 28256 E ArmVmp : Match on catch block at 0xc3 in for 0x145
01-17 21:54:33.344 28256 28256 E ArmVmp : Match on catch block at 0xc3 in for 0x141
01-17 21:54:33.347 28256 28256 E ArmVmp : Match on catch block at 0xc3 in for 0x145
01-17 21:54:33.838 28256 28256 E ArmVmp : Match on catch block at 0xc3 in for 0x145
01-17 21:54:33.843 28256 28256 E ArmVmp : Match on catch block at 0xc3 in for 0x141
01-17 21:54:33.846 28256 28256 E ArmVmp : Match on catch block at 0xc3 in for 0x145
01-17 21:54:34.334 28256 28256 E ArmVmp : Match on catch block at 0xc3 in for 0x14d
01-17 21:54:34.339 28256 28256 E ArmVmp : Match on catch block at 0xc3 in for 0x149
01-17 21:54:34.343 28256 28256 E ArmVmp : Match on catch block at 0xc3 in for 0x14d
01-17 21:54:34.849 28256 28256 E ArmVmp : Match on catch block at 0xc3 in for 0x14d
01-17 21:54:34.854 28256 28256 E ArmVmp : Match on catch block at 0xc3 in for 0x149
01-17 21:54:34.857 28256 28256 E ArmVmp : Match on catch block at 0xc3 in for 0x14d
01-17 21:54:35.345 28256 28256 E ArmVmp : Match on catch block at 0xc3 in for 0x14d
01-17 21:54:35.349 28256 28256 E ArmVmp : Match on catch block at 0xc3 in for 0x149
01-17 21:54:35.353 28256 28256 E ArmVmp : Match on catch block at 0xc3 in for 0x14d
01-17 21:54:35.843 28256 28256 E ArmVmp : Match on catch block at 0xc3 in for 0x14d
01-17 21:54:35.848 28256 28256 E ArmVmp : Match on catch block at 0xc3 in for 0x149
01-17 21:54:35.852 28256 28256 E ArmVmp : Match on catch block at 0xc3 in for 0x14d
01-17 21:54:35.981 28256 28256 E ArmVmp : Match on catch block at 0xc3 in for 0x151
01-17 21:54:35.986 28256 28256 E ArmVmp : Match on catch block at 0xc3 in for 0x14d
01-17 21:54:35.989 28256 28256 E ArmVmp : Match on catch block at 0xc3 in for 0x151
01-17 21:54:35.999 28256 28256 E ArmVmp : Match on catch block at 0xc3 in for 0x151
01-17 21:54:36.002 28256 28256 E ArmVmp : Match on catch block at 0xc3 in for 0x14d
01-17 21:54:36.005 28256 28256 E ArmVmp : Match on catch block at 0xc3 in for 0x151
01-17 21:54:36.013 28256 28256 E ArmVmp : Match on catch block at 0xc3 in for 0x151
01-17 21:54:36.016 28256 28256 E ArmVmp : Match on catch block at 0xc3 in for 0x14d
01-17 21:54:36.019 28256 28256 E ArmVmp : Match on catch block at 0xc3 in for 0x151
01-17 21:54:36.024 28256 28256 E ArmVmp : Match on catch block at 0xc3 in for 0x151
01-17 21:54:36.028 28256 28256 E ArmVmp : Match on catch block at 0xc3 in for 0x14d
01-17 21:54:36.031 28256 28256 E ArmVmp : Match on catch block at 0xc3 in for 0x151
01-17 21:54:36.040 28256 28256 E ArmVmp : Match on catch block at 0xc3 in for 0x151
01-17 21:54:36.044 28256 28256 E ArmVmp : Match on catch block at 0xc3 in for 0x14d
01-17 21:54:36.049 28256 28256 E ArmVmp : Match on catch block at 0xc3 in for 0x151
01-17 21:54:36.057 28256 28256 E ArmVmp : Match on catch block at 0xc3 in for 0x151
01-17 21:54:36.060 28256 28256 E ArmVmp : Match on catch block at 0xc3 in for 0x14d
01-17 21:54:36.063 28256 28256 E ArmVmp : Match on catch block at 0xc3 in for 0x151
01-17 21:54:36.073 28256 28256 E ArmVmp : Match on catch block at 0xc3 in for 0x151
01-17 21:54:36.077 28256 28256 E ArmVmp : Match on catch block at 0xc3 in for 0x14d
01-17 21:54:36.080 28256 28256 E ArmVmp : Match on catch block at 0xc3 in for 0x151
01-17 21:54:36.090 28256 28256 E ArmVmp : Match on catch block at 0xc3 in for 0x151
01-17 21:54:36.094 28256 28256 E ArmVmp : Match on catch block at 0xc3 in for 0x14d
01-17 21:54:36.097 28256 28256 E ArmVmp : Match on catch block at 0xc3 in for 0x151
01-17 21:54:36.107 28256 28256 E ArmVmp : Match on catch block at 0xc3 in for 0x151
01-17 21:54:36.111 28256 28256 E ArmVmp : Match on catch block at 0xc3 in for 0x14d
01-17 21:54:36.113 28256 28256 E ArmVmp : Match on catch block at 0xc3 in for 0x151
01-17 21:54:36.123 28256 28256 E ArmVmp : Match on catch block at 0xc3 in for 0x151
01-17 21:54:36.128 28256 28256 E ArmVmp : Match on catch block at 0xc3 in for 0x14d
01-17 21:54:36.132 28256 28256 E ArmVmp : Match on catch block at 0xc3 in for 0x151
01-17 21:54:36.140 28256 28256 E ArmVmp : Match on catch block at 0xc3 in for 0x151
01-17 21:54:36.145 28256 28256 E ArmVmp : Match on catch block at 0xc3 in for 0x14d
01-17 21:54:36.147 28256 28256 E ArmVmp : Match on catch block at 0xc3 in for 0x151
01-17 21:54:36.157 28256 28256 E ArmVmp : Match on catch block at 0xc3 in for 0x151
01-17 21:54:36.161 28256 28256 E ArmVmp : Match on catch block at 0xc3 in for 0x14d
01-17 21:54:36.164 28256 28256 E ArmVmp : Match on catch block at 0xc3 in for 0x151
01-17 21:54:36.174 28256 28256 E ArmVmp : Match on catch block at 0xc3 in for 0x151
01-17 21:54:36.178 28256 28256 E ArmVmp : Match on catch block at 0xc3 in for 0x14d
01-17 21:54:36.181 28256 28256 E ArmVmp : Match on catch block at 0xc3 in for 0x151
01-17 21:54:36.190 28256 28256 E ArmVmp : Match on catch block at 0xc3 in for 0x151
01-17 21:54:36.194 28256 28256 E ArmVmp : Match on catch block at 0xc3 in for 0x14d
01-17 21:54:36.196 28256 28256 E ArmVmp : Match on catch block at 0xc3 in for 0x151
01-17 21:54:36.206 28256 28256 E ArmVmp : Match on catch block at 0xc3 in for 0x151
01-17 21:54:36.210 28256 28256 E ArmVmp : Match on catch block at 0xc3 in for 0x14d
01-17 21:54:36.213 28256 28256 E ArmVmp : Match on catch block at 0xc3 in for 0x151
01-17 21:54:36.223 28256 28256 E ArmVmp : Match on catch block at 0xc3 in for 0x151
01-17 21:54:36.227 28256 28256 E ArmVmp : Match on catch block at 0xc3 in for 0x14d
01-17 21:54:36.229 28256 28256 E ArmVmp : Match on catch block at 0xc3 in for 0x151
01-17 21:54:36.240 28256 28256 E ArmVmp : Match on catch block at 0xc3 in for 0x151
01-17 21:54:36.245 28256 28256 E ArmVmp : Match on catch block at 0xc3 in for 0x14d
01-17 21:54:36.247 28256 28256 E ArmVmp : Match on catch block at 0xc3 in for 0x151
01-17 21:54:36.257 28256 28256 E ArmVmp : Match on catch block at 0xc3 in for 0x151
01-17 21:54:36.260 28256 28256 E ArmVmp : Match on catch block at 0xc3 in for 0x14d
01-17 21:54:36.263 28256 28256 E ArmVmp : Match on catch block at 0xc3 in for 0x151
01-17 21:54:36.273 28256 28256 E ArmVmp : Match on catch block at 0xc3 in for 0x151
01-17 21:54:36.278 28256 28256 E ArmVmp : Match on catch block at 0xc3 in for 0x14d
01-17 21:54:36.281 28256 28256 E ArmVmp : Match on catch block at 0xc3 in for 0x151
01-17 21:54:36.290 28256 28256 E ArmVmp : Match on catch block at 0xc3 in for 0x151
01-17 21:54:36.294 28256 28256 E ArmVmp : Match on catch block at 0xc3 in for 0x14d
01-17 21:54:36.297 28256 28256 E ArmVmp : Match on catch block at 0xc3 in for 0x151
01-17 21:54:36.307 28256 28256 E ArmVmp : Match on catch block at 0xc3 in for 0x151
01-17 21:54:36.311 28256 28256 E ArmVmp : Match on catch block at 0xc3 in for 0x14d
01-17 21:54:36.314 28256 28256 E ArmVmp : Match on catch block at 0xc3 in for 0x151
01-17 21:54:36.340 28256 28256 E ArmVmp : Match on catch block at 0xc3 in for 0x155
01-17 21:54:36.344 28256 28256 E ArmVmp : Match on catch block at 0xc3 in for 0x151
01-17 21:54:36.347 28256 28256 E ArmVmp : Match on catch block at 0xc3 in for 0x155
01-17 21:54:36.535 28256 28256 E ArmVmp : Match on catch block at 0xc3 in for 0x151
01-17 21:54:36.538 28256 28256 E ArmVmp : Match on catch block at 0xc3 in for 0x14d
01-17 21:54:36.540 28256 28256 E ArmVmp : Match on catch block at 0xc3 in for 0x151
01-17 21:54:36.589 28256 28256 W OnBackInvokedCallback: OnBackInvokedCallback is not enabled for the application.
01-17 21:54:36.589 28256 28256 W OnBackInvokedCallback: Set 'android:enableOnBackInvokedCallback="true"' in the application manifest.
01-17 21:54:36.685 28256 28256 E ArmVmp : Match on catch block at 0xc3 in for 0x155
01-17 21:54:36.694 28256 28256 E ArmVmp : Match on catch block at 0xc3 in for 0x151
01-17 21:54:36.695 28256 28256 E ArmVmp : Match on catch block at 0xc3 in for 0x155
01-17 21:54:36.703 28256 28256 E ArmVmp : Match on catch block at 0xc3 in for 0x155
01-17 21:54:36.706 28256 28256 E ArmVmp : Match on catch block at 0xc3 in for 0x151
01-17 21:54:36.708 28256 28256 E ArmVmp : Match on catch block at 0xc3 in for 0x155
01-17 21:54:36.852 28256 28256 E ArmVmp : Match on catch block at 0xc3 in for 0x155
01-17 21:54:36.856 28256 28256 E ArmVmp : Match on catch block at 0xc3 in for 0x151
01-17 21:54:36.858 28256 28256 E ArmVmp : Match on catch block at 0xc3 in for 0x155
01-17 21:54:36.903 28256 28256 E ArmVmp : Match on catch block at 0xc3 in for 0x155
01-17 21:54:36.908 28256 28256 E ArmVmp : Match on catch block at 0xc3 in for 0x151
01-17 21:54:36.912 28256 28256 E ArmVmp : Match on catch block at 0xc3 in for 0x155
01-17 21:54:37.351 28256 28256 E ArmVmp : Match on catch block at 0xc3 in for 0x155
01-17 21:54:37.358 28256 28256 E ArmVmp : Match on catch block at 0xc3 in for 0x151
01-17 21:54:37.362 28256 28256 E ArmVmp : Match on catch block at 0xc3 in for 0x155
01-17 21:54:37.848 28256 28256 E ArmVmp : Match on catch block at 0xc3 in for 0x155
01-17 21:54:37.855 28256 28256 E ArmVmp : Match on catch block at 0xc3 in for 0x151
01-17 21:54:37.859 28256 28256 E ArmVmp : Match on catch block at 0xc3 in for 0x155
01-17 21:54:38.345 28256 28256 E ArmVmp : Match on catch block at 0xc3 in for 0x155
01-17 21:54:38.351 28256 28256 E ArmVmp : Match on catch block at 0xc3 in for 0x151
01-17 21:54:38.356 28256 28256 E ArmVmp : Match on catch block at 0xc3 in for 0x155
01-17 21:54:38.842 28256 28256 E ArmVmp : Match on catch block at 0xc3 in for 0x155
01-17 21:54:38.849 28256 28256 E ArmVmp : Match on catch block at 0xc3 in for 0x151
01-17 21:54:38.853 28256 28256 E ArmVmp : Match on catch block at 0xc3 in for 0x155
01-17 21:54:39.357 28256 28256 E ArmVmp : Match on catch block at 0xc3 in for 0x155
01-17 21:54:39.363 28256 28256 E ArmVmp : Match on catch block at 0xc3 in for 0x151
01-17 21:54:39.366 28256 28256 E ArmVmp : Match on catch block at 0xc3 in for 0x155
01-17 21:54:39.579 28256 28256 E ArmVmp : Match on catch block at 0xc3 in for 0x14d
01-17 21:54:39.585 28256 28256 E ArmVmp : Match on catch block at 0xc3 in for 0x149
01-17 21:54:39.587 28256 28256 E ArmVmp : Match on catch block at 0xc3 in for 0x14d
01-17 21:54:39.594 28256 28256 E ArmVmp : Match on catch block at 0xc3 in for 0x141
01-17 21:54:39.597 28256 28256 E ArmVmp : Match on catch block at 0xc3 in for 0x159
01-17 21:54:39.599 28256 28256 E ArmVmp : Match on catch block at 0xc3 in for 0x141
01-17 21:54:39.606 28256 28256 E ArmVmp : Match on catch block at 0xc3 in for 0x14d
01-17 21:54:39.609 28256 28256 E ArmVmp : Match on catch block at 0xc3 in for 0x149
01-17 21:54:39.611 28256 28256 E ArmVmp : Match on catch block at 0xc3 in for 0x14d
01-17 21:54:39.621 28256 28256 E ArmVmp : Match on catch block at 0xc3 in for 0x159
01-17 21:54:39.624 28256 28256 E ArmVmp : Match on catch block at 0xc3 in for 0x155
01-17 21:54:39.626 28256 28256 E ArmVmp : Match on catch block at 0xc3 in for 0x159
01-17 21:54:39.651 28256 28256 E ArmVmp : Match on catch block at 0xc3 in for 0x14d
01-17 21:54:39.655 28256 28256 E ArmVmp : Match on catch block at 0xc3 in for 0x149
01-17 21:54:39.657 28256 28256 E ArmVmp : Match on catch block at 0xc3 in for 0x14d
01-17 21:54:39.662 28256 28256 E ArmVmp : Match on catch block at 0xc3 in for 0x159
01-17 21:54:39.665 28256 28256 E ArmVmp : Match on catch block at 0xc3 in for 0x155
01-17 21:54:39.667 28256 28256 E ArmVmp : Match on catch block at 0xc3 in for 0x159
01-17 21:54:39.672 28256 28256 E ArmVmp : Match on catch block at 0xc3 in for 0x149
01-17 21:54:39.675 28256 28256 E ArmVmp : Match on catch block at 0xc3 in for 0x145
01-17 21:54:39.677 28256 28256 E ArmVmp : Match on catch block at 0xc3 in for 0x149
01-17 21:54:39.687 28256 28256 E ArmVmp : Match on catch block at 0xc3 in for 0x155
01-17 21:54:39.690 28256 28256 E ArmVmp : Match on catch block at 0xc3 in for 0x151
01-17 21:54:39.692 28256 28256 E ArmVmp : Match on catch block at 0xc3 in for 0x155
01-17 21:54:39.703 28256 28256 E ArmVmp : Match on catch block at 0xc3 in for 0x145
01-17 21:54:39.706 28256 28256 E ArmVmp : Match on catch block at 0xc3 in for 0x141
01-17 21:54:39.709 28256 28256 E ArmVmp : Match on catch block at 0xc3 in for 0x145
01-17 21:54:39.722 28256 28256 E ArmVmp : Match on catch block at 0xc3 in for 0x151
01-17 21:54:39.726 28256 28256 E ArmVmp : Match on catch block at 0xc3 in for 0x14d
01-17 21:54:39.728 28256 28256 E ArmVmp : Match on catch block at 0xc3 in for 0x151
01-17 21:54:39.740 28256 28256 E ArmVmp : Match on catch block at 0xc3 in for 0x141
01-17 21:54:39.743 28256 28256 E ArmVmp : Match on catch block at 0xc3 in for 0x159
01-17 21:54:39.745 28256 28256 E ArmVmp : Match on catch block at 0xc3 in for 0x141
01-17 21:54:39.753 28256 28256 E ArmVmp : Match on catch block at 0xc3 in for 0x14d
01-17 21:54:39.755 28256 28256 E ArmVmp : Match on catch block at 0xc3 in for 0x149
01-17 21:54:39.757 28256 28256 E ArmVmp : Match on catch block at 0xc3 in for 0x14d
01-17 21:54:39.769 28256 28256 E ArmVmp : Match on catch block at 0xc3 in for 0x14d
01-17 21:54:39.772 28256 28256 E ArmVmp : Match on catch block at 0xc3 in for 0x149
01-17 21:54:39.774 28256 28256 E ArmVmp : Match on catch block at 0xc3 in for 0x14d
01-17 21:54:39.787 28256 28256 E ArmVmp : Match on catch block at 0xc3 in for 0x159
01-17 21:54:39.791 28256 28256 E ArmVmp : Match on catch block at 0xc3 in for 0x155
01-17 21:54:39.793 28256 28256 E ArmVmp : Match on catch block at 0xc3 in for 0x159
01-17 21:54:39.852 28256 28256 E ArmVmp : Match on catch block at 0xc3 in for 0x141
01-17 21:54:39.855 28256 28256 E ArmVmp : Match on catch block at 0xc3 in for 0x159
01-17 21:54:39.857 28256 28256 E ArmVmp : Match on catch block at 0xc3 in for 0x141
01-17 21:54:39.937 28256 28256 E ArmVmp : Match on catch block at 0xc3 in for 0x145
01-17 21:54:39.941 28256 28256 E ArmVmp : Match on catch block at 0xc3 in for 0x141
01-17 21:54:39.944 28256 28256 E ArmVmp : Match on catch block at 0xc3 in for 0x145
01-17 21:54:39.953 28256 28256 E ArmVmp : Match on catch block at 0xc3 in for 0x151
01-17 21:54:39.957 28256 28256 E ArmVmp : Match on catch block at 0xc3 in for 0x14d
01-17 21:54:39.960 28256 28256 E ArmVmp : Match on catch block at 0xc3 in for 0x151
01-17 21:54:39.969 28256 28256 E ArmVmp : Match on catch block at 0xc3 in for 0x141
01-17 21:54:39.972 28256 28256 E ArmVmp : Match on catch block at 0xc3 in for 0x159
01-17 21:54:39.975 28256 28256 E ArmVmp : Match on catch block at 0xc3 in for 0x141
01-17 21:54:39.985 28256 28256 E ArmVmp : Match on catch block at 0xc3 in for 0x14d
