01-17 21:47:22.604 28256 28256 E ArmVmp : Match on catch block at 0xc3 in for 0x155
01-17 21:47:22.683 28256 28256 E ArmVmp : Match on catch block at 0xc3 in for 0x149
01-17 21:47:22.688 28256 28256 E ArmVmp : Match on catch block at 0xc3 in for 0x145
01-17 21:47:22.848 28256 28256 E ArmVmp : Match on catch block at 0xc3 in for 0x155
01-17 21:47:22.853 28256 28256 E ArmVmp : Match on catch block at 0xc3 in for 0x151
01-17 21:47:22.882 28256 28256 E ArmVmp : Match on catch block at 0xc3 in for 0x145
01-17 21:47:22.886 28256 28256 E ArmVmp : Match on catch block at 0xc3 in for 0x141
01-17 21:47:23.047 28256 28256 E ArmVmp : Match on catch block at 0xc3 in for 0x151
01-17 21:47:23.052 28256 28256 E ArmVmp : Match on catch block at 0xc3 in for 0x14d
01-17 21:47:23.080 28256 28256 E ArmVmp : Match on catch block at 0xc3 in for 0x141
01-17 21:47:23.085 28256 28256 E ArmVmp : Match on catch block at 0xc3 in for 0x159
01-17 21:47:23.197 28256 28256 E ArmVmp : Match on catch block at 0xc3 in for 0x14d
01-17 21:47:23.202 28256 28256 E ArmVmp : Match on catch block at 0xc3 in for 0x149
01-17 21:47:23.329 28256 28256 E ArmVmp : Match on catch block at 0xc3 in for 0x159
01-17 21:47:23.334 28256 28256 E ArmVmp : Match on catch block at 0xc3 in for 0x155
01-17 21:47:23.428 28256 28256 E ArmVmp : Match on catch block at 0xc3 in for 0x149
01-17 21:47:23.430 28256 28256 E ArmVmp : Match on catch block at 0xc3 in for 0x145
01-17 21:47:23.643 28256 28256 E ArmVmp : Match on catch block at 0xc3 in for 0x155
01-17 21:47:23.646 28256 28256 E ArmVmp : Match on catch block at 0xc3 in for 0x151
01-17 21:47:24.157 28256 28256 E ArmVmp : Match on catch block at 0xc3 in for 0x159
01-17 21:47:24.161 28256 28256 E ArmVmp : Match on catch block at 0xc3 in for 0x155
01-17 21:47:24.657 28256 28256 E ArmVmp : Match on catch block at 0xc3 in for 0x141
01-17 21:47:24.662 28256 28256 E ArmVmp : Match on catch block at 0xc3 in for 0x159
01-17 21:47:25.153 28256 28256 E ArmVmp : Match on catch block at 0xc3 in for 0x145
01-17 21:47:25.159 28256 28256 E ArmVmp : Match on catch block at 0xc3 in for 0x141
01-17 21:47:25.651 28256 28256 E ArmVmp : Match on catch block at 0xc3 in for 0x149
01-17 21:47:25.657 28256 28256 E ArmVmp : Match on catch block at 0xc3 in for 0x145
01-17 21:47:26.165 28256 28256 E ArmVmp : Match on catch block at 0xc3 in for 0x14d
01-17 21:47:26.171 28256 28256 E ArmVmp : Match on catch block at 0xc3 in for 0x149
01-17 21:47:26.662 28256 28256 E ArmVmp : Match on catch block at 0xc3 in for 0x151
01-17 21:47:26.670 28256 28256 E ArmVmp : Match on catch block at 0xc3 in for 0x14d
01-17 21:47:27.160 28256 28256 E ArmVmp : Match on catch block at 0xc3 in for 0x155
01-17 21:47:27.167 28256 28256 E ArmVmp : Match on catch block at 0xc3 in for 0x151
01-17 21:47:27.625 28256 28256 E ArmVmp : Match on catch block at 0xc3 in for 0x155
01-17 21:47:27.630 28256 28256 E ArmVmp : Match on catch block at 0xc3 in for 0x151
01-17 21:47:27.664 28256 28256 E ArmVmp : Match on catch block at 0xc3 in for 0x14d
01-17 21:47:27.667 28256 28256 E ArmVmp : Match on catch block at 0xc3 in for 0x149
01-17 21:47:27.693 28256 28256 E ArmVmp : Match on catch block at 0xc3 in for 0x159
01-17 21:47:27.695 28256 28256 E ArmVmp : Match on catch block at 0xc3 in for 0x155
01-17 21:47:27.720 28256 28256 E ArmVmp : Match on catch block at 0xc3 in for 0x149
01-17 21:47:27.723 28256 28256 E ArmVmp : Match on catch block at 0xc3 in for 0x145
01-17 21:47:27.742 28256 28256 E ArmVmp : Match on catch block at 0xc3 in for 0x159
01-17 21:47:27.745 28256 28256 E ArmVmp : Match on catch block at 0xc3 in for 0x155
01-17 21:47:27.754 28256 28256 E ArmVmp : Match on catch block at 0xc3 in for 0x141
01-17 21:47:27.758 28256 28256 E ArmVmp : Match on catch block at 0xc3 in for 0x159
01-17 21:47:27.771 28256 28256 E ArmVmp : Match on catch block at 0xc3 in for 0x145
01-17 21:47:27.774 28256 28256 E ArmVmp : Match on catch block at 0xc3 in for 0x141
01-17 21:47:27.787 28256 28256 E ArmVmp : Match on catch block at 0xc3 in for 0x149
01-17 21:47:27.789 28256 28256 E ArmVmp : Match on catch block at 0xc3 in for 0x145
01-17 21:47:27.803 28256 28256 E ArmVmp : Match on catch block at 0xc3 in for 0x14d
01-17 21:47:27.806 28256 28256 E ArmVmp : Match on catch block at 0xc3 in for 0x149
01-17 21:47:27.820 28256 28256 E ArmVmp : Match on catch block at 0xc3 in for 0x151
01-17 21:47:27.822 28256 28256 E ArmVmp : Match on catch block at 0xc3 in for 0x14d
01-17 21:47:27.836 28256 28256 E ArmVmp : Match on catch block at 0xc3 in for 0x155
01-17 21:47:27.840 28256 28256 E ArmVmp : Match on catch block at 0xc3 in for 0x151
01-17 21:47:27.853 28256 28256 E ArmVmp : Match on catch block at 0xc3 in for 0x159
01-17 21:47:27.857 28256 28256 E ArmVmp : Match on catch block at 0xc3 in for 0x155
01-17 21:47:28.157 28256 28256 E ArmVmp : Match on catch block at 0xc3 in for 0x14d
01-17 21:47:28.162 28256 28256 E ArmVmp : Match on catch block at 0xc3 in for 0x149
01-17 21:47:28.185 28256 28256 E ArmVmp : Match on catch block at 0xc3 in for 0x151
01-17 21:47:28.188 28256 28256 E ArmVmp : Match on catch block at 0xc3 in for 0x14d
01-17 21:47:28.685 28256 28256 E ArmVmp : Match on catch block at 0xc3 in for 0x14d
01-17 21:47:28.693 28256 28256 E ArmVmp : Match on catch block at 0xc3 in for 0x149
01-17 21:47:29.017 28256 28256 E ArmVmp : Match on catch block at 0xc3 in for 0x159
01-17 21:47:29.022 28256 28256 E ArmVmp : Match on catch block at 0xc3 in for 0x155
01-17 21:47:29.036 28256 28256 E ArmVmp : Match on catch block at 0xc3 in for 0x145
01-17 21:47:29.040 28256 28256 E ArmVmp : Match on catch block at 0xc3 in for 0x141
01-17 21:47:29.047 28256 28256 E ArmVmp : Match on catch block at 0xc3 in for 0x155
01-17 21:47:29.051 28256 28256 E ArmVmp : Match on catch block at 0xc3 in for 0x151
01-17 21:47:29.064 28256 28256 E ArmVmp : Match on catch block at 0xc3 in for 0x149
01-17 21:47:29.067 28256 28256 E ArmVmp : Match on catch block at 0xc3 in for 0x145
01-17 21:47:29.080 28256 28256 E ArmVmp : Match on catch block at 0xc3 in for 0x159
01-17 21:47:29.084 28256 28256 E ArmVmp : Match on catch block at 0xc3 in for 0x155
01-17 21:47:29.097 28256 28256 E ArmVmp : Match on catch block at 0xc3 in for 0x14d
01-17 21:47:29.100 28256 28256 E ArmVmp : Match on catch block at 0xc3 in for 0x149
01-17 21:47:29.114 28256 28256 E ArmVmp : Match on catch block at 0xc3 in for 0x141
01-17 21:47:29.117 28256 28256 E ArmVmp : Match on catch block at 0xc3 in for 0x159
01-17 21:47:29.130 28256 28256 E ArmVmp : Match on catch block at 0xc3 in for 0x151
01-17 21:47:29.134 28256 28256 E ArmVmp : Match on catch block at 0xc3 in for 0x14d
01-17 21:47:29.148 28256 28256 E ArmVmp : Match on catch block at 0xc3 in for 0x145
01-17 21:47:29.153 28256 28256 E ArmVmp : Match on catch block at 0xc3 in for 0x141
01-17 21:47:29.164 28256 28256 E ArmVmp : Match on catch block at 0xc3 in for 0x155
01-17 21:47:29.169 28256 28256 E ArmVmp : Match on catch block at 0xc3 in for 0x151
01-17 21:47:29.181 28256 28256 E ArmVmp : Match on catch block at 0xc3 in for 0x149
01-17 21:47:29.185 28256 28256 E ArmVmp : Match on catch block at 0xc3 in for 0x145
01-17 21:47:29.197 28256 28256 E ArmVmp : Match on catch block at 0xc3 in for 0x159
01-17 21:47:29.202 28256 28256 E ArmVmp : Match on catch block at 0xc3 in for 0x155
01-17 21:47:29.214 28256 28256 E ArmVmp : Match on catch block at 0xc3 in for 0x14d
01-17 21:47:29.217 28256 28256 E ArmVmp : Match on catch block at 0xc3 in for 0x149
01-17 21:47:29.231 28256 28256 E ArmVmp : Match on catch block at 0xc3 in for 0x141
01-17 21:47:29.234 28256 28256 E ArmVmp : Match on catch block at 0xc3 in for 0x159
01-17 21:47:29.249 28256 28256 E ArmVmp : Match on catch block at 0xc3 in for 0x145
01-17 21:47:29.253 28256 28256 E ArmVmp : Match on catch block at 0xc3 in for 0x141
01-17 21:47:29.264 28256 28256 E ArmVmp : Match on catch block at 0xc3 in for 0x155
01-17 21:47:29.268 28256 28256 E ArmVmp : Match on catch block at 0xc3 in for 0x151
01-17 21:47:29.280 28256 28256 E ArmVmp : Match on catch block at 0xc3 in for 0x149
01-17 21:47:29.285 28256 28256 E ArmVmp : Match on catch block at 0xc3 in for 0x145
01-17 21:47:29.296 28256 28256 E ArmVmp : Match on catch block at 0xc3 in for 0x159
01-17 21:47:29.300 28256 28256 E ArmVmp : Match on catch block at 0xc3 in for 0x155
01-17 21:47:29.313 28256 28256 E ArmVmp : Match on catch block at 0xc3 in for 0x14d
01-17 21:47:29.318 28256 28256 E ArmVmp : Match on catch block at 0xc3 in for 0x149
01-17 21:47:29.330 28256 28256 E ArmVmp : Match on catch block at 0xc3 in for 0x141
01-17 21:47:29.335 28256 28256 E ArmVmp : Match on catch block at 0xc3 in for 0x159
01-17 21:47:29.347 28256 28256 E ArmVmp : Match on catch block at 0xc3 in for 0x151
01-17 21:47:29.351 28256 28256 E ArmVmp : Match on catch block at 0xc3 in for 0x14d
01-17 21:47:29.363 28256 28256 E ArmVmp : Match on catch block at 0xc3 in for 0x145
01-17 21:47:29.368 28256 28256 E ArmVmp : Match on catch block at 0xc3 in for 0x141
01-17 21:47:29.380 28256 28256 E ArmVmp : Match on catch block at 0xc3 in for 0x155
01-17 21:47:29.384 28256 28256 E ArmVmp : Match on catch block at 0xc3 in for 0x151
01-17 21:47:29.395 28256 28256 E ArmVmp : Match on catch block at 0xc3 in for 0x149
01-17 21:47:29.400 28256 28256 E ArmVmp : Match on catch block at 0xc3 in for 0x145
01-17 21:47:29.412 28256 28256 E ArmVmp : Match on catch block at 0xc3 in for 0x159
01-17 21:47:29.416 28256 28256 E ArmVmp : Match on catch block at 0xc3 in for 0x155
01-17 21:47:29.429 28256 28256 E ArmVmp : Match on catch block at 0xc3 in for 0x14d
01-17 21:47:29.432 28256 28256 E ArmVmp : Match on catch block at 0xc3 in for 0x149
01-17 21:47:29.445 28256 28256 E ArmVmp : Match on catch block at 0xc3 in for 0x141
01-17 21:47:29.448 28256 28256 E ArmVmp : Match on catch block at 0xc3 in for 0x159
01-17 21:47:29.462 28256 28256 E ArmVmp : Match on catch block at 0xc3 in for 0x151
01-17 21:47:29.466 28256 28256 E ArmVmp : Match on catch block at 0xc3 in for 0x14d
01-17 21:47:29.478 28256 28256 E ArmVmp : Match on catch block at 0xc3 in for 0x145
01-17 21:47:29.481 28256 28256 E ArmVmp : Match on catch block at 0xc3 in for 0x141
01-17 21:47:29.495 28256 28256 E ArmVmp : Match on catch block at 0xc3 in for 0x155
01-17 21:47:29.498 28256 28256 E ArmVmp : Match on catch block at 0xc3 in for 0x151
01-17 21:47:29.526 28256 28256 E ArmVmp : Match on catch block at 0xc3 in for 0x159
01-17 21:47:29.528 28256 28256 E ArmVmp : Match on catch block at 0xc3 in for 0x155
01-17 21:47:29.540 28256 28256 E ArmVmp : Match on catch block at 0xc3 in for 0x151
01-17 21:47:29.542 28256 28256 E ArmVmp : Match on catch block at 0xc3 in for 0x14d
01-17 21:47:29.551 28256 28256 E ArmVmp : Match on catch block at 0xc3 in for 0x155
01-17 21:47:29.554 28256 28256 E ArmVmp : Match on catch block at 0xc3 in for 0x151
01-17 21:47:29.560 28256 28256 E ArmVmp : Match on catch block at 0xc3 in for 0x159
01-17 21:47:29.562 28256 28256 E ArmVmp : Match on catch block at 0xc3 in for 0x155
01-17 21:47:29.577 28256 28256 E ArmVmp : Match on catch block at 0xc3 in for 0x141
01-17 21:47:29.579 28256 28256 E ArmVmp : Match on catch block at 0xc3 in for 0x159
01-17 21:47:29.593 28256 28256 E ArmVmp : Match on catch block at 0xc3 in for 0x145
01-17 21:47:29.596 28256 28256 E ArmVmp : Match on catch block at 0xc3 in for 0x141
01-17 21:47:29.610 28256 28256 E ArmVmp : Match on catch block at 0xc3 in for 0x149
01-17 21:47:29.612 28256 28256 E ArmVmp : Match on catch block at 0xc3 in for 0x145
01-17 21:47:29.626 28256 28256 E ArmVmp : Match on catch block at 0xc3 in for 0x14d
01-17 21:47:29.629 28256 28256 E ArmVmp : Match on catch block at 0xc3 in for 0x149
01-17 21:47:29.643 28256 28256 E ArmVmp : Match on catch block at 0xc3 in for 0x151
01-17 21:47:29.646 28256 28256 E ArmVmp : Match on catch block at 0xc3 in for 0x14d
01-17 21:47:29.660 28256 28256 E ArmVmp : Match on catch block at 0xc3 in for 0x155
01-17 21:47:29.665 28256 28256 E ArmVmp : Match on catch block at 0xc3 in for 0x151
01-17 21:47:29.677 28256 28256 E ArmVmp : Match on catch block at 0xc3 in for 0x159
01-17 21:47:29.682 28256 28256 E ArmVmp : Match on catch block at 0xc3 in for 0x155
01-17 21:47:29.693 28256 28256 E ArmVmp : Match on catch block at 0xc3 in for 0x141
01-17 21:47:29.698 28256 28256 E ArmVmp : Match on catch block at 0xc3 in for 0x159
01-17 21:47:29.710 28256 28256 E ArmVmp : Match on catch block at 0xc3 in for 0x145
01-17 21:47:29.714 28256 28256 E ArmVmp : Match on catch block at 0xc3 in for 0x141
01-17 21:47:29.726 28256 28256 E ArmVmp : Match on catch block at 0xc3 in for 0x149
01-17 21:47:29.730 28256 28256 E ArmVmp : Match on catch block at 0xc3 in for 0x145
01-17 21:47:29.743 28256 28256 E ArmVmp : Match on catch block at 0xc3 in for 0x14d
01-17 21:47:29.749 28256 28256 E ArmVmp : Match on catch block at 0xc3 in for 0x149
01-17 21:47:29.760 28256 28256 E ArmVmp : Match on catch block at 0xc3 in for 0x151
01-17 21:47:29.765 28256 28256 E ArmVmp : Match on catch block at 0xc3 in for 0x14d
01-17 21:47:29.776 28256 28256 E ArmVmp : Match on catch block at 0xc3 in for 0x155
01-17 21:47:29.781 28256 28256 E ArmVmp : Match on catch block at 0xc3 in for 0x151
01-17 21:47:29.804 28256 28256 E ArmVmp : Match on catch block at 0xc3 in for 0x151
01-17 21:47:29.807 28256 28256 E ArmVmp : Match on catch block at 0xc3 in for 0x14d
01-17 21:47:29.825 28256 28256 E ArmVmp : Match on catch block at 0xc3 in for 0x155
01-17 21:47:29.828 28256 28256 E ArmVmp : Match on catch block at 0xc3 in for 0x151
01-17 21:47:30.191 28256 28256 E ArmVmp : Match on catch block at 0xc3 in for 0x159
01-17 21:47:30.194 28256 28256 E ArmVmp : Match on catch block at 0xc3 in for 0x155
01-17 21:47:30.706 28256 28256 E ArmVmp : Match on catch block at 0xc3 in for 0x141
01-17 21:47:30.711 28256 28256 E ArmVmp : Match on catch block at 0xc3 in for 0x159
01-17 21:47:31.006 28256 28256 E ArmVmp : Match on catch block at 0xc3 in for 0x141
01-17 21:47:31.010 28256 28256 E ArmVmp : Match on catch block at 0xc3 in for 0x159
01-17 21:47:31.022 28256 28256 E ArmVmp : Match on catch block at 0xc3 in for 0x141
01-17 21:47:31.025 28256 28256 E ArmVmp : Match on catch block at 0xc3 in for 0x159
01-17 21:47:31.035 28256 28256 E ArmVmp : Match on catch block at 0xc3 in for 0x145
01-17 21:47:31.038 28256 28256 E ArmVmp : Match on catch block at 0xc3 in for 0x141
01-17 21:47:31.052 28256 28256 E ArmVmp : Match on catch block at 0xc3 in for 0x149
01-17 21:47:31.054 28256 28256 E ArmVmp : Match on catch block at 0xc3 in for 0x145
01-17 21:47:31.068 28256 28256 E ArmVmp : Match on catch block at 0xc3 in for 0x14d
01-17 21:47:31.071 28256 28256 E ArmVmp : Match on catch block at 0xc3 in for 0x149
01-17 21:47:31.085 28256 28256 E ArmVmp : Match on catch block at 0xc3 in for 0x151
01-17 21:47:31.089 28256 28256 E ArmVmp : Match on catch block at 0xc3 in for 0x14d
01-17 21:47:31.101 28256 28256 E ArmVmp : Match on catch block at 0xc3 in for 0x155
01-17 21:47:31.104 28256 28256 E ArmVmp : Match on catch block at 0xc3 in for 0x151
01-17 21:47:31.118 28256 28256 E ArmVmp : Match on catch block at 0xc3 in for 0x159
01-17 21:47:31.121 28256 28256 E ArmVmp : Match on catch block at 0xc3 in for 0x155
01-17 21:47:31.138 28256 28256 E ArmVmp : Match on catch block at 0xc3 in for 0x141
01-17 21:47:31.143 28256 28256 E ArmVmp : Match on catch block at 0xc3 in for 0x159
01-17 21:47:31.152 28256 28256 E ArmVmp : Match on catch block at 0xc3 in for 0x145
01-17 21:47:31.157 28256 28256 E ArmVmp : Match on catch block at 0xc3 in for 0x141
01-17 21:47:31.168 28256 28256 E ArmVmp : Match on catch block at 0xc3 in for 0x149
01-17 21:47:31.172 28256 28256 E ArmVmp : Match on catch block at 0xc3 in for 0x145
01-17 21:47:31.185 28256 28256 E ArmVmp : Match on catch block at 0xc3 in for 0x155
01-17 21:47:31.189 28256 28256 E ArmVmp : Match on catch block at 0xc3 in for 0x151
01-17 21:47:31.201 28256 28256 E ArmVmp : Match on catch block at 0xc3 in for 0x159
01-17 21:47:31.204 28256 28256 E ArmVmp : Match on catch block at 0xc3 in for 0x155
01-17 21:47:31.400 28256 28256 E ArmVmp : Match on catch block at 0xc3 in for 0x149
01-17 21:47:31.402 28256 28256 E ArmVmp : Match on catch block at 0xc3 in for 0x145
01-17 21:47:31.748 28256 28256 E ArmVmp : Match on catch block at 0xc3 in for 0x155
01-17 21:47:31.751 28256 28256 E ArmVmp : Match on catch block at 0xc3 in for 0x151
01-17 21:47:32.246 28256 28256 E ArmVmp : Match on catch block at 0xc3 in for 0x159
01-17 21:47:32.252 28256 28256 E ArmVmp : Match on catch block at 0xc3 in for 0x155
01-17 21:47:32.742 28256 28256 E ArmVmp : Match on catch block at 0xc3 in for 0x155
01-17 21:47:32.746 28256 28256 E ArmVmp : Match on catch block at 0xc3 in for 0x151
01-17 21:47:32.771 28256 28267 W System : A resource failed to call CursorWindow.close.
01-17 21:47:32.771 28256 28267 W System : A resource failed to call AbstractCursor.close.
01-17 21:47:33.007 28256 28256 E ArmVmp : Match on catch block at 0xc3 in for 0x155
01-17 21:47:33.010 28256 28256 E ArmVmp : Match on catch block at 0xc3 in for 0x151
01-17 21:47:33.240 28256 28256 E ArmVmp : Match on catch block at 0xc3 in for 0x145
01-17 21:47:33.245 28256 28256 E ArmVmp : Match on catch block at 0xc3 in for 0x141
01-17 21:47:33.389 28256 28256 E ArmVmp : Match on catch block at 0xc3 in for 0x151
01-17 21:47:33.394 28256 28256 E ArmVmp : Match on catch block at 0xc3 in for 0x14d
01-17 21:47:33.887 28256 28256 E ArmVmp : Match on catch block at 0xc3 in for 0x155
01-17 21:47:33.892 28256 28256 E ArmVmp : Match on catch block at 0xc3 in for 0x151
01-17 21:47:34.090 28256 28256 E ArmVmp : Match on catch block at 0xc3 in for 0x141
01-17 21:47:34.095 28256 28256 E ArmVmp : Match on catch block at 0xc3 in for 0x159
01-17 21:47:34.154 28256 28322 W Parcel : Expecting binder but got null!
01-17 21:47:34.173 28256 28322 W Parcel : Expecting binder but got null!
01-17 21:47:34.183 28256 28256 E ArmVmp : Match on catch block at 0xc3 in for 0x159
01-17 21:47:34.186 28256 28256 E ArmVmp : Match on catch block at 0xc3 in for 0x155
01-17 21:47:34.583 28256 28256 E ArmVmp : Match on catch block at 0xc3 in for 0x151
01-17 21:47:34.588 28256 28256 E ArmVmp : Match on catch block at 0xc3 in for 0x14d
01-17 21:47:35.082 28256 28256 E ArmVmp : Match on catch block at 0xc3 in for 0x155
01-17 21:47:35.091 28256 28256 E ArmVmp : Match on catch block at 0xc3 in for 0x151
01-17 21:47:35.595 28256 28256 E ArmVmp : Match on catch block at 0xc3 in for 0x159
01-17 21:47:35.601 28256 28256 E ArmVmp : Match on catch block at 0xc3 in for 0x155
01-17 21:47:36.092 28256 28256 E ArmVmp : Match on catch block at 0xc3 in for 0x141
01-17 21:47:36.099 28256 28256 E ArmVmp : Match on catch block at 0xc3 in for 0x159
01-17 21:47:36.539 28256 28256 E ArmVmp : Match on catch block at 0xc3 in for 0x155
01-17 21:47:36.545 28256 28256 E ArmVmp : Match on catch block at 0xc3 in for 0x151
01-17 21:47:36.754 28256 28256 E ArmVmp : Match on catch block at 0xc3 in for 0x149
01-17 21:47:36.761 28256 28256 E ArmVmp : Match on catch block at 0xc3 in for 0x145
01-17 21:47:37.251 28256 28256 E ArmVmp : Match on catch block at 0xc3 in for 0x14d
01-17 21:47:37.256 28256 28256 E ArmVmp : Match on catch block at 0xc3 in for 0x149
01-17 21:47:37.284 28256 28256 E ArmVmp : Match on catch block at 0xc3 in for 0x159
01-17 21:47:37.288 28256 28256 E ArmVmp : Match on catch block at 0xc3 in for 0x155
01-17 21:47:37.483 28256 28256 E ArmVmp : Match on catch block at 0xc3 in for 0x149
01-17 21:47:37.488 28256 28256 E ArmVmp : Match on catch block at 0xc3 in for 0x145
01-17 21:47:37.997 28256 28256 E ArmVmp : Match on catch block at 0xc3 in for 0x14d
01-17 21:47:38.003 28256 28256 E ArmVmp : Match on catch block at 0xc3 in for 0x149
01-17 21:47:38.494 28256 28256 E ArmVmp : Match on catch block at 0xc3 in for 0x151
01-17 21:47:38.500 28256 28256 E ArmVmp : Match on catch block at 0xc3 in for 0x14d
01-17 21:47:38.910 28256 28256 E ArmVmp : Match on catch block at 0xc3 in for 0x151
01-17 21:47:38.915 28256 28256 E ArmVmp : Match on catch block at 0xc3 in for 0x14d
01-17 21:47:38.971 28256 28256 E ArmVmp : Match on catch block at 0xc3 in for 0x145
01-17 21:47:38.974 28256 28256 E ArmVmp : Match on catch block at 0xc3 in for 0x141
01-17 21:47:38.993 28256 28256 E ArmVmp : Match on catch block at 0xc3 in for 0x149
01-17 21:47:38.996 28256 28256 E ArmVmp : Match on catch block at 0xc3 in for 0x145
01-17 21:47:39.002 28256 28256 E ArmVmp : Match on catch block at 0xc3 in for 0x14d
01-17 21:47:39.005 28256 28256 E ArmVmp : Match on catch block at 0xc3 in for 0x149
01-17 21:47:39.032 28256 28256 E ArmVmp : Match on catch block at 0xc3 in for 0x151
01-17 21:47:39.036 28256 28256 E ArmVmp : Match on catch block at 0xc3 in for 0x14d
01-17 21:47:39.049 28256 28256 E ArmVmp : Match on catch block at 0xc3 in for 0x151
01-17 21:47:39.052 28256 28256 E ArmVmp : Match on catch block at 0xc3 in for 0x14d
01-17 21:47:39.060 28256 28256 E ArmVmp : Match on catch block at 0xc3 in for 0x155
01-17 21:47:39.063 28256 28256 E ArmVmp : Match on catch block at 0xc3 in for 0x151
01-17 21:47:39.073 28256 28256 E ArmVmp : Match on catch block at 0xc3 in for 0x159
01-17 21:47:39.076 28256 28256 E ArmVmp : Match on catch block at 0xc3 in for 0x155
01-17 21:47:39.090 28256 28256 E ArmVmp : Match on catch block at 0xc3 in for 0x141
01-17 21:47:39.093 28256 28256 E ArmVmp : Match on catch block at 0xc3 in for 0x159
01-17 21:47:39.106 28256 28256 E ArmVmp : Match on catch block at 0xc3 in for 0x145
01-17 21:47:39.109 28256 28256 E ArmVmp : Match on catch block at 0xc3 in for 0x141
01-17 21:47:39.123 28256 28256 E ArmVmp : Match on catch block at 0xc3 in for 0x149
01-17 21:47:39.128 28256 28256 E ArmVmp : Match on catch block at 0xc3 in for 0x145
01-17 21:47:39.140 28256 28256 E ArmVmp : Match on catch block at 0xc3 in for 0x14d
01-17 21:47:39.144 28256 28256 E ArmVmp : Match on catch block at 0xc3 in for 0x149
01-17 21:47:39.157 28256 28256 E ArmVmp : Match on catch block at 0xc3 in for 0x151
01-17 21:47:39.161 28256 28256 E ArmVmp : Match on catch block at 0xc3 in for 0x14d
01-17 21:47:39.291 28256 28256 E ArmVmp : Match on catch block at 0xc3 in for 0x145
01-17 21:47:39.295 28256 28256 E ArmVmp : Match on catch block at 0xc3 in for 0x141
01-17 21:47:39.454 28256 28256 E ArmVmp : Match on catch block at 0xc3 in for 0x145
01-17 21:47:39.457 28256 28256 E ArmVmp : Match on catch block at 0xc3 in for 0x141
01-17 21:47:39.953 28256 28256 E ArmVmp : Match on catch block at 0xc3 in for 0x159
01-17 21:47:39.959 28256 28256 E ArmVmp : Match on catch block at 0xc3 in for 0x155
01-17 21:47:40.467 28256 28256 E ArmVmp : Match on catch block at 0xc3 in for 0x141
01-17 21:47:40.472 28256 28256 E ArmVmp : Match on catch block at 0xc3 in for 0x159
01-17 21:47:40.965 28256 28256 E ArmVmp : Match on catch block at 0xc3 in for 0x145
01-17 21:47:40.971 28256 28256 E ArmVmp : Match on catch block at 0xc3 in for 0x141
01-17 21:47:41.462 28256 28256 E ArmVmp : Match on catch block at 0xc3 in for 0x149
01-17 21:47:41.469 28256 28256 E ArmVmp : Match on catch block at 0xc3 in for 0x145
01-17 21:47:41.959 28256 28256 E ArmVmp : Match on catch block at 0xc3 in for 0x14d
01-17 21:47:41.966 28256 28256 E ArmVmp : Match on catch block at 0xc3 in for 0x149
01-17 21:47:42.472 28256 28256 E ArmVmp : Match on catch block at 0xc3 in for 0x155
01-17 21:47:42.478 28256 28256 E ArmVmp : Match on catch block at 0xc3 in for 0x151
01-17 21:47:42.632 28256 28256 E ArmVmp : Match on catch block at 0xc3 in for 0x151
01-17 21:47:42.635 28256 28256 E ArmVmp : Match on catch block at 0xc3 in for 0x14d
01-17 21:47:42.653 28256 28256 E ArmVmp : Match on catch block at 0xc3 in for 0x155
01-17 21:47:42.656 28256 28256 E ArmVmp : Match on catch block at 0xc3 in for 0x151
01-17 21:47:42.969 28256 28256 E ArmVmp : Match on catch block at 0xc3 in for 0x159
01-17 21:47:42.975 28256 28256 E ArmVmp : Match on catch block at 0xc3 in for 0x155
01-17 21:47:43.466 28256 28256 E ArmVmp : Match on catch block at 0xc3 in for 0x141
01-17 21:47:43.472 28256 28256 E ArmVmp : Match on catch block at 0xc3 in for 0x159
01-17 21:47:43.963 28256 28256 E ArmVmp : Match on catch block at 0xc3 in for 0x145
01-17 21:47:43.970 28256 28256 E ArmVmp : Match on catch block at 0xc3 in for 0x141
01-17 21:47:44.461 28256 28256 E ArmVmp : Match on catch block at 0xc3 in for 0x149
01-17 21:47:44.467 28256 28256 E ArmVmp : Match on catch block at 0xc3 in for 0x145
01-17 21:47:44.975 28256 28256 E ArmVmp : Match on catch block at 0xc3 in for 0x14d
01-17 21:47:44.981 28256 28256 E ArmVmp : Match on catch block at 0xc3 in for 0x149
01-17 21:47:45.466 28256 28256 E ArmVmp : Match on catch block at 0xc3 in for 0x145
01-17 21:47:45.500 28256 28256 E ArmVmp : Match on catch block at 0xc3 in for 0x141
01-17 21:47:56.244 28256 28322 W Parcel : Expecting binder but got null!
01-17 21:47:56.286 28256 28256 W BottomSheetBehavior: BottomSheetBehavior now supports multiple callbacks. `setBottomSheetCallback()` removes all existing callbacks, including ones set internally by library authors, which may result in unintended behavior. This may change in the future. Please use `addBottomSheetCallback()` and `removeBottomSheetCallback()` instead to set your own callbacks.
01-17 21:47:56.286 28256 28256 W BottomSheetBehavior: BottomSheetBehavior now supports multiple callbacks. `setBottomSheetCallback()` removes all existing callbacks, including ones set internally by library authors, which may result in unintended behavior. This may change in the future. Please use `addBottomSheetCallback()` and `removeBottomSheetCallback()` instead to set your own callbacks.
01-17 21:47:56.314 28256 28256 W BottomSheetBehavior: BottomSheetBehavior now supports multiple callbacks. `setBottomSheetCallback()` removes all existing callbacks, including ones set internally by library authors, which may result in unintended behavior. This may change in the future. Please use `addBottomSheetCallback()` and `removeBottomSheetCallback()` instead to set your own callbacks.
01-17 21:47:56.314 28256 28256 W BottomSheetBehavior: BottomSheetBehavior now supports multiple callbacks. `setBottomSheetCallback()` removes all existing callbacks, including ones set internally by library authors, which may result in unintended behavior. This may change in the future. Please use `addBottomSheetCallback()` and `removeBottomSheetCallback()` instead to set your own callbacks.
01-17 21:47:56.328 28256 28256 E RecyclerView: No adapter attached; skipping layout
01-17 21:47:58.353 28256 28256 W SoundPool: Use of stream types is deprecated for operations other than volume control
01-17 21:47:58.353 28256 28256 W SoundPool: See the documentation of SoundPool() for what to use instead with android.media.AudioAttributes to qualify your playback use case
01-17 21:47:58.379 28256 28256 W BottomSheetBehavior: BottomSheetBehavior now supports multiple callbacks. `setBottomSheetCallback()` removes all existing callbacks, including ones set internally by library authors, which may result in unintended behavior. This may change in the future. Please use `addBottomSheetCallback()` and `removeBottomSheetCallback()` instead to set your own callbacks.
01-17 21:47:58.440 28256 28322 W Parcel : Expecting binder but got null!
01-17 21:47:58.616 28256 28256 W OnBackInvokedCallback: OnBackInvokedCallback is not enabled for the application.
01-17 21:47:58.616 28256 28256 W OnBackInvokedCallback: Set 'android:enableOnBackInvokedCallback="true"' in the application manifest.
01-17 21:48:08.066 28256 28256 E Toast : setGravity() shouldn't be called on text toasts, the values won't be used
01-17 21:48:08.270 28256 28322 W Parcel : Expecting binder but got null!
01-17 21:48:08.406 28256 28256 W RemoteInputConnectionImpl: getExtractedText on inactive InputConnection
01-17 21:48:09.376 28256 28256 W BottomSheetBehavior: BottomSheetBehavior now supports multiple callbacks. `setBottomSheetCallback()` removes all existing callbacks, including ones set internally by library authors, which may result in unintended behavior. This may change in the future. Please use `addBottomSheetCallback()` and `removeBottomSheetCallback()` instead to set your own callbacks.
01-17 21:48:09.449 28256 28322 W Parcel : Expecting binder but got null!
01-17 21:48:09.642 28256 28256 W OnBackInvokedCallback: OnBackInvokedCallback is not enabled for the application.
01-17 21:48:09.642 28256 28256 W OnBackInvokedCallback: Set 'android:enableOnBackInvokedCallback="true"' in the application manifest.
01-17 21:48:16.201 28256 28322 W Parcel : Expecting binder but got null!
01-17 21:48:22.850 28256 28256 E Toast : setGravity() shouldn't be called on text toasts, the values won't be used
01-17 21:48:22.915 28256 28322 W Parcel : Expecting binder but got null!
01-17 21:48:39.538 28256 28256 E ArmVmp : Match on catch block at 0x0a in for 0x191
01-17 21:48:39.544 28256 28256 E ArmVmp : Match on catch block at 0x0a in for 0x189
01-17 21:48:39.784 28256 28256 E ArmVmp : Match on catch block at 0xc3 in for 0x175
01-17 21:48:39.787 28256 28256 E ArmVmp : Match on catch block at 0xc3 in for 0x16d
01-17 21:48:39.789 28256 28256 E ArmVmp : Match on catch block at 0xc3 in for 0x165
01-17 21:48:39.819 28256 28322 W Parcel : Expecting binder but got null!
01-17 21:48:39.844 28256 28256 E ArmVmp : Match on catch block at 0xc3 in for 0x151
01-17 21:48:39.846 28256 28256 E ArmVmp : Match on catch block at 0xc3 in for 0x14d
01-17 21:48:39.848 28256 28256 E ArmVmp : Match on catch block at 0xc3 in for 0x151
01-17 21:48:39.863 28256 28256 E ArmVmp : Match on catch block at 0xc3 in for 0x145
01-17 21:48:39.867 28256 28256 E ArmVmp : Match on catch block at 0xc3 in for 0x141
01-17 21:48:39.870 28256 28256 E ArmVmp : Match on catch block at 0xc3 in for 0x145
01-17 21:48:39.875 28256 28256 E ArmVmp : Match on catch block at 0xc3 in for 0x145
01-17 21:48:39.877 28256 28256 E ArmVmp : Match on catch block at 0xc3 in for 0x141
01-17 21:48:39.879 28256 28256 E ArmVmp : Match on catch block at 0xc3 in for 0x145
01-17 21:48:39.923 28256 28256 E ArmVmp : Match on catch block at 0xc3 in for 0x14d
01-17 21:48:39.926 28256 28256 E ArmVmp : Match on catch block at 0xc3 in for 0x149
01-17 21:48:39.928 28256 28256 E ArmVmp : Match on catch block at 0xc3 in for 0x14d
01-17 21:48:40.412 28256 28256 E ArmVmp : Match on catch block at 0xc3 in for 0x14d
01-17 21:48:40.418 28256 28256 E ArmVmp : Match on catch block at 0xc3 in for 0x149
01-17 21:48:40.421 28256 28256 E ArmVmp : Match on catch block at 0xc3 in for 0x14d
01-17 21:48:40.909 28256 28256 E ArmVmp : Match on catch block at 0xc3 in for 0x141
01-17 21:48:40.915 28256 28256 E ArmVmp : Match on catch block at 0xc3 in for 0x159
01-17 21:48:40.918 28256 28256 E ArmVmp : Match on catch block at 0xc3 in for 0x141
01-17 21:48:41.423 28256 28256 E ArmVmp : Match on catch block at 0xc3 in for 0x141
01-17 21:48:41.429 28256 28256 E ArmVmp : Match on catch block at 0xc3 in for 0x159
01-17 21:48:41.432 28256 28256 E ArmVmp : Match on catch block at 0xc3 in for 0x141
01-17 21:48:41.920 28256 28256 E ArmVmp : Match on catch block at 0xc3 in for 0x141
01-17 21:48:41.925 28256 28256 E ArmVmp : Match on catch block at 0xc3 in for 0x159
01-17 21:48:41.929 28256 28256 E ArmVmp : Match on catch block at 0xc3 in for 0x141
01-17 21:48:42.418 28256 28256 E ArmVmp : Match on catch block at 0xc3 in for 0x145
01-17 21:48:42.424 28256 28256 E ArmVmp : Match on catch block at 0xc3 in for 0x141
01-17 21:48:42.428 28256 28256 E ArmVmp : Match on catch block at 0xc3 in for 0x145
01-17 21:48:42.916 28256 28256 E ArmVmp : Match on catch block at 0xc3 in for 0x14d
01-17 21:48:42.922 28256 28256 E ArmVmp : Match on catch block at 0xc3 in for 0x149
01-17 21:48:42.926 28256 28256 E ArmVmp : Match on catch block at 0xc3 in for 0x14d
01-17 21:48:43.429 28256 28256 E ArmVmp : Match on catch block at 0xc3 in for 0x14d
01-17 21:48:43.436 28256 28256 E ArmVmp : Match on catch block at 0xc3 in for 0x149
01-17 21:48:43.440 28256 28256 E ArmVmp : Match on catch block at 0xc3 in for 0x14d
01-17 21:48:43.927 28256 28256 E ArmVmp : Match on catch block at 0xc3 in for 0x14d
01-17 21:48:43.934 28256 28256 E ArmVmp : Match on catch block at 0xc3 in for 0x149
01-17 21:48:43.938 28256 28256 E ArmVmp : Match on catch block at 0xc3 in for 0x14d
01-17 21:48:44.425 28256 28256 E ArmVmp : Match on catch block at 0xc3 in for 0x14d
01-17 21:48:44.432 28256 28256 E ArmVmp : Match on catch block at 0xc3 in for 0x149
01-17 21:48:44.436 28256 28256 E ArmVmp : Match on catch block at 0xc3 in for 0x14d
01-17 21:48:44.920 28256 28256 E ArmVmp : Match on catch block at 0xc3 in for 0x14d
01-17 21:48:44.926 28256 28256 E ArmVmp : Match on catch block at 0xc3 in for 0x149
01-17 21:48:44.929 28256 28256 E ArmVmp : Match on catch block at 0xc3 in for 0x14d
01-17 21:48:45.418 28256 28256 E ArmVmp : Match on catch block at 0xc3 in for 0x14d
01-17 21:48:45.423 28256 28256 E ArmVmp : Match on catch block at 0xc3 in for 0x149
01-17 21:48:45.426 28256 28256 E ArmVmp : Match on catch block at 0xc3 in for 0x14d
01-17 21:48:45.931 28256 28256 E ArmVmp : Match on catch block at 0xc3 in for 0x14d
01-17 21:48:45.936 28256 28256 E ArmVmp : Match on catch block at 0xc3 in for 0x149
01-17 21:48:45.940 28256 28256 E ArmVmp : Match on catch block at 0xc3 in for 0x14d
01-17 21:48:46.429 28256 28256 E ArmVmp : Match on catch block at 0xc3 in for 0x14d
01-17 21:48:46.434 28256 28256 E ArmVmp : Match on catch block at 0xc3 in for 0x149
01-17 21:48:46.437 28256 28256 E ArmVmp : Match on catch block at 0xc3 in for 0x14d
01-17 21:48:46.926 28256 28256 E ArmVmp : Match on catch block at 0xc3 in for 0x14d
01-17 21:48:46.931 28256 28256 E ArmVmp : Match on catch block at 0xc3 in for 0x149
01-17 21:48:46.934 28256 28256 E ArmVmp : Match on catch block at 0xc3 in for 0x14d
01-17 21:48:47.423 28256 28256 E ArmVmp : Match on catch block at 0xc3 in for 0x14d
01-17 21:48:47.428 28256 28256 E ArmVmp : Match on catch block at 0xc3 in for 0x149
01-17 21:48:47.431 28256 28256 E ArmVmp : Match on catch block at 0xc3 in for 0x14d
01-17 21:48:47.920 28256 28256 E ArmVmp : Match on catch block at 0xc3 in for 0x14d
01-17 21:48:47.925 28256 28256 E ArmVmp : Match on catch block at 0xc3 in for 0x149
01-17 21:48:47.927 28256 28256 E ArmVmp : Match on catch block at 0xc3 in for 0x14d
01-17 21:48:48.434 28256 28256 E ArmVmp : Match on catch block at 0xc3 in for 0x14d
01-17 21:48:48.439 28256 28256 E ArmVmp : Match on catch block at 0xc3 in for 0x149
01-17 21:48:48.442 28256 28256 E ArmVmp : Match on catch block at 0xc3 in for 0x14d
01-17 21:48:48.931 28256 28256 E ArmVmp : Match on catch block at 0xc3 in for 0x14d
01-17 21:48:48.937 28256 28256 E ArmVmp : Match on catch block at 0xc3 in for 0x149
01-17 21:48:48.941 28256 28256 E ArmVmp : Match on catch block at 0xc3 in for 0x14d
01-17 21:48:49.429 28256 28256 E ArmVmp : Match on catch block at 0xc3 in for 0x14d
01-17 21:48:49.434 28256 28256 E ArmVmp : Match on catch block at 0xc3 in for 0x149
01-17 21:48:49.439 28256 28256 E ArmVmp : Match on catch block at 0xc3 in for 0x14d
01-17 21:48:49.926 28256 28256 E ArmVmp : Match on catch block at 0xc3 in for 0x14d
01-17 21:48:49.934 28256 28256 E ArmVmp : Match on catch block at 0xc3 in for 0x149
01-17 21:48:49.938 28256 28256 E ArmVmp : Match on catch block at 0xc3 in for 0x14d
01-17 21:48:50.440 28256 28256 E ArmVmp : Match on catch block at 0xc3 in for 0x14d
01-17 21:48:50.447 28256 28256 E ArmVmp : Match on catch block at 0xc3 in for 0x149
01-17 21:48:50.452 28256 28256 E ArmVmp : Match on catch block at 0xc3 in for 0x14d
01-17 21:48:50.937 28256 28256 E ArmVmp : Match on catch block at 0xc3 in for 0x14d
01-17 21:48:50.942 28256 28256 E ArmVmp : Match on catch block at 0xc3 in for 0x149
01-17 21:48:50.945 28256 28256 E ArmVmp : Match on catch block at 0xc3 in for 0x14d
01-17 21:48:51.433 28256 28256 E ArmVmp : Match on catch block at 0xc3 in for 0x14d
01-17 21:48:51.438 28256 28256 E ArmVmp : Match on catch block at 0xc3 in for 0x149
01-17 21:48:51.441 28256 28256 E ArmVmp : Match on catch block at 0xc3 in for 0x14d
01-17 21:48:51.931 28256 28256 E ArmVmp : Match on catch block at 0xc3 in for 0x14d
01-17 21:48:51.935 28256 28256 E ArmVmp : Match on catch block at 0xc3 in for 0x149
01-17 21:48:51.938 28256 28256 E ArmVmp : Match on catch block at 0xc3 in for 0x14d
01-17 21:48:52.445 28256 28256 E ArmVmp : Match on catch block at 0xc3 in for 0x14d
01-17 21:48:52.450 28256 28256 E ArmVmp : Match on catch block at 0xc3 in for 0x149
01-17 21:48:52.453 28256 28256 E ArmVmp : Match on catch block at 0xc3 in for 0x14d
01-17 21:48:52.942 28256 28256 E ArmVmp : Match on catch block at 0xc3 in for 0x14d
01-17 21:48:52.948 28256 28256 E ArmVmp : Match on catch block at 0xc3 in for 0x149
01-17 21:48:52.951 28256 28256 E ArmVmp : Match on catch block at 0xc3 in for 0x14d
01-17 21:48:53.439 28256 28256 E ArmVmp : Match on catch block at 0xc3 in for 0x14d
01-17 21:48:53.445 28256 28256 E ArmVmp : Match on catch block at 0xc3 in for 0x149
01-17 21:48:53.448 28256 28256 E ArmVmp : Match on catch block at 0xc3 in for 0x14d
01-17 21:48:53.937 28256 28256 E ArmVmp : Match on catch block at 0xc3 in for 0x14d
01-17 21:48:53.943 28256 28256 E ArmVmp : Match on catch block at 0xc3 in for 0x149
01-17 21:48:53.946 28256 28256 E ArmVmp : Match on catch block at 0xc3 in for 0x14d
01-17 21:48:54.451 28256 28256 E ArmVmp : Match on catch block at 0xc3 in for 0x14d
01-17 21:48:54.456 28256 28256 E ArmVmp : Match on catch block at 0xc3 in for 0x149
01-17 21:48:54.459 28256 28256 E ArmVmp : Match on catch block at 0xc3 in for 0x14d
01-17 21:48:54.948 28256 28256 E ArmVmp : Match on catch block at 0xc3 in for 0x14d
01-17 21:48:54.954 28256 28256 E ArmVmp : Match on catch block at 0xc3 in for 0x149
01-17 21:48:54.958 28256 28256 E ArmVmp : Match on catch block at 0xc3 in for 0x14d
01-17 21:48:55.445 28256 28256 E ArmVmp : Match on catch block at 0xc3 in for 0x14d
01-17 21:48:55.453 28256 28256 E ArmVmp : Match on catch block at 0xc3 in for 0x149
01-17 21:48:55.457 28256 28256 E ArmVmp : Match on catch block at 0xc3 in for 0x14d
01-17 21:48:55.959 28256 28256 E ArmVmp : Match on catch block at 0xc3 in for 0x14d
01-17 21:48:55.966 28256 28256 E ArmVmp : Match on catch block at 0xc3 in for 0x149
01-17 21:48:55.970 28256 28256 E ArmVmp : Match on catch block at 0xc3 in for 0x14d
01-17 21:48:56.457 28256 28256 E ArmVmp : Match on catch block at 0xc3 in for 0x14d
01-17 21:48:56.463 28256 28256 E ArmVmp : Match on catch block at 0xc3 in for 0x149
01-17 21:48:56.467 28256 28256 E ArmVmp : Match on catch block at 0xc3 in for 0x14d
01-17 21:48:56.953 28256 28256 E ArmVmp : Match on catch block at 0xc3 in for 0x14d
01-17 21:48:56.959 28256 28256 E ArmVmp : Match on catch block at 0xc3 in for 0x149
01-17 21:48:56.963 28256 28256 E ArmVmp : Match on catch block at 0xc3 in for 0x14d
01-17 21:48:57.450 28256 28256 E ArmVmp : Match on catch block at 0xc3 in for 0x14d
01-17 21:48:57.455 28256 28256 E ArmVmp : Match on catch block at 0xc3 in for 0x149
01-17 21:48:57.460 28256 28256 E ArmVmp : Match on catch block at 0xc3 in for 0x14d
01-17 21:48:57.947 28256 28256 E ArmVmp : Match on catch block at 0xc3 in for 0x14d
01-17 21:48:57.952 28256 28256 E ArmVmp : Match on catch block at 0xc3 in for 0x149
01-17 21:48:57.956 28256 28256 E ArmVmp : Match on catch block at 0xc3 in for 0x14d
01-17 21:48:58.461 28256 28256 E ArmVmp : Match on catch block at 0xc3 in for 0x14d
01-17 21:48:58.466 28256 28256 E ArmVmp : Match on catch block at 0xc3 in for 0x149
01-17 21:48:58.470 28256 28256 E ArmVmp : Match on catch block at 0xc3 in for 0x14d
01-17 21:48:58.958 28256 28256 E ArmVmp : Match on catch block at 0xc3 in for 0x14d
01-17 21:48:58.962 28256 28256 E ArmVmp : Match on catch block at 0xc3 in for 0x149
01-17 21:48:58.965 28256 28256 E ArmVmp : Match on catch block at 0xc3 in for 0x14d
01-17 21:48:59.455 28256 28256 E ArmVmp : Match on catch block at 0xc3 in for 0x14d
01-17 21:48:59.461 28256 28256 E ArmVmp : Match on catch block at 0xc3 in for 0x149
01-17 21:48:59.465 28256 28256 E ArmVmp : Match on catch block at 0xc3 in for 0x14d
01-17 21:48:59.952 28256 28256 E ArmVmp : Match on catch block at 0xc3 in for 0x14d
01-17 21:48:59.958 28256 28256 E ArmVmp : Match on catch block at 0xc3 in for 0x149
01-17 21:48:59.961 28256 28256 E ArmVmp : Match on catch block at 0xc3 in for 0x14d
01-17 21:49:00.467 28256 28256 E ArmVmp : Match on catch block at 0xc3 in for 0x14d
01-17 21:49:00.473 28256 28256 E ArmVmp : Match on catch block at 0xc3 in for 0x149
01-17 21:49:00.477 28256 28256 E ArmVmp : Match on catch block at 0xc3 in for 0x14d
01-17 21:49:00.965 28256 28256 E ArmVmp : Match on catch block at 0xc3 in for 0x14d
01-17 21:49:00.971 28256 28256 E ArmVmp : Match on catch block at 0xc3 in for 0x149
01-17 21:49:00.975 28256 28256 E ArmVmp : Match on catch block at 0xc3 in for 0x14d
01-17 21:49:01.462 28256 28256 E ArmVmp : Match on catch block at 0xc3 in for 0x14d
01-17 21:49:01.469 28256 28256 E ArmVmp : Match on catch block at 0xc3 in for 0x149
01-17 21:49:01.473 28256 28256 E ArmVmp : Match on catch block at 0xc3 in for 0x14d
01-17 21:49:01.959 28256 28256 E ArmVmp : Match on catch block at 0xc3 in for 0x14d
01-17 21:49:01.966 28256 28256 E ArmVmp : Match on catch block at 0xc3 in for 0x149
01-17 21:49:01.970 28256 28256 E ArmVmp : Match on catch block at 0xc3 in for 0x14d
01-17 21:49:02.472 28256 28256 E ArmVmp : Match on catch block at 0xc3 in for 0x14d
01-17 21:49:02.479 28256 28256 E ArmVmp : Match on catch block at 0xc3 in for 0x149
01-17 21:49:02.484 28256 28256 E ArmVmp : Match on catch block at 0xc3 in for 0x14d
01-17 21:49:02.969 28256 28256 E ArmVmp : Match on catch block at 0xc3 in for 0x14d
01-17 21:49:02.974 28256 28256 E ArmVmp : Match on catch block at 0xc3 in for 0x149
01-17 21:49:02.976 28256 28256 E ArmVmp : Match on catch block at 0xc3 in for 0x14d
01-17 21:49:03.466 28256 28256 E ArmVmp : Match on catch block at 0xc3 in for 0x14d
01-17 21:49:03.471 28256 28256 E ArmVmp : Match on catch block at 0xc3 in for 0x149
01-17 21:49:03.475 28256 28256 E ArmVmp : Match on catch block at 0xc3 in for 0x14d
01-17 21:49:03.963 28256 28256 E ArmVmp : Match on catch block at 0xc3 in for 0x14d
01-17 21:49:03.968 28256 28256 E ArmVmp : Match on catch block at 0xc3 in for 0x149
01-17 21:49:03.972 28256 28256 E ArmVmp : Match on catch block at 0xc3 in for 0x14d
01-17 21:49:04.460 28256 28256 E ArmVmp : Match on catch block at 0xc3 in for 0x14d
01-17 21:49:04.466 28256 28256 E ArmVmp : Match on catch block at 0xc3 in for 0x149
01-17 21:49:04.469 28256 28256 E ArmVmp : Match on catch block at 0xc3 in for 0x14d
01-17 21:49:04.974 28256 28256 E ArmVmp : Match on catch block at 0xc3 in for 0x14d
01-17 21:49:04.980 28256 28256 E ArmVmp : Match on catch block at 0xc3 in for 0x149
01-17 21:49:04.983 28256 28256 E ArmVmp : Match on catch block at 0xc3 in for 0x14d
01-17 21:49:05.471 28256 28256 E ArmVmp : Match on catch block at 0xc3 in for 0x14d
01-17 21:49:05.477 28256 28256 E ArmVmp : Match on catch block at 0xc3 in for 0x149
01-17 21:49:05.480 28256 28256 E ArmVmp : Match on catch block at 0xc3 in for 0x14d
01-17 21:49:05.967 28256 28256 E ArmVmp : Match on catch block at 0xc3 in for 0x14d
01-17 21:49:05.971 28256 28256 E ArmVmp : Match on catch block at 0xc3 in for 0x149
01-17 21:49:05.974 28256 28256 E ArmVmp : Match on catch block at 0xc3 in for 0x14d
01-17 21:49:06.465 28256 28256 E ArmVmp : Match on catch block at 0xc3 in for 0x149
01-17 21:49:06.470 28256 28256 E ArmVmp : Match on catch block at 0xc3 in for 0x145
01-17 21:49:06.474 28256 28256 E ArmVmp : Match on catch block at 0xc3 in for 0x149
01-17 21:49:06.980 28256 28256 E ArmVmp : Match on catch block at 0xc3 in for 0x149
01-17 21:49:06.986 28256 28256 E ArmVmp : Match on catch block at 0xc3 in for 0x145
01-17 21:49:06.989 28256 28256 E ArmVmp : Match on catch block at 0xc3 in for 0x149
01-17 21:49:07.478 28256 28256 E ArmVmp : Match on catch block at 0xc3 in for 0x149
01-17 21:49:07.484 28256 28256 E ArmVmp : Match on catch block at 0xc3 in for 0x145
01-17 21:49:07.488 28256 28256 E ArmVmp : Match on catch block at 0xc3 in for 0x149
01-17 21:49:07.826 28256 28256 E ArmVmp : Match on catch block at 0xc3 in for 0x151
01-17 21:49:07.830 28256 28256 E ArmVmp : Match on catch block at 0xc3 in for 0x14d
01-17 21:49:07.832 28256 28256 E ArmVmp : Match on catch block at 0xc3 in for 0x151
01-17 21:49:07.842 28256 28256 E ArmVmp : Match on catch block at 0xc3 in for 0x141
01-17 21:49:07.845 28256 28256 E ArmVmp : Match on catch block at 0xc3 in for 0x159
01-17 21:49:07.847 28256 28256 E ArmVmp : Match on catch block at 0xc3 in for 0x141
01-17 21:49:07.857 28256 28256 E ArmVmp : Match on catch block at 0xc3 in for 0x14d
01-17 21:49:07.859 28256 28256 E ArmVmp : Match on catch block at 0xc3 in for 0x149
01-17 21:49:07.862 28256 28256 E ArmVmp : Match on catch block at 0xc3 in for 0x14d
01-17 21:49:07.874 28256 28256 E ArmVmp : Match on catch block at 0xc3 in for 0x159
01-17 21:49:07.877 28256 28256 E ArmVmp : Match on catch block at 0xc3 in for 0x155
01-17 21:49:07.879 28256 28256 E ArmVmp : Match on catch block at 0xc3 in for 0x159
01-17 21:49:07.890 28256 28256 E ArmVmp : Match on catch block at 0xc3 in for 0x149
01-17 21:49:07.893 28256 28256 E ArmVmp : Match on catch block at 0xc3 in for 0x145
01-17 21:49:07.896 28256 28256 E ArmVmp : Match on catch block at 0xc3 in for 0x149
01-17 21:49:07.909 28256 28256 E ArmVmp : Match on catch block at 0xc3 in for 0x149
01-17 21:49:07.912 28256 28256 E ArmVmp : Match on catch block at 0xc3 in for 0x145
01-17 21:49:07.914 28256 28256 E ArmVmp : Match on catch block at 0xc3 in for 0x149
01-17 21:49:07.923 28256 28256 E ArmVmp : Match on catch block at 0xc3 in for 0x155
01-17 21:49:07.927 28256 28256 E ArmVmp : Match on catch block at 0xc3 in for 0x151
01-17 21:49:07.929 28256 28256 E ArmVmp : Match on catch block at 0xc3 in for 0x155
01-17 21:49:07.940 28256 28256 E ArmVmp : Match on catch block at 0xc3 in for 0x145
01-17 21:49:07.943 28256 28256 E ArmVmp : Match on catch block at 0xc3 in for 0x141
01-17 21:49:07.945 28256 28256 E ArmVmp : Match on catch block at 0xc3 in for 0x145
01-17 21:49:07.956 28256 28256 E ArmVmp : Match on catch block at 0xc3 in for 0x151
01-17 21:49:07.961 28256 28256 E ArmVmp : Match on catch block at 0xc3 in for 0x14d
01-17 21:49:07.963 28256 28256 E ArmVmp : Match on catch block at 0xc3 in for 0x151
01-17 21:49:07.973 28256 28256 E ArmVmp : Match on catch block at 0xc3 in for 0x141
01-17 21:49:07.976 28256 28256 E ArmVmp : Match on catch block at 0xc3 in for 0x159
01-17 21:49:07.978 28256 28256 E ArmVmp : Match on catch block at 0xc3 in for 0x141
01-17 21:49:07.990 28256 28256 E ArmVmp : Match on catch block at 0xc3 in for 0x14d
01-17 21:49:07.993 28256 28256 E ArmVmp : Match on catch block at 0xc3 in for 0x149
01-17 21:49:07.995 28256 28256 E ArmVmp : Match on catch block at 0xc3 in for 0x14d
01-17 21:49:08.006 28256 28256 E ArmVmp : Match on catch block at 0xc3 in for 0x159
01-17 21:49:08.009 28256 28256 E ArmVmp : Match on catch block at 0xc3 in for 0x155
01-17 21:49:08.011 28256 28256 E ArmVmp : Match on catch block at 0xc3 in for 0x159
01-17 21:49:08.023 28256 28256 E ArmVmp : Match on catch block at 0xc3 in for 0x149
01-17 21:49:08.027 28256 28256 E ArmVmp : Match on catch block at 0xc3 in for 0x145
01-17 21:49:08.029 28256 28256 E ArmVmp : Match on catch block at 0xc3 in for 0x149
01-17 21:49:08.039 28256 28256 E ArmVmp : Match on catch block at 0xc3 in for 0x155
01-17 21:49:08.043 28256 28256 E ArmVmp : Match on catch block at 0xc3 in for 0x151
01-17 21:49:08.045 28256 28256 E ArmVmp : Match on catch block at 0xc3 in for 0x155
01-17 21:49:08.089 28256 28256 E ArmVmp : Match on catch block at 0xc3 in for 0x149
01-17 21:49:08.092 28256 28256 E ArmVmp : Match on catch block at 0xc3 in for 0x145
01-17 21:49:08.094 28256 28256 E ArmVmp : Match on catch block at 0xc3 in for 0x149
01-17 21:49:08.105 28256 28256 E ArmVmp : Match on catch block at 0xc3 in for 0x155
01-17 21:49:08.109 28256 28256 E ArmVmp : Match on catch block at 0xc3 in for 0x151
01-17 21:49:08.111 28256 28256 E ArmVmp : Match on catch block at 0xc3 in for 0x155
01-17 21:49:08.122 28256 28256 E ArmVmp : Match on catch block at 0xc3 in for 0x145
01-17 21:49:08.126 28256 28256 E ArmVmp : Match on catch block at 0xc3 in for 0x141
01-17 21:49:08.128 28256 28256 E ArmVmp : Match on catch block at 0xc3 in for 0x145
01-17 21:49:08.138 28256 28256 E ArmVmp : Match on catch block at 0xc3 in for 0x145
01-17 21:49:08.143 28256 28256 E ArmVmp : Match on catch block at 0xc3 in for 0x141
01-17 21:49:08.145 28256 28256 E ArmVmp : Match on catch block at 0xc3 in for 0x145
01-17 21:49:08.223 28256 28256 E ArmVmp : Match on catch block at 0xc3 in for 0x151
01-17 21:49:08.227 28256 28256 E ArmVmp : Match on catch block at 0xc3 in for 0x14d
01-17 21:49:08.230 28256 28256 E ArmVmp : Match on catch block at 0xc3 in for 0x151
01-17 21:49:08.239 28256 28256 E ArmVmp : Match on catch block at 0xc3 in for 0x141
01-17 21:49:08.243 28256 28256 E ArmVmp : Match on catch block at 0xc3 in for 0x159
01-17 21:49:08.246 28256 28256 E ArmVmp : Match on catch block at 0xc3 in for 0x141
01-17 21:49:08.255 28256 28256 E ArmVmp : Match on catch block at 0xc3 in for 0x14d
01-17 21:49:08.259 28256 28256 E ArmVmp : Match on catch block at 0xc3 in for 0x149
01-17 21:49:08.261 28256 28256 E ArmVmp : Match on catch block at 0xc3 in for 0x14d
01-17 21:49:08.272 28256 28256 E ArmVmp : Match on catch block at 0xc3 in for 0x159
01-17 21:49:08.276 28256 28256 E ArmVmp : Match on catch block at 0xc3 in for 0x155
01-17 21:49:08.279 28256 28256 E ArmVmp : Match on catch block at 0xc3 in for 0x159
01-17 21:49:08.288 28256 28256 E ArmVmp : Match on catch block at 0xc3 in for 0x149
01-17 21:49:08.292 28256 28256 E ArmVmp : Match on catch block at 0xc3 in for 0x145
01-17 21:49:08.294 28256 28256 E ArmVmp : Match on catch block at 0xc3 in for 0x149
