01-17 21:27:44.131 27360 27360 E ArmVmp : Match on catch block at 0xc3 in for 0x151
01-17 21:27:44.140 27360 27360 E ArmVmp : Match on catch block at 0xc3 in for 0x159
01-17 21:27:44.143 27360 27360 E ArmVmp : Match on catch block at 0xc3 in for 0x155
01-17 21:27:44.157 27360 27360 E ArmVmp : Match on catch block at 0xc3 in for 0x141
01-17 21:27:44.161 27360 27360 E ArmVmp : Match on catch block at 0xc3 in for 0x159
01-17 21:27:44.174 27360 27360 E ArmVmp : Match on catch block at 0xc3 in for 0x145
01-17 21:27:44.176 27360 27360 E ArmVmp : Match on catch block at 0xc3 in for 0x141
01-17 21:27:44.190 27360 27360 E ArmVmp : Match on catch block at 0xc3 in for 0x149
01-17 21:27:44.193 27360 27360 E ArmVmp : Match on catch block at 0xc3 in for 0x145
01-17 21:27:44.207 27360 27360 E ArmVmp : Match on catch block at 0xc3 in for 0x14d
01-17 21:27:44.210 27360 27360 E ArmVmp : Match on catch block at 0xc3 in for 0x149
01-17 21:27:44.223 27360 27360 E ArmVmp : Match on catch block at 0xc3 in for 0x151
01-17 21:27:44.226 27360 27360 E ArmVmp : Match on catch block at 0xc3 in for 0x14d
01-17 21:27:44.300 27360 27360 E ArmVmp : Match on catch block at 0xc3 in for 0x159
01-17 21:27:44.303 27360 27360 E ArmVmp : Match on catch block at 0xc3 in for 0x155
01-17 21:27:44.309 27360 28086 W MediaPlayer: Use of stream types is deprecated for oper binder but got null!
01-17 21:27:42.583 27360 27360 E ArmVmp : Match on catch block at 0xc3 in for 0x145
01-17 21:27:42.585 27360 27360 E ArmVmp : Match on catch block at 0xc3 in for 0x141
01-17 21:27:43.221 27360 27360 W InputEventReceiver: Attempted to finish an input event but the input event receiver has already been disposed.
01-17 21:27:43.224 27360 27360 E ArmVmp : Match on catch block at 0xc3 in for 0x151
01-17 21:27:43.227 27360 27360 E ArmVmp : Match on catch block at 0xc3 in for 0x14d
01-17 21:27:43.231 27360 27360 W OnBackInvokedCallback: OnBackInvokedCallback is not enabled for the application.
01-17 21:27:43.231 27360 27360 W OnBackInvokedCallback: Set 'android:enableOnBackInvokedCallback="true"' in the application manifest.
01-17 21:27:43.246 27360 27360 E ArmVmp : Match on catch block at 0xc3 in for 0x151
01-17 21:27:43.249 27360 27360 E ArmVmp : Match on catch block at 0xc3 in for 0x14d
01-17 21:27:43.266 27360 27360 E ArmVmp : Match on catch block at 0xc3 in for 0x145
01-17 21:27:43.268 27360 27360 E ArmVmp : Match on catch block at 0xc3 in for 0x141
01-17 21:27:43.777 27360 27360 E ArmVmp : Match on catch block at 0xc3 in for 0x155
01-17 21:27:43.780 27360 27360 E ArmVmp : Match on catch block at 0xc3 in for 0x151
01-17 21:27:43.944 27360 27360 E ArmVmp : Match on catch block at 0xc3 in for 0x149
01-17 21:27:43.949 27360 27360 E ArmVmp : Match on catch block at 0xc3 in for 0x145
01-17 21:27:44.007 27360 27360 E ArmVmp : Match on catch block at 0xc3 in for 0x151
01-17 21:27:44.012 27360 27360 E ArmVmp : Match on catch block at 0xc3 in for 0x14d
01-17 21:27:44.037 27360 27360 E ArmVmp : Match on catch block at 0xc3 in for 0x145
01-17 21:27:44.040 27360 27360 E ArmVmp : Match on catch block at 0xc3 in for 0x141
01-17 21:27:44.049 27360 27360 E ArmVmp : Match on catch block at 0xc3 in for 0x149
01-17 21:27:44.052 27360 27360 E ArmVmp : Match on catch block at 0xc3 in for 0x145
01-17 21:27:44.064 27360 27360 E ArmVmp : Match on catch block at 0xc3 in for 0x155
01-17 21:27:44.068 27360 27360 E ArmVmp : Match on catch block at 0xc3 in for 0x151
01-17 21:27:44.104 27360 27360 E ArmVmp : Match on catch block at 0xc3 in for 0x151
01-17 21:27:44.107 27360 27360 E ArmVmp : Match on catch block at 0xc3 in for 0x14d
01-17 21:27:44.120 27360 27360 E ArmVmp : Match on catch block at 0xc3 in for 0x151
01-17 21:27:44.122 27360 27360 E ArmVmp : Match on catch block at 0xc3 in for 0x14d
01-17 21:27:44.129 27360 27360 E ArmVmp : Match on catch block at 0xc3 in for 0x155
01-17 21:27:44.131 27360 27360 E ArmVmp : Match on catch block at 0xc3 in for 0x151
01-17 21:27:44.140 27360 27360 E ArmVmp : Match on catch block at 0xc3 in for 0x159
01-17 21:27:44.143 27360 27360 E ArmVmp : Match on catch block at 0xc3 in for 0x155
01-17 21:27:44.157 27360 27360 E ArmVmp : Match on catch block at 0xc3 in for 0x141
01-17 21:27:44.161 27360 27360 E ArmVmp : Match on catch block at 0xc3 in for 0x159
01-17 21:27:44.174 27360 27360 E ArmVmp : Match on catch block at 0xc3 in for 0x145
01-17 21:27:44.176 27360 27360 E ArmVmp : Match on catch block at 0xc3 in for 0x141
01-17 21:27:44.190 27360 27360 E ArmVmp : Match on catch block at 0xc3 in for 0x149
01-17 21:27:44.193 27360 27360 E ArmVmp : Match on catch block at 0xc3 in for 0x145
01-17 21:27:44.207 27360 27360 E ArmVmp : Match on catch block at 0xc3 in for 0x14d
01-17 21:27:44.210 27360 27360 E ArmVmp : Match on catch block at 0xc3 in for 0x149
01-17 21:27:44.223 27360 27360 E ArmVmp : Match on catch block at 0xc3 in for 0x151
01-17 21:27:44.226 27360 27360 E ArmVmp : Match on catch block at 0xc3 in for 0x14d
01-17 21:27:44.300 27360 27360 E ArmVmp : Match on catch block at 0xc3 in for 0x159
01-17 21:27:44.303 27360 27360 E ArmVmp : Match on catch block at 0xc3 in for 0x155
01-17 21:27:44.309 27360 28086 W MediaPlayer: Use of stream types is deprecated for operations other than volume control
01-17 21:27:44.309 27360 28086 W MediaPlayer: See the documentation of setAudioStreamType() for what to use instead with android.media.AudioAttributes to qualifyations other than volume control
01-17 21:27:44.309 27360 28086 W MediaPlayer: See the documentation of setAudioStreamType() for what to use instead with android.media.AudioAttributes to qualify your playback use case
01-17 21:27:44.334 27360 27372 W MediaPlayerNative: info/warning (10973, 0)
01-17 21:27:44.489 27360 27360 E ArmVmp : Match on catch block at 0xc3 in for 0x149
01-17 21:27:44.492 27360 27360 E ArmVmp : Match on catch block at 0xc3 in for 0x145
01-17 21:27:44.666 27360 27360 E ArmVmp : Match on catch block at 0xc3 in for 0x151
01-17 21:27:44.670 27360 27360 E ArmVmp : Match on catch block at 0xc3 in for 0x14d
01-17 21:27:44.690 27360 27360 E ArmVmp : Match on catch block at 0xc3 in for 0x141
01-17 21:27:44.693 27360 27360 E ArmVmp : Match on catch block at 0xc3 in for 0x159
01-17 21:27:44.709 27360 27360 E ArmVmp : Match on catch block at 0xc3 in for 0x155
01-17 21:27:44.712 27360 27360 E ArmVmp : Match on catch block at 0xc3 in for 0x151
01-17 21:27:44.777 27360 27360 E ArmVmp : Match on catch block at 0xc3 in for 0x151
01-17 21:27:44.780 27360 27360 E ArmVmp : Match on catch block at 0xc3 in for 0x14d
01-17 21:27:44.788 27360 27360 E ArmVmp : Match on catch block at 0xc3 in for 0x155
01-17 21:27:44.791 27360 27360 E ArmVmp : Match on catch block at 0xc3 in for 0x151
01-17 21:27:44.986 27360 27360 E ArmVmp : Match on catch block at 0xc3 in for 0x14d
01-17 21:27:44.989 27360 27360 E ArmVmp : Match on catch block at 0xc3 in for 0x149
01-17 21:27:45.500 27360 27360 E ArmVmp : Match on catch block at 0xc3 in for 0x151
01-17 21:27:45.504 27360 27360 E ArmVmp : Match on catch block at 0xc3 in for 0x14d
01-17 21:27:45.997 27360 27360 E ArmVmp : Match on catch block at 0xc3 in for 0x155
01-17 21:27:46.001 27360 27360 E ArmVmp : Match on catch block at 0xc3 in for 0x151
01-17 21:27:46.495 27360 27360 E ArmVmp : Match on catch block at 0xc3 in for 0x159
01-17 21:27:46.500 27360 27360 E ArmVmp : Match on catch block at 0xc3 in for 0x155
01-17 21:27:46.993 27360 27360 E ArmVmp : Match on catch block at 0xc3 in for 0x141
01-17 21:27:46.998 27360 27360 E ArmVmp : Match on catch block at 0xc3 in for 0x159
01-17 21:27:47.507 27360 27360 E ArmVmp : Match on catch block at 0xc3 in for 0x145
01-17 21:27:47.512 27360 27360 E ArmVmp : Match on catch block at 0xc3 in for 0x141
01-17 21:27:48.004 27360 27360 E ArmVmp : Match on catch block at 0xc3 in for 0x149
01-17 21:27:48.011 27360 27360 E ArmVmp : Match on catch block at 0xc3 in for 0x145
01-17 21:27:48.502 27360 27360 E ArmVmp : Match on catch block at 0xc3 in for 0x14d
01-17 21:27:48.508 27360 27360 E ArmVmp : Match on catch block at 0xc3 in for 0x149
01-17 21:27:49.000 27360 27360 E ArmVmp : Match on catch block at 0xc3 in for 0x151
01-17 21:27:49.008 27360 27360 E ArmVmp : Match on catch block at 0xc3 in for 0x14d
01-17 21:27:49.513 27360 27360 E ArmVmp : Match on catch block at 0xc3 in for 0x155
01-17 21:27:49.519 27360 27360 E ArmVmp : Match on catch block at 0xc3 in for 0x151
01-17 21:27:50.010 27360 27360 E ArmVmp : Match on catch block at 0xc3 in for 0x159
01-17 21:27:50.017 27360 27360 E ArmVmp : Match on catch block at 0xc3 in for 0x155
01-17 21:27:50.507 27360 27360 E ArmVmp : Match on catch block at 0xc3 in for 0x141
01-17 21:27:50.514 27360 27360 E ArmVmp : Match on catch block at 0xc3 in for 0x159
01-17 21:27:51.005 27360 27360 E ArmVmp : Match on catch block at 0xc3 in for 0x145
01-17 21:27:51.011 27360 27360 E ArmVmp : Match on catch block at 0xc3 in for 0x141
01-17 21:27:51.519 27360 27360 E ArmVmp : Match on catch block at 0xc3 in for 0x149
01-17 21:27:51.525 27360 27360 E ArmVmp : Match on catch block at 0xc3 in for 0x145
01-17 21:27:51.741 27360 27360 E ArmVmp : Match on catch block at 0xc3 in for 0x155
01-17 21:27:51.747 27360 27360 E ArmVmp : Match on catch block at 0xc3 in for 0x151
01-17 21:27:51.860 27360 27360 E ArmVmp : Match on catch block at 0xc3 in for 0x145
01-17 21:27:51.862 27360 27360 E ArmVmp : Match on catch block at 0xc3 in for 0x141
01-17 21:27:52.258 27360 27360 E ArmVmp : Match on catch bloc your playback use case
01-17 21:27:44.334 27360 27372 W MediaPlayerNative: info/warning (10973, 0)
01-17 21:27:44.489 27360 27360 E ArmVmp : Match on catch block at 0xc3 in for 0x149
01-17 21:27:44.492 27360 27360 E ArmVmp : Match on catch block at 0xc3 in for 0x145
01-17 21:27:44.666 27360 27360 E ArmVmp : Match on catch block at 0xc3 in for 0x151
01-17 21:27:44.670 27360 27360 E ArmVmp : Match on catch block at 0xc3 in for 0x14d
01-17 21:27:44.690 27360 27360 E ArmVmp : Match on catch block at 0xc3 in for 0x141
01-17 21:27:44.693 27360 27360 E ArmVmp : Match on catch block at 0xc3 in for 0x159
01-17 21:27:44.709 27360 27360 E ArmVmp : Match on catch block at 0xc3 in for 0x155
01-17 21:27:44.712 27360 27360 E ArmVmp : Match on catch block at 0xc3 in for 0x151
01-17 21:27:44.777 27360 27360 E ArmVmp : Match on catch block at 0xc3 in for 0x151
01-17 21:27:44.780 27360 27360 E ArmVmp : Match on catch block at 0xc3 in for 0x14d
01-17 21:27:44.788 27360 27360 E ArmVmp : Match on catch block at 0xc3 in for 0x155
01-17 21:27:44.791 27360 27360 E ArmVmp : Match on catch block at 0xc3 in for 0x151
01-17 21:27:44.986 27360 27360 E ArmVmp : Match on catch block at 0xc3 in for 0x14d
01-17 21:27:44.989 27360 27360 E ArmVmp : Match on catch block at 0xc3 in for 0x149
01-17 21:27:45.500 27360 27360 E ArmVmp : Match on catch block at 0xc3 in for 0x151
01-17 21:27:45.504 27360 27360 E ArmVmp : Match on catch block at 0xc3 in for 0x14d
01-17 21:27:45.997 27360 27360 E ArmVmp : Match on catch block at 0xc3 in for 0x155
01-17 21:27:46.001 27360 27360 E ArmVmp : Match on catch block at 0xc3 in for 0x151
01-17 21:27:46.495 27360 27360 E ArmVmp : Match on catch block at 0xc3 in for 0x159
01-17 21:27:46.500 27360 27360 E ArmVmp : Match on catch block at 0xc3 in for 0x155
01-17 21:27:46.993 27360 27360 E ArmVmp : Match on catch block at 0xc3 in for 0x141
01-17 21:27:46.998 27360 27360 E ArmVmp : Match on catch block at 0xc3 in for 0x159
01-17 21:27:47.507 27360 27360 E ArmVmp : Match on catch block at 0xc3 in for 0x145
01-17 21:27:47.512 27360 27360 E ArmVmp : Match on catch block at 0xc3 in for 0x141
01-17 21:27:48.004 27360 27360 E ArmVmp : Match on catch block at 0xc3 in for 0x149
01-17 21:27:48.011 27360 27360 E ArmVmp : Match on catch block at 0xc3 in for 0x145
01-17 21:27:48.502 27360 27360 E ArmVmp : Match on catch block at 0xc3 in for 0x14d
01-17 21:27:48.508 27360 27360 E ArmVmp : Match on catch block at 0xc3 in for 0x149
01-17 21:27:49.000 27360 27360 E ArmVmp : Match on catch block at 0xc3 in for 0x151
01-17 21:27:49.008 27360 27360 E ArmVmp : Match on catch block at 0xc3 in for 0x14d
01-17 21:27:49.513 27360 27360 E ArmVmp : Match on catch block at 0xc3 in for 0x155
01-17 21:27:49.519 27360 27360 E ArmVmp : Match on catch block at 0xc3 in for 0x151
01-17 21:27:50.010 27360 27360 E ArmVmp : Match on catch block at 0xc3 in for 0x159
01-17 21:27:50.017 27360 27360 E ArmVmp : Match on catch block at 0xc3 in for 0x155
01-17 21:27:50.507 27360 27360 E ArmVmp : Match on catch block at 0xc3 in for 0x141
01-17 21:27:50.514 27360 27360 E ArmVmp : Match on catch block at 0xc3 in for 0x159
01-17 21:27:51.005 27360 27360 E ArmVmp : Match on catch block at 0xc3 in for 0x145
01-17 21:27:51.011 27360 27360 E ArmVmp : Match on catch block at 0xc3 in for 0x141
01-17 21:27:51.519 27360 27360 E ArmVmp : Match on catch block at 0xc3 in for 0x149
01-17 21:27:51.525 27360 27360 E ArmVmp : Match on catch block at 0xc3 in for 0x145
01-17 21:27:51.741 27360 27360 E ArmVmp : Match on catch block at 0xc3 in for 0x155
01-17 21:27:51.747 27360 27360 E ArmVmp : Match on catch block at 0xc3 in for 0x151
01-17 21:27:51.860 27360 27360 E ArmVmp : Match on catch block at 0xc3 in for 0x145
01-17 21:27:51.862 27360 27360 E ArmVmp : Match on catch block at 0xc3 in for 0x141
01-17 21:27:52.258 27360 27360 E ArmVmp : Match on catch block at 0xc3 in for 0x14d
01-17 21:27:52.262 27360 27360 E ArmVmp : Match on catch block at 0xc3 in for 0x149
01-17 21:28:03.902 27360 27427 W Parcel : Expecting binder but got null! 01-17 21:28:k at 0xc3 in for 0x14d
01-17 21:27:52.262 27360 27360 E ArmVmp : Match on catch block at 0xc3 in for 0x149
01-17 21:28:03.902 27360 27427 W Parcel : Expecting binder but got null!
01-17 21:28:04.728 27360 27372 E BLASTBufferQueue: [ViewRootImpl@4ba7676[Toast]#32] (f:1,a:2) rejecting buffer:active_size=333x161, requested_size=396x161 buffer{size=364x161 transform=0}
01-17 21:28:05.904 27360 27427 W Parcel : Expecting binder but got null!
01-17 21:28:20.824 27360 27360 E ArmVmp : Match on catch block at 0x0a in for 0x189
01-17 21:28:20.830 27360 27360 E ArmVmp : Match on catch block at 0x0a in for 0x181
01-17 21:28:21.062 27360 27360 E ArmVmp : Match on catch block at 0xc3 in for 0x171
01-17 21:28:21.064 27360 27360 E ArmVmp : Match on catch block at 0xc3 in for 0x169
01-17 21:28:21.066 27360 27360 E ArmVmp : Match on catch block at 0xc3 in for 0x161
01-17 21:28:21.092 27360 27427 W Parcel : Expecting binder but got null!
01-17 21:28:21.113 27360 27360 E ArmVmp : Match on catch block at 0xc3 in for 0x149
01-17 21:28:21.116 27360 27360 E ArmVmp : Match on catch block at 0xc3 in for 0x145
01-17 21:28:21.120 27360 27360 E ArmVmp : Match on catch block at 0xc3 in for 0x149
01-17 21:28:21.135 27360 27360 E ArmVmp : Match on catch block at 0xc3 in for 0x155
01-17 21:28:21.138 27360 27360 E ArmVmp : Match on catch block at 0xc3 in for 0x151
01-17 21:28:21.140 27360 27360 E ArmVmp : Match on catch block at 0xc3 in for 0x155
01-17 21:28:21.149 27360 27360 E ArmVmp : Match on catch block at 0xc3 in for 0x14d
01-17 21:28:21.152 27360 27360 E ArmVmp : Match on catch block at 0xc3 in for 0x149
01-17 21:28:21.155 27360 27360 E ArmVmp : Match on catch block at 0xc3 in for 0x14d
01-17 21:28:21.196 27360 27360 E ArmVmp : Match on catch block at 0xc3 in for 0x14d
01-17 21:28:21.199 27360 27360 E ArmVmp : Match on catch block at 0xc3 in for 0x149
01-17 21:28:21.200 27360 27360 E ArmVmp : Match on catch block at 0xc3 in for 0x14d
01-17 21:28:21.680 27360 27360 E ArmVmp : Match on catch block at 0xc3 in for 0x141
01-17 21:28:21.684 27360 27360 E ArmVmp : Match on catch block at 0xc3 in for 0x159
01-17 21:28:21.687 27360 27360 E ArmVmp : Match on catch block at 0xc3 in for 0x141
01-17 21:28:22.177 27360 27360 E ArmVmp : Match on catch block at 0xc3 in for 0x151
01-17 21:28:22.181 27360 27360 E ArmVmp : Match on catch block at 0xc3 in for 0x14d
01-17 21:28:22.184 27360 27360 E ArmVmp : Match on catch block at 0xc3 in for 0x151
01-17 21:28:22.691 27360 27360 E ArmVmp : Match on catch block at 0xc3 in for 0x141
01-17 21:28:22.697 27360 27360 E ArmVmp : Match on catch block at 0xc3 in for 0x159
01-17 21:28:22.700 27360 27360 E ArmVmp : Match on catch block at 0xc3 in for 0x141
01-17 21:28:23.190 27360 27360 E ArmVmp : Match on catch block at 0xc3 in for 0x141
01-17 21:28:23.196 27360 27360 E ArmVmp : Match on catch block at 0xc3 in for 0x159
01-17 21:28:23.199 27360 27360 E ArmVmp : Match on catch block at 0xc3 in for 0x141
01-17 21:28:23.687 27360 27360 E ArmVmp : Match on catch block at 0xc3 in for 0x141
01-17 21:28:23.693 27360 27360 E ArmVmp : Match on catch block at 0xc3 in for 0x159
01-17 21:28:23.696 27360 27360 E ArmVmp : Match on catch block at 0xc3 in for 0x141
01-17 21:28:24.185 27360 27360 E ArmVmp : Match on catch block at 0xc3 in for 0x149
01-17 21:28:24.191 27360 27360 E ArmVmp : Match on catch block at 0xc3 in for 0x145
01-17 21:28:24.195 27360 27360 E ArmVmp : Match on catch block at 0xc3 in for 0x149
01-17 21:28:24.698 27360 27360 E ArmVmp : Match on catch block at 0xc3 in for 0x149
01-17 21:28:24.703 27360 27360 E ArmVmp : Match on catch block at 0xc3 in for 0x145
01-17 21:28:24.706 27360 27360 E ArmVmp : Match on catch block at 0xc3 in for 0x149
01-17 21:28:25.195 27360 27360 E ArmVmp : Match on catch block at 0xc3 in for 0x149
01-17 21:28:25.199 27360 27360 E ArmVmp : Match on catch block at 0xc3 in for 0x145
01-17 21:28:25.203 27360 27360 E ArmVmp : Match on catch block at 0xc3 in for 0x149
01-17 21:28:25.396 27360 27360 E ArmVmp : Match on catch block at 0xc3 in for 0x14d 01-17 21:04.728 27360 27372 E BLASTBufferQueue: [ViewRootImpl@4ba7676[Toast]#32] (f:1,a:2) rejecting buffer:active_size=333x161, requested_size=396x161 buffer{size=364x161 transform=0}
01-17 21:28:05.904 27360 27427 W Parcel : Expecting binder but got null!
01-17 21:28:20.824 27360 27360 E ArmVmp : Match on catch block at 0x0a in for 0x189
01-17 21:28:20.830 27360 27360 E ArmVmp : Match on catch block at 0x0a in for 0x181
01-17 21:28:21.062 27360 27360 E ArmVmp : Match on catch block at 0xc3 in for 0x171
01-17 21:28:21.064 27360 27360 E ArmVmp : Match on catch block at 0xc3 in for 0x169
01-17 21:28:21.066 27360 27360 E ArmVmp : Match on catch block at 0xc3 in for 0x161
01-17 21:28:21.092 27360 27427 W Parcel : Expecting binder but got null!
01-17 21:28:21.113 27360 27360 E ArmVmp : Match on catch block at 0xc3 in for 0x149
01-17 21:28:21.116 27360 27360 E ArmVmp : Match on catch block at 0xc3 in for 0x145
01-17 21:28:21.120 27360 27360 E ArmVmp : Match on catch block at 0xc3 in for 0x149
01-17 21:28:21.135 27360 27360 E ArmVmp : Match on catch block at 0xc3 in for 0x155
01-17 21:28:21.138 27360 27360 E ArmVmp : Match on catch block at 0xc3 in for 0x151
01-17 21:28:21.140 27360 27360 E ArmVmp : Match on catch block at 0xc3 in for 0x155
01-17 21:28:21.149 27360 27360 E ArmVmp : Match on catch block at 0xc3 in for 0x14d
01-17 21:28:21.152 27360 27360 E ArmVmp : Match on catch block at 0xc3 in for 0x149
01-17 21:28:21.155 27360 27360 E ArmVmp : Match on catch block at 0xc3 in for 0x14d
01-17 21:28:21.196 27360 27360 E ArmVmp : Match on catch block at 0xc3 in for 0x14d
01-17 21:28:21.199 27360 27360 E ArmVmp : Match on catch block at 0xc3 in for 0x149
01-17 21:28:21.200 27360 27360 E ArmVmp : Match on catch block at 0xc3 in for 0x14d
01-17 21:28:21.680 27360 27360 E ArmVmp : Match on catch block at 0xc3 in for 0x141
01-17 21:28:21.684 27360 27360 E ArmVmp : Match on catch block at 0xc3 in for 0x159
01-17 21:28:21.687 27360 27360 E ArmVmp : Match on catch block at 0xc3 in for 0x141
01-17 21:28:22.177 27360 27360 E ArmVmp : Match on catch block at 0xc3 in for 0x151
01-17 21:28:22.181 27360 27360 E ArmVmp : Match on catch block at 0xc3 in for 0x14d
01-17 21:28:22.184 27360 27360 E ArmVmp : Match on catch block at 0xc3 in for 0x151
01-17 21:28:22.691 27360 27360 E ArmVmp : Match on catch block at 0xc3 in for 0x141
01-17 21:28:22.697 27360 27360 E ArmVmp : Match on catch block at 0xc3 in for 0x159
01-17 21:28:22.700 27360 27360 E ArmVmp : Match on catch block at 0xc3 in for 0x141
01-17 21:28:23.190 27360 27360 E ArmVmp : Match on catch block at 0xc3 in for 0x141
01-17 21:28:23.196 27360 27360 E ArmVmp : Match on catch block at 0xc3 in for 0x159
01-17 21:28:23.199 27360 27360 E ArmVmp : Match on catch block at 0xc3 in for 0x141
01-17 21:28:23.687 27360 27360 E ArmVmp : Match on catch block at 0xc3 in for 0x141
01-17 21:28:23.693 27360 27360 E ArmVmp : Match on catch block at 0xc3 in for 0x159
01-17 21:28:23.696 27360 27360 E ArmVmp : Match on catch block at 0xc3 in for 0x141
01-17 21:28:24.185 27360 27360 E ArmVmp : Match on catch block at 0xc3 in for 0x149
01-17 21:28:24.191 27360 27360 E ArmVmp : Match on catch block at 0xc3 in for 0x145
01-17 21:28:24.195 27360 27360 E ArmVmp : Match on catch block at 0xc3 in for 0x149
01-17 21:28:24.698 27360 27360 E ArmVmp : Match on catch block at 0xc3 in for 0x149
01-17 21:28:24.703 27360 27360 E ArmVmp : Match on catch block at 0xc3 in for 0x145
01-17 21:28:24.706 27360 27360 E ArmVmp : Match on catch block at 0xc3 in for 0x149
01-17 21:28:25.195 27360 27360 E ArmVmp : Match on catch block at 0xc3 in for 0x149
01-17 21:28:25.199 27360 27360 E ArmVmp : Match on catch block at 0xc3 in for 0x145
01-17 21:28:25.203 27360 27360 E ArmVmp : Match on catch block at 0xc3 in for 0x149
01-17 21:28:25.396 27360 27360 E ArmVmp : Match on catch block at 0xc3 in for 0x14d
01-17 21:28:25.401 27360 27360 E ArmVmp : Match on catch block at 0xc3 in for 0x149
01-17 21:28:25.404 27360 27360 E ArmVmp : Match on catch block at 0xc3 in for 0x14d
01-17 21:28:25.414 27360 27360 E 28:25.401 27360 27360 E ArmVmp : Match on catch block at 0xc3 in for 0x149
01-17 21:28:25.404 27360 27360 E ArmVmp : Match on catch block at 0xc3 in for 0x14d
01-17 21:28:25.414 27360 27360 E ArmVmp : Match on catch block at 0xc3 in for 0x159
01-17 21:28:25.418 27360 27360 E ArmVmp : Match on catch block at 0xc3 in for 0x155
01-17 21:28:25.422 27360 27360 E ArmVmp : Match on catch block at 0xc3 in for 0x159
01-17 21:28:25.431 27360 27360 E ArmVmp : Match on catch block at 0xc3 in for 0x149
01-17 21:28:25.434 27360 27360 E ArmVmp : Match on catch block at 0xc3 in for 0x145
01-17 21:28:25.437 27360 27360 E ArmVmp : Match on catch block at 0xc3 in for 0x149
01-17 21:28:25.445 27360 27360 E ArmVmp : Match on catch block at 0xc3 in for 0x155
01-17 21:28:25.449 27360 27360 E ArmVmp : Match on catch block at 0xc3 in for 0x151
01-17 21:28:25.452 27360 27360 E ArmVmp : Match on catch block at 0xc3 in for 0x155
01-17 21:28:25.494 27360 27360 E ArmVmp : Match on catch block at 0xc3 in for 0x151
01-17 21:28:25.497 27360 27360 E ArmVmp : Match on catch block at 0xc3 in for 0x14d
01-17 21:28:25.520 27360 27360 E ArmVmp : Match on catch block at 0xc3 in for 0x14d
01-17 21:28:25.523 27360 27360 E ArmVmp : Match on catch block at 0xc3 in for 0x149
01-17 21:28:25.535 27360 27360 E ArmVmp : Match on catch block at 0xc3 in for 0x155
01-17 21:28:25.537 27360 27360 E ArmVmp : Match on catch block at 0xc3 in for 0x151
01-17 21:28:25.545 27360 27360 E ArmVmp : Match on catch block at 0xc3 in for 0x141
01-17 21:28:25.548 27360 27360 E ArmVmp : Match on catch block at 0xc3 in for 0x159
01-17 21:28:25.557 27360 27360 E ArmVmp : Match on catch block at 0xc3 in for 0x149
01-17 21:28:25.560 27360 27360 E ArmVmp : Match on catch block at 0xc3 in for 0x145
01-17 21:28:25.563 27360 27360 E ArmVmp : Match on catch block at 0xc3 in for 0x149
01-17 21:28:25.574 27360 27360 E ArmVmp : Match on catch block at 0xc3 in for 0x149
01-17 21:28:25.577 27360 27360 E ArmVmp : Match on catch block at 0xc3 in for 0x145
01-17 21:28:25.580 27360 27360 E ArmVmp : Match on catch block at 0xc3 in for 0x149
01-17 21:28:25.591 27360 27360 E ArmVmp : Match on catch block at 0xc3 in for 0x149
01-17 21:28:25.596 27360 27360 E ArmVmp : Match on catch block at 0xc3 in for 0x145
01-17 21:28:25.599 27360 27360 E ArmVmp : Match on catch block at 0xc3 in for 0x149
01-17 21:28:25.608 27360 27360 E ArmVmp : Match on catch block at 0xc3 in for 0x149
01-17 21:28:25.614 27360 27360 E ArmVmp : Match on catch block at 0xc3 in for 0x145
01-17 21:28:25.618 27360 27360 E ArmVmp : Match on catch block at 0xc3 in for 0x149
01-17 21:28:25.621 27360 27360 W OnBackInvokedCallback: OnBackInvokedCallback is not enabled for the application.
01-17 21:28:25.621 27360 27360 W OnBackInvokedCallback: Set 'android:enableOnBackInvokedCallback="true"' in the application manifest.
01-17 21:28:25.624 27360 27360 E ArmVmp : Match on catch block at 0xc3 in for 0x149
01-17 21:28:25.629 27360 27360 E ArmVmp : Match on catch block at 0xc3 in for 0x145
01-17 21:28:25.633 27360 27360 E ArmVmp : Match on catch block at 0xc3 in for 0x149
01-17 21:28:25.640 27360 27360 E ArmVmp : Match on catch block at 0xc3 in for 0x149
01-17 21:28:25.643 27360 27360 E ArmVmp : Match on catch block at 0xc3 in for 0x145
01-17 21:28:25.645 27360 27360 E ArmVmp : Match on catch block at 0xc3 in for 0x149
01-17 21:28:25.657 27360 27360 E ArmVmp : Match on catch block at 0xc3 in for 0x149
01-17 21:28:25.662 27360 27360 E ArmVmp : Match on catch block at 0xc3 in for 0x145
01-17 21:28:25.665 27360 27360 E ArmVmp : Match on catch block at 0xc3 in for 0x149
01-17 21:28:25.674 27360 27360 E ArmVmp : Match on catch block at 0xc3 in for 0x149
01-17 21:28:25.677 27360 27360 E ArmVmp : Match on catch block at 0xc3 in for 0x145
01-17 21:28:25.680 27360 27360 E ArmVmp : Match on catch block at 0xc3 in for 0x149
01-17 21:28:25.700 27360 27360 E ArmVmp : Match on catch block at 0xc3 in for 0x159
01-17 21:28:25.706 27360 27360 E ArmVmp : Match on catch block at 0xc3 in for 0x155
01-17 21:28:25.708 27360 27360 EArmVmp : Match on catch block at 0xc3 in for 0x159
01-17 21:28:25.418 27360 27360 E ArmVmp : Match on catch block at 0xc3 in for 0x155
01-17 21:28:25.422 27360 27360 E ArmVmp : Match on catch block at 0xc3 in for 0x159
01-17 21:28:25.431 27360 27360 E ArmVmp : Match on catch block at 0xc3 in for 0x149
01-17 21:28:25.434 27360 27360 E ArmVmp : Match on catch block at 0xc3 in for 0x145
01-17 21:28:25.437 27360 27360 E ArmVmp : Match on catch block at 0xc3 in for 0x149
01-17 21:28:25.445 27360 27360 E ArmVmp : Match on catch block at 0xc3 in for 0x155
01-17 21:28:25.449 27360 27360 E ArmVmp : Match on catch block at 0xc3 in for 0x151
01-17 21:28:25.452 27360 27360 E ArmVmp : Match on catch block at 0xc3 in for 0x155
01-17 21:28:25.494 27360 27360 E ArmVmp : Match on catch block at 0xc3 in for 0x151
01-17 21:28:25.497 27360 27360 E ArmVmp : Match on catch block at 0xc3 in for 0x14d
01-17 21:28:25.520 27360 27360 E ArmVmp : Match on catch block at 0xc3 in for 0x14d
01-17 21:28:25.523 27360 27360 E ArmVmp : Match on catch block at 0xc3 in for 0x149
01-17 21:28:25.535 27360 27360 E ArmVmp : Match on catch block at 0xc3 in for 0x155
01-17 21:28:25.537 27360 27360 E ArmVmp : Match on catch block at 0xc3 in for 0x151
01-17 21:28:25.545 27360 27360 E ArmVmp : Match on catch block at 0xc3 in for 0x141
01-17 21:28:25.548 27360 27360 E ArmVmp : Match on catch block at 0xc3 in for 0x159
01-17 21:28:25.557 27360 27360 E ArmVmp : Match on catch block at 0xc3 in for 0x149
01-17 21:28:25.560 27360 27360 E ArmVmp : Match on catch block at 0xc3 in for 0x145
01-17 21:28:25.563 27360 27360 E ArmVmp : Match on catch block at 0xc3 in for 0x149
01-17 21:28:25.574 27360 27360 E ArmVmp : Match on catch block at 0xc3 in for 0x149
01-17 21:28:25.577 27360 27360 E ArmVmp : Match on catch block at 0xc3 in for 0x145
01-17 21:28:25.580 27360 27360 E ArmVmp : Match on catch block at 0xc3 in for 0x149
01-17 21:28:25.591 27360 27360 E ArmVmp : Match on catch block at 0xc3 in for 0x149
01-17 21:28:25.596 27360 27360 E ArmVmp : Match on catch block at 0xc3 in for 0x145
01-17 21:28:25.599 27360 27360 E ArmVmp : Match on catch block at 0xc3 in for 0x149
01-17 21:28:25.608 27360 27360 E ArmVmp : Match on catch block at 0xc3 in for 0x149
01-17 21:28:25.614 27360 27360 E ArmVmp : Match on catch block at 0xc3 in for 0x145
01-17 21:28:25.618 27360 27360 E ArmVmp : Match on catch block at 0xc3 in for 0x149
01-17 21:28:25.621 27360 27360 W OnBackInvokedCallback: OnBackInvokedCallback is not enabled for the application.
01-17 21:28:25.621 27360 27360 W OnBackInvokedCallback: Set 'android:enableOnBackInvokedCallback="true"' in the application manifest.
01-17 21:28:25.624 27360 27360 E ArmVmp : Match on catch block at 0xc3 in for 0x149
01-17 21:28:25.629 27360 27360 E ArmVmp : Match on catch block at 0xc3 in for 0x145
01-17 21:28:25.633 27360 27360 E ArmVmp : Match on catch block at 0xc3 in for 0x149
01-17 21:28:25.640 27360 27360 E ArmVmp : Match on catch block at 0xc3 in for 0x149
01-17 21:28:25.643 27360 27360 E ArmVmp : Match on catch block at 0xc3 in for 0x145
01-17 21:28:25.645 27360 27360 E ArmVmp : Match on catch block at 0xc3 in for 0x149
01-17 21:28:25.657 27360 27360 E ArmVmp : Match on catch block at 0xc3 in for 0x149
01-17 21:28:25.662 27360 27360 E ArmVmp : Match on catch block at 0xc3 in for 0x145
01-17 21:28:25.665 27360 27360 E ArmVmp : Match on catch block at 0xc3 in for 0x149
01-17 21:28:25.674 27360 27360 E ArmVmp : Match on catch block at 0xc3 in for 0x149
01-17 21:28:25.677 27360 27360 E ArmVmp : Match on catch block at 0xc3 in for 0x145
01-17 21:28:25.680 27360 27360 E ArmVmp : Match on catch block at 0xc3 in for 0x149
01-17 21:28:25.700 27360 27360 E ArmVmp : Match on catch block at 0xc3 in for 0x159
01-17 21:28:25.706 27360 27360 E ArmVmp : Match on catch block at 0xc3 in for 0x155
01-17 21:28:25.708 27360 27360 E ArmVmp : Match on catch block at 0xc3 in for 0x159
01-17 21:28:25.718 27360 27360 E ArmVmp : Match on catch block at 0xc3 in for 0x159
01-17 21:28:25.722 27360 27360 E ArmVmp : Match on catc ArmVmp : Match on catch block at 0xc3 in for 0x159
01-17 21:28:25.718 27360 27360 E ArmVmp : Match on catch block at 0xc3 in for 0x159
01-17 21:28:25.722 27360 27360 E ArmVmp : Match on catch block at 0xc3 in for 0x155
01-17 21:28:25.725 27360 27360 E ArmVmp : Match on catch block at 0xc3 in for 0x159
01-17 21:28:25.746 27360 27360 E ArmVmp : Match on catch block at 0xc3 in for 0x151
01-17 21:28:25.749 27360 27360 E ArmVmp : Match on catch block at 0xc3 in for 0x14d
01-17 21:28:25.751 27360 27360 E ArmVmp : Match on catch block at 0xc3 in for 0x151
01-17 21:28:25.757 27360 27360 E ArmVmp : Match on catch block at 0xc3 in for 0x151
01-17 21:28:25.760 27360 27360 E ArmVmp : Match on catch block at 0xc3 in for 0x14d
01-17 21:28:25.762 27360 27360 E ArmVmp : Match on catch block at 0xc3 in for 0x151
01-17 21:28:25.922 27360 27360 E ArmVmp : Match on catch block at 0xc3 in for 0x151
01-17 21:28:25.927 27360 27360 E ArmVmp : Match on catch block at 0xc3 in for 0x14d
01-17 21:28:25.929 27360 27360 E ArmVmp : Match on catch block at 0xc3 in for 0x151
01-17 21:28:26.220 27360 27360 E ArmVmp : Match on catch block at 0xc3 in for 0x151
01-17 21:28:26.224 27360 27360 E ArmVmp : Match on catch block at 0xc3 in for 0x14d
01-17 21:28:26.227 27360 27360 E ArmVmp : Match on catch block at 0xc3 in for 0x151
01-17 21:28:26.734 27360 27360 E ArmVmp : Match on catch block at 0xc3 in for 0x151
01-17 21:28:26.738 27360 27360 E ArmVmp : Match on catch block at 0xc3 in for 0x14d
01-17 21:28:26.740 27360 27360 E ArmVmp : Match on catch block at 0xc3 in for 0x151
01-17 21:28:27.231 27360 27360 E ArmVmp : Match on catch block at 0xc3 in for 0x151
01-17 21:28:27.237 27360 27360 E ArmVmp : Match on catch block at 0xc3 in for 0x14d
01-17 21:28:27.241 27360 27360 E ArmVmp : Match on catch block at 0xc3 in for 0x151
01-17 21:28:27.730 27360 27360 E ArmVmp : Match on catch block at 0xc3 in for 0x151
01-17 21:28:27.734 27360 27360 E ArmVmp : Match on catch block at 0xc3 in for 0x14d
01-17 21:28:27.738 27360 27360 E ArmVmp : Match on catch block at 0xc3 in for 0x151
01-17 21:28:28.227 27360 27360 E ArmVmp : Match on catch block at 0xc3 in for 0x151
01-17 21:28:28.234 27360 27360 E ArmVmp : Match on catch block at 0xc3 in for 0x14d
01-17 21:28:28.237 27360 27360 E ArmVmp : Match on catch block at 0xc3 in for 0x151
01-17 21:28:28.741 27360 27360 E ArmVmp : Match on catch block at 0xc3 in for 0x151
01-17 21:28:28.747 27360 27360 E ArmVmp : Match on catch block at 0xc3 in for 0x14d
01-17 21:28:28.751 27360 27360 E ArmVmp : Match on catch block at 0xc3 in for 0x151
01-17 21:28:29.239 27360 27360 E ArmVmp : Match on catch block at 0xc3 in for 0x151
01-17 21:28:29.246 27360 27360 E ArmVmp : Match on catch block at 0xc3 in for 0x14d
01-17 21:28:29.250 27360 27360 E ArmVmp : Match on catch block at 0xc3 in for 0x151
01-17 21:28:29.736 27360 27360 E ArmVmp : Match on catch block at 0xc3 in for 0x151
01-17 21:28:29.743 27360 27360 E ArmVmp : Match on catch block at 0xc3 in for 0x14d
01-17 21:28:29.747 27360 27360 E ArmVmp : Match on catch block at 0xc3 in for 0x151
01-17 21:28:30.232 27360 27360 E ArmVmp : Match on catch block at 0xc3 in for 0x151
01-17 21:28:30.237 27360 27360 E ArmVmp : Match on catch block at 0xc3 in for 0x14d
01-17 21:28:30.240 27360 27360 E ArmVmp : Match on catch block at 0xc3 in for 0x151
01-17 21:28:30.729 27360 27360 E ArmVmp : Match on catch block at 0xc3 in for 0x151
01-17 21:28:30.734 27360 27360 E ArmVmp : Match on catch block at 0xc3 in for 0x14d
01-17 21:28:30.737 27360 27360 E ArmVmp : Match on catch block at 0xc3 in for 0x151
01-17 21:28:31.243 27360 27360 E ArmVmp : Match on catch block at 0xc3 in for 0x151
01-17 21:28:31.249 27360 27360 E ArmVmp : Match on catch block at 0xc3 in for 0x14d
01-17 21:28:31.252 27360 27360 E ArmVmp : Match on catch block at 0xc3 in for 0x151
01-17 21:28:31.740 27360 27360 E ArmVmp : Match on catch block at 0xc3 in for 0x151
01-17 21:28:31.746 27360 27360 E ArmVmp : Match on catch block at 0xc3 in for 0x14d
01-17 21:28:31.749 27360 27360 E ArmVmp : Matchh block at 0xc3 in for 0x155
01-17 21:28:25.725 27360 27360 E ArmVmp : Match on catch block at 0xc3 in for 0x159
01-17 21:28:25.746 27360 27360 E ArmVmp : Match on catch block at 0xc3 in for 0x151
01-17 21:28:25.749 27360 27360 E ArmVmp : Match on catch block at 0xc3 in for 0x14d
01-17 21:28:25.751 27360 27360 E ArmVmp : Match on catch block at 0xc3 in for 0x151
01-17 21:28:25.757 27360 27360 E ArmVmp : Match on catch block at 0xc3 in for 0x151
01-17 21:28:25.760 27360 27360 E ArmVmp : Match on catch block at 0xc3 in for 0x14d
01-17 21:28:25.762 27360 27360 E ArmVmp : Match on catch block at 0xc3 in for 0x151
01-17 21:28:25.922 27360 27360 E ArmVmp : Match on catch block at 0xc3 in for 0x151
01-17 21:28:25.927 27360 27360 E ArmVmp : Match on catch block at 0xc3 in for 0x14d
01-17 21:28:25.929 27360 27360 E ArmVmp : Match on catch block at 0xc3 in for 0x151
01-17 21:28:26.220 27360 27360 E ArmVmp : Match on catch block at 0xc3 in for 0x151
01-17 21:28:26.224 27360 27360 E ArmVmp : Match on catch block at 0xc3 in for 0x14d
01-17 21:28:26.227 27360 27360 E ArmVmp : Match on catch block at 0xc3 in for 0x151
01-17 21:28:26.734 27360 27360 E ArmVmp : Match on catch block at 0xc3 in for 0x151
01-17 21:28:26.738 27360 27360 E ArmVmp : Match on catch block at 0xc3 in for 0x14d
01-17 21:28:26.740 27360 27360 E ArmVmp : Match on catch block at 0xc3 in for 0x151
01-17 21:28:27.231 27360 27360 E ArmVmp : Match on catch block at 0xc3 in for 0x151
01-17 21:28:27.237 27360 27360 E ArmVmp : Match on catch block at 0xc3 in for 0x14d
01-17 21:28:27.241 27360 27360 E ArmVmp : Match on catch block at 0xc3 in for 0x151
01-17 21:28:27.730 27360 27360 E ArmVmp : Match on catch block at 0xc3 in for 0x151
01-17 21:28:27.734 27360 27360 E ArmVmp : Match on catch block at 0xc3 in for 0x14d
01-17 21:28:27.738 27360 27360 E ArmVmp : Match on catch block at 0xc3 in for 0x151
01-17 21:28:28.227 27360 27360 E ArmVmp : Match on catch block at 0xc3 in for 0x151
01-17 21:28:28.234 27360 27360 E ArmVmp : Match on catch block at 0xc3 in for 0x14d
01-17 21:28:28.237 27360 27360 E ArmVmp : Match on catch block at 0xc3 in for 0x151
01-17 21:28:28.741 27360 27360 E ArmVmp : Match on catch block at 0xc3 in for 0x151
01-17 21:28:28.747 27360 27360 E ArmVmp : Match on catch block at 0xc3 in for 0x14d
01-17 21:28:28.751 27360 27360 E ArmVmp : Match on catch block at 0xc3 in for 0x151
01-17 21:28:29.239 27360 27360 E ArmVmp : Match on catch block at 0xc3 in for 0x151
01-17 21:28:29.246 27360 27360 E ArmVmp : Match on catch block at 0xc3 in for 0x14d
01-17 21:28:29.250 27360 27360 E ArmVmp : Match on catch block at 0xc3 in for 0x151
01-17 21:28:29.736 27360 27360 E ArmVmp : Match on catch block at 0xc3 in for 0x151
01-17 21:28:29.743 27360 27360 E ArmVmp : Match on catch block at 0xc3 in for 0x14d
01-17 21:28:29.747 27360 27360 E ArmVmp : Match on catch block at 0xc3 in for 0x151
01-17 21:28:30.232 27360 27360 E ArmVmp : Match on catch block at 0xc3 in for 0x151
01-17 21:28:30.237 27360 27360 E ArmVmp : Match on catch block at 0xc3 in for 0x14d
01-17 21:28:30.240 27360 27360 E ArmVmp : Match on catch block at 0xc3 in for 0x151
01-17 21:28:30.729 27360 27360 E ArmVmp : Match on catch block at 0xc3 in for 0x151
01-17 21:28:30.734 27360 27360 E ArmVmp : Match on catch block at 0xc3 in for 0x14d
01-17 21:28:30.737 27360 27360 E ArmVmp : Match on catch block at 0xc3 in for 0x151
01-17 21:28:31.243 27360 27360 E ArmVmp : Match on catch block at 0xc3 in for 0x151
01-17 21:28:31.249 27360 27360 E ArmVmp : Match on catch block at 0xc3 in for 0x14d
01-17 21:28:31.252 27360 27360 E ArmVmp : Match on catch block at 0xc3 in for 0x151
01-17 21:28:31.740 27360 27360 E ArmVmp : Match on catch block at 0xc3 in for 0x151
01-17 21:28:31.746 27360 27360 E ArmVmp : Match on catch block at 0xc3 in for 0x14d
01-17 21:28:31.749 27360 27360 E ArmVmp : Match on catch block at 0xc3 in for 0x151
01-17 21:28:32.238 27360 27360 E ArmVmp : Match on catch block at 0xc3 in for 0x151
01-17 21:28:32.243 27360 27360 E ArmVmp : Match on catch block at 0xc3 on catch block at 0xc3 in for 0x151
01-17 21:28:32.238 27360 27360 E ArmVmp : Match on catch block at 0xc3 in for 0x151
01-17 21:28:32.243 27360 27360 E ArmVmp : Match on catch block at 0xc3 in for 0x14d
01-17 21:28:32.246 27360 27360 E ArmVmp : Match on catch block at 0xc3 in for 0x151
01-17 21:28:32.735 27360 27360 E ArmVmp : Match on catch block at 0xc3 in for 0x151
01-17 21:28:32.741 27360 27360 E ArmVmp : Match on catch block at 0xc3 in for 0x14d
01-17 21:28:32.744 27360 27360 E ArmVmp : Match on catch block at 0xc3 in for 0x151
01-17 21:28:33.249 27360 27360 E ArmVmp : Match on catch block at 0xc3 in for 0x151
01-17 21:28:33.254 27360 27360 E ArmVmp : Match on catch block at 0xc3 in for 0x14d
01-17 21:28:33.257 27360 27360 E ArmVmp : Match on catch block at 0xc3 in for 0x151
01-17 21:28:33.746 27360 27360 E ArmVmp : Match on catch block at 0xc3 in for 0x151
01-17 21:28:33.751 27360 27360 E ArmVmp : Match on catch block at 0xc3 in for 0x14d
01-17 21:28:33.754 27360 27360 E ArmVmp : Match on catch block at 0xc3 in for 0x151
01-17 21:28:34.245 27360 27360 E ArmVmp : Match on catch block at 0xc3 in for 0x151
01-17 21:28:34.251 27360 27360 E ArmVmp : Match on catch block at 0xc3 in for 0x14d
01-17 21:28:34.255 27360 27360 E ArmVmp : Match on catch block at 0xc3 in for 0x151
01-17 21:28:34.741 27360 27360 E ArmVmp : Match on catch block at 0xc3 in for 0x151
01-17 21:28:34.749 27360 27360 E ArmVmp : Match on catch block at 0xc3 in for 0x14d
01-17 21:28:34.753 27360 27360 E ArmVmp : Match on catch block at 0xc3 in for 0x151
01-17 21:28:35.256 27360 27360 E ArmVmp : Match on catch block at 0xc3 in for 0x151
01-17 21:28:35.263 27360 27360 E ArmVmp : Match on catch block at 0xc3 in for 0x14d
01-17 21:28:35.267 27360 27360 E ArmVmp : Match on catch block at 0xc3 in for 0x151
01-17 21:28:35.753 27360 27360 E ArmVmp : Match on catch block at 0xc3 in for 0x151
01-17 21:28:35.760 27360 27360 E ArmVmp : Match on catch block at 0xc3 in for 0x14d
01-17 21:28:35.764 27360 27360 E ArmVmp : Match on catch block at 0xc3 in for 0x151
01-17 21:28:36.249 27360 27360 E ArmVmp : Match on catch block at 0xc3 in for 0x151
01-17 21:28:36.255 27360 27360 E ArmVmp : Match on catch block at 0xc3 in for 0x14d
01-17 21:28:36.259 27360 27360 E ArmVmp : Match on catch block at 0xc3 in for 0x151
01-17 21:28:36.746 27360 27360 E ArmVmp : Match on catch block at 0xc3 in for 0x151
01-17 21:28:36.751 27360 27360 E ArmVmp : Match on catch block at 0xc3 in for 0x14d
01-17 21:28:36.755 27360 27360 E ArmVmp : Match on catch block at 0xc3 in for 0x151
01-17 21:28:37.243 27360 27360 E ArmVmp : Match on catch block at 0xc3 in for 0x151
01-17 21:28:37.249 27360 27360 E ArmVmp : Match on catch block at 0xc3 in for 0x14d
01-17 21:28:37.252 27360 27360 E ArmVmp : Match on catch block at 0xc3 in for 0x151
01-17 21:28:37.757 27360 27360 E ArmVmp : Match on catch block at 0xc3 in for 0x151
01-17 21:28:37.762 27360 27360 E ArmVmp : Match on catch block at 0xc3 in for 0x14d
01-17 21:28:37.765 27360 27360 E ArmVmp : Match on catch block at 0xc3 in for 0x151
01-17 21:28:38.254 27360 27360 E ArmVmp : Match on catch block at 0xc3 in for 0x151
01-17 21:28:38.258 27360 27360 E ArmVmp : Match on catch block at 0xc3 in for 0x14d
01-17 21:28:38.261 27360 27360 E ArmVmp : Match on catch block at 0xc3 in for 0x151
01-17 21:28:38.751 27360 27360 E ArmVmp : Match on catch block at 0xc3 in for 0x151
01-17 21:28:38.756 27360 27360 E ArmVmp : Match on catch block at 0xc3 in for 0x14d
01-17 21:28:38.760 27360 27360 E ArmVmp : Match on catch block at 0xc3 in for 0x151
01-17 21:28:39.248 27360 27360 E ArmVmp : Match on catch block at 0xc3 in for 0x151
01-17 21:28:39.253 27360 27360 E ArmVmp : Match on catch block at 0xc3 in for 0x14d
01-17 21:28:39.256 27360 27360 E ArmVmp : Match on catch block at 0xc3 in for 0x151
01-17 21:28:39.762 27360 27360 E ArmVmp : Match on catch block at 0xc3 in for 0x151
01-17 21:28:39.766 27360 27360 E ArmVmp : Match on catch block at 0xc3 in for 0x14d
01-17 21:28:39.770 27360 27360 E ArmVmp : Match on catch block in for 0x14d
01-17 21:28:32.246 27360 27360 E ArmVmp : Match on catch block at 0xc3 in for 0x151
01-17 21:28:32.735 27360 27360 E ArmVmp : Match on catch block at 0xc3 in for 0x151
01-17 21:28:32.741 27360 27360 E ArmVmp : Match on catch block at 0xc3 in for 0x14d
01-17 21:28:32.744 27360 27360 E ArmVmp : Match on catch block at 0xc3 in for 0x151
01-17 21:28:33.249 27360 27360 E ArmVmp : Match on catch block at 0xc3 in for 0x151
01-17 21:28:33.254 27360 27360 E ArmVmp : Match on catch block at 0xc3 in for 0x14d
01-17 21:28:33.257 27360 27360 E ArmVmp : Match on catch block at 0xc3 in for 0x151
01-17 21:28:33.746 27360 27360 E ArmVmp : Match on catch block at 0xc3 in for 0x151
01-17 21:28:33.751 27360 27360 E ArmVmp : Match on catch block at 0xc3 in for 0x14d
01-17 21:28:33.754 27360 27360 E ArmVmp : Match on catch block at 0xc3 in for 0x151
01-17 21:28:34.245 27360 27360 E ArmVmp : Match on catch block at 0xc3 in for 0x151
01-17 21:28:34.251 27360 27360 E ArmVmp : Match on catch block at 0xc3 in for 0x14d
01-17 21:28:34.255 27360 27360 E ArmVmp : Match on catch block at 0xc3 in for 0x151
01-17 21:28:34.741 27360 27360 E ArmVmp : Match on catch block at 0xc3 in for 0x151
01-17 21:28:34.749 27360 27360 E ArmVmp : Match on catch block at 0xc3 in for 0x14d
01-17 21:28:34.753 27360 27360 E ArmVmp : Match on catch block at 0xc3 in for 0x151
01-17 21:28:35.256 27360 27360 E ArmVmp : Match on catch block at 0xc3 in for 0x151
01-17 21:28:35.263 27360 27360 E ArmVmp : Match on catch block at 0xc3 in for 0x14d
01-17 21:28:35.267 27360 27360 E ArmVmp : Match on catch block at 0xc3 in for 0x151
01-17 21:28:35.753 27360 27360 E ArmVmp : Match on catch block at 0xc3 in for 0x151
01-17 21:28:35.760 27360 27360 E ArmVmp : Match on catch block at 0xc3 in for 0x14d
01-17 21:28:35.764 27360 27360 E ArmVmp : Match on catch block at 0xc3 in for 0x151
01-17 21:28:36.249 27360 27360 E ArmVmp : Match on catch block at 0xc3 in for 0x151
01-17 21:28:36.255 27360 27360 E ArmVmp : Match on catch block at 0xc3 in for 0x14d
01-17 21:28:36.259 27360 27360 E ArmVmp : Match on catch block at 0xc3 in for 0x151
01-17 21:28:36.746 27360 27360 E ArmVmp : Match on catch block at 0xc3 in for 0x151
01-17 21:28:36.751 27360 27360 E ArmVmp : Match on catch block at 0xc3 in for 0x14d
01-17 21:28:36.755 27360 27360 E ArmVmp : Match on catch block at 0xc3 in for 0x151
01-17 21:28:37.243 27360 27360 E ArmVmp : Match on catch block at 0xc3 in for 0x151
01-17 21:28:37.249 27360 27360 E ArmVmp : Match on catch block at 0xc3 in for 0x14d
01-17 21:28:37.252 27360 27360 E ArmVmp : Match on catch block at 0xc3 in for 0x151
01-17 21:28:37.757 27360 27360 E ArmVmp : Match on catch block at 0xc3 in for 0x151
01-17 21:28:37.762 27360 27360 E ArmVmp : Match on catch block at 0xc3 in for 0x14d
01-17 21:28:37.765 27360 27360 E ArmVmp : Match on catch block at 0xc3 in for 0x151
01-17 21:28:38.254 27360 27360 E ArmVmp : Match on catch block at 0xc3 in for 0x151
01-17 21:28:38.258 27360 27360 E ArmVmp : Match on catch block at 0xc3 in for 0x14d
01-17 21:28:38.261 27360 27360 E ArmVmp : Match on catch block at 0xc3 in for 0x151
01-17 21:28:38.751 27360 27360 E ArmVmp : Match on catch block at 0xc3 in for 0x151
01-17 21:28:38.756 27360 27360 E ArmVmp : Match on catch block at 0xc3 in for 0x14d
01-17 21:28:38.760 27360 27360 E ArmVmp : Match on catch block at 0xc3 in for 0x151
01-17 21:28:39.248 27360 27360 E ArmVmp : Match on catch block at 0xc3 in for 0x151
01-17 21:28:39.253 27360 27360 E ArmVmp : Match on catch block at 0xc3 in for 0x14d
01-17 21:28:39.256 27360 27360 E ArmVmp : Match on catch block at 0xc3 in for 0x151
01-17 21:28:39.762 27360 27360 E ArmVmp : Match on catch block at 0xc3 in for 0x151
01-17 21:28:39.766 27360 27360 E ArmVmp : Match on catch block at 0xc3 in for 0x14d
01-17 21:28:39.770 27360 27360 E ArmVmp : Match on catch block at 0xc3 in for 0x151
01-17 21:28:40.259 27360 27360 E ArmVmp : Match on catch block at 0xc3 in for 0x151
01-17 21:28:40.265 27360 27360 E ArmVmp : Match on catch block at 0xc3 in for 0x14d 01-at 0xc3 in for 0x151
01-17 21:28:40.259 27360 27360 E ArmVmp : Match on catch block at 0xc3 in for 0x151
01-17 21:28:40.265 27360 27360 E ArmVmp : Match on catch block at 0xc3 in for 0x14d
01-17 21:28:40.269 27360 27360 E ArmVmp : Match on catch block at 0xc3 in for 0x151
01-17 21:28:40.757 27360 27360 E ArmVmp : Match on catch block at 0xc3 in for 0x151
01-17 21:28:40.763 27360 27360 E ArmVmp : Match on catch block at 0xc3 in for 0x14d
01-17 21:28:40.767 27360 27360 E ArmVmp : Match on catch block at 0xc3 in for 0x151
01-17 21:28:41.255 27360 27360 E ArmVmp : Match on catch block at 0xc3 in for 0x151
01-17 21:28:41.262 27360 27360 E ArmVmp : Match on catch block at 0xc3 in for 0x14d
01-17 21:28:41.266 27360 27360 E ArmVmp : Match on catch block at 0xc3 in for 0x151
01-17 21:28:41.769 27360 27360 E ArmVmp : Match on catch block at 0xc3 in for 0x151
01-17 21:28:41.775 27360 27360 E ArmVmp : Match on catch block at 0xc3 in for 0x14d
01-17 21:28:41.779 27360 27360 E ArmVmp : Match on catch block at 0xc3 in for 0x151
01-17 21:28:42.265 27360 27360 E ArmVmp : Match on catch block at 0xc3 in for 0x155
01-17 21:28:42.270 27360 27360 E ArmVmp : Match on catch block at 0xc3 in for 0x151
01-17 21:28:42.272 27360 27360 E ArmVmp : Match on catch block at 0xc3 in for 0x155
01-17 21:28:42.762 27360 27360 E ArmVmp : Match on catch block at 0xc3 in for 0x155
01-17 21:28:42.767 27360 27360 E ArmVmp : Match on catch block at 0xc3 in for 0x151
01-17 21:28:42.770 27360 27360 E ArmVmp : Match on catch block at 0xc3 in for 0x155
01-17 21:28:43.259 27360 27360 E ArmVmp : Match on catch block at 0xc3 in for 0x155
01-17 21:28:43.264 27360 27360 E ArmVmp : Match on catch block at 0xc3 in for 0x151
01-17 21:28:43.268 27360 27360 E ArmVmp : Match on catch block at 0xc3 in for 0x155
01-17 21:28:43.756 27360 27360 E ArmVmp : Match on catch block at 0xc3 in for 0x155
01-17 21:28:43.761 27360 27360 E ArmVmp : Match on catch block at 0xc3 in for 0x151
01-17 21:28:43.764 27360 27360 E ArmVmp : Match on catch block at 0xc3 in for 0x155
01-17 21:28:44.270 27360 27360 E ArmVmp : Match on catch block at 0xc3 in for 0x155
01-17 21:28:44.274 27360 27360 E ArmVmp : Match on catch block at 0xc3 in for 0x151
01-17 21:28:44.277 27360 27360 E ArmVmp : Match on catch block at 0xc3 in for 0x155
01-17 21:28:44.767 27360 27360 E ArmVmp : Match on catch block at 0xc3 in for 0x155
01-17 21:28:44.771 27360 27360 E ArmVmp : Match on catch block at 0xc3 in for 0x151
01-17 21:28:44.774 27360 27360 E ArmVmp : Match on catch block at 0xc3 in for 0x155
01-17 21:28:45.264 27360 27360 E ArmVmp : Match on catch block at 0xc3 in for 0x155
01-17 21:28:45.269 27360 27360 E ArmVmp : Match on catch block at 0xc3 in for 0x151
01-17 21:28:45.272 27360 27360 E ArmVmp : Match on catch block at 0xc3 in for 0x155
01-17 21:28:45.761 27360 27360 E ArmVmp : Match on catch block at 0xc3 in for 0x155
01-17 21:28:45.766 27360 27360 E ArmVmp : Match on catch block at 0xc3 in for 0x151
01-17 21:28:45.770 27360 27360 E ArmVmp : Match on catch block at 0xc3 in for 0x155
01-17 21:28:46.276 27360 27360 E ArmVmp : Match on catch block at 0xc3 in for 0x155
01-17 21:28:46.281 27360 27360 E ArmVmp : Match on catch block at 0xc3 in for 0x151
01-17 21:28:46.284 27360 27360 E ArmVmp : Match on catch block at 0xc3 in for 0x155
01-17 21:28:46.774 27360 27360 E ArmVmp : Match on catch block at 0xc3 in for 0x155
01-17 21:28:46.779 27360 27360 E ArmVmp : Match on catch block at 0xc3 in for 0x151
01-17 21:28:46.784 27360 27360 E ArmVmp : Match on catch block at 0xc3 in for 0x155
01-17 21:28:47.271 27360 27360 E ArmVmp : Match on catch block at 0xc3 in for 0x155
01-17 21:28:47.276 27360 27360 E ArmVmp : Match on catch block at 0xc3 in for 0x151
01-17 21:28:47.280 27360 27360 E ArmVmp : Match on catch block at 0xc3 in for 0x155
01-17 21:28:47.767 27360 27360 E ArmVmp : Match on catch block at 0xc3 in for 0x155
01-17 21:28:47.773 27360 27360 E ArmVmp : Match on catch block at 0xc3 in for 0x151
