01-17 21:21:58.031 27112 27161 W com.whatsapp: Common causes for lock verification issues are non-optimized dex code
01-17 21:21:58.031 27112 27161 W com.whatsapp: and incorrect proguard optimizations.
01-17 21:22:05.587 27112 27112 W com.whatsapp: Method void X.0eU.A0h(X.0tK, boolean) failed lock verification and will run slower.
01-17 21:22:05.684 27112 27215 W libc : Access denied finding property "vendor.mali.config"
01-17 21:22:05.690 27112 27112 W com.whatsapp: Method void com.whatsapp.HomeActivity.A6e() failed lock verification and will run slower.
01-17 21:22:06.112 27112 27112 E ArmVmp : Match on catch block at 0x0a in for 0x191
01-17 21:22:06.141 27112 27112 E ArmVmp : Match on catch block at 0x0a in for 0x279
01-17 21:22:06.766 27112 27161 W SQLiteLog: (28) double-quoted string literal: ""
01-17 21:22:07.131 27112 27112 E RecyclerView: No adapter attached; skipping layout
01-17 21:22:07.267 27112 27230 W com.whatsapp: Accessing hidden method Lcom/android/org/conscrypt/ConscryptEngineSocket;->setUseSessionTickets(Z)V (max- target-q,core-platform-api, reflection, denied)
01-17 21:22:07.267 27112 27230 W com.whatsapp: Accessing hidden method Lcom/android/org/conscrypt/OpenSSLSocketImpl;->setUseSessionTickets(Z)V (max- target-q,core-platform-api, reflection, denied)
01-17 21:22:07.267 27112 27230 W com.whatsapp: Accessing hidden method Lcom/android/org/conscrypt/AbstractConscryptSocket;->setUseSessionTickets(Z)V (max- target-q, reflection, denied)
01-17 21:22:07.267 27112 27230 W com.whatsapp: Accessing hidden method Lcom/android/org/conscrypt/ConscryptEngineSocket;->setHostname(Ljava/lang/String;)V (max-target-q,core-platform-api, reflection, denied)
01-17 21:22:07.267 27112 27230 W com.whatsapp: Accessing hidden method Lcom/android/org/conscrypt/OpenSSLSocketImpl;->setHostname(Ljava/lang/String;)V (max-target-q,core-platform-api, reflection, denied)
01-17 21:22:07.267 27112 27230 W com.whatsapp: Accessing hidden method Lcom/android/org/conscrypt/AbstractConscryptSocket;->setHostname(Ljava/lang/ String;)V (max-target-q, reflection, denied)
01-17 21:22:07.268 27112 27230 W com.whatsapp: Accessing hidden method Lcom/android/org/conscrypt/OpenSSLSocketImpl;->setAlpnProtocols([B)V (max-target- q,core-platform-api, reflection, denied)
01-17 21:22:07.268 27112 27230 W com.whatsapp: Accessing hidden method Lcom/android/org/conscrypt/AbstractConscryptSocket;->setAlpnProtocols([B)V (max- target-q, reflection, denied)
01-17 21:22:07.318 27112 27215 W Parcel : Expecting binder but got null!
01-17 21:22:07.378 27112 27112 E RecyclerView: No adapter attached; skipping layout
01-17 21:22:07.402 27112 27112 E ArmVmp : Match on catch block at 0x0a in for 0x1b1
01-17 21:22:07.541 27112 27132 W LibraryVersion: Failed to get app version for libraryName: firebase-iid
01-17 21:22:07.751 27112 27230 W com.whatsapp: Accessing hidden method Lcom/android/org/conscrypt/OpenSSLSocketImpl;->getAlpnSelectedProtocol()[B (max- target-q,core-platform-api, reflection, denied)
01-17 21:22:07.751 27112 27230 W com.whatsapp: Accessing hidden method Lcom/android/org/conscrypt/AbstractConscryptSocket;->getAlpnSelectedProtocol()[B (max-target-q, reflection, denied)
01-17 21:22:08.203 27112 27112 E ArmVmp : Match on catch block at 0x5b in for 0x109
01-17 21:22:08.225 27112 27112 E ArmVmp : Match on catch block at 0x5b in for 0x109
01-17 21:22:08.237 27112 27112 E ArmVmp : Match on catch block at 0x5b in for 0x115
01-17 21:22:08.761 27112 27120 W com.whatsapp: Cleared Reference was only reachable from finalizer (only reported once)
01-17 21:22:10.801 27112 27215 W Parcel : Expecting binder but got null!
01-17 21:22:11.494 27112 27112 W InputEventReceiver: Attempted to finish an input event but the input event receiver has already been disposed.
01-17 21:22:11.745 27112 27215 W Parcel : Expecting binder but got null!
01-17 21:22:12.613 27296 27296 E count_switching: Not starting debugger since process cannot load the jdwp agent.
01-17 21:22:12.725 27296 27296 W System.err: java.lang.ClassNotFoundException: mbmodsd.mbmodsw.ui.v--------- beginning of main
01-17 21:22:12.726 27296 27296 W System.err: at android.os.Looper.loop(Looper.java:313)
01-17 21:22:12.726 27296 27296 W System.err: at android.app.ActivityThread.main(ActivityThread.java:8757)
01-17 21:22:12.726 27296 27296 W System.err: at java.lang.reflect.Method.invoke(Native Method)
01-17 21:22:12.726 27296 27296 W System.err: at com.android.internal.os.RuntimeInit$MethodAndArgsCaller.run(RuntimeInit.java:571)
01-17 21:22:12.726 27296 27296 W System.err: at com.android.internal.os.ZygoteInit.main(ZygoteInit.java:1067)
01-17 21:22:12.894 27296 27296 W count_switching: Accessing hidden method Lcom/android/org/conscrypt/OpenSSLSocketImpl;->setUseSessionTickets(Z)V (max- target-q,core-platform-api, reflection, denied)
01-17 21:22:12.894 27296 27296 W count_switching: Accessing hidden method Lcom/android/org/conscrypt/AbstractConscryptSocket;->setUseSessionTickets(Z)V (max- target-q, reflection, denied)
01-17 21:22:12.916 27325 27325 W libprocessgroup: Controller sfreezer is not found
01-17 21:22:12.917 27325 27325 W libprocessgroup: SetAttribute: unknown attribute: OlafState
01-17 21:22:12.917 27325 27325 W libprocessgroup: SetAttribute: unknown attribute: OlafState
01-17 21:22:12.936 27296 27334 W libc : Access denied finding property "vendor.mali.config"
01-17 21:22:12.946 27296 27296 W count_switching: Method void X.0eU.A0h(X.0tK, boolean) failed lock verification and will run slower.
01-17 21:22:12.946 27296 27296 W count_switching: Common causes for lock verification issues are non-optimized dex code
01-17 21:22:12.946 27296 27296 W count_switching: and incorrect proguard optimizations.
01-17 21:22:13.113 27296 27334 W Parcel : Expecting binder but got null!
01-17 21:22:13.658 27360 27360 E com.whatsapp: Not starting debugger since process cannot load the jdwp agent.
01-17 21:22:13.763 27360 27360 W System.err: java.lang.ClassNotFoundException: mbmodsd.mbmodsw.ui.views.btn.BtnBK
01-17 21:22:13.763 27360 27360 W System.err: at java.lang.Runtime.nativeLoad(Native Method)
01-17 21:22:13.763 27360 27360 W System.err: at java.lang.Runtime.nativeLoad(Runtime.java:1121)
01-17 21:22:13.763 27360 27360 W System.err: at java.lang.Runtime.loadLibrary0(Runtime.java:1075)
01-17 21:22:13.763 27360 27360 W System.err: at java.lang.Runtime.loadLibrary0(Runtime.java:998)
01-17 21:22:13.763 27360 27360 W System.err: at java.lang.System.loadLibrary(System.java:1661)
01-17 21:22:13.763 27360 27360 W System.err: at arm.EpicVm.<clinit>(Unknown Source:2)
01-17 21:22:13.763 27360 27360 W System.err: at java.lang.Class.newInstance(Native Method)
01-17 21:22:13.763 27360 27360 W System.err: at android.app.AppComponentFactory.instantiateApplication(AppComponentFactory.java:76)
01-17 21:22:13.763 27360 27360 W System.err: at androidx.core.app.CoreComponentFactory.instantiateApplication(Unknown Source:0)
01-17 21:22:13.763 27360 27360 W System.err: at android.app.Instrumentation.newApplication(Instrumentation.java:1232)
01-17 21:22:13.763 27360 27360 W System.err: at android.app.LoadedApk.makeApplicationInner(LoadedApk.java:1565)
01-17 21:22:13.763 27360 27360 W System.err: at android.app.LoadedApk.makeApplicationInner(LoadedApk.java:1502)
01-17 21:22:13.763 27360 27360 W System.err: at android.app.ActivityThread.handleBindApplication(ActivityThread.java:7553)
01-17 21:22:13.764 27360 27360 W System.err: at android.app.ActivityThread.-$ $Nest$mhandleBindApplication(Unknown Source:0)
01-17 21:22:13.764 27360 27360 W System.err: at android.app.ActivityThread$H.handleMessage(ActivityThread.java:2400)
01-17 21:22:13.764 27360 27360 W System.err: at android.os.Handler.dispatchMessage(Handler.java:106)
01-17 21:22:13.764 27360 27360 W System.err: at android.os.Looper.loopOnce(Looper.java:226)
01-17 21:22:13.764 27360 27360 W System.err: at android.os.Looper.loop(Looper.java:313)
01-17 21:22:13.764 27360 27360 W System.err: at android.app.ActivityThread.main(ActivityThread.java:8757)
01-17 21:22:13.764 27360 27360 W System.err: at java.lang.reflect.Method.invoke(Native Method)
01-17 21:22:13.764 27360 27360 W System.err: at com.android.internal.os.RuntimeInit$MethodAndArgsCaller.run(RuntimeInit.java:571)
01-17 21:22:13.764 27360 27360 W System.err: at com.android.internal.os.ZygoteInit.main(ZygoteInit.java:1067)
01-17 21:22:13.800 27360 27360 E CustomActivityOnCrash: IMPORTANT WARNING! You already have an UncaughtExceptionHandler, are you sure this is correct? If you use a custom UncaughtExceptionHandler, you must initialize it AFTER CustomActivityOnCrash! Installing anyway, but your original handler will not be called.
01-17 21:22:13.977 27360 27360 W com.whatsapp: Accessing hidden method Lcom/android/org/conscrypt/OpenSSLSocketImpl;->setUseSessionTickets(Z)V (max- target-q,core-platform-api, reflection, denied)
01-17 21:22:13.977 27360 27360 W com.whatsapp: Accessing hidden method Lcom/android/org/conscrypt/AbstractConscryptSocket;->setUseSessionTickets(Z)V (max- target-q, reflection, denied)
01-17 21:22:13.998 27398 27398 W libprocessgroup: Controller sfreezer is not found
01-17 21:22:13.999 27398 27398 W libprocessgroup: SetAttribute: unknown attribute: OlafState
01-17 21:22:13.999 27398 27398 W libprocessgroup: SetAttribute: unknown attribute: OlafState
01-17 21:22:14.774 27360 27360 W com.whatsapp: Method void X.0eU.A0h(X.0tK, boolean) failed lock verification and will run slower.
01-17 21:22:14.774 27360 27360 W com.whatsapp: Common causes for lock verification issues are non-optimized dex code
01-17 21:22:14.774 27360 27360 W com.whatsapp: and incorrect proguard optimizations.
01-17 21:22:14.802 27360 27415 W com.whatsapp: Method void X.2rL.A03(java.lang.Integer) failed lock verification and will run slower.
01-17 21:22:15.025 27360 27427 W libc : Access denied finding property "vendor.mali.config"
01-17 21:22:15.034 27360 27360 W com.whatsapp: Method void com.whatsapp.HomeActivity.A6e() failed lock verification and will run slower.
01-17 21:22:15.450 27360 27360 E ArmVmp : Match on catch block at 0x0a in for 0x199
01-17 21:22:15.478 27360 27360 E ArmVmp : Match on catch block at 0x0a in for 0x269
01-17 21:22:15.637 27360 27446 W com.whatsapp: Accessing hidden method Lcom/android/org/conscrypt/ConscryptEngineSocket;->setUseSessionTickets(Z)V (max- target-q,core-platform-api, reflection, denied)
01-17 21:22:15.638 27360 27446 W com.whatsapp: Accessing hidden method Lcom/android/org/conscrypt/OpenSSLSocketImpl;->setUseSessionTickets(Z)V (max- target-q,core-platform-api, reflection, denied)
01-17 21:22:15.638 27360 27446 W com.whatsapp: Accessing hidden method Lcom/android/org/conscrypt/AbstractConscryptSocket;->setUseSessionTickets(Z)V (max- target-q, reflection, denied)
01-17 21:22:15.638 27360 27446 W com.whatsapp: Accessing hidden method Lcom/android/org/conscrypt/ConscryptEngineSocket;->setHostname(Ljava/lang/String;)V (max-target-q,core-platform-api, reflection, denied)
01-17 21:22:15.638 27360 27446 W com.whatsapp: Accessing hidden method Lcom/android/org/conscrypt/OpenSSLSocketImpl;->setHostname(Ljava/lang/String;)V (max-target-q,core-platform-api, reflection, denied)
01-17 21:22:15.638 27360 27446 W com.whatsapp: Accessing hidden method Lcom/android/org/conscrypt/AbstractConscryptSocket;->setHostname(Ljava/lang/ String;)V (max-target-q, reflection, denied)
01-17 21:22:15.638 27360 27446 W com.whatsapp: Accessing hidden method Lcom/android/org/conscrypt/OpenSSLSocketImpl;->setAlpnProtocols([B)V (max-target- q,core-platform-api, reflection, denied)
01-17 21:22:15.638 27360 27446 W com.whatsapp: Accessing hidden method Lcom/android/org/conscrypt/AbstractConscryptSocket;->setAlpnProtocols([B)V (max- target-q, reflection, denied)
01-17 21:22:15.958 27360 27446 W com.whatsapp: Accessing hidden method Lcom/android/org/conscrypt/OpenSSLSocketImpl;->getAlpnSelectedProtocol()[B (max- target-q,core-platform-api, reflection, denied)
01-17 21:22:15.958 27360 27446 W com.whatsapp: Accessing hidden method Lcom/android/org/conscrypt/AbstractConscryptSocket;->getAlpnSelectedProtocol()[B (max-target-q, reflection, denied)
01-17 21:22:16.404 27360 27360 E RecyclerView: No adapter attached; skipping layout 01-17 21:22:16--------- beginning of main
01-17 21:22:13.800 27360 27360 E CustomActivityOnCrash: IMPORTANT WARNING! You already have an UncaughtExceptionHandler, are you sure this is correct? If you use a custom UncaughtExceptionHandler, you must initialize it AFTER CustomActivityOnCrash! Installing anyway, but your original handler will not be called.
01-17 21:22:13.977 27360 27360 W com.whatsapp: Accessing hidden method Lcom/android/org/conscrypt/OpenSSLSocketImpl;->setUseSessionTickets(Z)V (max- target-q,core-platform-api, reflection, denied)
01-17 21:22:13.977 27360 27360 W com.whatsapp: Accessing hidden method Lcom/android/org/conscrypt/AbstractConscryptSocket;->setUseSessionTickets(Z)V (max- target-q, reflection, denied)
01-17 21:22:13.998 27398 27398 W libprocessgroup: Controller sfreezer is not found
01-17 21:22:13.999 27398 27398 W libprocessgroup: SetAttribute: unknown attribute: OlafState
01-17 21:22:13.999 27398 27398 W libprocessgroup: SetAttribute: unknown attribute: OlafState
01-17 21:22:14.774 27360 27360 W com.whatsapp: Method void X.0eU.A0h(X.0tK, boolean) failed lock verification and will run slower.
01-17 21:22:14.774 27360 27360 W com.whatsapp: Common causes for lock verification issues are non-optimized dex code
01-17 21:22:14.774 27360 27360 W com.whatsapp: and incorrect proguard optimizations.
01-17 21:22:14.802 27360 27415 W com.whatsapp: Method void X.2rL.A03(java.lang.Integer) failed lock verification and will run slower.
01-17 21:22:15.025 27360 27427 W libc : Access denied finding property "vendor.mali.config"
01-17 21:22:15.034 27360 27360 W com.whatsapp: Method void com.whatsapp.HomeActivity.A6e() failed lock verification and will run slower.
01-17 21:22:15.450 27360 27360 E ArmVmp : Match on catch block at 0x0a in for 0x199
01-17 21:22:15.478 27360 27360 E ArmVmp : Match on catch block at 0x0a in for 0x269
01-17 21:22:15.637 27360 27446 W com.whatsapp: Accessing hidden method Lcom/android/org/conscrypt/ConscryptEngineSocket;->setUseSessionTickets(Z)V (max- target-q,core-platform-api, reflection, denied)
01-17 21:22:15.638 27360 27446 W com.whatsapp: Accessing hidden method Lcom/android/org/conscrypt/OpenSSLSocketImpl;->setUseSessionTickets(Z)V (max- target-q,core-platform-api, reflection, denied)
01-17 21:22:15.638 27360 27446 W com.whatsapp: Accessing hidden method Lcom/android/org/conscrypt/AbstractConscryptSocket;->setUseSessionTickets(Z)V (max- target-q, reflection, denied)
01-17 21:22:15.638 27360 27446 W com.whatsapp: Accessing hidden method Lcom/android/org/conscrypt/ConscryptEngineSocket;->setHostname(Ljava/lang/String;)V (max-target-q,core-platform-api, reflection, denied)
01-17 21:22:15.638 27360 27446 W com.whatsapp: Accessing hidden method Lcom/android/org/conscrypt/OpenSSLSocketImpl;->setHostname(Ljava/lang/String;)V (max-target-q,core-platform-api, reflection, denied)
01-17 21:22:15.638 27360 27446 W com.whatsapp: Accessing hidden method Lcom/android/org/conscrypt/AbstractConscryptSocket;->setHostname(Ljava/lang/ String;)V (max-target-q, reflection, denied)
01-17 21:22:15.638 27360 27446 W com.whatsapp: Accessing hidden method Lcom/android/org/conscrypt/OpenSSLSocketImpl;->setAlpnProtocols([B)V (max-target- q,core-platform-api, reflection, denied)
01-17 21:22:15.638 27360 27446 W com.whatsapp: Accessing hidden method Lcom/android/org/conscrypt/AbstractConscryptSocket;->setAlpnProtocols([B)V (max- target-q, reflection, denied)
01-17 21:22:15.958 27360 27446 W com.whatsapp: Accessing hidden method Lcom/android/org/conscrypt/OpenSSLSocketImpl;->getAlpnSelectedProtocol()[B (max- target-q,core-platform-api, reflection, denied)
01-17 21:22:15.958 27360 27446 W com.whatsapp: Accessing hidden method Lcom/android/org/conscrypt/AbstractConscryptSocket;->getAlpnSelectedProtocol()[B (max-target-q, reflection, denied)
01-17 21:22:16.404 27360 27360 E RecyclerView: No adapter attached; skipping layout
01-17 21:22:16.481 27360 27427 W Parcel : Expecting binder but got null!
01-17 21:22:16.529 27360 27360 E RecyclerView: No adapter attached; skipping layout
01-17 21:22:16.551 27360 27360 E ArmVmp : Match o.481 27360 27427 W Parcel : Expecting binder but got null!
01-17 21:22:16.529 27360 27360 E RecyclerView: No adapter attached; skipping layout
01-17 21:22:16.551 27360 27360 E ArmVmp : Match on catch block at 0x0a in for 0x1ad
01-17 21:22:16.722 27360 27481 W LOTTIE : Animation contains merge paths. Merge paths are only supported on KitKat+ and must be manually enabled by calling enableMergePathsForKitKatAndAbove().
01-17 21:22:17.004 27360 27360 W LOTTIE : Animation contains merge paths but they are disabled.
01-17 21:22:17.381 27360 27380 W LibraryVersion: Failed to get app version for libraryName: firebase-iid
01-17 21:22:17.528 27360 27368 W com.whatsapp: Cleared Reference was only reachable from finalizer (only reported once)
01-17 21:22:17.754 27360 27427 W Parcel : Expecting binder but got null!
01-17 21:22:17.878 27360 27360 E ArmVmp : Match on catch block at 0x5b in for 0x115
01-17 21:22:19.546 27360 27427 W Parcel : Expecting binder but got null!
01-17 21:22:20.757 27296 27304 W count_switching: Cleared Reference was only reachable from finalizer (only reported once)
01-17 21:22:21.378 27360 27427 W Parcel : Expecting binder but got null!
01-17 21:22:23.412 27360 27427 W Parcel : Expecting binder but got null!
01-17 21:22:25.407 27360 27427 W Parcel : Expecting binder but got null!
01-17 21:22:26.754 27360 27604 E RenderScript: Failed loading RS driver: dlopen failed: library "libRSDriverArm.so" not found
01-17 21:22:26.754 27360 27604 E RenderScript: Failed to load runtime libRSDriverArm.so, loading default
01-17 21:22:27.016 27360 27360 E ArmVmp : Match on catch block at 0x0a in for 0x18d
01-17 21:22:27.024 27360 27360 E ArmVmp : Match on catch block at 0x0a in for 0x189
01-17 21:22:27.328 27360 27360 E ArmVmp : Match on catch block at 0xc3 in for 0x175
01-17 21:22:27.332 27360 27360 E ArmVmp : Match on catch block at 0xc3 in for 0x175
01-17 21:22:27.334 27360 27360 E ArmVmp : Match on catch block at 0xc3 in for 0x16d
01-17 21:22:27.405 27360 27427 W Parcel : Expecting binder but got null!
01-17 21:22:27.439 27360 27360 E ArmVmp : Match on catch block at 0xc3 in for 0x141
01-17 21:22:27.442 27360 27360 E ArmVmp : Match on catch block at 0xc3 in for 0x141
01-17 21:22:27.444 27360 27360 E ArmVmp : Match on catch block at 0xc3 in for 0x145
01-17 21:22:27.489 27360 27360 E ArmVmp : Match on catch block at 0xc3 in for 0x151
01-17 21:22:27.492 27360 27360 E ArmVmp : Match on catch block at 0xc3 in for 0x14d
01-17 21:22:27.494 27360 27360 E ArmVmp : Match on catch block at 0xc3 in for 0x151
01-17 21:22:27.508 27360 27360 E ArmVmp : Match on catch block at 0xc3 in for 0x149
01-17 21:22:27.511 27360 27360 E ArmVmp : Match on catch block at 0xc3 in for 0x145
01-17 21:22:27.513 27360 27360 E ArmVmp : Match on catch block at 0xc3 in for 0x149
01-17 21:22:27.535 27360 27360 E ArmVmp : Match on catch block at 0xc3 in for 0x149
01-17 21:22:27.538 27360 27360 E ArmVmp : Match on catch block at 0xc3 in for 0x145
01-17 21:22:27.539 27360 27360 E ArmVmp : Match on catch block at 0xc3 in for 0x149
01-17 21:22:28.040 27360 27360 E ArmVmp : Match on catch block at 0xc3 in for 0x149
01-17 21:22:28.045 27360 27360 E ArmVmp : Match on catch block at 0xc3 in for 0x145
01-17 21:22:28.048 27360 27360 E ArmVmp : Match on catch block at 0xc3 in for 0x149
01-17 21:22:28.375 27360 27360 E ArmVmp : Match on catch block at 0xc3 in for 0x141
01-17 21:22:28.379 27360 27360 E ArmVmp : Match on catch block at 0xc3 in for 0x159
01-17 21:22:28.381 27360 27360 E ArmVmp : Match on catch block at 0xc3 in for 0x141
01-17 21:22:28.495 27360 27360 W OnBackInvokedCallback: OnBackInvokedCallback is not enabled for the application.
01-17 21:22:28.495 27360 27360 W OnBackInvokedCallback: Set 'android:enableOnBackInvokedCallback="true"' in the application manifest.
01-17 21:22:28.537 27360 27360 E ArmVmp : Match on catch block at 0xc3 in for 0x141
01-17 21:22:28.541 27360 27360 E ArmVmp : Match on catch block at 0xc3 in for 0x159
01-17 21:22:28.545 27360 27360 E ArmVmp : Match on catch block at 0xc3 in for 0x141 01-17 21:2n catch block at 0x0a in for 0x1ad
01-17 21:22:16.722 27360 27481 W LOTTIE : Animation contains merge paths. Merge paths are only supported on KitKat+ and must be manually enabled by calling enableMergePathsForKitKatAndAbove().
01-17 21:22:17.004 27360 27360 W LOTTIE : Animation contains merge paths but they are disabled.
01-17 21:22:17.381 27360 27380 W LibraryVersion: Failed to get app version for libraryName: firebase-iid
01-17 21:22:17.528 27360 27368 W com.whatsapp: Cleared Reference was only reachable from finalizer (only reported once)
01-17 21:22:17.754 27360 27427 W Parcel : Expecting binder but got null!
01-17 21:22:17.878 27360 27360 E ArmVmp : Match on catch block at 0x5b in for 0x115
01-17 21:22:19.546 27360 27427 W Parcel : Expecting binder but got null!
01-17 21:22:20.757 27296 27304 W count_switching: Cleared Reference was only reachable from finalizer (only reported once)
01-17 21:22:21.378 27360 27427 W Parcel : Expecting binder but got null!
01-17 21:22:23.412 27360 27427 W Parcel : Expecting binder but got null!
01-17 21:22:25.407 27360 27427 W Parcel : Expecting binder but got null!
01-17 21:22:26.754 27360 27604 E RenderScript: Failed loading RS driver: dlopen failed: library "libRSDriverArm.so" not found
01-17 21:22:26.754 27360 27604 E RenderScript: Failed to load runtime libRSDriverArm.so, loading default
01-17 21:22:27.016 27360 27360 E ArmVmp : Match on catch block at 0x0a in for 0x18d
01-17 21:22:27.024 27360 27360 E ArmVmp : Match on catch block at 0x0a in for 0x189
01-17 21:22:27.328 27360 27360 E ArmVmp : Match on catch block at 0xc3 in for 0x175
01-17 21:22:27.332 27360 27360 E ArmVmp : Match on catch block at 0xc3 in for 0x175
01-17 21:22:27.334 27360 27360 E ArmVmp : Match on catch block at 0xc3 in for 0x16d
01-17 21:22:27.405 27360 27427 W Parcel : Expecting binder but got null!
01-17 21:22:27.439 27360 27360 E ArmVmp : Match on catch block at 0xc3 in for 0x141
01-17 21:22:27.442 27360 27360 E ArmVmp : Match on catch block at 0xc3 in for 0x141
01-17 21:22:27.444 27360 27360 E ArmVmp : Match on catch block at 0xc3 in for 0x145
01-17 21:22:27.489 27360 27360 E ArmVmp : Match on catch block at 0xc3 in for 0x151
01-17 21:22:27.492 27360 27360 E ArmVmp : Match on catch block at 0xc3 in for 0x14d
01-17 21:22:27.494 27360 27360 E ArmVmp : Match on catch block at 0xc3 in for 0x151
01-17 21:22:27.508 27360 27360 E ArmVmp : Match on catch block at 0xc3 in for 0x149
01-17 21:22:27.511 27360 27360 E ArmVmp : Match on catch block at 0xc3 in for 0x145
01-17 21:22:27.513 27360 27360 E ArmVmp : Match on catch block at 0xc3 in for 0x149
01-17 21:22:27.535 27360 27360 E ArmVmp : Match on catch block at 0xc3 in for 0x149
01-17 21:22:27.538 27360 27360 E ArmVmp : Match on catch block at 0xc3 in for 0x145
01-17 21:22:27.539 27360 27360 E ArmVmp : Match on catch block at 0xc3 in for 0x149
01-17 21:22:28.040 27360 27360 E ArmVmp : Match on catch block at 0xc3 in for 0x149
01-17 21:22:28.045 27360 27360 E ArmVmp : Match on catch block at 0xc3 in for 0x145
01-17 21:22:28.048 27360 27360 E ArmVmp : Match on catch block at 0xc3 in for 0x149
01-17 21:22:28.375 27360 27360 E ArmVmp : Match on catch block at 0xc3 in for 0x141
01-17 21:22:28.379 27360 27360 E ArmVmp : Match on catch block at 0xc3 in for 0x159
01-17 21:22:28.381 27360 27360 E ArmVmp : Match on catch block at 0xc3 in for 0x141
01-17 21:22:28.495 27360 27360 W OnBackInvokedCallback: OnBackInvokedCallback is not enabled for the application.
01-17 21:22:28.495 27360 27360 W OnBackInvokedCallback: Set 'android:enableOnBackInvokedCallback="true"' in the application manifest.
01-17 21:22:28.537 27360 27360 E ArmVmp : Match on catch block at 0xc3 in for 0x141
01-17 21:22:28.541 27360 27360 E ArmVmp : Match on catch block at 0xc3 in for 0x159
01-17 21:22:28.545 27360 27360 E ArmVmp : Match on catch block at 0xc3 in for 0x141
01-17 21:22:28.585 27360 27360 E ArmVmp : Match on catch block at 0xc3 in for 0x145
01-17 21:22:28.589 27360 27360 E ArmVmp : Match on catch block at 0xc3 in for 0x141
01-17 21:22:28.593 27360 27360 E A2:28.585 27360 27360 E ArmVmp : Match on catch block at 0xc3 in for 0x145
01-17 21:22:28.589 27360 27360 E ArmVmp : Match on catch block at 0xc3 in for 0x141
01-17 21:22:28.593 27360 27360 E ArmVmp : Match on catch block at 0xc3 in for 0x145
01-17 21:22:28.602 27360 27360 E ArmVmp : Match on catch block at 0xc3 in for 0x145
01-17 21:22:28.605 27360 27360 E ArmVmp : Match on catch block at 0xc3 in for 0x141
01-17 21:22:28.608 27360 27360 E ArmVmp : Match on catch block at 0xc3 in for 0x145
01-17 21:22:28.801 27360 27360 E ArmVmp : Match on catch block at 0xc3 in for 0x145
01-17 21:22:28.805 27360 27360 E ArmVmp : Match on catch block at 0xc3 in for 0x141
01-17 21:22:28.808 27360 27360 E ArmVmp : Match on catch block at 0xc3 in for 0x145
01-17 21:22:29.034 27360 27360 E ArmVmp : Match on catch block at 0xc3 in for 0x145
01-17 21:22:29.040 27360 27360 E ArmVmp : Match on catch block at 0xc3 in for 0x141
01-17 21:22:29.043 27360 27360 E ArmVmp : Match on catch block at 0xc3 in for 0x145
01-17 21:22:29.531 27360 27360 E ArmVmp : Match on catch block at 0xc3 in for 0x145
01-17 21:22:29.535 27360 27360 E ArmVmp : Match on catch block at 0xc3 in for 0x141
01-17 21:22:29.539 27360 27360 E ArmVmp : Match on catch block at 0xc3 in for 0x145
01-17 21:22:29.687 27360 27360 E ArmVmp : Match on catch block at 0xc3 in for 0x145
01-17 21:22:29.690 27360 27360 E ArmVmp : Match on catch block at 0xc3 in for 0x141
01-17 21:22:29.692 27360 27360 E ArmVmp : Match on catch block at 0xc3 in for 0x145
01-17 21:22:29.705 27360 27360 E ArmVmp : Match on catch block at 0xc3 in for 0x159
01-17 21:22:29.708 27360 27360 E ArmVmp : Match on catch block at 0xc3 in for 0x155
01-17 21:22:29.711 27360 27360 E ArmVmp : Match on catch block at 0xc3 in for 0x159
01-17 21:22:29.730 27360 27360 E ArmVmp : Match on catch block at 0xc3 in for 0x159
01-17 21:22:29.734 27360 27360 E ArmVmp : Match on catch block at 0xc3 in for 0x155
01-17 21:22:29.738 27360 27360 E ArmVmp : Match on catch block at 0xc3 in for 0x159
01-17 21:22:29.746 27360 27360 E ArmVmp : Match on catch block at 0xc3 in for 0x159
01-17 21:22:29.755 27360 27360 E ArmVmp : Match on catch block at 0xc3 in for 0x155
01-17 21:22:29.761 27360 27360 E ArmVmp : Match on catch block at 0xc3 in for 0x159
01-17 21:22:29.779 27360 27360 E ArmVmp : Match on catch block at 0xc3 in for 0x159
01-17 21:22:29.782 27360 27360 E ArmVmp : Match on catch block at 0xc3 in for 0x155
01-17 21:22:29.784 27360 27360 E ArmVmp : Match on catch block at 0xc3 in for 0x159
01-17 21:22:29.797 27360 27360 E ArmVmp : Match on catch block at 0xc3 in for 0x159
01-17 21:22:29.801 27360 27360 E ArmVmp : Match on catch block at 0xc3 in for 0x155
01-17 21:22:29.803 27360 27360 E ArmVmp : Match on catch block at 0xc3 in for 0x159
01-17 21:22:29.812 27360 27360 E ArmVmp : Match on catch block at 0xc3 in for 0x159
01-17 21:22:29.817 27360 27360 E ArmVmp : Match on catch block at 0xc3 in for 0x155
01-17 21:22:29.819 27360 27360 E ArmVmp : Match on catch block at 0xc3 in for 0x159
01-17 21:22:29.829 27360 27360 E ArmVmp : Match on catch block at 0xc3 in for 0x159
01-17 21:22:29.831 27360 27360 E ArmVmp : Match on catch block at 0xc3 in for 0x155
01-17 21:22:29.834 27360 27360 E ArmVmp : Match on catch block at 0xc3 in for 0x159
01-17 21:22:29.845 27360 27360 E ArmVmp : Match on catch block at 0xc3 in for 0x159
01-17 21:22:29.847 27360 27360 E ArmVmp : Match on catch block at 0xc3 in for 0x155
01-17 21:22:29.849 27360 27360 E ArmVmp : Match on catch block at 0xc3 in for 0x159
01-17 21:22:29.861 27360 27360 E ArmVmp : Match on catch block at 0xc3 in for 0x159
01-17 21:22:29.864 27360 27360 E ArmVmp : Match on catch block at 0xc3 in for 0x155
01-17 21:22:29.867 27360 27360 E ArmVmp : Match on catch block at 0xc3 in for 0x159
01-17 21:22:29.878 27360 27360 E ArmVmp : Match on catch block at 0xc3 in for 0x159
01-17 21:22:29.881 27360 27360 E ArmVmp : Match on catch block at 0xc3 in for 0x155
01-17 21:22:29.884 27360 27360 E ArmVmp : Match on catch block at 0xc3 in for 0x159
01-17 21:22:30.194 27360 2rmVmp : Match on catch block at 0xc3 in for 0x145
01-17 21:22:28.602 27360 27360 E ArmVmp : Match on catch block at 0xc3 in for 0x145
01-17 21:22:28.605 27360 27360 E ArmVmp : Match on catch block at 0xc3 in for 0x141
01-17 21:22:28.608 27360 27360 E ArmVmp : Match on catch block at 0xc3 in for 0x145
01-17 21:22:28.801 27360 27360 E ArmVmp : Match on catch block at 0xc3 in for 0x145
01-17 21:22:28.805 27360 27360 E ArmVmp : Match on catch block at 0xc3 in for 0x141
01-17 21:22:28.808 27360 27360 E ArmVmp : Match on catch block at 0xc3 in for 0x145
01-17 21:22:29.034 27360 27360 E ArmVmp : Match on catch block at 0xc3 in for 0x145
01-17 21:22:29.040 27360 27360 E ArmVmp : Match on catch block at 0xc3 in for 0x141
01-17 21:22:29.043 27360 27360 E ArmVmp : Match on catch block at 0xc3 in for 0x145
01-17 21:22:29.531 27360 27360 E ArmVmp : Match on catch block at 0xc3 in for 0x145
01-17 21:22:29.535 27360 27360 E ArmVmp : Match on catch block at 0xc3 in for 0x141
01-17 21:22:29.539 27360 27360 E ArmVmp : Match on catch block at 0xc3 in for 0x145
01-17 21:22:29.687 27360 27360 E ArmVmp : Match on catch block at 0xc3 in for 0x145
01-17 21:22:29.690 27360 27360 E ArmVmp : Match on catch block at 0xc3 in for 0x141
01-17 21:22:29.692 27360 27360 E ArmVmp : Match on catch block at 0xc3 in for 0x145
01-17 21:22:29.705 27360 27360 E ArmVmp : Match on catch block at 0xc3 in for 0x159
01-17 21:22:29.708 27360 27360 E ArmVmp : Match on catch block at 0xc3 in for 0x155
01-17 21:22:29.711 27360 27360 E ArmVmp : Match on catch block at 0xc3 in for 0x159
01-17 21:22:29.730 27360 27360 E ArmVmp : Match on catch block at 0xc3 in for 0x159
01-17 21:22:29.734 27360 27360 E ArmVmp : Match on catch block at 0xc3 in for 0x155
01-17 21:22:29.738 27360 27360 E ArmVmp : Match on catch block at 0xc3 in for 0x159
01-17 21:22:29.746 27360 27360 E ArmVmp : Match on catch block at 0xc3 in for 0x159
01-17 21:22:29.755 27360 27360 E ArmVmp : Match on catch block at 0xc3 in for 0x155
01-17 21:22:29.761 27360 27360 E ArmVmp : Match on catch block at 0xc3 in for 0x159
01-17 21:22:29.779 27360 27360 E ArmVmp : Match on catch block at 0xc3 in for 0x159
01-17 21:22:29.782 27360 27360 E ArmVmp : Match on catch block at 0xc3 in for 0x155
01-17 21:22:29.784 27360 27360 E ArmVmp : Match on catch block at 0xc3 in for 0x159
01-17 21:22:29.797 27360 27360 E ArmVmp : Match on catch block at 0xc3 in for 0x159
01-17 21:22:29.801 27360 27360 E ArmVmp : Match on catch block at 0xc3 in for 0x155
01-17 21:22:29.803 27360 27360 E ArmVmp : Match on catch block at 0xc3 in for 0x159
01-17 21:22:29.812 27360 27360 E ArmVmp : Match on catch block at 0xc3 in for 0x159
01-17 21:22:29.817 27360 27360 E ArmVmp : Match on catch block at 0xc3 in for 0x155
01-17 21:22:29.819 27360 27360 E ArmVmp : Match on catch block at 0xc3 in for 0x159
01-17 21:22:29.829 27360 27360 E ArmVmp : Match on catch block at 0xc3 in for 0x159
01-17 21:22:29.831 27360 27360 E ArmVmp : Match on catch block at 0xc3 in for 0x155
01-17 21:22:29.834 27360 27360 E ArmVmp : Match on catch block at 0xc3 in for 0x159
01-17 21:22:29.845 27360 27360 E ArmVmp : Match on catch block at 0xc3 in for 0x159
01-17 21:22:29.847 27360 27360 E ArmVmp : Match on catch block at 0xc3 in for 0x155
01-17 21:22:29.849 27360 27360 E ArmVmp : Match on catch block at 0xc3 in for 0x159
01-17 21:22:29.861 27360 27360 E ArmVmp : Match on catch block at 0xc3 in for 0x159
01-17 21:22:29.864 27360 27360 E ArmVmp : Match on catch block at 0xc3 in for 0x155
01-17 21:22:29.867 27360 27360 E ArmVmp : Match on catch block at 0xc3 in for 0x159
01-17 21:22:29.878 27360 27360 E ArmVmp : Match on catch block at 0xc3 in for 0x159
01-17 21:22:29.881 27360 27360 E ArmVmp : Match on catch block at 0xc3 in for 0x155
01-17 21:22:29.884 27360 27360 E ArmVmp : Match on catch block at 0xc3 in for 0x159
01-17 21:22:30.194 27360 27360 E ArmVmp : Match on catch block at 0xc3 in for 0x145
01-17 21:22:30.199 27360 27360 E ArmVmp : Match on catch block at 0xc3 in for 0x141
01-17 21:22:30.202 27360 27360 E ArmVmp : Match o7360 E ArmVmp : Match on catch block at 0xc3 in for 0x145
01-17 21:22:30.199 27360 27360 E ArmVmp : Match on catch block at 0xc3 in for 0x141
01-17 21:22:30.202 27360 27360 E ArmVmp : Match on catch block at 0xc3 in for 0x145
01-17 21:22:30.513 27360 27360 E ArmVmp : Match on catch block at 0xc3 in for 0x151
01-17 21:22:30.516 27360 27360 E ArmVmp : Match on catch block at 0xc3 in for 0x14d
01-17 21:22:30.520 27360 27360 E ArmVmp : Match on catch block at 0xc3 in for 0x151
01-17 21:22:30.527 27360 27360 E ArmVmp : Match on catch block at 0xc3 in for 0x151
01-17 21:22:30.531 27360 27360 E ArmVmp : Match on catch block at 0xc3 in for 0x14d
01-17 21:22:30.534 27360 27360 E ArmVmp : Match on catch block at 0xc3 in for 0x151
01-17 21:22:30.541 27360 27360 E ArmVmp : Match on catch block at 0xc3 in for 0x151
01-17 21:22:30.544 27360 27360 E ArmVmp : Match on catch block at 0xc3 in for 0x14d
01-17 21:22:30.547 27360 27360 E ArmVmp : Match on catch block at 0xc3 in for 0x151
01-17 21:22:30.558 27360 27360 E ArmVmp : Match on catch block at 0xc3 in for 0x151
01-17 21:22:30.560 27360 27360 E ArmVmp : Match on catch block at 0xc3 in for 0x14d
01-17 21:22:30.564 27360 27360 E ArmVmp : Match on catch block at 0xc3 in for 0x151
01-17 21:22:30.574 27360 27360 E ArmVmp : Match on catch block at 0xc3 in for 0x151
01-17 21:22:30.577 27360 27360 E ArmVmp : Match on catch block at 0xc3 in for 0x14d
01-17 21:22:30.579 27360 27360 E ArmVmp : Match on catch block at 0xc3 in for 0x151
01-17 21:22:30.591 27360 27360 E ArmVmp : Match on catch block at 0xc3 in for 0x151
01-17 21:22:30.594 27360 27360 E ArmVmp : Match on catch block at 0xc3 in for 0x14d
01-17 21:22:30.596 27360 27360 E ArmVmp : Match on catch block at 0xc3 in for 0x151
01-17 21:22:30.607 27360 27360 E ArmVmp : Match on catch block at 0xc3 in for 0x151
01-17 21:22:30.611 27360 27360 E ArmVmp : Match on catch block at 0xc3 in for 0x14d
01-17 21:22:30.613 27360 27360 E ArmVmp : Match on catch block at 0xc3 in for 0x151
01-17 21:22:30.624 27360 27360 E ArmVmp : Match on catch block at 0xc3 in for 0x151
01-17 21:22:30.628 27360 27360 E ArmVmp : Match on catch block at 0xc3 in for 0x14d
01-17 21:22:30.631 27360 27360 E ArmVmp : Match on catch block at 0xc3 in for 0x151
01-17 21:22:30.641 27360 27360 E ArmVmp : Match on catch block at 0xc3 in for 0x151
01-17 21:22:30.645 27360 27360 E ArmVmp : Match on catch block at 0xc3 in for 0x14d
01-17 21:22:30.647 27360 27360 E ArmVmp : Match on catch block at 0xc3 in for 0x151
01-17 21:22:30.658 27360 27360 E ArmVmp : Match on catch block at 0xc3 in for 0x151
01-17 21:22:30.661 27360 27360 E ArmVmp : Match on catch block at 0xc3 in for 0x14d
01-17 21:22:30.664 27360 27360 E ArmVmp : Match on catch block at 0xc3 in for 0x151
01-17 21:22:30.675 27360 27360 E ArmVmp : Match on catch block at 0xc3 in for 0x151
01-17 21:22:30.678 27360 27360 E ArmVmp : Match on catch block at 0xc3 in for 0x14d
01-17 21:22:30.682 27360 27360 E ArmVmp : Match on catch block at 0xc3 in for 0x151
01-17 21:22:30.691 27360 27360 E ArmVmp : Match on catch block at 0xc3 in for 0x151
01-17 21:22:30.694 27360 27360 E ArmVmp : Match on catch block at 0xc3 in for 0x14d
01-17 21:22:30.697 27360 27360 E ArmVmp : Match on catch block at 0xc3 in for 0x151
01-17 21:22:30.708 27360 27360 E ArmVmp : Match on catch block at 0xc3 in for 0x151
01-17 21:22:30.714 27360 27360 E ArmVmp : Match on catch block at 0xc3 in for 0x14d
01-17 21:22:30.717 27360 27360 E ArmVmp : Match on catch block at 0xc3 in for 0x151
01-17 21:22:31.040 27360 27360 E ArmVmp : Match on catch block at 0xc3 in for 0x151
01-17 21:22:31.044 27360 27360 E ArmVmp : Match on catch block at 0xc3 in for 0x14d
01-17 21:22:31.047 27360 27360 E ArmVmp : Match on catch block at 0xc3 in for 0x151
01-17 21:22:31.177 27360 27360 E ArmVmp : Match on catch block at 0xc3 in for 0x14d
01-17 21:22:31.179 27360 27360 E ArmVmp : Match on catch block at 0xc3 in for 0x149
01-17 21:22:31.184 27360 27360 E ArmVmp : Match on catch block at 0xc3 in for 0x14d
01-17 21:22:31.205 27360 27360 E ArmVmp :n catch block at 0xc3 in for 0x145
01-17 21:22:30.513 27360 27360 E ArmVmp : Match on catch block at 0xc3 in for 0x151
01-17 21:22:30.516 27360 27360 E ArmVmp : Match on catch block at 0xc3 in for 0x14d
01-17 21:22:30.520 27360 27360 E ArmVmp : Match on catch block at 0xc3 in for 0x151
01-17 21:22:30.527 27360 27360 E ArmVmp : Match on catch block at 0xc3 in for 0x151
01-17 21:22:30.531 27360 27360 E ArmVmp : Match on catch block at 0xc3 in for 0x14d
01-17 21:22:30.534 27360 27360 E ArmVmp : Match on catch block at 0xc3 in for 0x151
01-17 21:22:30.541 27360 27360 E ArmVmp : Match on catch block at 0xc3 in for 0x151
01-17 21:22:30.544 27360 27360 E ArmVmp : Match on catch block at 0xc3 in for 0x14d
01-17 21:22:30.547 27360 27360 E ArmVmp : Match on catch block at 0xc3 in for 0x151
01-17 21:22:30.558 27360 27360 E ArmVmp : Match on catch block at 0xc3 in for 0x151
01-17 21:22:30.560 27360 27360 E ArmVmp : Match on catch block at 0xc3 in for 0x14d
01-17 21:22:30.564 27360 27360 E ArmVmp : Match on catch block at 0xc3 in for 0x151
01-17 21:22:30.574 27360 27360 E ArmVmp : Match on catch block at 0xc3 in for 0x151
01-17 21:22:30.577 27360 27360 E ArmVmp : Match on catch block at 0xc3 in for 0x14d
01-17 21:22:30.579 27360 27360 E ArmVmp : Match on catch block at 0xc3 in for 0x151
01-17 21:22:30.591 27360 27360 E ArmVmp : Match on catch block at 0xc3 in for 0x151
01-17 21:22:30.594 27360 27360 E ArmVmp : Match on catch block at 0xc3 in for 0x14d
01-17 21:22:30.596 27360 27360 E ArmVmp : Match on catch block at 0xc3 in for 0x151
01-17 21:22:30.607 27360 27360 E ArmVmp : Match on catch block at 0xc3 in for 0x151
01-17 21:22:30.611 27360 27360 E ArmVmp : Match on catch block at 0xc3 in for 0x14d
01-17 21:22:30.613 27360 27360 E ArmVmp : Match on catch block at 0xc3 in for 0x151
01-17 21:22:30.624 27360 27360 E ArmVmp : Match on catch block at 0xc3 in for 0x151
01-17 21:22:30.628 27360 27360 E ArmVmp : Match on catch block at 0xc3 in for 0x14d
01-17 21:22:30.631 27360 27360 E ArmVmp : Match on catch block at 0xc3 in for 0x151
01-17 21:22:30.641 27360 27360 E ArmVmp : Match on catch block at 0xc3 in for 0x151
01-17 21:22:30.645 27360 27360 E ArmVmp : Match on catch block at 0xc3 in for 0x14d
01-17 21:22:30.647 27360 27360 E ArmVmp : Match on catch block at 0xc3 in for 0x151
01-17 21:22:30.658 27360 27360 E ArmVmp : Match on catch block at 0xc3 in for 0x151
01-17 21:22:30.661 27360 27360 E ArmVmp : Match on catch block at 0xc3 in for 0x14d
01-17 21:22:30.664 27360 27360 E ArmVmp : Match on catch block at 0xc3 in for 0x151
01-17 21:22:30.675 27360 27360 E ArmVmp : Match on catch block at 0xc3 in for 0x151
01-17 21:22:30.678 27360 27360 E ArmVmp : Match on catch block at 0xc3 in for 0x14d
01-17 21:22:30.682 27360 27360 E ArmVmp : Match on catch block at 0xc3 in for 0x151
01-17 21:22:30.691 27360 27360 E ArmVmp : Match on catch block at 0xc3 in for 0x151
01-17 21:22:30.694 27360 27360 E ArmVmp : Match on catch block at 0xc3 in for 0x14d
01-17 21:22:30.697 27360 27360 E ArmVmp : Match on catch block at 0xc3 in for 0x151
01-17 21:22:30.708 27360 27360 E ArmVmp : Match on catch block at 0xc3 in for 0x151
01-17 21:22:30.714 27360 27360 E ArmVmp : Match on catch block at 0xc3 in for 0x14d
01-17 21:22:30.717 27360 27360 E ArmVmp : Match on catch block at 0xc3 in for 0x151
01-17 21:22:31.040 27360 27360 E ArmVmp : Match on catch block at 0xc3 in for 0x151
01-17 21:22:31.044 27360 27360 E ArmVmp : Match on catch block at 0xc3 in for 0x14d
01-17 21:22:31.047 27360 27360 E ArmVmp : Match on catch block at 0xc3 in for 0x151
01-17 21:22:31.177 27360 27360 E ArmVmp : Match on catch block at 0xc3 in for 0x14d
01-17 21:22:31.179 27360 27360 E ArmVmp : Match on catch block at 0xc3 in for 0x149
01-17 21:22:31.184 27360 27360 E ArmVmp : Match on catch block at 0xc3 in for 0x14d
01-17 21:22:31.205 27360 27360 E ArmVmp : Match on catch block at 0xc3 in for 0x149
01-17 21:22:31.208 27360 27360 E ArmVmp : Match on catch block at 0xc3 in for 0x145
01-17 21:22:31.213 27360 27360 E ArmVmp : Match on catch block at Match on catch block at 0xc3 in for 0x149
01-17 21:22:31.208 27360 27360 E ArmVmp : Match on catch block at 0xc3 in for 0x145
01-17 21:22:31.213 27360 27360 E ArmVmp : Match on catch block at 0xc3 in for 0x149
01-17 21:22:31.221 27360 27360 E ArmVmp : Match on catch block at 0xc3 in for 0x149
01-17 21:22:31.225 27360 27360 E ArmVmp : Match on catch block at 0xc3 in for 0x145
01-17 21:22:31.229 27360 27360 E ArmVmp : Match on catch block at 0xc3 in for 0x149
01-17 21:22:31.238 27360 27360 E ArmVmp : Match on catch block at 0xc3 in for 0x149
01-17 21:22:31.242 27360 27360 E ArmVmp : Match on catch block at 0xc3 in for 0x145
01-17 21:22:31.246 27360 27360 E ArmVmp : Match on catch block at 0xc3 in for 0x149
01-17 21:22:31.255 27360 27360 E ArmVmp : Match on catch block at 0xc3 in for 0x149
01-17 21:22:31.260 27360 27360 E ArmVmp : Match on catch block at 0xc3 in for 0x145
01-17 21:22:31.263 27360 27360 E ArmVmp : Match on catch block at 0xc3 in for 0x149
01-17 21:22:31.270 27360 27360 E ArmVmp : Match on catch block at 0xc3 in for 0x149
01-17 21:22:31.274 27360 27360 E ArmVmp : Match on catch block at 0xc3 in for 0x145
01-17 21:22:31.279 27360 27360 E ArmVmp : Match on catch block at 0xc3 in for 0x149
01-17 21:22:31.288 27360 27360 E ArmVmp : Match on catch block at 0xc3 in for 0x149
01-17 21:22:31.292 27360 27360 E ArmVmp : Match on catch block at 0xc3 in for 0x145
01-17 21:22:31.295 27360 27360 E ArmVmp : Match on catch block at 0xc3 in for 0x149
01-17 21:22:31.306 27360 27360 E ArmVmp : Match on catch block at 0xc3 in for 0x149
01-17 21:22:31.309 27360 27360 E ArmVmp : Match on catch block at 0xc3 in for 0x145
01-17 21:22:31.311 27360 27360 E ArmVmp : Match on catch block at 0xc3 in for 0x149
01-17 21:22:31.320 27360 27360 E ArmVmp : Match on catch block at 0xc3 in for 0x149
01-17 21:22:31.323 27360 27360 E ArmVmp : Match on catch block at 0xc3 in for 0x145
01-17 21:22:31.326 27360 27360 E ArmVmp : Match on catch block at 0xc3 in for 0x149
01-17 21:22:31.337 27360 27360 E ArmVmp : Match on catch block at 0xc3 in for 0x149
01-17 21:22:31.339 27360 27360 E ArmVmp : Match on catch block at 0xc3 in for 0x145
01-17 21:22:31.343 27360 27360 E ArmVmp : Match on catch block at 0xc3 in for 0x149
01-17 21:22:31.353 27360 27360 E ArmVmp : Match on catch block at 0xc3 in for 0x149
01-17 21:22:31.356 27360 27360 E ArmVmp : Match on catch block at 0xc3 in for 0x145
01-17 21:22:31.359 27360 27360 E ArmVmp : Match on catch block at 0xc3 in for 0x149
01-17 21:22:31.370 27360 27360 E ArmVmp : Match on catch block at 0xc3 in for 0x149
01-17 21:22:31.373 27360 27360 E ArmVmp : Match on catch block at 0xc3 in for 0x145
01-17 21:22:31.376 27360 27360 E ArmVmp : Match on catch block at 0xc3 in for 0x149
01-17 21:22:31.685 27360 27360 E ArmVmp : Match on catch block at 0xc3 in for 0x149
01-17 21:22:31.688 27360 27360 E ArmVmp : Match on catch block at 0xc3 in for 0x145
01-17 21:22:31.691 27360 27360 E ArmVmp : Match on catch block at 0xc3 in for 0x149
01-17 21:22:31.869 27360 27360 E ArmVmp : Match on catch block at 0xc3 in for 0x149
01-17 21:22:31.873 27360 27360 E ArmVmp : Match on catch block at 0xc3 in for 0x145
01-17 21:22:31.877 27360 27360 E ArmVmp : Match on catch block at 0xc3 in for 0x149
01-17 21:22:31.900 27360 27360 E ArmVmp : Match on catch block at 0xc3 in for 0x159
01-17 21:22:31.903 27360 27360 E ArmVmp : Match on catch block at 0xc3 in for 0x155
01-17 21:22:31.905 27360 27360 E ArmVmp : Match on catch block at 0xc3 in for 0x159
01-17 21:22:31.927 27360 27360 E ArmVmp : Match on catch block at 0xc3 in for 0x145
01-17 21:22:31.930 27360 27360 E ArmVmp : Match on catch block at 0xc3 in for 0x141
01-17 21:22:31.950 27360 27360 E ArmVmp : Match on catch block at 0xc3 in for 0x151
01-17 21:22:31.953 27360 27360 E ArmVmp : Match on catch block at 0xc3 in for 0x14d
01-17 21:22:31.967 27360 27360 E ArmVmp : Match on catch block at 0xc3 in for 0x141
01-17 21:22:31.969 27360 27360 E ArmVmp : Match on catch block at 0xc3 in for 0x159
01-17 21:22:32.021 27360 27360 E ArmVmp : Match on catch 0xc3 in for 0x149
01-17 21:22:31.221 27360 27360 E ArmVmp : Match on catch block at 0xc3 in for 0x149
01-17 21:22:31.225 27360 27360 E ArmVmp : Match on catch block at 0xc3 in for 0x145
01-17 21:22:31.229 27360 27360 E ArmVmp : Match on catch block at 0xc3 in for 0x149
01-17 21:22:31.238 27360 27360 E ArmVmp : Match on catch block at 0xc3 in for 0x149
01-17 21:22:31.242 27360 27360 E ArmVmp : Match on catch block at 0xc3 in for 0x145
01-17 21:22:31.246 27360 27360 E ArmVmp : Match on catch block at 0xc3 in for 0x149
01-17 21:22:31.255 27360 27360 E ArmVmp : Match on catch block at 0xc3 in for 0x149
01-17 21:22:31.260 27360 27360 E ArmVmp : Match on catch block at 0xc3 in for 0x145
01-17 21:22:31.263 27360 27360 E ArmVmp : Match on catch block at 0xc3 in for 0x149
01-17 21:22:31.270 27360 27360 E ArmVmp : Match on catch block at 0xc3 in for 0x149
01-17 21:22:31.274 27360 27360 E ArmVmp : Match on catch block at 0xc3 in for 0x145
01-17 21:22:31.279 27360 27360 E ArmVmp : Match on catch block at 0xc3 in for 0x149
01-17 21:22:31.288 27360 27360 E ArmVmp : Match on catch block at 0xc3 in for 0x149
01-17 21:22:31.292 27360 27360 E ArmVmp : Match on catch block at 0xc3 in for 0x145
01-17 21:22:31.295 27360 27360 E ArmVmp : Match on catch block at 0xc3 in for 0x149
01-17 21:22:31.306 27360 27360 E ArmVmp : Match on catch block at 0xc3 in for 0x149
01-17 21:22:31.309 27360 27360 E ArmVmp : Match on catch block at 0xc3 in for 0x145
01-17 21:22:31.311 27360 27360 E ArmVmp : Match on catch block at 0xc3 in for 0x149
01-17 21:22:31.320 27360 27360 E ArmVmp : Match on catch block at 0xc3 in for 0x149
01-17 21:22:31.323 27360 27360 E ArmVmp : Match on catch block at 0xc3 in for 0x145
01-17 21:22:31.326 27360 27360 E ArmVmp : Match on catch block at 0xc3 in for 0x149
01-17 21:22:31.337 27360 27360 E ArmVmp : Match on catch block at 0xc3 in for 0x149
01-17 21:22:31.339 27360 27360 E ArmVmp : Match on catch block at 0xc3 in for 0x145
01-17 21:22:31.343 27360 27360 E ArmVmp : Match on catch block at 0xc3 in for 0x149
01-17 21:22:31.353 27360 27360 E ArmVmp : Match on catch block at 0xc3 in for 0x149
01-17 21:22:31.356 27360 27360 E ArmVmp : Match on catch block at 0xc3 in for 0x145
01-17 21:22:31.359 27360 27360 E ArmVmp : Match on catch block at 0xc3 in for 0x149
01-17 21:22:31.370 27360 27360 E ArmVmp : Match on catch block at 0xc3 in for 0x149
01-17 21:22:31.373 27360 27360 E ArmVmp : Match on catch block at 0xc3 in for 0x145
01-17 21:22:31.376 27360 27360 E ArmVmp : Match on catch block at 0xc3 in for 0x149
01-17 21:22:31.685 27360 27360 E ArmVmp : Match on catch block at 0xc3 in for 0x149
01-17 21:22:31.688 27360 27360 E ArmVmp : Match on catch block at 0xc3 in for 0x145
01-17 21:22:31.691 27360 27360 E ArmVmp : Match on catch block at 0xc3 in for 0x149
01-17 21:22:31.869 27360 27360 E ArmVmp : Match on catch block at 0xc3 in for 0x149
01-17 21:22:31.873 27360 27360 E ArmVmp : Match on catch block at 0xc3 in for 0x145
01-17 21:22:31.877 27360 27360 E ArmVmp : Match on catch block at 0xc3 in for 0x149
01-17 21:22:31.900 27360 27360 E ArmVmp : Match on catch block at 0xc3 in for 0x159
01-17 21:22:31.903 27360 27360 E ArmVmp : Match on catch block at 0xc3 in for 0x155
01-17 21:22:31.905 27360 27360 E ArmVmp : Match on catch block at 0xc3 in for 0x159
01-17 21:22:31.927 27360 27360 E ArmVmp : Match on catch block at 0xc3 in for 0x145
01-17 21:22:31.930 27360 27360 E ArmVmp : Match on catch block at 0xc3 in for 0x141
01-17 21:22:31.950 27360 27360 E ArmVmp : Match on catch block at 0xc3 in for 0x151
01-17 21:22:31.953 27360 27360 E ArmVmp : Match on catch block at 0xc3 in for 0x14d
01-17 21:22:31.967 27360 27360 E ArmVmp : Match on catch block at 0xc3 in for 0x141
01-17 21:22:31.969 27360 27360 E ArmVmp : Match on catch block at 0xc3 in for 0x159
01-17 21:22:32.021 27360 27360 E ArmVmp : Match on catch block at 0xc3 in for 0x141
01-17 21:22:32.024 27360 27360 E ArmVmp : Match on catch block at 0xc3 in for 0x159
01-17 21:22:32.042 27360 27360 E ArmVmp : Match on catch block at 0xc3 in for 0x1block at 0xc3 in for 0x141
01-17 21:22:32.024 27360 27360 E ArmVmp : Match on catch block at 0xc3 in for 0x159
01-17 21:22:32.042 27360 27360 E ArmVmp : Match on catch block at 0xc3 in for 0x149
01-17 21:22:32.044 27360 27360 E ArmVmp : Match on catch block at 0xc3 in for 0x145
01-17 21:22:32.056 27360 27360 E ArmVmp : Match on catch block at 0xc3 in for 0x151
01-17 21:22:32.059 27360 27360 E ArmVmp : Match on catch block at 0xc3 in for 0x14d
01-17 21:22:32.066 27360 27360 E ArmVmp : Match on catch block at 0xc3 in for 0x141
01-17 21:22:32.069 27360 27360 E ArmVmp : Match on catch block at 0xc3 in for 0x159
01-17 21:22:32.082 27360 27360 E ArmVmp : Match on catch block at 0xc3 in for 0x14d
01-17 21:22:32.085 27360 27360 E ArmVmp : Match on catch block at 0xc3 in for 0x149
01-17 21:22:32.267 27360 27360 E ArmVmp : Match on catch block at 0xc3 in for 0x145
01-17 21:22:32.270 27360 27360 E ArmVmp : Match on catch block at 0xc3 in for 0x141
01-17 21:22:32.289 27360 27459 W MediaPlayer: Use of stream types is deprecated for operations other than volume control
01-17 21:22:32.289 27360 27459 W MediaPlayer: See the documentation of setAudioStreamType() for what to use instead with android.media.AudioAttributes to qualify your playback use case
