01-17 21:23:13.486 27360 27360 E ArmVmp : Match on catch block at 0xc3 in for 0x14d
01-17 21:23:13.982 27360 27360 E ArmVmp : Match on catch block at 0xc3 in for 0x141
01-17 21:23:13.988 27360 27360 E ArmVmp : Match on catch block at 0xc3 in for 0x159
01-17 21:23:14.479 27360 27360 E ArmVmp : Match on catch block at 0xc3 in for 0x14d
01-17 21:23:14.485 27360 27360 E ArmVmp : Match on catch block at 0xc3 in for 0x149
01-17 21:23:14.977 27360 27360 E ArmVmp : Match on catch block at 0xc3 in for 0x159
01-17 21:23:14.983 27360 27360 E ArmVmp : Match on catch block at 0xc3 in for 0x155
01-17 21:23:15.490 27360 27360 E ArmVmp : Match on catch block at 0xc3 in for 0x149
01-17 21:23:15.496 27360 27360 E ArmVmp : Match on catch block at 0xc3 in for 0x145
01-17 21:23:15.987 27360 27360 E ArmVmp : Match on catch block at 0xc3 in for 0x155
01-17 21:23:15.993 27360 27360 E ArmVmp : Match on catch block at 0xc3 in for 0x151
01-17 21:23:16.483 27360 27360 E ArmVmp : Match on catch block at 0xc3 in for 0x145
01-17 21:23:16.489 27360 27360 E ArmVmp : Match on catch block at 0xc3 in for 0x141
01-17 21:23:16.981 27360 27360 E ArmVmp : Match on catch block at 0xc3 in for 0x151
01-17 21:23:16.985 27360 27360 E ArmVmp : Match on catch block at 0xc3 in for 0x14d
01-17 21:23:17.479 27360 27360 E ArmVmp : Match on catch block at 0xc3 in for 0x141
01-17 21:23:17.485 27360 27360 E ArmVmp : Match on catch block at 0xc3 in for 0x159
01-17 21:23:17.994 c3 in for 0x14d
01-17 21:23:13.051 27360 27360 E ArmVmp : Match on catch block at 0xc3 in for 0x149
01-17 21:23:13.068 27360 27360 E ArmVmp : Match on catch block at 0xc3 in for 0x159
01-17 21:23:13.071 27360 27360 E ArmVmp : Match on catch block at 0xc3 in for 0x155
01-17 21:23:13.093 27360 27360 E ArmVmp : Match on catch block at 0xc3 in for 0x149
01-17 21:23:13.096 27360 27360 E ArmVmp : Match on catch block at 0xc3 in for 0x145
01-17 21:23:13.129 27360 27360 E ArmVmp : Match on catch block at 0xc3 in for 0x155
01-17 21:23:13.132 27360 27360 E ArmVmp : Match on catch block at 0xc3 in for 0x151
01-17 21:23:13.147 27360 27360 E ArmVmp : Match on catch block at 0xc3 in for 0x145
01-17 21:23:13.150 27360 27360 E ArmVmp : Match on catch block at 0xc3 in for 0x141
01-17 21:23:13.167 27360 27360 E ArmVmp : Match on catch block at 0xc3 in for 0x151
01-17 21:23:13.170 27360 27360 E ArmVmp : Match on catch block at 0xc3 in for 0x14d
01-17 21:23:13.184 27360 27360 E ArmVmp : Match on catch block at 0xc3 in for 0x141
01-17 21:23:13.187 27360 27360 E ArmVmp : Match on catch block at 0xc3 in for 0x159
01-17 21:23:13.201 27360 27360 E ArmVmp : Match on catch block at 0xc3 in for 0x14d
01-17 21:23:13.204 27360 27360 E ArmVmp : Match on catch block at 0xc3 in for 0x149
01-17 21:23:13.217 27360 27360 E ArmVmp : Match on catch block at 0xc3 in for 0x159
01-17 21:23:13.220 27360 27360 E ArmVmp : Match on catch block at 0xc3 in for 0x155
01-17 21:23:13.234 27360 27360 E ArmVmp : Match on catch block at 0xc3 in for 0x149
01-17 21:23:13.237 27360 27360 E ArmVmp : Match on catch block at 0xc3 in for 0x145
01-17 21:23:13.251 27360 27360 E ArmVmp : Match on catch block at 0xc3 in for 0x155
01-17 21:23:13.255 27360 27360 E ArmVmp : Match on catch block at 0xc3 in for 0x151
01-17 21:23:13.340 27360 27360 E ArmVmp : Match on catch block at 0xc3 in for 0x159
01-17 21:23:13.343 27360 27360 E ArmVmp : Match on catch block at 0xc3 in for 0x155
01-17 21:23:13.351 27360 27459 W MediaPlayer: Use of stream types is deprecated for operations other than volume control
01-17 21:23:13.351 27360 27459 W MediaPlayer: See the documentation of setAudioStreamType() for what to use instead with android.media.AudioAttributes to qualify your playback use case
01-17 21:23:13.378 27360 27373 W MediaPlayerNative: info/warning (10973, 0)
01-17 21:23:13.483 27360 27360 E ArmVmp : Match on catch block at 0xc3 in for 0x151
01-17 21:23:13.486 27360 27360 E ArmVmp : Match on catch block at 0xc3 in for 0x14d
01-17 21:23:13.982 27360 27360 E ArmVmp : Match on catch block at 0xc3 in for 0x141
01-17 21:23:13.988 27360 27360 E ArmVmp : Match on catch block at 0xc3 in for 0x159
01-17 21:23:14.479 27360 27360 E ArmVmp : Match on catch block at 0xc3 in for 0x14d
01-17 21:23:14.485 27360 27360 E ArmVmp : Match on catch block at 0xc3 in for 0x149
01-17 21:23:14.977 27360 27360 E ArmVmp : Match on catch block at 0xc3 in for 0x159
01-17 21:23:14.983 27360 27360 E ArmVmp : Match on catch block at 0xc3 in for 0x155
01-17 21:23:15.490 27360 27360 E ArmVmp : Match on catch block at 0xc3 in for 0x149
01-17 21:23:15.496 27360 27360 E ArmVmp : Match on catch block at 0xc3 in for 0x145
01-17 21:23:15.987 27360 27360 E ArmVmp : Match on catch block at 0xc3 in for 0x155
01-17 21:23:15.993 27360 27360 E ArmVmp : Match on catch block at 0xc3 in for 0x151
01-17 21:23:16.483 27360 27360 E ArmVmp : Match on catch block at 0xc3 in for 0x145
01-17 21:23:16.489 27360 27360 E ArmVmp : Match on catch block at 0xc3 in for 0x141
01-17 21:23:16.981 27360 27360 E ArmVmp : Match on catch block at 0xc3 in for 0x151
01-17 21:23:16.985 27360 27360 E ArmVmp : Match on catch block at 0xc3 in for 0x14d
01-17 21:23:17.479 27360 27360 E ArmVmp : Match on catch block at 0xc3 in for 0x141
01-17 21:23:17.485 27360 27360 E ArmVmp : Match on catch block at 0xc3 in for 0x159
01-17 21:23:17.994 27360 27360 E ArmVmp : Match on catch block at 0xc3 in for 0x14d
01-17 21:23:18.002 27360 27360 E ArmVmp : Match on catch block at 0xc3 in for 0x149
01-17 21:23:18.490 27360 27360 E ArmVmp : 27360 27360 E ArmVmp : Match on catch block at 0xc3 in for 0x14d
01-17 21:23:18.002 27360 27360 E ArmVmp : Match on catch block at 0xc3 in for 0x149
01-17 21:23:18.490 27360 27360 E ArmVmp : Match on catch block at 0xc3 in for 0x159
01-17 21:23:18.496 27360 27360 E ArmVmp : Match on catch block at 0xc3 in for 0x155
01-17 21:23:18.987 27360 27360 E ArmVmp : Match on catch block at 0xc3 in for 0x149
01-17 21:23:18.994 27360 27360 E ArmVmp : Match on catch block at 0xc3 in for 0x145
01-17 21:23:19.485 27360 27360 E ArmVmp : Match on catch block at 0xc3 in for 0x155
01-17 21:23:19.491 27360 27360 E ArmVmp : Match on catch block at 0xc3 in for 0x151
01-17 21:23:19.998 27360 27360 E ArmVmp : Match on catch block at 0xc3 in for 0x145
01-17 21:23:20.005 27360 27360 E ArmVmp : Match on catch block at 0xc3 in for 0x141
01-17 21:23:20.496 27360 27360 E ArmVmp : Match on catch block at 0xc3 in for 0x151
01-17 21:23:20.502 27360 27360 E ArmVmp : Match on catch block at 0xc3 in for 0x14d
01-17 21:23:20.993 27360 27360 E ArmVmp : Match on catch block at 0xc3 in for 0x141
01-17 21:23:20.999 27360 27360 E ArmVmp : Match on catch block at 0xc3 in for 0x159
01-17 21:23:21.490 27360 27360 E ArmVmp : Match on catch block at 0xc3 in for 0x14d
01-17 21:23:21.497 27360 27360 E ArmVmp : Match on catch block at 0xc3 in for 0x149
01-17 21:23:22.003 27360 27360 E ArmVmp : Match on catch block at 0xc3 in for 0x159
01-17 21:23:22.009 27360 27360 E ArmVmp : Match on catch block at 0xc3 in for 0x155
01-17 21:23:22.501 27360 27360 E ArmVmp : Match on catch block at 0xc3 in for 0x149
01-17 21:23:22.509 27360 27360 E ArmVmp : Match on catch block at 0xc3 in for 0x145
01-17 21:23:22.999 27360 27360 E ArmVmp : Match on catch block at 0xc3 in for 0x155
01-17 21:23:23.008 27360 27360 E ArmVmp : Match on catch block at 0xc3 in for 0x151
01-17 21:23:23.496 27360 27360 E ArmVmp : Match on catch block at 0xc3 in for 0x145
01-17 21:23:23.505 27360 27360 E ArmVmp : Match on catch block at 0xc3 in for 0x141
01-17 21:23:24.010 27360 27360 E ArmVmp : Match on catch block at 0xc3 in for 0x151
01-17 21:23:24.016 27360 27360 E ArmVmp : Match on catch block at 0xc3 in for 0x14d
01-17 21:23:24.506 27360 27360 E ArmVmp : Match on catch block at 0xc3 in for 0x141
01-17 21:23:24.512 27360 27360 E ArmVmp : Match on catch block at 0xc3 in for 0x159
01-17 21:23:25.002 27360 27360 E ArmVmp : Match on catch block at 0xc3 in for 0x14d
01-17 21:23:25.007 27360 27360 E ArmVmp : Match on catch block at 0xc3 in for 0x149
01-17 21:23:25.500 27360 27360 E ArmVmp : Match on catch block at 0xc3 in for 0x159
01-17 21:23:25.506 27360 27360 E ArmVmp : Match on catch block at 0xc3 in for 0x155
01-17 21:23:26.014 27360 27360 E ArmVmp : Match on catch block at 0xc3 in for 0x149
01-17 21:23:26.020 27360 27360 E ArmVmp : Match on catch block at 0xc3 in for 0x145
01-17 21:23:26.511 27360 27360 E ArmVmp : Match on catch block at 0xc3 in for 0x155
01-17 21:23:26.516 27360 27360 E ArmVmp : Match on catch block at 0xc3 in for 0x151
01-17 21:23:27.008 27360 27360 E ArmVmp : Match on catch block at 0xc3 in for 0x145
01-17 21:23:27.014 27360 27360 E ArmVmp : Match on catch block at 0xc3 in for 0x141
01-17 21:23:27.506 27360 27360 E ArmVmp : Match on catch block at 0xc3 in for 0x151
01-17 21:23:27.512 27360 27360 E ArmVmp : Match on catch block at 0xc3 in for 0x14d
01-17 21:23:28.020 27360 27360 E ArmVmp : Match on catch block at 0xc3 in for 0x141
01-17 21:23:28.026 27360 27360 E ArmVmp : Match on catch block at 0xc3 in for 0x159
01-17 21:23:28.517 27360 27360 E ArmVmp : Match on catch block at 0xc3 in for 0x14d
01-17 21:23:28.523 27360 27360 E ArmVmp : Match on catch block at 0xc3 in for 0x149
01-17 21:23:29.015 27360 27360 E ArmVmp : Match on catch block at 0xc3 in for 0x159
01-17 21:23:29.023 27360 27360 E ArmVmp : Match on catch block at 0xc3 in for 0x155
01-17 21:23:29.513 27360 27360 E ArmVmp : Match on catch block at 0xc3 in for 0x159
01-17 21:23:29.521 27360 27360 E ArmVmp : Match on catch block at 0xc3 in for 0x155
01-17 21:23:30.025 27360 27360 E ArMatch on catch block at 0xc3 in for 0x159
01-17 21:23:18.496 27360 27360 E ArmVmp : Match on catch block at 0xc3 in for 0x155
01-17 21:23:18.987 27360 27360 E ArmVmp : Match on catch block at 0xc3 in for 0x149
01-17 21:23:18.994 27360 27360 E ArmVmp : Match on catch block at 0xc3 in for 0x145
01-17 21:23:19.485 27360 27360 E ArmVmp : Match on catch block at 0xc3 in for 0x155
01-17 21:23:19.491 27360 27360 E ArmVmp : Match on catch block at 0xc3 in for 0x151
01-17 21:23:19.998 27360 27360 E ArmVmp : Match on catch block at 0xc3 in for 0x145
01-17 21:23:20.005 27360 27360 E ArmVmp : Match on catch block at 0xc3 in for 0x141
01-17 21:23:20.496 27360 27360 E ArmVmp : Match on catch block at 0xc3 in for 0x151
01-17 21:23:20.502 27360 27360 E ArmVmp : Match on catch block at 0xc3 in for 0x14d
01-17 21:23:20.993 27360 27360 E ArmVmp : Match on catch block at 0xc3 in for 0x141
01-17 21:23:20.999 27360 27360 E ArmVmp : Match on catch block at 0xc3 in for 0x159
01-17 21:23:21.490 27360 27360 E ArmVmp : Match on catch block at 0xc3 in for 0x14d
01-17 21:23:21.497 27360 27360 E ArmVmp : Match on catch block at 0xc3 in for 0x149
01-17 21:23:22.003 27360 27360 E ArmVmp : Match on catch block at 0xc3 in for 0x159
01-17 21:23:22.009 27360 27360 E ArmVmp : Match on catch block at 0xc3 in for 0x155
01-17 21:23:22.501 27360 27360 E ArmVmp : Match on catch block at 0xc3 in for 0x149
01-17 21:23:22.509 27360 27360 E ArmVmp : Match on catch block at 0xc3 in for 0x145
01-17 21:23:22.999 27360 27360 E ArmVmp : Match on catch block at 0xc3 in for 0x155
01-17 21:23:23.008 27360 27360 E ArmVmp : Match on catch block at 0xc3 in for 0x151
01-17 21:23:23.496 27360 27360 E ArmVmp : Match on catch block at 0xc3 in for 0x145
01-17 21:23:23.505 27360 27360 E ArmVmp : Match on catch block at 0xc3 in for 0x141
01-17 21:23:24.010 27360 27360 E ArmVmp : Match on catch block at 0xc3 in for 0x151
01-17 21:23:24.016 27360 27360 E ArmVmp : Match on catch block at 0xc3 in for 0x14d
01-17 21:23:24.506 27360 27360 E ArmVmp : Match on catch block at 0xc3 in for 0x141
01-17 21:23:24.512 27360 27360 E ArmVmp : Match on catch block at 0xc3 in for 0x159
01-17 21:23:25.002 27360 27360 E ArmVmp : Match on catch block at 0xc3 in for 0x14d
01-17 21:23:25.007 27360 27360 E ArmVmp : Match on catch block at 0xc3 in for 0x149
01-17 21:23:25.500 27360 27360 E ArmVmp : Match on catch block at 0xc3 in for 0x159
01-17 21:23:25.506 27360 27360 E ArmVmp : Match on catch block at 0xc3 in for 0x155
01-17 21:23:26.014 27360 27360 E ArmVmp : Match on catch block at 0xc3 in for 0x149
01-17 21:23:26.020 27360 27360 E ArmVmp : Match on catch block at 0xc3 in for 0x145
01-17 21:23:26.511 27360 27360 E ArmVmp : Match on catch block at 0xc3 in for 0x155
01-17 21:23:26.516 27360 27360 E ArmVmp : Match on catch block at 0xc3 in for 0x151
01-17 21:23:27.008 27360 27360 E ArmVmp : Match on catch block at 0xc3 in for 0x145
01-17 21:23:27.014 27360 27360 E ArmVmp : Match on catch block at 0xc3 in for 0x141
01-17 21:23:27.506 27360 27360 E ArmVmp : Match on catch block at 0xc3 in for 0x151
01-17 21:23:27.512 27360 27360 E ArmVmp : Match on catch block at 0xc3 in for 0x14d
01-17 21:23:28.020 27360 27360 E ArmVmp : Match on catch block at 0xc3 in for 0x141
01-17 21:23:28.026 27360 27360 E ArmVmp : Match on catch block at 0xc3 in for 0x159
01-17 21:23:28.517 27360 27360 E ArmVmp : Match on catch block at 0xc3 in for 0x14d
01-17 21:23:28.523 27360 27360 E ArmVmp : Match on catch block at 0xc3 in for 0x149
01-17 21:23:29.015 27360 27360 E ArmVmp : Match on catch block at 0xc3 in for 0x159
01-17 21:23:29.023 27360 27360 E ArmVmp : Match on catch block at 0xc3 in for 0x155
01-17 21:23:29.513 27360 27360 E ArmVmp : Match on catch block at 0xc3 in for 0x159
01-17 21:23:29.521 27360 27360 E ArmVmp : Match on catch block at 0xc3 in for 0x155
01-17 21:23:30.025 27360 27360 E ArmVmp : Match on catch block at 0xc3 in for 0x149
01-17 21:23:30.031 27360 27360 E ArmVmp : Match on catch block at 0xc3 in for 0x145
01-17 21:23:30.522 27360 27360 E ArmVmp : Match on catch bmVmp : Match on catch block at 0xc3 in for 0x149
01-17 21:23:30.031 27360 27360 E ArmVmp : Match on catch block at 0xc3 in for 0x145
01-17 21:23:30.522 27360 27360 E ArmVmp : Match on catch block at 0xc3 in for 0x155
01-17 21:23:30.527 27360 27360 E ArmVmp : Match on catch block at 0xc3 in for 0x151
01-17 21:23:31.019 27360 27360 E ArmVmp : Match on catch block at 0xc3 in for 0x145
01-17 21:23:31.025 27360 27360 E ArmVmp : Match on catch block at 0xc3 in for 0x141
01-17 21:23:31.517 27360 27360 E ArmVmp : Match on catch block at 0xc3 in for 0x151
01-17 21:23:31.523 27360 27360 E ArmVmp : Match on catch block at 0xc3 in for 0x14d
01-17 21:23:32.014 27360 27360 E ArmVmp : Match on catch block at 0xc3 in for 0x141
01-17 21:23:32.019 27360 27360 E ArmVmp : Match on catch block at 0xc3 in for 0x159
01-17 21:23:32.527 27360 27360 E ArmVmp : Match on catch block at 0xc3 in for 0x14d
01-17 21:23:32.532 27360 27360 E ArmVmp : Match on catch block at 0xc3 in for 0x149
01-17 21:23:33.025 27360 27360 E ArmVmp : Match on catch block at 0xc3 in for 0x159
01-17 21:23:33.031 27360 27360 E ArmVmp : Match on catch block at 0xc3 in for 0x155
01-17 21:23:33.522 27360 27360 E ArmVmp : Match on catch block at 0xc3 in for 0x149
01-17 21:23:33.529 27360 27360 E ArmVmp : Match on catch block at 0xc3 in for 0x145
01-17 21:23:34.020 27360 27360 E ArmVmp : Match on catch block at 0xc3 in for 0x155
01-17 21:23:34.026 27360 27360 E ArmVmp : Match on catch block at 0xc3 in for 0x151
01-17 21:23:34.534 27360 27360 E ArmVmp : Match on catch block at 0xc3 in for 0x145
01-17 21:23:34.540 27360 27360 E ArmVmp : Match on catch block at 0xc3 in for 0x141
01-17 21:23:35.032 27360 27360 E ArmVmp : Match on catch block at 0xc3 in for 0x151
01-17 21:23:35.039 27360 27360 E ArmVmp : Match on catch block at 0xc3 in for 0x14d
01-17 21:23:35.529 27360 27360 E ArmVmp : Match on catch block at 0xc3 in for 0x141
01-17 21:23:35.538 27360 27360 E ArmVmp : Match on catch block at 0xc3 in for 0x159
01-17 21:23:36.026 27360 27360 E ArmVmp : Match on catch block at 0xc3 in for 0x14d
01-17 21:23:36.032 27360 27360 E ArmVmp : Match on catch block at 0xc3 in for 0x149
01-17 21:23:36.540 27360 27360 E ArmVmp : Match on catch block at 0xc3 in for 0x159
01-17 21:23:36.546 27360 27360 E ArmVmp : Match on catch block at 0xc3 in for 0x155
01-17 21:23:37.035 27360 27360 E ArmVmp : Match on catch block at 0xc3 in for 0x149
01-17 21:23:37.041 27360 27360 E ArmVmp : Match on catch block at 0xc3 in for 0x145
01-17 21:23:37.534 27360 27360 E ArmVmp : Match on catch block at 0xc3 in for 0x155
01-17 21:23:37.542 27360 27360 E ArmVmp : Match on catch block at 0xc3 in for 0x151
01-17 21:23:38.029 27360 27360 E ArmVmp : Match on catch block at 0xc3 in for 0x145
01-17 21:23:38.034 27360 27360 E ArmVmp : Match on catch block at 0xc3 in for 0x141
01-17 21:23:38.544 27360 27360 E ArmVmp : Match on catch block at 0xc3 in for 0x151
01-17 21:23:38.550 27360 27360 E ArmVmp : Match on catch block at 0xc3 in for 0x14d
01-17 21:23:39.041 27360 27360 E ArmVmp : Match on catch block at 0xc3 in for 0x141
01-17 21:23:39.046 27360 27360 E ArmVmp : Match on catch block at 0xc3 in for 0x159
01-17 21:23:39.538 27360 27360 E ArmVmp : Match on catch block at 0xc3 in for 0x14d
01-17 21:23:39.543 27360 27360 E ArmVmp : Match on catch block at 0xc3 in for 0x149
01-17 21:23:40.035 27360 27360 E ArmVmp : Match on catch block at 0xc3 in for 0x159
01-17 21:23:40.042 27360 27360 E ArmVmp : Match on catch block at 0xc3 in for 0x155
01-17 21:23:40.549 27360 27360 E ArmVmp : Match on catch block at 0xc3 in for 0x149
01-17 21:23:40.556 27360 27360 E ArmVmp : Match on catch block at 0xc3 in for 0x145
01-17 21:23:41.047 27360 27360 E ArmVmp : Match on catch block at 0xc3 in for 0x155
01-17 21:23:41.056 27360 27360 E ArmVmp : Match on catch block at 0xc3 in for 0x151
01-17 21:23:41.545 27360 27360 E ArmVmp : Match on catch block at 0xc3 in for 0x145
01-17 21:23:41.553 27360 27360 E ArmVmp : Match on catch block at 0xc3 in for 0x141
01-17 21:23:42.041 27360 27360 E ArmVmp : Match onlock at 0xc3 in for 0x155
01-17 21:23:30.527 27360 27360 E ArmVmp : Match on catch block at 0xc3 in for 0x151
01-17 21:23:31.019 27360 27360 E ArmVmp : Match on catch block at 0xc3 in for 0x145
01-17 21:23:31.025 27360 27360 E ArmVmp : Match on catch block at 0xc3 in for 0x141
01-17 21:23:31.517 27360 27360 E ArmVmp : Match on catch block at 0xc3 in for 0x151
01-17 21:23:31.523 27360 27360 E ArmVmp : Match on catch block at 0xc3 in for 0x14d
01-17 21:23:32.014 27360 27360 E ArmVmp : Match on catch block at 0xc3 in for 0x141
01-17 21:23:32.019 27360 27360 E ArmVmp : Match on catch block at 0xc3 in for 0x159
01-17 21:23:32.527 27360 27360 E ArmVmp : Match on catch block at 0xc3 in for 0x14d
01-17 21:23:32.532 27360 27360 E ArmVmp : Match on catch block at 0xc3 in for 0x149
01-17 21:23:33.025 27360 27360 E ArmVmp : Match on catch block at 0xc3 in for 0x159
01-17 21:23:33.031 27360 27360 E ArmVmp : Match on catch block at 0xc3 in for 0x155
01-17 21:23:33.522 27360 27360 E ArmVmp : Match on catch block at 0xc3 in for 0x149
01-17 21:23:33.529 27360 27360 E ArmVmp : Match on catch block at 0xc3 in for 0x145
01-17 21:23:34.020 27360 27360 E ArmVmp : Match on catch block at 0xc3 in for 0x155
01-17 21:23:34.026 27360 27360 E ArmVmp : Match on catch block at 0xc3 in for 0x151
01-17 21:23:34.534 27360 27360 E ArmVmp : Match on catch block at 0xc3 in for 0x145
01-17 21:23:34.540 27360 27360 E ArmVmp : Match on catch block at 0xc3 in for 0x141
01-17 21:23:35.032 27360 27360 E ArmVmp : Match on catch block at 0xc3 in for 0x151
01-17 21:23:35.039 27360 27360 E ArmVmp : Match on catch block at 0xc3 in for 0x14d
01-17 21:23:35.529 27360 27360 E ArmVmp : Match on catch block at 0xc3 in for 0x141
01-17 21:23:35.538 27360 27360 E ArmVmp : Match on catch block at 0xc3 in for 0x159
01-17 21:23:36.026 27360 27360 E ArmVmp : Match on catch block at 0xc3 in for 0x14d
01-17 21:23:36.032 27360 27360 E ArmVmp : Match on catch block at 0xc3 in for 0x149
01-17 21:23:36.540 27360 27360 E ArmVmp : Match on catch block at 0xc3 in for 0x159
01-17 21:23:36.546 27360 27360 E ArmVmp : Match on catch block at 0xc3 in for 0x155
01-17 21:23:37.035 27360 27360 E ArmVmp : Match on catch block at 0xc3 in for 0x149
01-17 21:23:37.041 27360 27360 E ArmVmp : Match on catch block at 0xc3 in for 0x145
01-17 21:23:37.534 27360 27360 E ArmVmp : Match on catch block at 0xc3 in for 0x155
01-17 21:23:37.542 27360 27360 E ArmVmp : Match on catch block at 0xc3 in for 0x151
01-17 21:23:38.029 27360 27360 E ArmVmp : Match on catch block at 0xc3 in for 0x145
01-17 21:23:38.034 27360 27360 E ArmVmp : Match on catch block at 0xc3 in for 0x141
01-17 21:23:38.544 27360 27360 E ArmVmp : Match on catch block at 0xc3 in for 0x151
01-17 21:23:38.550 27360 27360 E ArmVmp : Match on catch block at 0xc3 in for 0x14d
01-17 21:23:39.041 27360 27360 E ArmVmp : Match on catch block at 0xc3 in for 0x141
01-17 21:23:39.046 27360 27360 E ArmVmp : Match on catch block at 0xc3 in for 0x159
01-17 21:23:39.538 27360 27360 E ArmVmp : Match on catch block at 0xc3 in for 0x14d
01-17 21:23:39.543 27360 27360 E ArmVmp : Match on catch block at 0xc3 in for 0x149
01-17 21:23:40.035 27360 27360 E ArmVmp : Match on catch block at 0xc3 in for 0x159
01-17 21:23:40.042 27360 27360 E ArmVmp : Match on catch block at 0xc3 in for 0x155
01-17 21:23:40.549 27360 27360 E ArmVmp : Match on catch block at 0xc3 in for 0x149
01-17 21:23:40.556 27360 27360 E ArmVmp : Match on catch block at 0xc3 in for 0x145
01-17 21:23:41.047 27360 27360 E ArmVmp : Match on catch block at 0xc3 in for 0x155
01-17 21:23:41.056 27360 27360 E ArmVmp : Match on catch block at 0xc3 in for 0x151
01-17 21:23:41.545 27360 27360 E ArmVmp : Match on catch block at 0xc3 in for 0x145
01-17 21:23:41.553 27360 27360 E ArmVmp : Match on catch block at 0xc3 in for 0x141
01-17 21:23:42.041 27360 27360 E ArmVmp : Match on catch block at 0xc3 in for 0x155
01-17 21:23:42.046 27360 27360 E ArmVmp : Match on catch block at 0xc3 in for 0x151
01-17 21:23:42.553 27360 27360 E ArmVmp : Match on catch block at 0xc3 in catch block at 0xc3 in for 0x155
01-17 21:23:42.046 27360 27360 E ArmVmp : Match on catch block at 0xc3 in for 0x151
01-17 21:23:42.553 27360 27360 E ArmVmp : Match on catch block at 0xc3 in for 0x145
01-17 21:23:42.558 27360 27360 E ArmVmp : Match on catch block at 0xc3 in for 0x141
01-17 21:23:43.051 27360 27360 E ArmVmp : Match on catch block at 0xc3 in for 0x151
01-17 21:23:43.057 27360 27360 E ArmVmp : Match on catch block at 0xc3 in for 0x14d
01-17 21:23:43.548 27360 27360 E ArmVmp : Match on catch block at 0xc3 in for 0x141
01-17 21:23:43.553 27360 27360 E ArmVmp : Match on catch block at 0xc3 in for 0x159
01-17 21:23:44.046 27360 27360 E ArmVmp : Match on catch block at 0xc3 in for 0x14d
01-17 21:23:44.052 27360 27360 E ArmVmp : Match on catch block at 0xc3 in for 0x149
01-17 21:23:44.543 27360 27360 E ArmVmp : Match on catch block at 0xc3 in for 0x159
01-17 21:23:44.548 27360 27360 E ArmVmp : Match on catch block at 0xc3 in for 0x155
01-17 21:23:45.057 27360 27360 E ArmVmp : Match on catch block at 0xc3 in for 0x149
01-17 21:23:45.062 27360 27360 E ArmVmp : Match on catch block at 0xc3 in for 0x145
01-17 21:23:45.555 27360 27360 E ArmVmp : Match on catch block at 0xc3 in for 0x155
01-17 21:23:45.561 27360 27360 E ArmVmp : Match on catch block at 0xc3 in for 0x151
01-17 21:23:45.970 27360 27427 W Parcel : Expecting binder but got null!
01-17 21:23:46.078 27360 27360 E ArmVmp : Match on catch block at 0xc3 in for 0x155
01-17 21:23:46.088 27360 27360 E ArmVmp : Match on catch block at 0xc3 in for 0x151
01-17 21:23:46.566 27360 27360 E ArmVmp : Match on catch block at 0xc3 in for 0x155
01-17 21:23:46.573 27360 27360 E ArmVmp : Match on catch block at 0xc3 in for 0x151
01-17 21:23:47.079 27360 27360 E ArmVmp : Match on catch block at 0xc3 in for 0x155
01-17 21:23:47.086 27360 27360 E ArmVmp : Match on catch block at 0xc3 in for 0x151
01-17 21:23:47.576 27360 27360 E ArmVmp : Match on catch block at 0xc3 in for 0x155
01-17 21:23:47.582 27360 27360 E ArmVmp : Match on catch block at 0xc3 in for 0x151
01-17 21:23:47.961 27360 27427 W Parcel : Expecting binder but got null!
01-17 21:23:48.051 27360 27360 E ArmVmp : Match on catch block at 0xc3 in for 0x145
01-17 21:23:48.054 27360 27360 E ArmVmp : Match on catch block at 0xc3 in for 0x141
01-17 21:23:48.068 27360 27360 E ArmVmp : Match on catch block at 0xc3 in for 0x151
01-17 21:23:48.071 27360 27360 E ArmVmp : Match on catch block at 0xc3 in for 0x14d
01-17 21:23:48.078 27360 27360 E ArmVmp : Match on catch block at 0xc3 in for 0x141
01-17 21:23:48.081 27360 27360 E ArmVmp : Match on catch block at 0xc3 in for 0x159
01-17 21:23:48.559 27360 27360 E ArmVmp : Match on catch block at 0xc3 in for 0x151
01-17 21:23:48.561 27360 27360 E ArmVmp : Match on catch block at 0xc3 in for 0x14d
01-17 21:23:48.608 27360 27360 E ArmVmp : Match on catch block at 0xc3 in for 0x149
01-17 21:23:48.611 27360 27360 E ArmVmp : Match on catch block at 0xc3 in for 0x145
01-17 21:23:48.761 27360 27360 E ArmVmp : Match on catch block at 0xc3 in for 0x145
01-17 21:23:48.763 27360 27360 E ArmVmp : Match on catch block at 0xc3 in for 0x141
01-17 21:23:49.126 27360 27360 E ArmVmp : Match on catch block at 0xc3 in for 0x149
01-17 21:23:49.129 27360 27360 E ArmVmp : Match on catch block at 0xc3 in for 0x145
01-17 21:23:49.966 27360 27427 W Parcel : Expecting binder but got null!
01-17 21:23:50.807 27360 27360 E ArmVmp : Match on catch block at 0x0a in for 0x185
01-17 21:23:50.812 27360 27360 E ArmVmp : Match on catch block at 0x0a in for 0x199
01-17 21:23:51.039 27360 27360 E ArmVmp : Match on catch block at 0xc3 in for 0x169
01-17 21:23:51.041 27360 27360 E ArmVmp : Match on catch block at 0xc3 in for 0x161
01-17 21:23:51.066 27360 27427 W Parcel : Expecting binder but got null!
01-17 21:23:51.097 27360 27360 E ArmVmp : Match on catch block at 0xc3 in for 0x145
01-17 21:23:51.099 27360 27360 E ArmVmp : Match on catch block at 0xc3 in for 0x141
01-17 21:23:51.122 27360 27360 E ArmVmp : Match on catch block at 0xc3 in for 0x159
01-17 21:23:51.126 27360 2for 0x145
01-17 21:23:42.558 27360 27360 E ArmVmp : Match on catch block at 0xc3 in for 0x141
01-17 21:23:43.051 27360 27360 E ArmVmp : Match on catch block at 0xc3 in for 0x151
01-17 21:23:43.057 27360 27360 E ArmVmp : Match on catch block at 0xc3 in for 0x14d
01-17 21:23:43.548 27360 27360 E ArmVmp : Match on catch block at 0xc3 in for 0x141
01-17 21:23:43.553 27360 27360 E ArmVmp : Match on catch block at 0xc3 in for 0x159
01-17 21:23:44.046 27360 27360 E ArmVmp : Match on catch block at 0xc3 in for 0x14d
01-17 21:23:44.052 27360 27360 E ArmVmp : Match on catch block at 0xc3 in for 0x149
01-17 21:23:44.543 27360 27360 E ArmVmp : Match on catch block at 0xc3 in for 0x159
01-17 21:23:44.548 27360 27360 E ArmVmp : Match on catch block at 0xc3 in for 0x155
01-17 21:23:45.057 27360 27360 E ArmVmp : Match on catch block at 0xc3 in for 0x149
01-17 21:23:45.062 27360 27360 E ArmVmp : Match on catch block at 0xc3 in for 0x145
01-17 21:23:45.555 27360 27360 E ArmVmp : Match on catch block at 0xc3 in for 0x155
01-17 21:23:45.561 27360 27360 E ArmVmp : Match on catch block at 0xc3 in for 0x151
01-17 21:23:45.970 27360 27427 W Parcel : Expecting binder but got null!
01-17 21:23:46.078 27360 27360 E ArmVmp : Match on catch block at 0xc3 in for 0x155
01-17 21:23:46.088 27360 27360 E ArmVmp : Match on catch block at 0xc3 in for 0x151
01-17 21:23:46.566 27360 27360 E ArmVmp : Match on catch block at 0xc3 in for 0x155
01-17 21:23:46.573 27360 27360 E ArmVmp : Match on catch block at 0xc3 in for 0x151
01-17 21:23:47.079 27360 27360 E ArmVmp : Match on catch block at 0xc3 in for 0x155
01-17 21:23:47.086 27360 27360 E ArmVmp : Match on catch block at 0xc3 in for 0x151
01-17 21:23:47.576 27360 27360 E ArmVmp : Match on catch block at 0xc3 in for 0x155
01-17 21:23:47.582 27360 27360 E ArmVmp : Match on catch block at 0xc3 in for 0x151
01-17 21:23:47.961 27360 27427 W Parcel : Expecting binder but got null!
01-17 21:23:48.051 27360 27360 E ArmVmp : Match on catch block at 0xc3 in for 0x145
01-17 21:23:48.054 27360 27360 E ArmVmp : Match on catch block at 0xc3 in for 0x141
01-17 21:23:48.068 27360 27360 E ArmVmp : Match on catch block at 0xc3 in for 0x151
01-17 21:23:48.071 27360 27360 E ArmVmp : Match on catch block at 0xc3 in for 0x14d
01-17 21:23:48.078 27360 27360 E ArmVmp : Match on catch block at 0xc3 in for 0x141
01-17 21:23:48.081 27360 27360 E ArmVmp : Match on catch block at 0xc3 in for 0x159
01-17 21:23:48.559 27360 27360 E ArmVmp : Match on catch block at 0xc3 in for 0x151
01-17 21:23:48.561 27360 27360 E ArmVmp : Match on catch block at 0xc3 in for 0x14d
01-17 21:23:48.608 27360 27360 E ArmVmp : Match on catch block at 0xc3 in for 0x149
01-17 21:23:48.611 27360 27360 E ArmVmp : Match on catch block at 0xc3 in for 0x145
01-17 21:23:48.761 27360 27360 E ArmVmp : Match on catch block at 0xc3 in for 0x145
01-17 21:23:48.763 27360 27360 E ArmVmp : Match on catch block at 0xc3 in for 0x141
01-17 21:23:49.126 27360 27360 E ArmVmp : Match on catch block at 0xc3 in for 0x149
01-17 21:23:49.129 27360 27360 E ArmVmp : Match on catch block at 0xc3 in for 0x145
01-17 21:23:49.966 27360 27427 W Parcel : Expecting binder but got null!
01-17 21:23:50.807 27360 27360 E ArmVmp : Match on catch block at 0x0a in for 0x185
01-17 21:23:50.812 27360 27360 E ArmVmp : Match on catch block at 0x0a in for 0x199
01-17 21:23:51.039 27360 27360 E ArmVmp : Match on catch block at 0xc3 in for 0x169
01-17 21:23:51.041 27360 27360 E ArmVmp : Match on catch block at 0xc3 in for 0x161
01-17 21:23:51.066 27360 27427 W Parcel : Expecting binder but got null!
01-17 21:23:51.097 27360 27360 E ArmVmp : Match on catch block at 0xc3 in for 0x145
01-17 21:23:51.099 27360 27360 E ArmVmp : Match on catch block at 0xc3 in for 0x141
01-17 21:23:51.122 27360 27360 E ArmVmp : Match on catch block at 0xc3 in for 0x159
01-17 21:23:51.126 27360 27360 E ArmVmp : Match on catch block at 0xc3 in for 0x155
01-17 21:23:51.135 27360 27360 E ArmVmp : Match on catch block at 0xc3 in for 0x155
01-17 21:23:51.138 27360 27360 E ArmVmp : Match o7360 E ArmVmp : Match on catch block at 0xc3 in for 0x155
01-17 21:23:51.135 27360 27360 E ArmVmp : Match on catch block at 0xc3 in for 0x155
01-17 21:23:51.138 27360 27360 E ArmVmp : Match on catch block at 0xc3 in for 0x151
01-17 21:23:51.158 27360 27360 E ArmVmp : Match on catch block at 0xc3 in for 0x159
01-17 21:23:51.160 27360 27360 E ArmVmp : Match on catch block at 0xc3 in for 0x155
01-17 21:23:51.197 27360 27360 E ArmVmp : Match on catch block at 0xc3 in for 0x159
01-17 21:23:51.200 27360 27360 E ArmVmp : Match on catch block at 0xc3 in for 0x155
01-17 21:23:51.685 27360 27360 E ArmVmp : Match on catch block at 0xc3 in for 0x141
01-17 21:23:51.689 27360 27360 E ArmVmp : Match on catch block at 0xc3 in for 0x159
01-17 21:23:51.870 27360 27360 E ArmVmp : Match on catch block at 0xc3 in for 0x141
01-17 21:23:51.874 27360 27360 E ArmVmp : Match on catch block at 0xc3 in for 0x159
01-17 21:23:51.889 27360 27360 E ArmVmp : Match on catch block at 0xc3 in for 0x151
01-17 21:23:51.891 27360 27360 E ArmVmp : Match on catch block at 0xc3 in for 0x14d
01-17 21:23:52.045 27360 27360 E ArmVmp : Match on catch block at 0xc3 in for 0x159
01-17 21:23:52.048 27360 27360 E ArmVmp : Match on catch block at 0xc3 in for 0x155
01-17 21:23:52.373 27360 27360 E ArmVmp : Match on catch block at 0xc3 in for 0x145
01-17 21:23:52.376 27360 27360 E ArmVmp : Match on catch block at 0xc3 in for 0x141
01-17 21:23:53.084 27360 27360 E ArmVmp : Match on catch block at 0x0a in for 0x18d
01-17 21:23:53.090 27360 27360 E ArmVmp : Match on catch block at 0x0a in for 0x185
01-17 21:23:53.293 27360 27360 W SQLiteLog: (28) double-quoted string literal: ""
01-17 21:23:53.357 27360 27360 E ArmVmp : Match on catch block at 0xc3 in for 0x169
01-17 21:23:53.361 27360 27360 E ArmVmp : Match on catch block at 0xc3 in for 0x161
01-17 21:23:53.363 27360 27360 E ArmVmp : Match on catch block at 0xc3 in for 0x175
01-17 21:23:53.413 27360 27427 W Parcel : Expecting binder but got null!
01-17 21:23:53.435 27360 27360 E ArmVmp : Match on catch block at 0xc3 in for 0x155
01-17 21:23:53.438 27360 27360 E ArmVmp : Match on catch block at 0xc3 in for 0x151
01-17 21:23:53.439 27360 27360 E ArmVmp : Match on catch block at 0xc3 in for 0x155
01-17 21:23:53.458 27360 27360 E ArmVmp : Match on catch block at 0xc3 in for 0x14d
01-17 21:23:53.461 27360 27360 E ArmVmp : Match on catch block at 0xc3 in for 0x149
01-17 21:23:53.463 27360 27360 E ArmVmp : Match on catch block at 0xc3 in for 0x14d
01-17 21:23:53.473 27360 27360 E ArmVmp : Match on catch block at 0xc3 in for 0x145
01-17 21:23:53.478 27360 27360 E ArmVmp : Match on catch block at 0xc3 in for 0x141
01-17 21:23:53.480 27360 27360 E ArmVmp : Match on catch block at 0xc3 in for 0x145
01-17 21:23:53.487 27360 27360 E ArmVmp : Match on catch block at 0xc3 in for 0x145
01-17 21:23:53.490 27360 27360 E ArmVmp : Match on catch block at 0xc3 in for 0x141
01-17 21:23:53.492 27360 27360 E ArmVmp : Match on catch block at 0xc3 in for 0x145
01-17 21:23:53.514 27360 27360 E ArmVmp : Match on catch block at 0xc3 in for 0x145
01-17 21:23:53.517 27360 27360 E ArmVmp : Match on catch block at 0xc3 in for 0x141
01-17 21:23:53.522 27360 27360 E ArmVmp : Match on catch block at 0xc3 in for 0x145
01-17 21:23:53.552 27360 27360 E ArmVmp : Match on catch block at 0xc3 in for 0x145
01-17 21:23:53.555 27360 27360 E ArmVmp : Match on catch block at 0xc3 in for 0x141
01-17 21:23:53.560 27360 27360 E ArmVmp : Match on catch block at 0xc3 in for 0x145
01-17 21:23:53.567 27360 27360 E ArmVmp : Match on catch block at 0xc3 in for 0x141
01-17 21:23:53.571 27360 27360 E ArmVmp : Match on catch block at 0xc3 in for 0x159
01-17 21:23:53.573 27360 27360 E ArmVmp : Match on catch block at 0xc3 in for 0x141
01-17 21:23:53.582 27360 27360 E ArmVmp : Match on catch block at 0xc3 in for 0x14d
01-17 21:23:53.585 27360 27360 E ArmVmp : Match on catch block at 0xc3 in for 0x149
01-17 21:23:53.587 27360 27360 E ArmVmp : Match on catch block at 0xc3 in for 0x14d
01-17 21:23:53.600 27360 27360 E ArmVmp : Match on catcn catch block at 0xc3 in for 0x151
01-17 21:23:51.158 27360 27360 E ArmVmp : Match on catch block at 0xc3 in for 0x159
01-17 21:23:51.160 27360 27360 E ArmVmp : Match on catch block at 0xc3 in for 0x155
01-17 21:23:51.197 27360 27360 E ArmVmp : Match on catch block at 0xc3 in for 0x159
01-17 21:23:51.200 27360 27360 E ArmVmp : Match on catch block at 0xc3 in for 0x155
01-17 21:23:51.685 27360 27360 E ArmVmp : Match on catch block at 0xc3 in for 0x141
01-17 21:23:51.689 27360 27360 E ArmVmp : Match on catch block at 0xc3 in for 0x159
01-17 21:23:51.870 27360 27360 E ArmVmp : Match on catch block at 0xc3 in for 0x141
01-17 21:23:51.874 27360 27360 E ArmVmp : Match on catch block at 0xc3 in for 0x159
01-17 21:23:51.889 27360 27360 E ArmVmp : Match on catch block at 0xc3 in for 0x151
01-17 21:23:51.891 27360 27360 E ArmVmp : Match on catch block at 0xc3 in for 0x14d
01-17 21:23:52.045 27360 27360 E ArmVmp : Match on catch block at 0xc3 in for 0x159
01-17 21:23:52.048 27360 27360 E ArmVmp : Match on catch block at 0xc3 in for 0x155
01-17 21:23:52.373 27360 27360 E ArmVmp : Match on catch block at 0xc3 in for 0x145
01-17 21:23:52.376 27360 27360 E ArmVmp : Match on catch block at 0xc3 in for 0x141
01-17 21:23:53.084 27360 27360 E ArmVmp : Match on catch block at 0x0a in for 0x18d
01-17 21:23:53.090 27360 27360 E ArmVmp : Match on catch block at 0x0a in for 0x185
01-17 21:23:53.293 27360 27360 W SQLiteLog: (28) double-quoted string literal: ""
01-17 21:23:53.357 27360 27360 E ArmVmp : Match on catch block at 0xc3 in for 0x169
01-17 21:23:53.361 27360 27360 E ArmVmp : Match on catch block at 0xc3 in for 0x161
01-17 21:23:53.363 27360 27360 E ArmVmp : Match on catch block at 0xc3 in for 0x175
01-17 21:23:53.413 27360 27427 W Parcel : Expecting binder but got null!
01-17 21:23:53.435 27360 27360 E ArmVmp : Match on catch block at 0xc3 in for 0x155
01-17 21:23:53.438 27360 27360 E ArmVmp : Match on catch block at 0xc3 in for 0x151
01-17 21:23:53.439 27360 27360 E ArmVmp : Match on catch block at 0xc3 in for 0x155
01-17 21:23:53.458 27360 27360 E ArmVmp : Match on catch block at 0xc3 in for 0x14d
01-17 21:23:53.461 27360 27360 E ArmVmp : Match on catch block at 0xc3 in for 0x149
01-17 21:23:53.463 27360 27360 E ArmVmp : Match on catch block at 0xc3 in for 0x14d
01-17 21:23:53.473 27360 27360 E ArmVmp : Match on catch block at 0xc3 in for 0x145
01-17 21:23:53.478 27360 27360 E ArmVmp : Match on catch block at 0xc3 in for 0x141
01-17 21:23:53.480 27360 27360 E ArmVmp : Match on catch block at 0xc3 in for 0x145
01-17 21:23:53.487 27360 27360 E ArmVmp : Match on catch block at 0xc3 in for 0x145
01-17 21:23:53.490 27360 27360 E ArmVmp : Match on catch block at 0xc3 in for 0x141
01-17 21:23:53.492 27360 27360 E ArmVmp : Match on catch block at 0xc3 in for 0x145
01-17 21:23:53.514 27360 27360 E ArmVmp : Match on catch block at 0xc3 in for 0x145
01-17 21:23:53.517 27360 27360 E ArmVmp : Match on catch block at 0xc3 in for 0x141
01-17 21:23:53.522 27360 27360 E ArmVmp : Match on catch block at 0xc3 in for 0x145
01-17 21:23:53.552 27360 27360 E ArmVmp : Match on catch block at 0xc3 in for 0x145
01-17 21:23:53.555 27360 27360 E ArmVmp : Match on catch block at 0xc3 in for 0x141
01-17 21:23:53.560 27360 27360 E ArmVmp : Match on catch block at 0xc3 in for 0x145
01-17 21:23:53.567 27360 27360 E ArmVmp : Match on catch block at 0xc3 in for 0x141
01-17 21:23:53.571 27360 27360 E ArmVmp : Match on catch block at 0xc3 in for 0x159
01-17 21:23:53.573 27360 27360 E ArmVmp : Match on catch block at 0xc3 in for 0x141
01-17 21:23:53.582 27360 27360 E ArmVmp : Match on catch block at 0xc3 in for 0x14d
01-17 21:23:53.585 27360 27360 E ArmVmp : Match on catch block at 0xc3 in for 0x149
01-17 21:23:53.587 27360 27360 E ArmVmp : Match on catch block at 0xc3 in for 0x14d
01-17 21:23:53.600 27360 27360 E ArmVmp : Match on catch block at 0xc3 in for 0x141
01-17 21:23:53.603 27360 27360 E ArmVmp : Match on catch block at 0xc3 in for 0x159
01-17 21:23:53.604 27360 27360 E ArmVmp : Match on catch block at 0xc3 in for 0h block at 0xc3 in for 0x141
01-17 21:23:53.603 27360 27360 E ArmVmp : Match on catch block at 0xc3 in for 0x159
01-17 21:23:53.604 27360 27360 E ArmVmp : Match on catch block at 0xc3 in for 0x141
01-17 21:23:53.623 27360 27360 E ArmVmp : Match on catch block at 0xc3 in for 0x141
01-17 21:23:53.626 27360 27360 E ArmVmp : Match on catch block at 0xc3 in for 0x159
01-17 21:23:53.627 27360 27360 E ArmVmp : Match on catch block at 0xc3 in for 0x141
01-17 21:23:53.640 27360 27360 E ArmVmp : Match on catch block at 0xc3 in for 0x141
01-17 21:23:53.645 27360 27360 E ArmVmp : Match on catch block at 0xc3 in for 0x159
01-17 21:23:53.648 27360 27360 E ArmVmp : Match on catch block at 0xc3 in for 0x141
01-17 21:23:53.656 27360 27360 E ArmVmp : Match on catch block at 0xc3 in for 0x141
01-17 21:23:53.659 27360 27360 E ArmVmp : Match on catch block at 0xc3 in for 0x159
01-17 21:23:53.662 27360 27360 E ArmVmp : Match on catch block at 0xc3 in for 0x141
01-17 21:23:53.673 27360 27360 E ArmVmp : Match on catch block at 0xc3 in for 0x141
01-17 21:23:53.676 27360 27360 E ArmVmp : Match on catch block at 0xc3 in for 0x159
01-17 21:23:53.678 27360 27360 E ArmVmp : Match on catch block at 0xc3 in for 0x141
01-17 21:23:53.689 27360 27360 E ArmVmp : Match on catch block at 0xc3 in for 0x141
01-17 21:23:53.693 27360 27360 E ArmVmp : Match on catch block at 0xc3 in for 0x159
01-17 21:23:53.695 27360 27360 E ArmVmp : Match on catch block at 0xc3 in for 0x141
01-17 21:23:53.706 27360 27360 E ArmVmp : Match on catch block at 0xc3 in for 0x141
01-17 21:23:53.710 27360 27360 E ArmVmp : Match on catch block at 0xc3 in for 0x159
01-17 21:23:53.712 27360 27360 E ArmVmp : Match on catch block at 0xc3 in for 0x141
01-17 21:23:53.722 27360 27360 E ArmVmp : Match on catch block at 0xc3 in for 0x141
01-17 21:23:53.725 27360 27360 E ArmVmp : Match on catch block at 0xc3 in for 0x159
01-17 21:23:53.727 27360 27360 E ArmVmp : Match on catch block at 0xc3 in for 0x141
01-17 21:23:53.739 27360 27360 E ArmVmp : Match on catch block at 0xc3 in for 0x141
01-17 21:23:53.742 27360 27360 E ArmVmp : Match on catch block at 0xc3 in for 0x159
01-17 21:23:53.743 27360 27360 E ArmVmp : Match on catch block at 0xc3 in for 0x141
01-17 21:23:53.755 27360 27360 E ArmVmp : Match on catch block at 0xc3 in for 0x141
01-17 21:23:53.759 27360 27360 E ArmVmp : Match on catch block at 0xc3 in for 0x159
01-17 21:23:53.761 27360 27360 E ArmVmp : Match on catch block at 0xc3 in for 0x141
01-17 21:23:53.772 27360 27360 E ArmVmp : Match on catch block at 0xc3 in for 0x141
01-17 21:23:53.776 27360 27360 E ArmVmp : Match on catch block at 0xc3 in for 0x159
01-17 21:23:53.779 27360 27360 E ArmVmp : Match on catch block at 0xc3 in for 0x141
01-17 21:23:54.037 27360 27360 E ArmVmp : Match on catch block at 0xc3 in for 0x149
01-17 21:23:54.040 27360 27360 E ArmVmp : Match on catch block at 0xc3 in for 0x145
01-17 21:23:54.043 27360 27360 E ArmVmp : Match on catch block at 0xc3 in for 0x149
01-17 21:23:54.553 27360 27360 E ArmVmp : Match on catch block at 0xc3 in for 0x141
01-17 21:23:54.560 27360 27360 E ArmVmp : Match on catch block at 0xc3 in for 0x159
01-17 21:23:54.564 27360 27360 E ArmVmp : Match on catch block at 0xc3 in for 0x141
01-17 21:23:55.050 27360 27360 E ArmVmp : Match on catch block at 0xc3 in for 0x141
01-17 21:23:55.055 27360 27360 E ArmVmp : Match on catch block at 0xc3 in for 0x159
01-17 21:23:55.059 27360 27360 E ArmVmp : Match on catch block at 0xc3 in for 0x141
01-17 21:23:55.547 27360 27360 E ArmVmp : Match on catch block at 0xc3 in for 0x141
01-17 21:23:55.553 27360 27360 E ArmVmp : Match on catch block at 0xc3 in for 0x159
01-17 21:23:55.556 27360 27360 E ArmVmp : Match on catch block at 0xc3 in for 0x141
01-17 21:23:56.044 27360 27360 E ArmVmp : Match on catch block at 0xc3 in for 0x141
01-17 21:23:56.049 27360 27360 E ArmVmp : Match on catch block at 0xc3 in for 0x159
01-17 21:23:56.052 27360 27360 E ArmVmp : Match on catch block at 0xc3 in for 0x141
01-17 21:23:56.558 27360 27360 E ArmVmp : Match on catch block at 0xc3 x141
01-17 21:23:53.623 27360 27360 E ArmVmp : Match on catch block at 0xc3 in for 0x141
01-17 21:23:53.626 27360 27360 E ArmVmp : Match on catch block at 0xc3 in for 0x159
01-17 21:23:53.627 27360 27360 E ArmVmp : Match on catch block at 0xc3 in for 0x141
01-17 21:23:53.640 27360 27360 E ArmVmp : Match on catch block at 0xc3 in for 0x141
01-17 21:23:53.645 27360 27360 E ArmVmp : Match on catch block at 0xc3 in for 0x159
01-17 21:23:53.648 27360 27360 E ArmVmp : Match on catch block at 0xc3 in for 0x141
01-17 21:23:53.656 27360 27360 E ArmVmp : Match on catch block at 0xc3 in for 0x141
01-17 21:23:53.659 27360 27360 E ArmVmp : Match on catch block at 0xc3 in for 0x159
01-17 21:23:53.662 27360 27360 E ArmVmp : Match on catch block at 0xc3 in for 0x141
01-17 21:23:53.673 27360 27360 E ArmVmp : Match on catch block at 0xc3 in for 0x141
01-17 21:23:53.676 27360 27360 E ArmVmp : Match on catch block at 0xc3 in for 0x159
01-17 21:23:53.678 27360 27360 E ArmVmp : Match on catch block at 0xc3 in for 0x141
01-17 21:23:53.689 27360 27360 E ArmVmp : Match on catch block at 0xc3 in for 0x141
01-17 21:23:53.693 27360 27360 E ArmVmp : Match on catch block at 0xc3 in for 0x159
01-17 21:23:53.695 27360 27360 E ArmVmp : Match on catch block at 0xc3 in for 0x141
01-17 21:23:53.706 27360 27360 E ArmVmp : Match on catch block at 0xc3 in for 0x141
01-17 21:23:53.710 27360 27360 E ArmVmp : Match on catch block at 0xc3 in for 0x159
01-17 21:23:53.712 27360 27360 E ArmVmp : Match on catch block at 0xc3 in for 0x141
01-17 21:23:53.722 27360 27360 E ArmVmp : Match on catch block at 0xc3 in for 0x141
01-17 21:23:53.725 27360 27360 E ArmVmp : Match on catch block at 0xc3 in for 0x159
01-17 21:23:53.727 27360 27360 E ArmVmp : Match on catch block at 0xc3 in for 0x141
01-17 21:23:53.739 27360 27360 E ArmVmp : Match on catch block at 0xc3 in for 0x141
01-17 21:23:53.742 27360 27360 E ArmVmp : Match on catch block at 0xc3 in for 0x159
01-17 21:23:53.743 27360 27360 E ArmVmp : Match on catch block at 0xc3 in for 0x141
01-17 21:23:53.755 27360 27360 E ArmVmp : Match on catch block at 0xc3 in for 0x141
01-17 21:23:53.759 27360 27360 E ArmVmp : Match on catch block at 0xc3 in for 0x159
01-17 21:23:53.761 27360 27360 E ArmVmp : Match on catch block at 0xc3 in for 0x141
01-17 21:23:53.772 27360 27360 E ArmVmp : Match on catch block at 0xc3 in for 0x141
01-17 21:23:53.776 27360 27360 E ArmVmp : Match on catch block at 0xc3 in for 0x159
01-17 21:23:53.779 27360 27360 E ArmVmp : Match on catch block at 0xc3 in for 0x141
01-17 21:23:54.037 27360 27360 E ArmVmp : Match on catch block at 0xc3 in for 0x149
01-17 21:23:54.040 27360 27360 E ArmVmp : Match on catch block at 0xc3 in for 0x145
01-17 21:23:54.043 27360 27360 E ArmVmp : Match on catch block at 0xc3 in for 0x149
01-17 21:23:54.553 27360 27360 E ArmVmp : Match on catch block at 0xc3 in for 0x141
01-17 21:23:54.560 27360 27360 E ArmVmp : Match on catch block at 0xc3 in for 0x159
01-17 21:23:54.564 27360 27360 E ArmVmp : Match on catch block at 0xc3 in for 0x141
01-17 21:23:55.050 27360 27360 E ArmVmp : Match on catch block at 0xc3 in for 0x141
01-17 21:23:55.055 27360 27360 E ArmVmp : Match on catch block at 0xc3 in for 0x159
01-17 21:23:55.059 27360 27360 E ArmVmp : Match on catch block at 0xc3 in for 0x141
01-17 21:23:55.547 27360 27360 E ArmVmp : Match on catch block at 0xc3 in for 0x141
01-17 21:23:55.553 27360 27360 E ArmVmp : Match on catch block at 0xc3 in for 0x159
01-17 21:23:55.556 27360 27360 E ArmVmp : Match on catch block at 0xc3 in for 0x141
01-17 21:23:56.044 27360 27360 E ArmVmp : Match on catch block at 0xc3 in for 0x141
01-17 21:23:56.049 27360 27360 E ArmVmp : Match on catch block at 0xc3 in for 0x159
01-17 21:23:56.052 27360 27360 E ArmVmp : Match on catch block at 0xc3 in for 0x141
01-17 21:23:56.558 27360 27360 E ArmVmp : Match on catch block at 0xc3 in for 0x149
01-17 21:23:56.562 27360 27360 E ArmVmp : Match on catch block at 0xc3 in for 0x145
01-17 21:23:56.565 27360 27360 E ArmVmp : Match on catch block at 0xc3 in for 0x149 01-17 21:23in for 0x149
01-17 21:23:56.562 27360 27360 E ArmVmp : Match on catch block at 0xc3 in for 0x145
01-17 21:23:56.565 27360 27360 E ArmVmp : Match on catch block at 0xc3 in for 0x149
01-17 21:23:57.056 27360 27360 E ArmVmp : Match on catch block at 0xc3 in for 0x149
01-17 21:23:57.061 27360 27360 E ArmVmp : Match on catch block at 0xc3 in for 0x145
01-17 21:23:57.064 27360 27360 E ArmVmp : Match on catch block at 0xc3 in for 0x149
01-17 21:23:57.296 27360 27360 E ArmVmp : Match on catch block at 0xc3 in for 0x151
01-17 21:23:57.301 27360 27360 E ArmVmp : Match on catch block at 0xc3 in for 0x14d
01-17 21:23:57.304 27360 27360 E ArmVmp : Match on catch block at 0xc3 in for 0x151
01-17 21:23:57.312 27360 27360 E ArmVmp : Match on catch block at 0xc3 in for 0x141
01-17 21:23:57.316 27360 27360 E ArmVmp : Match on catch block at 0xc3 in for 0x159
01-17 21:23:57.317 27360 27360 E ArmVmp : Match on catch block at 0xc3 in for 0x141
01-17 21:23:57.327 27360 27360 E ArmVmp : Match on catch block at 0xc3 in for 0x14d
01-17 21:23:57.330 27360 27360 E ArmVmp : Match on catch block at 0xc3 in for 0x149
01-17 21:23:57.332 27360 27360 E ArmVmp : Match on catch block at 0xc3 in for 0x14d
01-17 21:23:57.336 27360 27360 E ArmVmp : Match on catch block at 0xc3 in for 0x159
01-17 21:23:57.340 27360 27360 E ArmVmp : Match on catch block at 0xc3 in for 0x155
01-17 21:23:57.342 27360 27360 E ArmVmp : Match on catch block at 0xc3 in for 0x159
01-17 21:23:57.356 27360 27360 E ArmVmp : Match on catch block at 0xc3 in for 0x159
01-17 21:23:57.360 27360 27360 E ArmVmp : Match on catch block at 0xc3 in for 0x155
01-17 21:23:57.362 27360 27360 E ArmVmp : Match on catch block at 0xc3 in for 0x159
01-17 21:23:57.370 27360 27360 E ArmVmp : Match on catch block at 0xc3 in for 0x149
01-17 21:23:57.373 27360 27360 E ArmVmp : Match on catch block at 0xc3 in for 0x145
01-17 21:23:57.376 27360 27360 E ArmVmp : Match on catch block at 0xc3 in for 0x149
01-17 21:23:57.413 27360 27360 E ArmVmp : Match on catch block at 0xc3 in for 0x145
01-17 21:23:57.416 27360 27360 E ArmVmp : Match on catch block at 0xc3 in for 0x141
01-17 21:23:57.442 27360 27360 E ArmVmp : Match on catch block at 0xc3 in for 0x155
01-17 21:23:57.444 27360 27360 E ArmVmp : Match on catch block at 0xc3 in for 0x151
01-17 21:23:57.454 27360 27360 E ArmVmp : Match on catch block at 0xc3 in for 0x141
01-17 21:23:57.456 27360 27360 E ArmVmp : Match on catch block at 0xc3 in for 0x159
01-17 21:23:57.469 27360 27360 E ArmVmp : Match on catch block at 0xc3 in for 0x149
01-17 21:23:57.471 27360 27360 E ArmVmp : Match on catch block at 0xc3 in for 0x145
01-17 21:23:57.485 27360 27360 E ArmVmp : Match on catch block at 0xc3 in for 0x151
01-17 21:23:57.488 27360 27360 E ArmVmp : Match on catch block at 0xc3 in for 0x14d
01-17 21:23:57.491 27360 27360 E ArmVmp : Match on catch block at 0xc3 in for 0x151
01-17 21:23:57.501 27360 27360 E ArmVmp : Match on catch block at 0xc3 in for 0x151
01-17 21:23:57.505 27360 27360 E ArmVmp : Match on catch block at 0xc3 in for 0x14d
01-17 21:23:57.507 27360 27360 E ArmVmp : Match on catch block at 0xc3 in for 0x151
01-17 21:23:57.518 27360 27360 E ArmVmp : Match on catch block at 0xc3 in for 0x151
01-17 21:23:57.521 27360 27360 E ArmVmp : Match on catch block at 0xc3 in for 0x14d
01-17 21:23:57.523 27360 27360 E ArmVmp : Match on catch block at 0xc3 in for 0x151
01-17 21:23:57.526 27360 27360 W OnBackInvokedCallback: OnBackInvokedCallback is not enabled for the application.
01-17 21:23:57.526 27360 27360 W OnBackInvokedCallback: Set 'android:enableOnBackInvokedCallback="true"' in the application manifest.
01-17 21:23:57.534 27360 27360 E ArmVmp : Match on catch block at 0xc3 in for 0x151
01-17 21:23:57.537 27360 27360 E ArmVmp : Match on catch block at 0xc3 in for 0x14d
01-17 21:23:57.540 27360 27360 E ArmVmp : Match on catch block at 0xc3 in for 0x151
01-17 21:23:57.551 27360 27360 E ArmVmp : Match on catch block at 0xc3 in for 0x151
