01-17 21:25:56.402 27360 27360 E ArmVmp : Match on catch block at 0xc3 in for 0x141ock at 0xc3 in for 0x151
01-17 21:25:56.399 27360 27360 E ArmVmp : Match on catch block at 0xc3 in for 0x145
01-17 21:25:56.402 27360 27360 E ArmVmp : Match on catch block at 0xc3 in for 0x141
01-17 21:25:56.415 27360 27360 E ArmVmp : Match on catch block at 0xc3 in for 0x151
01-17 21:25:56.418 27360 27360 E ArmVmp : Match on catch block at 0xc3 in for 0x14d
01-17 21:25:56.432 27360 27360 E ArmVmp : Match on catch block at 0xc3 in for 0x141
01-17 21:25:56.437 27360 27360 E ArmVmp : Match on catch block at 0xc3 in for 0x159
01-17 21:25:56.448 27360 27360 E ArmVmp : Match on catch block at 0xc3 in for 0x14d
01-17 21:25:56.452 27360 27360 E ArmVmp : Match on catch block at 0xc3 in for 0x149
01-17 21:25:56.763 27360 27360 E ArmVmp : Match on catch block at 0xc3 in for 0x159
01-17 21:25:56.768 27360 27360 E ArmVmp : Match on catch block at 0xc3 in for 0x155
01-17 21:25:56.779 27360 27360 E ArmVmp : Match on catch block at 0xc3 in for 0x151
01-17 21:25:56.782 27360 27360 E ArmVmp : Match on catch block at 0xc3 in for 0x14d
01-17 21:25:57.127 27360 27360 E ArmVmp : Match on catch block at 0xc3 in for 0x149
01-17 21:25:57.130 27360 27360 E ArmVmp : Match on catch block at 0xc3 in for 0x145
01-17 21:25:57.641 27360 27360 E ArmVmp : Match on catch block at 0xc3 in for 0x155
01-17 21:25:57.645 27360 27360 E ArmVmp : Match on catch block at 0xc3 in for 0x151
01-17 21:25:57.973 27360 27360 E ArmVmp : Match on catch block at 0xc3 in for 0x14d
01-17 21:25:57.977 27360 27360 E ArmVmp : Match on catch block at 0xc3 in for 0x149
01-17 21:25:58.238 27360 27360 E ArmVmp : Match on catch block at 0xc3 in for 0x145
01-17 21:25:58.242 27360 27360 E ArmVmp : Match on catch block at 0xc3 in for 0x141
01-17 21:25:58.734 27360 27360 E ArmVmp : Match on catch block at 0xc3 in for 0x151
01-17 21:25:58.738 27360 27360 E ArmVmp : Match on catch block at 0xc3 in for 0x14d
01-17 21:25:58.801 27360 27360 E ArmVmp : Match on catch block at 0xc3 in for 0x149
01-17 21:25:58.803 27360 27360 E ArmVmp : Match on catch block at 0xc3 in for 0x145
01-17 21:25:58.967 27360 27360 E ArmVmp : Match on catch block at 0xc3 in for 0x141
01-17 21:25:58.970 27360 27360 E ArmVmp : Match on catch block at 0xc3 in for 0x159
01-17 21:25:59.199 27360 27360 E ArmVmp : Match on catch block at 0xc3 in for 0x155
01-17 21:25:59.201 27360 27360 E ArmVmp : Match on catch block at 0xc3 in for 0x151
01-17 21:25:59.364 27360 27360 E ArmVmp : Match on catch block at 0xc3 in for 0x14d
01-17 21:25:59.367 27360 27360 E ArmVmp : Match on catch block at 0xc3 in for 0x149
01-17 21:25:59.629 27360 27360 E ArmVmp : Match on catch block at 0xc3 in for 0x155
01-17 21:25:59.632 27360 27360 E ArmVmp : Match on catch block at 0xc3 in for 0x151
01-17 21:25:59.646 27360 27360 E ArmVmp : Match on catch block at 0xc3 in for 0x145
01-17 21:25:59.649 27360 27360 E ArmVmp : Match on catch block at 0xc3 in for 0x141
01-17 21:25:59.663 27360 27360 E ArmVmp : Match on catch block at 0xc3 in for 0x151
01-17 21:25:59.665 27360 27360 E ArmVmp : Match on catch block at 0xc3 in for 0x14d
01-17 21:25:59.679 27360 27360 E ArmVmp : Match on catch block at 0xc3 in for 0x141
01-17 21:25:59.682 27360 27360 E ArmVmp : Match on catch block at 0xc3 in for 0x159
01-17 21:25:59.696 27360 27360 E ArmVmp : Match on catch block at 0xc3 in for 0x14d
01-17 21:25:59.699 27360 27360 E ArmVmp : Match on catch block at 0xc3 in for 0x149
01-17 21:25:59.713 27360 27360 E ArmVmp : Match on catch block at 0xc3 in for 0x159
01-17 21:25:59.716 27360 27360 E ArmVmp : Match on catch block at 0xc3 in for 0x155
01-17 21:25:59.730 27360 27360 E ArmVmp : Match on catch block at 0xc3 in for 0x149
01-17 21:25:59.734 27360 27360 E ArmVmp : Match on catch block at 0xc3 in for 0x145
01-17 21:25:59.747 27360 27360 E ArmVmp : Match on catch block at 0xc3 in for 0x155
01-17 21:25:59.751 27360 27360 E ArmVmp : Match on catch block at 0xc3 in for 0x151
01-17 21:25:59.763 27360 27360 E ArmVmp : Match on catch block at 0xc3 in for 0x145
01-17 21:25:59.768 27360 27360 E ArmVmp : Match on catch block at 0xc3 in f
01-17 21:25:56.415 27360 27360 E ArmVmp : Match on catch block at 0xc3 in for 0x151
01-17 21:25:56.418 27360 27360 E ArmVmp : Match on catch block at 0xc3 in for 0x14d
01-17 21:25:56.432 27360 27360 E ArmVmp : Match on catch block at 0xc3 in for 0x141
01-17 21:25:56.437 27360 27360 E ArmVmp : Match on catch block at 0xc3 in for 0x159
01-17 21:25:56.448 27360 27360 E ArmVmp : Match on catch block at 0xc3 in for 0x14d
01-17 21:25:56.452 27360 27360 E ArmVmp : Match on catch block at 0xc3 in for 0x149
01-17 21:25:56.763 27360 27360 E ArmVmp : Match on catch block at 0xc3 in for 0x159
01-17 21:25:56.768 27360 27360 E ArmVmp : Match on catch block at 0xc3 in for 0x155
01-17 21:25:56.779 27360 27360 E ArmVmp : Match on catch block at 0xc3 in for 0x151
01-17 21:25:56.782 27360 27360 E ArmVmp : Match on catch block at 0xc3 in for 0x14d
01-17 21:25:57.127 27360 27360 E ArmVmp : Match on catch block at 0xc3 in for 0x149
01-17 21:25:57.130 27360 27360 E ArmVmp : Match on catch block at 0xc3 in for 0x145
01-17 21:25:57.641 27360 27360 E ArmVmp : Match on catch block at 0xc3 in for 0x155
01-17 21:25:57.645 27360 27360 E ArmVmp : Match on catch block at 0xc3 in for 0x151
01-17 21:25:57.973 27360 27360 E ArmVmp : Match on catch block at 0xc3 in for 0x14d
01-17 21:25:57.977 27360 27360 E ArmVmp : Match on catch block at 0xc3 in for 0x149
01-17 21:25:58.238 27360 27360 E ArmVmp : Match on catch block at 0xc3 in for 0x145
01-17 21:25:58.242 27360 27360 E ArmVmp : Match on catch block at 0xc3 in for 0x141
01-17 21:25:58.734 27360 27360 E ArmVmp : Match on catch block at 0xc3 in for 0x151
01-17 21:25:58.738 27360 27360 E ArmVmp : Match on catch block at 0xc3 in for 0x14d
01-17 21:25:58.801 27360 27360 E ArmVmp : Match on catch block at 0xc3 in for 0x149
01-17 21:25:58.803 27360 27360 E ArmVmp : Match on catch block at 0xc3 in for 0x145
01-17 21:25:58.967 27360 27360 E ArmVmp : Match on catch block at 0xc3 in for 0x141
01-17 21:25:58.970 27360 27360 E ArmVmp : Match on catch block at 0xc3 in for 0x159
01-17 21:25:59.199 27360 27360 E ArmVmp : Match on catch block at 0xc3 in for 0x155
01-17 21:25:59.201 27360 27360 E ArmVmp : Match on catch block at 0xc3 in for 0x151
01-17 21:25:59.364 27360 27360 E ArmVmp : Match on catch block at 0xc3 in for 0x14d
01-17 21:25:59.367 27360 27360 E ArmVmp : Match on catch block at 0xc3 in for 0x149
01-17 21:25:59.629 27360 27360 E ArmVmp : Match on catch block at 0xc3 in for 0x155
01-17 21:25:59.632 27360 27360 E ArmVmp : Match on catch block at 0xc3 in for 0x151
01-17 21:25:59.646 27360 27360 E ArmVmp : Match on catch block at 0xc3 in for 0x145
01-17 21:25:59.649 27360 27360 E ArmVmp : Match on catch block at 0xc3 in for 0x141
01-17 21:25:59.663 27360 27360 E ArmVmp : Match on catch block at 0xc3 in for 0x151
01-17 21:25:59.665 27360 27360 E ArmVmp : Match on catch block at 0xc3 in for 0x14d
01-17 21:25:59.679 27360 27360 E ArmVmp : Match on catch block at 0xc3 in for 0x141
01-17 21:25:59.682 27360 27360 E ArmVmp : Match on catch block at 0xc3 in for 0x159
01-17 21:25:59.696 27360 27360 E ArmVmp : Match on catch block at 0xc3 in for 0x14d
01-17 21:25:59.699 27360 27360 E ArmVmp : Match on catch block at 0xc3 in for 0x149
01-17 21:25:59.713 27360 27360 E ArmVmp : Match on catch block at 0xc3 in for 0x159
01-17 21:25:59.716 27360 27360 E ArmVmp : Match on catch block at 0xc3 in for 0x155
01-17 21:25:59.730 27360 27360 E ArmVmp : Match on catch block at 0xc3 in for 0x149
01-17 21:25:59.734 27360 27360 E ArmVmp : Match on catch block at 0xc3 in for 0x145
01-17 21:25:59.747 27360 27360 E ArmVmp : Match on catch block at 0xc3 in for 0x155
01-17 21:25:59.751 27360 27360 E ArmVmp : Match on catch block at 0xc3 in for 0x151
01-17 21:25:59.763 27360 27360 E ArmVmp : Match on catch block at 0xc3 in for 0x145
01-17 21:25:59.768 27360 27360 E ArmVmp : Match on catch block at 0xc3 in for 0x141
01-17 21:25:59.780 27360 27360 E ArmVmp : Match on catch block at 0xc3 in for 0x151
01-17 21:25:59.784 27360 27360 E ArmVmp : Match on catch block at 0xc3 in for 0x14d 01-17 21:25:59.or 0x141
01-17 21:25:59.780 27360 27360 E ArmVmp : Match on catch block at 0xc3 in for 0x151
01-17 21:25:59.784 27360 27360 E ArmVmp : Match on catch block at 0xc3 in for 0x14d
01-17 21:25:59.797 27360 27360 E ArmVmp : Match on catch block at 0xc3 in for 0x141
01-17 21:25:59.800 27360 27360 E ArmVmp : Match on catch block at 0xc3 in for 0x159
01-17 21:25:59.813 27360 27360 E ArmVmp : Match on catch block at 0xc3 in for 0x14d
01-17 21:25:59.819 27360 27360 E ArmVmp : Match on catch block at 0xc3 in for 0x149
01-17 21:25:59.829 27360 27360 E ArmVmp : Match on catch block at 0xc3 in for 0x159
01-17 21:25:59.833 27360 27360 E ArmVmp : Match on catch block at 0xc3 in for 0x155
01-17 21:25:59.846 27360 27360 E ArmVmp : Match on catch block at 0xc3 in for 0x149
01-17 21:25:59.850 27360 27360 E ArmVmp : Match on catch block at 0xc3 in for 0x145
01-17 21:25:59.862 27360 27360 E ArmVmp : Match on catch block at 0xc3 in for 0x155
01-17 21:25:59.866 27360 27360 E ArmVmp : Match on catch block at 0xc3 in for 0x151
01-17 21:25:59.879 27360 27360 E ArmVmp : Match on catch block at 0xc3 in for 0x145
01-17 21:25:59.883 27360 27360 E ArmVmp : Match on catch block at 0xc3 in for 0x141
01-17 21:25:59.895 27360 27360 E ArmVmp : Match on catch block at 0xc3 in for 0x151
01-17 21:25:59.899 27360 27360 E ArmVmp : Match on catch block at 0xc3 in for 0x14d
01-17 21:25:59.912 27360 27360 E ArmVmp : Match on catch block at 0xc3 in for 0x141
01-17 21:25:59.916 27360 27360 E ArmVmp : Match on catch block at 0xc3 in for 0x159
01-17 21:25:59.929 27360 27360 E ArmVmp : Match on catch block at 0xc3 in for 0x14d
01-17 21:25:59.933 27360 27360 E ArmVmp : Match on catch block at 0xc3 in for 0x149
01-17 21:25:59.945 27360 27360 E ArmVmp : Match on catch block at 0xc3 in for 0x159
01-17 21:25:59.949 27360 27360 E ArmVmp : Match on catch block at 0xc3 in for 0x155
01-17 21:25:59.962 27360 27360 E ArmVmp : Match on catch block at 0xc3 in for 0x149
01-17 21:25:59.967 27360 27360 E ArmVmp : Match on catch block at 0xc3 in for 0x145
01-17 21:25:59.978 27360 27360 E ArmVmp : Match on catch block at 0xc3 in for 0x155
01-17 21:25:59.983 27360 27360 E ArmVmp : Match on catch block at 0xc3 in for 0x151
01-17 21:25:59.995 27360 27360 E ArmVmp : Match on catch block at 0xc3 in for 0x145
01-17 21:26:00.001 27360 27360 E ArmVmp : Match on catch block at 0xc3 in for 0x141
01-17 21:26:00.012 27360 27360 E ArmVmp : Match on catch block at 0xc3 in for 0x151
01-17 21:26:00.017 27360 27360 E ArmVmp : Match on catch block at 0xc3 in for 0x14d
01-17 21:26:00.028 27360 27360 E ArmVmp : Match on catch block at 0xc3 in for 0x141
01-17 21:26:00.032 27360 27360 E ArmVmp : Match on catch block at 0xc3 in for 0x159
01-17 21:26:00.061 27360 27360 E ArmVmp : Match on catch block at 0xc3 in for 0x155
01-17 21:26:00.065 27360 27360 E ArmVmp : Match on catch block at 0xc3 in for 0x151
01-17 21:26:00.210 27360 27360 E ArmVmp : Match on catch block at 0xc3 in for 0x14d
01-17 21:26:00.214 27360 27360 E ArmVmp : Match on catch block at 0xc3 in for 0x149
01-17 21:26:00.459 27360 27360 E ArmVmp : Match on catch block at 0xc3 in for 0x145
01-17 21:26:00.463 27360 27360 E ArmVmp : Match on catch block at 0xc3 in for 0x141
01-17 21:26:00.624 27360 27360 E ArmVmp : Match on catch block at 0xc3 in for 0x159
01-17 21:26:00.627 27360 27360 E ArmVmp : Match on catch block at 0xc3 in for 0x155
01-17 21:26:00.756 27360 27360 E ArmVmp : Match on catch block at 0xc3 in for 0x151
01-17 21:26:00.759 27360 27360 E ArmVmp : Match on catch block at 0xc3 in for 0x14d
01-17 21:26:00.923 27360 27360 E ArmVmp : Match on catch block at 0xc3 in for 0x149
01-17 21:26:00.928 27360 27360 E ArmVmp : Match on catch block at 0xc3 in for 0x145
01-17 21:26:01.155 27360 27360 E ArmVmp : Match on catch block at 0xc3 in for 0x141
01-17 21:26:01.158 27360 27360 E ArmVmp : Match on catch block at 0xc3 in for 0x159
01-17 21:26:01.487 27360 27360 E ArmVmp : Match on catch block at 0xc3 in for 0x155
01-17 21:26:01.493 27360 27360 E ArmVmp : Match on catch block at 0xc3 in for 0x151 01-17 2797 27360 27360 E ArmVmp : Match on catch block at 0xc3 in for 0x141
01-17 21:25:59.800 27360 27360 E ArmVmp : Match on catch block at 0xc3 in for 0x159
01-17 21:25:59.813 27360 27360 E ArmVmp : Match on catch block at 0xc3 in for 0x14d
01-17 21:25:59.819 27360 27360 E ArmVmp : Match on catch block at 0xc3 in for 0x149
01-17 21:25:59.829 27360 27360 E ArmVmp : Match on catch block at 0xc3 in for 0x159
01-17 21:25:59.833 27360 27360 E ArmVmp : Match on catch block at 0xc3 in for 0x155
01-17 21:25:59.846 27360 27360 E ArmVmp : Match on catch block at 0xc3 in for 0x149
01-17 21:25:59.850 27360 27360 E ArmVmp : Match on catch block at 0xc3 in for 0x145
01-17 21:25:59.862 27360 27360 E ArmVmp : Match on catch block at 0xc3 in for 0x155
01-17 21:25:59.866 27360 27360 E ArmVmp : Match on catch block at 0xc3 in for 0x151
01-17 21:25:59.879 27360 27360 E ArmVmp : Match on catch block at 0xc3 in for 0x145
01-17 21:25:59.883 27360 27360 E ArmVmp : Match on catch block at 0xc3 in for 0x141
01-17 21:25:59.895 27360 27360 E ArmVmp : Match on catch block at 0xc3 in for 0x151
01-17 21:25:59.899 27360 27360 E ArmVmp : Match on catch block at 0xc3 in for 0x14d
01-17 21:25:59.912 27360 27360 E ArmVmp : Match on catch block at 0xc3 in for 0x141
01-17 21:25:59.916 27360 27360 E ArmVmp : Match on catch block at 0xc3 in for 0x159
01-17 21:25:59.929 27360 27360 E ArmVmp : Match on catch block at 0xc3 in for 0x14d
01-17 21:25:59.933 27360 27360 E ArmVmp : Match on catch block at 0xc3 in for 0x149
01-17 21:25:59.945 27360 27360 E ArmVmp : Match on catch block at 0xc3 in for 0x159
01-17 21:25:59.949 27360 27360 E ArmVmp : Match on catch block at 0xc3 in for 0x155
01-17 21:25:59.962 27360 27360 E ArmVmp : Match on catch block at 0xc3 in for 0x149
01-17 21:25:59.967 27360 27360 E ArmVmp : Match on catch block at 0xc3 in for 0x145
01-17 21:25:59.978 27360 27360 E ArmVmp : Match on catch block at 0xc3 in for 0x155
01-17 21:25:59.983 27360 27360 E ArmVmp : Match on catch block at 0xc3 in for 0x151
01-17 21:25:59.995 27360 27360 E ArmVmp : Match on catch block at 0xc3 in for 0x145
01-17 21:26:00.001 27360 27360 E ArmVmp : Match on catch block at 0xc3 in for 0x141
01-17 21:26:00.012 27360 27360 E ArmVmp : Match on catch block at 0xc3 in for 0x151
01-17 21:26:00.017 27360 27360 E ArmVmp : Match on catch block at 0xc3 in for 0x14d
01-17 21:26:00.028 27360 27360 E ArmVmp : Match on catch block at 0xc3 in for 0x141
01-17 21:26:00.032 27360 27360 E ArmVmp : Match on catch block at 0xc3 in for 0x159
01-17 21:26:00.061 27360 27360 E ArmVmp : Match on catch block at 0xc3 in for 0x155
01-17 21:26:00.065 27360 27360 E ArmVmp : Match on catch block at 0xc3 in for 0x151
01-17 21:26:00.210 27360 27360 E ArmVmp : Match on catch block at 0xc3 in for 0x14d
01-17 21:26:00.214 27360 27360 E ArmVmp : Match on catch block at 0xc3 in for 0x149
01-17 21:26:00.459 27360 27360 E ArmVmp : Match on catch block at 0xc3 in for 0x145
01-17 21:26:00.463 27360 27360 E ArmVmp : Match on catch block at 0xc3 in for 0x141
01-17 21:26:00.624 27360 27360 E ArmVmp : Match on catch block at 0xc3 in for 0x159
01-17 21:26:00.627 27360 27360 E ArmVmp : Match on catch block at 0xc3 in for 0x155
01-17 21:26:00.756 27360 27360 E ArmVmp : Match on catch block at 0xc3 in for 0x151
01-17 21:26:00.759 27360 27360 E ArmVmp : Match on catch block at 0xc3 in for 0x14d
01-17 21:26:00.923 27360 27360 E ArmVmp : Match on catch block at 0xc3 in for 0x149
01-17 21:26:00.928 27360 27360 E ArmVmp : Match on catch block at 0xc3 in for 0x145
01-17 21:26:01.155 27360 27360 E ArmVmp : Match on catch block at 0xc3 in for 0x141
01-17 21:26:01.158 27360 27360 E ArmVmp : Match on catch block at 0xc3 in for 0x159
01-17 21:26:01.487 27360 27360 E ArmVmp : Match on catch block at 0xc3 in for 0x155
01-17 21:26:01.493 27360 27360 E ArmVmp : Match on catch block at 0xc3 in for 0x151
01-17 21:26:01.983 27360 27360 E ArmVmp : Match on catch block at 0xc3 in for 0x145
01-17 21:26:01.987 27360 27360 E ArmVmp : Match on catch block at 0xc3 in for 0x141
01-17 21:26:02.497 27360 27360 1:26:01.983 27360 27360 E ArmVmp : Match on catch block at 0xc3 in for 0x145
01-17 21:26:01.987 27360 27360 E ArmVmp : Match on catch block at 0xc3 in for 0x141
01-17 21:26:02.497 27360 27360 E ArmVmp : Match on catch block at 0xc3 in for 0x151
01-17 21:26:02.502 27360 27360 E ArmVmp : Match on catch block at 0xc3 in for 0x14d
01-17 21:26:02.746 27360 27360 E ArmVmp : Match on catch block at 0xc3 in for 0x149
01-17 21:26:02.751 27360 27360 E ArmVmp : Match on catch block at 0xc3 in for 0x145
01-17 21:26:03.028 27360 27360 E ArmVmp : Match on catch block at 0xc3 in for 0x141
01-17 21:26:03.033 27360 27360 E ArmVmp : Match on catch block at 0xc3 in for 0x159
01-17 21:26:03.327 27360 27360 E ArmVmp : Match on catch block at 0xc3 in for 0x155
01-17 21:26:03.331 27360 27360 E ArmVmp : Match on catch block at 0xc3 in for 0x151
01-17 21:26:03.459 27360 27360 E ArmVmp : Match on catch block at 0xc3 in for 0x14d
01-17 21:26:03.464 27360 27360 E ArmVmp : Match on catch block at 0xc3 in for 0x149
01-17 21:26:03.708 27360 27360 E ArmVmp : Match on catch block at 0xc3 in for 0x145
01-17 21:26:03.712 27360 27360 E ArmVmp : Match on catch block at 0xc3 in for 0x141
01-17 21:26:04.006 27360 27360 E ArmVmp : Match on catch block at 0xc3 in for 0x159
01-17 21:26:04.010 27360 27360 E ArmVmp : Match on catch block at 0xc3 in for 0x155
01-17 21:26:04.288 27360 27360 E ArmVmp : Match on catch block at 0xc3 in for 0x151
01-17 21:26:04.292 27360 27360 E ArmVmp : Match on catch block at 0xc3 in for 0x14d
01-17 21:26:04.784 27360 27360 E ArmVmp : Match on catch block at 0xc3 in for 0x141
01-17 21:26:04.787 27360 27360 E ArmVmp : Match on catch block at 0xc3 in for 0x159
01-17 21:26:05.298 27360 27360 E ArmVmp : Match on catch block at 0xc3 in for 0x14d
01-17 21:26:05.302 27360 27360 E ArmVmp : Match on catch block at 0xc3 in for 0x149
01-17 21:26:05.547 27360 27360 E ArmVmp : Match on catch block at 0xc3 in for 0x145
01-17 21:26:05.555 27360 27360 E ArmVmp : Match on catch block at 0xc3 in for 0x141
01-17 21:26:06.061 27360 27360 E ArmVmp : Match on catch block at 0xc3 in for 0x151
01-17 21:26:06.066 27360 27360 E ArmVmp : Match on catch block at 0xc3 in for 0x14d
01-17 21:26:06.194 27360 27360 E ArmVmp : Match on catch block at 0xc3 in for 0x149
01-17 21:26:06.198 27360 27360 E ArmVmp : Match on catch block at 0xc3 in for 0x145
01-17 21:26:06.444 27360 27360 E ArmVmp : Match on catch block at 0xc3 in for 0x159
01-17 21:26:06.447 27360 27360 E ArmVmp : Match on catch block at 0xc3 in for 0x155
01-17 21:26:06.608 27360 27360 E ArmVmp : Match on catch block at 0xc3 in for 0x151
01-17 21:26:06.613 27360 27360 E ArmVmp : Match on catch block at 0xc3 in for 0x14d
01-17 21:26:06.889 27360 27360 E ArmVmp : Match on catch block at 0xc3 in for 0x149
01-17 21:26:06.893 27360 27360 E ArmVmp : Match on catch block at 0xc3 in for 0x145
01-17 21:26:07.055 27360 27360 E ArmVmp : Match on catch block at 0xc3 in for 0x141
01-17 21:26:07.057 27360 27360 E ArmVmp : Match on catch block at 0xc3 in for 0x159
01-17 21:26:07.237 27360 27360 E ArmVmp : Match on catch block at 0xc3 in for 0x155
01-17 21:26:07.239 27360 27360 E ArmVmp : Match on catch block at 0xc3 in for 0x151
01-17 21:26:07.753 27360 27360 E ArmVmp : Match on catch block at 0xc3 in for 0x151
01-17 21:26:07.758 27360 27360 E ArmVmp : Match on catch block at 0xc3 in for 0x14d
01-17 21:26:07.769 27360 27360 E ArmVmp : Match on catch block at 0xc3 in for 0x149
01-17 21:26:07.774 27360 27360 E ArmVmp : Match on catch block at 0xc3 in for 0x145
01-17 21:26:07.804 27360 27360 E ArmVmp : Match on catch block at 0xc3 in for 0x14d
01-17 21:26:07.807 27360 27360 E ArmVmp : Match on catch block at 0xc3 in for 0x149
01-17 21:26:07.828 27360 27360 E ArmVmp : Match on catch block at 0xc3 in for 0x155
01-17 21:26:07.832 27360 27360 E ArmVmp : Match on catch block at 0xc3 in for 0x151
01-17 21:26:07.876 27360 27360 E ArmVmp : Match on catch block at 0xc3 in for 0x159
01-17 21:26:07.879 27360 27360 E ArmVmp : Match on catch block at 0xc3 in for 0x155
01-17 21:26:07.894 2736E ArmVmp : Match on catch block at 0xc3 in for 0x151
01-17 21:26:02.502 27360 27360 E ArmVmp : Match on catch block at 0xc3 in for 0x14d
01-17 21:26:02.746 27360 27360 E ArmVmp : Match on catch block at 0xc3 in for 0x149
01-17 21:26:02.751 27360 27360 E ArmVmp : Match on catch block at 0xc3 in for 0x145
01-17 21:26:03.028 27360 27360 E ArmVmp : Match on catch block at 0xc3 in for 0x141
01-17 21:26:03.033 27360 27360 E ArmVmp : Match on catch block at 0xc3 in for 0x159
01-17 21:26:03.327 27360 27360 E ArmVmp : Match on catch block at 0xc3 in for 0x155
01-17 21:26:03.331 27360 27360 E ArmVmp : Match on catch block at 0xc3 in for 0x151
01-17 21:26:03.459 27360 27360 E ArmVmp : Match on catch block at 0xc3 in for 0x14d
01-17 21:26:03.464 27360 27360 E ArmVmp : Match on catch block at 0xc3 in for 0x149
01-17 21:26:03.708 27360 27360 E ArmVmp : Match on catch block at 0xc3 in for 0x145
01-17 21:26:03.712 27360 27360 E ArmVmp : Match on catch block at 0xc3 in for 0x141
01-17 21:26:04.006 27360 27360 E ArmVmp : Match on catch block at 0xc3 in for 0x159
01-17 21:26:04.010 27360 27360 E ArmVmp : Match on catch block at 0xc3 in for 0x155
01-17 21:26:04.288 27360 27360 E ArmVmp : Match on catch block at 0xc3 in for 0x151
01-17 21:26:04.292 27360 27360 E ArmVmp : Match on catch block at 0xc3 in for 0x14d
01-17 21:26:04.784 27360 27360 E ArmVmp : Match on catch block at 0xc3 in for 0x141
01-17 21:26:04.787 27360 27360 E ArmVmp : Match on catch block at 0xc3 in for 0x159
01-17 21:26:05.298 27360 27360 E ArmVmp : Match on catch block at 0xc3 in for 0x14d
01-17 21:26:05.302 27360 27360 E ArmVmp : Match on catch block at 0xc3 in for 0x149
01-17 21:26:05.547 27360 27360 E ArmVmp : Match on catch block at 0xc3 in for 0x145
01-17 21:26:05.555 27360 27360 E ArmVmp : Match on catch block at 0xc3 in for 0x141
01-17 21:26:06.061 27360 27360 E ArmVmp : Match on catch block at 0xc3 in for 0x151
01-17 21:26:06.066 27360 27360 E ArmVmp : Match on catch block at 0xc3 in for 0x14d
01-17 21:26:06.194 27360 27360 E ArmVmp : Match on catch block at 0xc3 in for 0x149
01-17 21:26:06.198 27360 27360 E ArmVmp : Match on catch block at 0xc3 in for 0x145
01-17 21:26:06.444 27360 27360 E ArmVmp : Match on catch block at 0xc3 in for 0x159
01-17 21:26:06.447 27360 27360 E ArmVmp : Match on catch block at 0xc3 in for 0x155
01-17 21:26:06.608 27360 27360 E ArmVmp : Match on catch block at 0xc3 in for 0x151
01-17 21:26:06.613 27360 27360 E ArmVmp : Match on catch block at 0xc3 in for 0x14d
01-17 21:26:06.889 27360 27360 E ArmVmp : Match on catch block at 0xc3 in for 0x149
01-17 21:26:06.893 27360 27360 E ArmVmp : Match on catch block at 0xc3 in for 0x145
01-17 21:26:07.055 27360 27360 E ArmVmp : Match on catch block at 0xc3 in for 0x141
01-17 21:26:07.057 27360 27360 E ArmVmp : Match on catch block at 0xc3 in for 0x159
01-17 21:26:07.237 27360 27360 E ArmVmp : Match on catch block at 0xc3 in for 0x155
01-17 21:26:07.239 27360 27360 E ArmVmp : Match on catch block at 0xc3 in for 0x151
01-17 21:26:07.753 27360 27360 E ArmVmp : Match on catch block at 0xc3 in for 0x151
01-17 21:26:07.758 27360 27360 E ArmVmp : Match on catch block at 0xc3 in for 0x14d
01-17 21:26:07.769 27360 27360 E ArmVmp : Match on catch block at 0xc3 in for 0x149
01-17 21:26:07.774 27360 27360 E ArmVmp : Match on catch block at 0xc3 in for 0x145
01-17 21:26:07.804 27360 27360 E ArmVmp : Match on catch block at 0xc3 in for 0x14d
01-17 21:26:07.807 27360 27360 E ArmVmp : Match on catch block at 0xc3 in for 0x149
01-17 21:26:07.828 27360 27360 E ArmVmp : Match on catch block at 0xc3 in for 0x155
01-17 21:26:07.832 27360 27360 E ArmVmp : Match on catch block at 0xc3 in for 0x151
01-17 21:26:07.876 27360 27360 E ArmVmp : Match on catch block at 0xc3 in for 0x159
01-17 21:26:07.879 27360 27360 E ArmVmp : Match on catch block at 0xc3 in for 0x155
01-17 21:26:07.894 27360 27360 E ArmVmp : Match on catch block at 0xc3 in for 0x159
01-17 21:26:07.898 27360 27360 E ArmVmp : Match on catch block at 0xc3 in for 0x155
01-17 21:26:07.916 27360 27360 E ArmVmp : Matc0 27360 E ArmVmp : Match on catch block at 0xc3 in for 0x159
01-17 21:26:07.898 27360 27360 E ArmVmp : Match on catch block at 0xc3 in for 0x155
01-17 21:26:07.916 27360 27360 E ArmVmp : Match on catch block at 0xc3 in for 0x145
01-17 21:26:07.919 27360 27360 E ArmVmp : Match on catch block at 0xc3 in for 0x141
01-17 21:26:07.933 27360 27360 E ArmVmp : Match on catch block at 0xc3 in for 0x151
01-17 21:26:07.938 27360 27360 E ArmVmp : Match on catch block at 0xc3 in for 0x14d
01-17 21:26:07.950 27360 27360 E ArmVmp : Match on catch block at 0xc3 in for 0x141
01-17 21:26:07.954 27360 27360 E ArmVmp : Match on catch block at 0xc3 in for 0x159
01-17 21:26:07.967 27360 27360 E ArmVmp : Match on catch block at 0xc3 in for 0x14d
01-17 21:26:07.971 27360 27360 E ArmVmp : Match on catch block at 0xc3 in for 0x149
01-17 21:26:07.983 27360 27360 E ArmVmp : Match on catch block at 0xc3 in for 0x159
01-17 21:26:07.989 27360 27360 E ArmVmp : Match on catch block at 0xc3 in for 0x155
01-17 21:26:08.000 27360 27360 E ArmVmp : Match on catch block at 0xc3 in for 0x149
01-17 21:26:08.010 27360 27360 E ArmVmp : Match on catch block at 0xc3 in for 0x145
01-17 21:26:08.087 27360 27360 E ArmVmp : Match on catch block at 0xc3 in for 0x14d
01-17 21:26:08.090 27360 27360 E ArmVmp : Match on catch block at 0xc3 in for 0x149
01-17 21:26:08.096 27360 27995 W MediaPlayer: Use of stream types is deprecated for operations other than volume control
01-17 21:26:08.096 27360 27995 W MediaPlayer: See the documentation of setAudioStreamType() for what to use instead with android.media.AudioAttributes to qualify your playback use case
01-17 21:26:08.121 27360 28013 W MediaPlayerNative: info/warning (10973, 0)
01-17 21:26:08.297 27360 27360 E ArmVmp : Match on catch block at 0xc3 in for 0x145
01-17 21:26:08.302 27360 27360 E ArmVmp : Match on catch block at 0xc3 in for 0x141
01-17 21:26:08.389 27360 27360 E ArmVmp : Match on catch block at 0xc3 in for 0x14d
01-17 21:26:08.393 27360 27360 E ArmVmp : Match on catch block at 0xc3 in for 0x149
01-17 21:26:08.410 27360 27360 E ArmVmp : Match on catch block at 0xc3 in for 0x151
01-17 21:26:08.412 27360 27360 E ArmVmp : Match on catch block at 0xc3 in for 0x14d
01-17 21:26:08.796 27360 27360 E ArmVmp : Match on catch block at 0xc3 in for 0x151
01-17 21:26:08.801 27360 27360 E ArmVmp : Match on catch block at 0xc3 in for 0x14d
01-17 21:26:08.834 27360 27360 E ArmVmp : Match on catch block at 0xc3 in for 0x145
01-17 21:26:08.838 27360 27360 E ArmVmp : Match on catch block at 0xc3 in for 0x141
01-17 21:26:08.850 27360 27360 E ArmVmp : Match on catch block at 0xc3 in for 0x141
01-17 21:26:08.853 27360 27360 E ArmVmp : Match on catch block at 0xc3 in for 0x159
01-17 21:26:09.051 27360 27360 E ArmVmp : Match on catch block at 0xc3 in for 0x151
01-17 21:26:09.054 27360 27360 E ArmVmp : Match on catch block at 0xc3 in for 0x14d
01-17 21:26:17.006 27360 27427 W Parcel : Expecting binder but got null!
01-17 21:26:19.024 27360 27427 W Parcel : Expecting binder but got null!
01-17 21:26:25.938 27360 27427 W Parcel : Expecting binder but got null!
01-17 21:26:33.141 27360 27427 W Parcel : Expecting binder but got null!
01-17 21:26:43.251 27360 27427 W Parcel : Expecting binder but got null!
01-17 21:27:28.630 27360 27360 E ArmVmp : Match on catch block at 0x0a in for 0x189
01-17 21:27:28.636 27360 27360 E ArmVmp : Match on catch block at 0x0a in for 0x181
01-17 21:27:28.880 27360 27360 E ArmVmp : Match on catch block at 0xc3 in for 0x179
01-17 21:27:28.883 27360 27360 E ArmVmp : Match on catch block at 0xc3 in for 0x171
01-17 21:27:28.885 27360 27360 E ArmVmp : Match on catch block at 0xc3 in for 0x169
01-17 21:27:28.916 27360 27427 W Parcel : Expecting binder but got null!
01-17 21:27:28.939 27360 27360 E ArmVmp : Match on catch block at 0xc3 in for 0x141
01-17 21:27:28.942 27360 27360 E ArmVmp : Match on catch block at 0xc3 in for 0x159
01-17 21:27:28.944 27360 27360 E ArmVmp : Match on catch block at 0xc3 in for 0x141
01-17 21:27:28.962 27360 27360 E ArmVmp : Match on catch blockh on catch block at 0xc3 in for 0x145
01-17 21:26:07.919 27360 27360 E ArmVmp : Match on catch block at 0xc3 in for 0x141
01-17 21:26:07.933 27360 27360 E ArmVmp : Match on catch block at 0xc3 in for 0x151
01-17 21:26:07.938 27360 27360 E ArmVmp : Match on catch block at 0xc3 in for 0x14d
01-17 21:26:07.950 27360 27360 E ArmVmp : Match on catch block at 0xc3 in for 0x141
01-17 21:26:07.954 27360 27360 E ArmVmp : Match on catch block at 0xc3 in for 0x159
01-17 21:26:07.967 27360 27360 E ArmVmp : Match on catch block at 0xc3 in for 0x14d
01-17 21:26:07.971 27360 27360 E ArmVmp : Match on catch block at 0xc3 in for 0x149
01-17 21:26:07.983 27360 27360 E ArmVmp : Match on catch block at 0xc3 in for 0x159
01-17 21:26:07.989 27360 27360 E ArmVmp : Match on catch block at 0xc3 in for 0x155
01-17 21:26:08.000 27360 27360 E ArmVmp : Match on catch block at 0xc3 in for 0x149
01-17 21:26:08.010 27360 27360 E ArmVmp : Match on catch block at 0xc3 in for 0x145
01-17 21:26:08.087 27360 27360 E ArmVmp : Match on catch block at 0xc3 in for 0x14d
01-17 21:26:08.090 27360 27360 E ArmVmp : Match on catch block at 0xc3 in for 0x149
01-17 21:26:08.096 27360 27995 W MediaPlayer: Use of stream types is deprecated for operations other than volume control
01-17 21:26:08.096 27360 27995 W MediaPlayer: See the documentation of setAudioStreamType() for what to use instead with android.media.AudioAttributes to qualify your playback use case
01-17 21:26:08.121 27360 28013 W MediaPlayerNative: info/warning (10973, 0)
01-17 21:26:08.297 27360 27360 E ArmVmp : Match on catch block at 0xc3 in for 0x145
01-17 21:26:08.302 27360 27360 E ArmVmp : Match on catch block at 0xc3 in for 0x141
01-17 21:26:08.389 27360 27360 E ArmVmp : Match on catch block at 0xc3 in for 0x14d
01-17 21:26:08.393 27360 27360 E ArmVmp : Match on catch block at 0xc3 in for 0x149
01-17 21:26:08.410 27360 27360 E ArmVmp : Match on catch block at 0xc3 in for 0x151
01-17 21:26:08.412 27360 27360 E ArmVmp : Match on catch block at 0xc3 in for 0x14d
01-17 21:26:08.796 27360 27360 E ArmVmp : Match on catch block at 0xc3 in for 0x151
01-17 21:26:08.801 27360 27360 E ArmVmp : Match on catch block at 0xc3 in for 0x14d
01-17 21:26:08.834 27360 27360 E ArmVmp : Match on catch block at 0xc3 in for 0x145
01-17 21:26:08.838 27360 27360 E ArmVmp : Match on catch block at 0xc3 in for 0x141
01-17 21:26:08.850 27360 27360 E ArmVmp : Match on catch block at 0xc3 in for 0x141
01-17 21:26:08.853 27360 27360 E ArmVmp : Match on catch block at 0xc3 in for 0x159
01-17 21:26:09.051 27360 27360 E ArmVmp : Match on catch block at 0xc3 in for 0x151
01-17 21:26:09.054 27360 27360 E ArmVmp : Match on catch block at 0xc3 in for 0x14d
01-17 21:26:17.006 27360 27427 W Parcel : Expecting binder but got null!
01-17 21:26:19.024 27360 27427 W Parcel : Expecting binder but got null!
01-17 21:26:25.938 27360 27427 W Parcel : Expecting binder but got null!
01-17 21:26:33.141 27360 27427 W Parcel : Expecting binder but got null!
01-17 21:26:43.251 27360 27427 W Parcel : Expecting binder but got null!
01-17 21:27:28.630 27360 27360 E ArmVmp : Match on catch block at 0x0a in for 0x189
01-17 21:27:28.636 27360 27360 E ArmVmp : Match on catch block at 0x0a in for 0x181
01-17 21:27:28.880 27360 27360 E ArmVmp : Match on catch block at 0xc3 in for 0x179
01-17 21:27:28.883 27360 27360 E ArmVmp : Match on catch block at 0xc3 in for 0x171
01-17 21:27:28.885 27360 27360 E ArmVmp : Match on catch block at 0xc3 in for 0x169
01-17 21:27:28.916 27360 27427 W Parcel : Expecting binder but got null!
01-17 21:27:28.939 27360 27360 E ArmVmp : Match on catch block at 0xc3 in for 0x141
01-17 21:27:28.942 27360 27360 E ArmVmp : Match on catch block at 0xc3 in for 0x159
01-17 21:27:28.944 27360 27360 E ArmVmp : Match on catch block at 0xc3 in for 0x141
01-17 21:27:28.962 27360 27360 E ArmVmp : Match on catch block at 0xc3 in for 0x149
01-17 21:27:28.965 27360 27360 E ArmVmp : Match on catch block at 0xc3 in for 0x145
01-17 21:27:28.967 27360 27360 E ArmVmp : Match on catch block at 0xc3 in for 0x149 01 at 0xc3 in for 0x149
01-17 21:27:28.965 27360 27360 E ArmVmp : Match on catch block at 0xc3 in for 0x145
01-17 21:27:28.967 27360 27360 E ArmVmp : Match on catch block at 0xc3 in for 0x149
01-17 21:27:28.977 27360 27360 E ArmVmp : Match on catch block at 0xc3 in for 0x141
01-17 21:27:28.980 27360 27360 E ArmVmp : Match on catch block at 0xc3 in for 0x159
01-17 21:27:28.982 27360 27360 E ArmVmp : Match on catch block at 0xc3 in for 0x141
01-17 21:27:29.018 27360 27360 E ArmVmp : Match on catch block at 0xc3 in for 0x141
01-17 21:27:29.021 27360 27360 E ArmVmp : Match on catch block at 0xc3 in for 0x159
01-17 21:27:29.023 27360 27360 E ArmVmp : Match on catch block at 0xc3 in for 0x141
01-17 21:27:29.507 27360 27360 E ArmVmp : Match on catch block at 0xc3 in for 0x145
01-17 21:27:29.512 27360 27360 E ArmVmp : Match on catch block at 0xc3 in for 0x141
01-17 21:27:29.515 27360 27360 E ArmVmp : Match on catch block at 0xc3 in for 0x145
01-17 21:27:30.005 27360 27360 E ArmVmp : Match on catch block at 0xc3 in for 0x145
01-17 21:27:30.009 27360 27360 E ArmVmp : Match on catch block at 0xc3 in for 0x141
01-17 21:27:30.013 27360 27360 E ArmVmp : Match on catch block at 0xc3 in for 0x145
01-17 21:27:30.503 27360 27360 E ArmVmp : Match on catch block at 0xc3 in for 0x145
01-17 21:27:30.509 27360 27360 E ArmVmp : Match on catch block at 0xc3 in for 0x141
01-17 21:27:30.513 27360 27360 E ArmVmp : Match on catch block at 0xc3 in for 0x145
01-17 21:27:31.017 27360 27360 E ArmVmp : Match on catch block at 0xc3 in for 0x145
01-17 21:27:31.024 27360 27360 E ArmVmp : Match on catch block at 0xc3 in for 0x141
01-17 21:27:31.027 27360 27360 E ArmVmp : Match on catch block at 0xc3 in for 0x145
01-17 21:27:31.514 27360 27360 E ArmVmp : Match on catch block at 0xc3 in for 0x145
01-17 21:27:31.519 27360 27360 E ArmVmp : Match on catch block at 0xc3 in for 0x141
01-17 21:27:31.523 27360 27360 E ArmVmp : Match on catch block at 0xc3 in for 0x145
01-17 21:27:32.011 27360 27360 E ArmVmp : Match on catch block at 0xc3 in for 0x14d
01-17 21:27:32.016 27360 27360 E ArmVmp : Match on catch block at 0xc3 in for 0x149
01-17 21:27:32.019 27360 27360 E ArmVmp : Match on catch block at 0xc3 in for 0x14d
01-17 21:27:32.508 27360 27360 E ArmVmp : Match on catch block at 0xc3 in for 0x14d
01-17 21:27:32.513 27360 27360 E ArmVmp : Match on catch block at 0xc3 in for 0x149
01-17 21:27:32.516 27360 27360 E ArmVmp : Match on catch block at 0xc3 in for 0x14d
01-17 21:27:33.024 27360 27360 E ArmVmp : Match on catch block at 0xc3 in for 0x159
01-17 21:27:33.028 27360 27360 E ArmVmp : Match on catch block at 0xc3 in for 0x155
01-17 21:27:33.032 27360 27360 E ArmVmp : Match on catch block at 0xc3 in for 0x159
01-17 21:27:33.042 27360 27360 E ArmVmp : Match on catch block at 0xc3 in for 0x14d
01-17 21:27:33.046 27360 27360 E ArmVmp : Match on catch block at 0xc3 in for 0x149
01-17 21:27:33.049 27360 27360 E ArmVmp : Match on catch block at 0xc3 in for 0x14d
01-17 21:27:33.059 27360 27360 E ArmVmp : Match on catch block at 0xc3 in for 0x159
01-17 21:27:33.063 27360 27360 E ArmVmp : Match on catch block at 0xc3 in for 0x155
01-17 21:27:33.066 27360 27360 E ArmVmp : Match on catch block at 0xc3 in for 0x159
01-17 21:27:33.073 27360 27360 E ArmVmp : Match on catch block at 0xc3 in for 0x149
01-17 21:27:33.077 27360 27360 E ArmVmp : Match on catch block at 0xc3 in for 0x145
01-17 21:27:33.079 27360 27360 E ArmVmp : Match on catch block at 0xc3 in for 0x149
01-17 21:27:33.090 27360 27360 E ArmVmp : Match on catch block at 0xc3 in for 0x149
01-17 21:27:33.095 27360 27360 E ArmVmp : Match on catch block at 0xc3 in for 0x145
01-17 21:27:33.097 27360 27360 E ArmVmp : Match on catch block at 0xc3 in for 0x149
01-17 21:27:33.104 27360 27360 E ArmVmp : Match on catch block at 0xc3 in for 0x155
01-17 21:27:33.107 27360 27360 E ArmVmp : Match on catch block at 0xc3 in for 0x151
01-17 21:27:33.109 27360 27360 E ArmVmp : Match on catch block at 0xc3 in for 0x155
01-17 21:27:33.120 27360 27360 E ArmVmp : Match on catch block at 0xc3 in for -17 21:27:28.977 27360 27360 E ArmVmp : Match on catch block at 0xc3 in for 0x141
01-17 21:27:28.980 27360 27360 E ArmVmp : Match on catch block at 0xc3 in for 0x159
01-17 21:27:28.982 27360 27360 E ArmVmp : Match on catch block at 0xc3 in for 0x141
01-17 21:27:29.018 27360 27360 E ArmVmp : Match on catch block at 0xc3 in for 0x141
01-17 21:27:29.021 27360 27360 E ArmVmp : Match on catch block at 0xc3 in for 0x159
01-17 21:27:29.023 27360 27360 E ArmVmp : Match on catch block at 0xc3 in for 0x141
01-17 21:27:29.507 27360 27360 E ArmVmp : Match on catch block at 0xc3 in for 0x145
01-17 21:27:29.512 27360 27360 E ArmVmp : Match on catch block at 0xc3 in for 0x141
01-17 21:27:29.515 27360 27360 E ArmVmp : Match on catch block at 0xc3 in for 0x145
01-17 21:27:30.005 27360 27360 E ArmVmp : Match on catch block at 0xc3 in for 0x145
01-17 21:27:30.009 27360 27360 E ArmVmp : Match on catch block at 0xc3 in for 0x141
01-17 21:27:30.013 27360 27360 E ArmVmp : Match on catch block at 0xc3 in for 0x145
01-17 21:27:30.503 27360 27360 E ArmVmp : Match on catch block at 0xc3 in for 0x145
01-17 21:27:30.509 27360 27360 E ArmVmp : Match on catch block at 0xc3 in for 0x141
01-17 21:27:30.513 27360 27360 E ArmVmp : Match on catch block at 0xc3 in for 0x145
01-17 21:27:31.017 27360 27360 E ArmVmp : Match on catch block at 0xc3 in for 0x145
01-17 21:27:31.024 27360 27360 E ArmVmp : Match on catch block at 0xc3 in for 0x141
01-17 21:27:31.027 27360 27360 E ArmVmp : Match on catch block at 0xc3 in for 0x145
01-17 21:27:31.514 27360 27360 E ArmVmp : Match on catch block at 0xc3 in for 0x145
01-17 21:27:31.519 27360 27360 E ArmVmp : Match on catch block at 0xc3 in for 0x141
01-17 21:27:31.523 27360 27360 E ArmVmp : Match on catch block at 0xc3 in for 0x145
01-17 21:27:32.011 27360 27360 E ArmVmp : Match on catch block at 0xc3 in for 0x14d
01-17 21:27:32.016 27360 27360 E ArmVmp : Match on catch block at 0xc3 in for 0x149
01-17 21:27:32.019 27360 27360 E ArmVmp : Match on catch block at 0xc3 in for 0x14d
01-17 21:27:32.508 27360 27360 E ArmVmp : Match on catch block at 0xc3 in for 0x14d
01-17 21:27:32.513 27360 27360 E ArmVmp : Match on catch block at 0xc3 in for 0x149
01-17 21:27:32.516 27360 27360 E ArmVmp : Match on catch block at 0xc3 in for 0x14d
01-17 21:27:33.024 27360 27360 E ArmVmp : Match on catch block at 0xc3 in for 0x159
01-17 21:27:33.028 27360 27360 E ArmVmp : Match on catch block at 0xc3 in for 0x155
01-17 21:27:33.032 27360 27360 E ArmVmp : Match on catch block at 0xc3 in for 0x159
01-17 21:27:33.042 27360 27360 E ArmVmp : Match on catch block at 0xc3 in for 0x14d
01-17 21:27:33.046 27360 27360 E ArmVmp : Match on catch block at 0xc3 in for 0x149
01-17 21:27:33.049 27360 27360 E ArmVmp : Match on catch block at 0xc3 in for 0x14d
01-17 21:27:33.059 27360 27360 E ArmVmp : Match on catch block at 0xc3 in for 0x159
01-17 21:27:33.063 27360 27360 E ArmVmp : Match on catch block at 0xc3 in for 0x155
01-17 21:27:33.066 27360 27360 E ArmVmp : Match on catch block at 0xc3 in for 0x159
01-17 21:27:33.073 27360 27360 E ArmVmp : Match on catch block at 0xc3 in for 0x149
01-17 21:27:33.077 27360 27360 E ArmVmp : Match on catch block at 0xc3 in for 0x145
01-17 21:27:33.079 27360 27360 E ArmVmp : Match on catch block at 0xc3 in for 0x149
01-17 21:27:33.090 27360 27360 E ArmVmp : Match on catch block at 0xc3 in for 0x149
01-17 21:27:33.095 27360 27360 E ArmVmp : Match on catch block at 0xc3 in for 0x145
01-17 21:27:33.097 27360 27360 E ArmVmp : Match on catch block at 0xc3 in for 0x149
01-17 21:27:33.104 27360 27360 E ArmVmp : Match on catch block at 0xc3 in for 0x155
01-17 21:27:33.107 27360 27360 E ArmVmp : Match on catch block at 0xc3 in for 0x151
01-17 21:27:33.109 27360 27360 E ArmVmp : Match on catch block at 0xc3 in for 0x155
01-17 21:27:33.120 27360 27360 E ArmVmp : Match on catch block at 0xc3 in for 0x145
01-17 21:27:33.123 27360 27360 E ArmVmp : Match on catch block at 0xc3 in for 0x141
01-17 21:27:33.126 27360 27360 E ArmVmp : Match on catch block at 0xc3 in for 0x145
01-17 21:27:33.1630x145
01-17 21:27:33.123 27360 27360 E ArmVmp : Match on catch block at 0xc3 in for 0x141
01-17 21:27:33.126 27360 27360 E ArmVmp : Match on catch block at 0xc3 in for 0x145
01-17 21:27:33.163 27360 27360 E ArmVmp : Match on catch block at 0xc3 in for 0x159
01-17 21:27:33.166 27360 27360 E ArmVmp : Match on catch block at 0xc3 in for 0x155
01-17 21:27:33.191 27360 27360 E ArmVmp : Match on catch block at 0xc3 in for 0x145
01-17 21:27:33.194 27360 27360 E ArmVmp : Match on catch block at 0xc3 in for 0x141
01-17 21:27:33.205 27360 27360 E ArmVmp : Match on catch block at 0xc3 in for 0x159
01-17 21:27:33.208 27360 27360 E ArmVmp : Match on catch block at 0xc3 in for 0x155
01-17 21:27:33.220 27360 27360 E ArmVmp : Match on catch block at 0xc3 in for 0x145
01-17 21:27:33.223 27360 27360 E ArmVmp : Match on catch block at 0xc3 in for 0x141
01-17 21:27:33.237 27360 27360 E ArmVmp : Match on catch block at 0xc3 in for 0x159
01-17 21:27:33.240 27360 27360 E ArmVmp : Match on catch block at 0xc3 in for 0x155
01-17 21:27:33.242 27360 27360 E ArmVmp : Match on catch block at 0xc3 in for 0x159
01-17 21:27:33.252 27360 27360 E ArmVmp : Match on catch block at 0xc3 in for 0x145
01-17 21:27:33.255 27360 27360 E ArmVmp : Match on catch block at 0xc3 in for 0x141
01-17 21:27:33.258 27360 27360 E ArmVmp : Match on catch block at 0xc3 in for 0x145
01-17 21:27:33.269 27360 27360 E ArmVmp : Match on catch block at 0xc3 in for 0x14d
01-17 21:27:33.272 27360 27360 E ArmVmp : Match on catch block at 0xc3 in for 0x149
01-17 21:27:33.274 27360 27360 E ArmVmp : Match on catch block at 0xc3 in for 0x14d
01-17 21:27:33.278 27360 27360 W OnBackInvokedCallback: OnBackInvokedCallback is not enabled for the application.
01-17 21:27:33.278 27360 27360 W OnBackInvokedCallback: Set 'android:enableOnBackInvokedCallback="true"' in the application manifest.
01-17 21:27:33.286 27360 27360 E ArmVmp : Match on catch block at 0xc3 in for 0x155
01-17 21:27:33.288 27360 27360 E ArmVmp : Match on catch block at 0xc3 in for 0x151
01-17 21:27:33.290 27360 27360 E ArmVmp : Match on catch block at 0xc3 in for 0x155
01-17 21:27:33.331 27360 27360 E ArmVmp : Match on catch block at 0xc3 in for 0x155
01-17 21:27:33.334 27360 27360 E ArmVmp : Match on catch block at 0xc3 in for 0x151
01-17 21:27:33.338 27360 27360 E ArmVmp : Match on catch block at 0xc3 in for 0x155
01-17 21:27:33.345 27360 27360 E ArmVmp : Match on catch block at 0xc3 in for 0x141
01-17 21:27:33.347 27360 27360 E ArmVmp : Match on catch block at 0xc3 in for 0x159
01-17 21:27:33.349 27360 27360 E ArmVmp : Match on catch block at 0xc3 in for 0x141
01-17 21:27:33.366 27360 27360 E ArmVmp : Match on catch block at 0xc3 in for 0x14d
01-17 21:27:33.374 27360 27360 E ArmVmp : Match on catch block at 0xc3 in for 0x149
01-17 21:27:33.387 27360 27360 E ArmVmp : Match on catch block at 0xc3 in for 0x14d
01-17 21:27:33.393 27360 27360 E ArmVmp : Match on catch block at 0xc3 in for 0x149
01-17 21:27:33.400 27360 27360 E ArmVmp : Match on catch block at 0xc3 in for 0x159
01-17 21:27:33.403 27360 27360 E ArmVmp : Match on catch block at 0xc3 in for 0x155
01-17 21:27:33.420 27360 27360 E ArmVmp : Match on catch block at 0xc3 in for 0x151
01-17 21:27:33.423 27360 27360 E ArmVmp : Match on catch block at 0xc3 in for 0x14d
01-17 21:27:33.430 27360 27360 E ArmVmp : Match on catch block at 0xc3 in for 0x141
01-17 21:27:33.433 27360 27360 E ArmVmp : Match on catch block at 0xc3 in for 0x159
01-17 21:27:33.440 27360 27360 E ArmVmp : Match on catch block at 0xc3 in for 0x14d
01-17 21:27:33.442 27360 27360 E ArmVmp : Match on catch block at 0xc3 in for 0x149
01-17 21:27:33.455 27360 27360 E ArmVmp : Match on catch block at 0xc3 in for 0x159
01-17 21:27:33.459 27360 27360 E ArmVmp : Match on catch block at 0xc3 in for 0x155
01-17 21:27:33.468 27360 27360 E ArmVmp : Match on catch block at 0xc3 in for 0x149
01-17 21:27:33.471 27360 27360 E ArmVmp : Match on catch block at 0xc3 in for 0x145
01-17 21:27:33.485 27360 27360 E ArmVmp : Match on catch block at 0xc3 in for 0x155 01-17 21:27:33.49 27360 27360 E ArmVmp : Match on catch block at 0xc3 in for 0x159
01-17 21:27:33.166 27360 27360 E ArmVmp : Match on catch block at 0xc3 in for 0x155
01-17 21:27:33.191 27360 27360 E ArmVmp : Match on catch block at 0xc3 in for 0x145
01-17 21:27:33.194 27360 27360 E ArmVmp : Match on catch block at 0xc3 in for 0x141
01-17 21:27:33.205 27360 27360 E ArmVmp : Match on catch block at 0xc3 in for 0x159
01-17 21:27:33.208 27360 27360 E ArmVmp : Match on catch block at 0xc3 in for 0x155
01-17 21:27:33.220 27360 27360 E ArmVmp : Match on catch block at 0xc3 in for 0x145
01-17 21:27:33.223 27360 27360 E ArmVmp : Match on catch block at 0xc3 in for 0x141
01-17 21:27:33.237 27360 27360 E ArmVmp : Match on catch block at 0xc3 in for 0x159
01-17 21:27:33.240 27360 27360 E ArmVmp : Match on catch block at 0xc3 in for 0x155
01-17 21:27:33.242 27360 27360 E ArmVmp : Match on catch block at 0xc3 in for 0x159
01-17 21:27:33.252 27360 27360 E ArmVmp : Match on catch block at 0xc3 in for 0x145
01-17 21:27:33.255 27360 27360 E ArmVmp : Match on catch block at 0xc3 in for 0x141
01-17 21:27:33.258 27360 27360 E ArmVmp : Match on catch block at 0xc3 in for 0x145
01-17 21:27:33.269 27360 27360 E ArmVmp : Match on catch block at 0xc3 in for 0x14d
01-17 21:27:33.272 27360 27360 E ArmVmp : Match on catch block at 0xc3 in for 0x149
01-17 21:27:33.274 27360 27360 E ArmVmp : Match on catch block at 0xc3 in for 0x14d
01-17 21:27:33.278 27360 27360 W OnBackInvokedCallback: OnBackInvokedCallback is not enabled for the application.
01-17 21:27:33.278 27360 27360 W OnBackInvokedCallback: Set 'android:enableOnBackInvokedCallback="true"' in the application manifest.
01-17 21:27:33.286 27360 27360 E ArmVmp : Match on catch block at 0xc3 in for 0x155
01-17 21:27:33.288 27360 27360 E ArmVmp : Match on catch block at 0xc3 in for 0x151
01-17 21:27:33.290 27360 27360 E ArmVmp : Match on catch block at 0xc3 in for 0x155
01-17 21:27:33.331 27360 27360 E ArmVmp : Match on catch block at 0xc3 in for 0x155
01-17 21:27:33.334 27360 27360 E ArmVmp : Match on catch block at 0xc3 in for 0x151
01-17 21:27:33.338 27360 27360 E ArmVmp : Match on catch block at 0xc3 in for 0x155
01-17 21:27:33.345 27360 27360 E ArmVmp : Match on catch block at 0xc3 in for 0x141
01-17 21:27:33.347 27360 27360 E ArmVmp : Match on catch block at 0xc3 in for 0x159
01-17 21:27:33.349 27360 27360 E ArmVmp : Match on catch block at 0xc3 in for 0x141
01-17 21:27:33.366 27360 27360 E ArmVmp : Match on catch block at 0xc3 in for 0x14d
01-17 21:27:33.374 27360 27360 E ArmVmp : Match on catch block at 0xc3 in for 0x149
01-17 21:27:33.387 27360 27360 E ArmVmp : Match on catch block at 0xc3 in for 0x14d
01-17 21:27:33.393 27360 27360 E ArmVmp : Match on catch block at 0xc3 in for 0x149
01-17 21:27:33.400 27360 27360 E ArmVmp : Match on catch block at 0xc3 in for 0x159
01-17 21:27:33.403 27360 27360 E ArmVmp : Match on catch block at 0xc3 in for 0x155
01-17 21:27:33.420 27360 27360 E ArmVmp : Match on catch block at 0xc3 in for 0x151
01-17 21:27:33.423 27360 27360 E ArmVmp : Match on catch block at 0xc3 in for 0x14d
01-17 21:27:33.430 27360 27360 E ArmVmp : Match on catch block at 0xc3 in for 0x141
01-17 21:27:33.433 27360 27360 E ArmVmp : Match on catch block at 0xc3 in for 0x159
01-17 21:27:33.440 27360 27360 E ArmVmp : Match on catch block at 0xc3 in for 0x14d
01-17 21:27:33.442 27360 27360 E ArmVmp : Match on catch block at 0xc3 in for 0x149
01-17 21:27:33.455 27360 27360 E ArmVmp : Match on catch block at 0xc3 in for 0x159
01-17 21:27:33.459 27360 27360 E ArmVmp : Match on catch block at 0xc3 in for 0x155
01-17 21:27:33.468 27360 27360 E ArmVmp : Match on catch block at 0xc3 in for 0x149
01-17 21:27:33.471 27360 27360 E ArmVmp : Match on catch block at 0xc3 in for 0x145
01-17 21:27:33.485 27360 27360 E ArmVmp : Match on catch block at 0xc3 in for 0x155
01-17 21:27:33.490 27360 27360 E ArmVmp : Match on catch block at 0xc3 in for 0x151
01-17 21:27:33.502 27360 27360 E ArmVmp : Match on catch block at 0xc3 in for 0x145
01-17 21:27:33.506 27360 27360 E ArmVmp 0 27360 27360 E ArmVmp : Match on catch block at 0xc3 in for 0x151
01-17 21:27:33.502 27360 27360 E ArmVmp : Match on catch block at 0xc3 in for 0x145
01-17 21:27:33.506 27360 27360 E ArmVmp : Match on catch block at 0xc3 in for 0x141
01-17 21:27:33.521 27360 27360 E ArmVmp : Match on catch block at 0xc3 in for 0x151
01-17 21:27:33.525 27360 27360 E ArmVmp : Match on catch block at 0xc3 in for 0x14d
01-17 21:27:33.534 27360 27360 E ArmVmp : Match on catch block at 0xc3 in for 0x141
01-17 21:27:33.537 27360 27360 E ArmVmp : Match on catch block at 0xc3 in for 0x159
01-17 21:27:33.551 27360 27360 E ArmVmp : Match on catch block at 0xc3 in for 0x14d
01-17 21:27:33.556 27360 27360 E ArmVmp : Match on catch block at 0xc3 in for 0x149
01-17 21:27:33.573 27360 27360 E ArmVmp : Match on catch block at 0xc3 in for 0x159
01-17 21:27:33.576 27360 27360 E ArmVmp : Match on catch block at 0xc3 in for 0x155
01-17 21:27:33.587 27360 27360 E ArmVmp : Match on catch block at 0xc3 in for 0x149
01-17 21:27:33.590 27360 27360 E ArmVmp : Match on catch block at 0xc3 in for 0x145
01-17 21:27:33.610 27360 27360 E ArmVmp : Match on catch block at 0xc3 in for 0x145
01-17 21:27:33.613 27360 27360 E ArmVmp : Match on catch block at 0xc3 in for 0x141
01-17 21:27:33.619 27360 27360 E ArmVmp : Match on catch block at 0xc3 in for 0x151
