01-17 21:30:45.405 28256 28256 E ArmVmp : Match on catch block at 0xc3 in for 0x155
01-17 21:30:46.163 28256 28256 W InputEventReceiver: Attempted to finish an input event but the input event receiver has already been disposed. 01-17 21:30:46.c3 in for 0x149
01-17 21:30:39.388 28256 28256 E ArmVmp : Match on catch block at 0xc3 in for 0x14d
01-17 21:30:39.394 28256 28256 E ArmVmp : Match on catch block at 0xc3 in for 0x149
01-17 21:30:39.885 28256 28256 E ArmVmp : Match on catch block at 0xc3 in for 0x159
01-17 21:30:39.891 28256 28256 E ArmVmp : Match on catch block at 0xc3 in for 0x155
01-17 21:30:40.383 28256 28256 E ArmVmp : Match on catch block at 0xc3 in for 0x145
01-17 21:30:40.388 28256 28256 E ArmVmp : Match on catch block at 0xc3 in for 0x141
01-17 21:30:40.503 28256 28256 E ArmVmp : Match on catch block at 0xc3 in for 0x141
01-17 21:30:40.507 28256 28256 E ArmVmp : Match on catch block at 0xc3 in for 0x159
01-17 21:30:40.565 28256 28322 W Parcel : Expecting binder but got null!
01-17 21:30:40.583 28256 28322 W Parcel : Expecting binder but got null!
01-17 21:30:40.596 28256 28256 E ArmVmp : Match on catch block at 0xc3 in for 0x145
01-17 21:30:40.602 28256 28256 E ArmVmp : Match on catch block at 0xc3 in for 0x141
01-17 21:30:40.930 28256 28256 E ArmVmp : Match on catch block at 0xc3 in for 0x159
01-17 21:30:40.936 28256 28256 E ArmVmp : Match on catch block at 0xc3 in for 0x155
01-17 21:30:40.958 28256 28256 E ArmVmp : Match on catch block at 0xc3 in for 0x141
01-17 21:30:40.961 28256 28256 E ArmVmp : Match on catch block at 0xc3 in for 0x159
01-17 21:30:41.251 28256 28256 E ArmVmp : Match on catch block at 0xc3 in for 0x149
01-17 21:30:41.254 28256 28256 E ArmVmp : Match on catch block at 0xc3 in for 0x145
01-17 21:30:41.281 28256 28322 W Parcel : Expecting binder but got null!
01-17 21:30:41.309 28256 28256 E ArmVmp : Match on catch block at 0xc3 in for 0x159
01-17 21:30:41.311 28256 28256 E ArmVmp : Match on catch block at 0xc3 in for 0x155
01-17 21:30:43.392 28256 28256 W InputEventReceiver: Attempted to finish an input event but the input event receiver has already been disposed.
01-17 21:30:43.394 28256 28256 E ArmVmp : Match on catch block at 0xc3 in for 0x151
01-17 21:30:43.399 28256 28256 E ArmVmp : Match on catch block at 0xc3 in for 0x14d
01-17 21:30:43.460 28256 28322 W Parcel : Expecting binder but got null!
01-17 21:30:43.481 28256 28322 W Parcel : Expecting binder but got null!
01-17 21:30:43.483 28256 28256 W OnBackInvokedCallback: OnBackInvokedCallback is not enabled for the application.
01-17 21:30:43.483 28256 28256 W OnBackInvokedCallback: Set 'android:enableOnBackInvokedCallback="true"' in the application manifest.
01-17 21:30:43.513 28256 28256 E ArmVmp : Match on catch block at 0xc3 in for 0x141
01-17 21:30:43.517 28256 28256 E ArmVmp : Match on catch block at 0xc3 in for 0x159
01-17 21:30:44.012 28256 28256 E ArmVmp : Match on catch block at 0xc3 in for 0x155
01-17 21:30:44.018 28256 28256 E ArmVmp : Match on catch block at 0xc3 in for 0x151
01-17 21:30:44.509 28256 28256 E ArmVmp : Match on catch block at 0xc3 in for 0x145
01-17 21:30:44.514 28256 28256 E ArmVmp : Match on catch block at 0xc3 in for 0x141
01-17 21:30:45.006 28256 28256 E ArmVmp : Match on catch block at 0xc3 in for 0x155
01-17 21:30:45.014 28256 28256 E ArmVmp : Match on catch block at 0xc3 in for 0x151
01-17 21:30:45.031 28256 28256 E ArmVmp : Match on catch block at 0xc3 in for 0x159
01-17 21:30:45.036 28256 28256 E ArmVmp : Match on catch block at 0xc3 in for 0x155
01-17 21:30:45.058 28256 28256 E ArmVmp : Match on catch block at 0xc3 in for 0x141
01-17 21:30:45.061 28256 28256 E ArmVmp : Match on catch block at 0xc3 in for 0x159
01-17 21:30:45.348 28256 28256 E ArmVmp : Match on catch block at 0xc3 in for 0x149
01-17 21:30:45.353 28256 28256 E ArmVmp : Match on catch block at 0xc3 in for 0x145
01-17 21:30:45.377 28256 28322 W Parcel : Expecting binder but got null!
01-17 21:30:45.402 28256 28256 E ArmVmp : Match on catch block at 0xc3 in for 0x159
01-17 21:30:45.405 28256 28256 E ArmVmp : Match on catch block at 0xc3 in for 0x155
01-17 21:30:46.163 28256 28256 W InputEventReceiver: Attempted to finish an input event but the input event receiver has already been disposed.
01-17 21:30:46.165 28256 28256 E ArmVmp 165 28256 28256 E ArmVmp : Match on catch block at 0xc3 in for 0x151
01-17 21:30:46.172 28256 28256 E ArmVmp : Match on catch block at 0xc3 in for 0x14d
01-17 21:30:46.226 28256 28322 W Parcel : Expecting binder but got null!
01-17 21:30:46.246 28256 28322 W Parcel : Expecting binder but got null!
01-17 21:30:46.248 28256 28256 W OnBackInvokedCallback: OnBackInvokedCallback is not enabled for the application.
01-17 21:30:46.248 28256 28256 W OnBackInvokedCallback: Set 'android:enableOnBackInvokedCallback="true"' in the application manifest.
01-17 21:30:46.278 28256 28256 E ArmVmp : Match on catch block at 0xc3 in for 0x141
01-17 21:30:46.282 28256 28256 E ArmVmp : Match on catch block at 0xc3 in for 0x159
01-17 21:30:46.465 28256 28256 E ArmVmp : Match on catch block at 0xc3 in for 0x145
01-17 21:30:46.470 28256 28256 E ArmVmp : Match on catch block at 0xc3 in for 0x141
01-17 21:30:46.480 28256 28256 E ArmVmp : Match on catch block at 0xc3 in for 0x14d
01-17 21:30:46.483 28256 28256 E ArmVmp : Match on catch block at 0xc3 in for 0x149
01-17 21:30:46.978 28256 28256 E ArmVmp : Match on catch block at 0xc3 in for 0x141
01-17 21:30:46.985 28256 28256 E ArmVmp : Match on catch block at 0xc3 in for 0x159
01-17 21:30:47.078 28256 28256 E ArmVmp : Match on catch block at 0xc3 in for 0x159
01-17 21:30:47.083 28256 28256 E ArmVmp : Match on catch block at 0xc3 in for 0x155
01-17 21:30:47.106 28256 28256 E ArmVmp : Match on catch block at 0xc3 in for 0x151
01-17 21:30:47.109 28256 28256 E ArmVmp : Match on catch block at 0xc3 in for 0x14d
01-17 21:30:47.129 28256 28256 E ArmVmp : Match on catch block at 0xc3 in for 0x155
01-17 21:30:47.132 28256 28256 E ArmVmp : Match on catch block at 0xc3 in for 0x151
01-17 21:30:47.171 28256 28256 E ArmVmp : Match on catch block at 0xc3 in for 0x159
01-17 21:30:47.174 28256 28256 E ArmVmp : Match on catch block at 0xc3 in for 0x155
01-17 21:30:47.188 28256 28256 E ArmVmp : Match on catch block at 0xc3 in for 0x155
01-17 21:30:47.192 28256 28256 E ArmVmp : Match on catch block at 0xc3 in for 0x151
01-17 21:30:47.202 28256 28256 E ArmVmp : Match on catch block at 0xc3 in for 0x141
01-17 21:30:47.205 28256 28256 E ArmVmp : Match on catch block at 0xc3 in for 0x159
01-17 21:30:47.212 28256 28256 E ArmVmp : Match on catch block at 0xc3 in for 0x14d
01-17 21:30:47.215 28256 28256 E ArmVmp : Match on catch block at 0xc3 in for 0x149
01-17 21:30:47.226 28256 28256 E ArmVmp : Match on catch block at 0xc3 in for 0x159
01-17 21:30:47.233 28256 28256 E ArmVmp : Match on catch block at 0xc3 in for 0x155
01-17 21:30:47.242 28256 28256 E ArmVmp : Match on catch block at 0xc3 in for 0x149
01-17 21:30:47.245 28256 28256 E ArmVmp : Match on catch block at 0xc3 in for 0x145
01-17 21:30:47.258 28256 28256 E ArmVmp : Match on catch block at 0xc3 in for 0x155
01-17 21:30:47.261 28256 28256 E ArmVmp : Match on catch block at 0xc3 in for 0x151
01-17 21:30:47.275 28256 28256 E ArmVmp : Match on catch block at 0xc3 in for 0x145
01-17 21:30:47.277 28256 28256 E ArmVmp : Match on catch block at 0xc3 in for 0x141
01-17 21:30:47.292 28256 28256 E ArmVmp : Match on catch block at 0xc3 in for 0x151
01-17 21:30:47.295 28256 28256 E ArmVmp : Match on catch block at 0xc3 in for 0x14d
01-17 21:30:47.463 28256 28256 E ArmVmp : Match on catch block at 0xc3 in for 0x141
01-17 21:30:47.466 28256 28256 E ArmVmp : Match on catch block at 0xc3 in for 0x159
01-17 21:30:47.607 28256 28256 E ArmVmp : Match on catch block at 0xc3 in for 0x149
01-17 21:30:47.609 28256 28256 E ArmVmp : Match on catch block at 0xc3 in for 0x145
01-17 21:30:47.712 28256 28256 E ArmVmp : Match on catch block at 0xc3 in for 0x159
01-17 21:30:47.717 28256 28256 E ArmVmp : Match on catch block at 0xc3 in for 0x155
01-17 21:30:47.791 28256 28256 E ArmVmp : Match on catch block at 0xc3 in for 0x151
01-17 21:30:47.794 28256 28256 E ArmVmp : Match on catch block at 0xc3 in for 0x14d
01-17 21:30:47.807 28256 28256 E ArmVmp : Match on catch block at 0xc3 in for 0x14d
01-17 21:30:47.810 28256 28256 E ArmVmp : Match on catch bl : Match on catch block at 0xc3 in for 0x151
01-17 21:30:46.172 28256 28256 E ArmVmp : Match on catch block at 0xc3 in for 0x14d
01-17 21:30:46.226 28256 28322 W Parcel : Expecting binder but got null!
01-17 21:30:46.246 28256 28322 W Parcel : Expecting binder but got null!
01-17 21:30:46.248 28256 28256 W OnBackInvokedCallback: OnBackInvokedCallback is not enabled for the application.
01-17 21:30:46.248 28256 28256 W OnBackInvokedCallback: Set 'android:enableOnBackInvokedCallback="true"' in the application manifest.
01-17 21:30:46.278 28256 28256 E ArmVmp : Match on catch block at 0xc3 in for 0x141
01-17 21:30:46.282 28256 28256 E ArmVmp : Match on catch block at 0xc3 in for 0x159
01-17 21:30:46.465 28256 28256 E ArmVmp : Match on catch block at 0xc3 in for 0x145
01-17 21:30:46.470 28256 28256 E ArmVmp : Match on catch block at 0xc3 in for 0x141
01-17 21:30:46.480 28256 28256 E ArmVmp : Match on catch block at 0xc3 in for 0x14d
01-17 21:30:46.483 28256 28256 E ArmVmp : Match on catch block at 0xc3 in for 0x149
01-17 21:30:46.978 28256 28256 E ArmVmp : Match on catch block at 0xc3 in for 0x141
01-17 21:30:46.985 28256 28256 E ArmVmp : Match on catch block at 0xc3 in for 0x159
01-17 21:30:47.078 28256 28256 E ArmVmp : Match on catch block at 0xc3 in for 0x159
01-17 21:30:47.083 28256 28256 E ArmVmp : Match on catch block at 0xc3 in for 0x155
01-17 21:30:47.106 28256 28256 E ArmVmp : Match on catch block at 0xc3 in for 0x151
01-17 21:30:47.109 28256 28256 E ArmVmp : Match on catch block at 0xc3 in for 0x14d
01-17 21:30:47.129 28256 28256 E ArmVmp : Match on catch block at 0xc3 in for 0x155
01-17 21:30:47.132 28256 28256 E ArmVmp : Match on catch block at 0xc3 in for 0x151
01-17 21:30:47.171 28256 28256 E ArmVmp : Match on catch block at 0xc3 in for 0x159
01-17 21:30:47.174 28256 28256 E ArmVmp : Match on catch block at 0xc3 in for 0x155
01-17 21:30:47.188 28256 28256 E ArmVmp : Match on catch block at 0xc3 in for 0x155
01-17 21:30:47.192 28256 28256 E ArmVmp : Match on catch block at 0xc3 in for 0x151
01-17 21:30:47.202 28256 28256 E ArmVmp : Match on catch block at 0xc3 in for 0x141
01-17 21:30:47.205 28256 28256 E ArmVmp : Match on catch block at 0xc3 in for 0x159
01-17 21:30:47.212 28256 28256 E ArmVmp : Match on catch block at 0xc3 in for 0x14d
01-17 21:30:47.215 28256 28256 E ArmVmp : Match on catch block at 0xc3 in for 0x149
01-17 21:30:47.226 28256 28256 E ArmVmp : Match on catch block at 0xc3 in for 0x159
01-17 21:30:47.233 28256 28256 E ArmVmp : Match on catch block at 0xc3 in for 0x155
01-17 21:30:47.242 28256 28256 E ArmVmp : Match on catch block at 0xc3 in for 0x149
01-17 21:30:47.245 28256 28256 E ArmVmp : Match on catch block at 0xc3 in for 0x145
01-17 21:30:47.258 28256 28256 E ArmVmp : Match on catch block at 0xc3 in for 0x155
01-17 21:30:47.261 28256 28256 E ArmVmp : Match on catch block at 0xc3 in for 0x151
01-17 21:30:47.275 28256 28256 E ArmVmp : Match on catch block at 0xc3 in for 0x145
01-17 21:30:47.277 28256 28256 E ArmVmp : Match on catch block at 0xc3 in for 0x141
01-17 21:30:47.292 28256 28256 E ArmVmp : Match on catch block at 0xc3 in for 0x151
01-17 21:30:47.295 28256 28256 E ArmVmp : Match on catch block at 0xc3 in for 0x14d
01-17 21:30:47.463 28256 28256 E ArmVmp : Match on catch block at 0xc3 in for 0x141
01-17 21:30:47.466 28256 28256 E ArmVmp : Match on catch block at 0xc3 in for 0x159
01-17 21:30:47.607 28256 28256 E ArmVmp : Match on catch block at 0xc3 in for 0x149
01-17 21:30:47.609 28256 28256 E ArmVmp : Match on catch block at 0xc3 in for 0x145
01-17 21:30:47.712 28256 28256 E ArmVmp : Match on catch block at 0xc3 in for 0x159
01-17 21:30:47.717 28256 28256 E ArmVmp : Match on catch block at 0xc3 in for 0x155
01-17 21:30:47.791 28256 28256 E ArmVmp : Match on catch block at 0xc3 in for 0x151
01-17 21:30:47.794 28256 28256 E ArmVmp : Match on catch block at 0xc3 in for 0x14d
01-17 21:30:47.807 28256 28256 E ArmVmp : Match on catch block at 0xc3 in for 0x14d
01-17 21:30:47.810 28256 28256 E ArmVmp : Match on catch block at 0xc3 in for 0x149 ock at 0xc3 in for 0x149
01-17 21:30:47.824 28256 28256 E ArmVmp : Match on catch block at 0xc3 in for 0x149
01-17 21:30:47.829 28256 28256 E ArmVmp : Match on catch block at 0xc3 in for 0x145
01-17 21:30:47.841 28256 28256 E ArmVmp : Match on catch block at 0xc3 in for 0x145
01-17 21:30:47.846 28256 28256 E ArmVmp : Match on catch block at 0xc3 in for 0x141
01-17 21:30:47.857 28256 28256 E ArmVmp : Match on catch block at 0xc3 in for 0x141
01-17 21:30:47.862 28256 28256 E ArmVmp : Match on catch block at 0xc3 in for 0x159
01-17 21:30:47.874 28256 28256 E ArmVmp : Match on catch block at 0xc3 in for 0x159
01-17 21:30:47.880 28256 28256 E ArmVmp : Match on catch block at 0xc3 in for 0x155
01-17 21:30:47.890 28256 28256 E ArmVmp : Match on catch block at 0xc3 in for 0x155
01-17 21:30:47.896 28256 28256 E ArmVmp : Match on catch block at 0xc3 in for 0x151
01-17 21:30:47.907 28256 28256 E ArmVmp : Match on catch block at 0xc3 in for 0x151
01-17 21:30:47.911 28256 28256 E ArmVmp : Match on catch block at 0xc3 in for 0x14d
01-17 21:30:47.922 28256 28256 E ArmVmp : Match on catch block at 0xc3 in for 0x14d
01-17 21:30:47.926 28256 28256 E ArmVmp : Match on catch block at 0xc3 in for 0x149
01-17 21:30:47.939 28256 28256 E ArmVmp : Match on catch block at 0xc3 in for 0x149
01-17 21:30:47.943 28256 28256 E ArmVmp : Match on catch block at 0xc3 in for 0x145
01-17 21:30:47.956 28256 28256 E ArmVmp : Match on catch block at 0xc3 in for 0x145
01-17 21:30:47.959 28256 28256 E ArmVmp : Match on catch block at 0xc3 in for 0x141
01-17 21:30:47.972 28256 28256 E ArmVmp : Match on catch block at 0xc3 in for 0x141
01-17 21:30:47.975 28256 28256 E ArmVmp : Match on catch block at 0xc3 in for 0x159
01-17 21:30:47.991 28256 28256 E ArmVmp : Match on catch block at 0xc3 in for 0x14d
01-17 21:30:47.995 28256 28256 E ArmVmp : Match on catch block at 0xc3 in for 0x149
01-17 21:30:48.005 28256 28256 E ArmVmp : Match on catch block at 0xc3 in for 0x149
01-17 21:30:48.008 28256 28256 E ArmVmp : Match on catch block at 0xc3 in for 0x145
01-17 21:30:48.022 28256 28256 E ArmVmp : Match on catch block at 0xc3 in for 0x145
01-17 21:30:48.025 28256 28256 E ArmVmp : Match on catch block at 0xc3 in for 0x141
01-17 21:30:48.039 28256 28256 E ArmVmp : Match on catch block at 0xc3 in for 0x141
01-17 21:30:48.042 28256 28256 E ArmVmp : Match on catch block at 0xc3 in for 0x159
01-17 21:30:48.055 28256 28256 E ArmVmp : Match on catch block at 0xc3 in for 0x159
01-17 21:30:48.059 28256 28256 E ArmVmp : Match on catch block at 0xc3 in for 0x155
01-17 21:30:48.072 28256 28256 E ArmVmp : Match on catch block at 0xc3 in for 0x155
01-17 21:30:48.075 28256 28256 E ArmVmp : Match on catch block at 0xc3 in for 0x151
01-17 21:30:48.088 28256 28256 E ArmVmp : Match on catch block at 0xc3 in for 0x151
01-17 21:30:48.093 28256 28256 E ArmVmp : Match on catch block at 0xc3 in for 0x14d
01-17 21:30:48.105 28256 28256 E ArmVmp : Match on catch block at 0xc3 in for 0x14d
01-17 21:30:48.107 28256 28256 E ArmVmp : Match on catch block at 0xc3 in for 0x149
01-17 21:30:48.131 28256 28256 E ArmVmp : Match on catch block at 0xc3 in for 0x151
01-17 21:30:48.133 28256 28256 E ArmVmp : Match on catch block at 0xc3 in for 0x14d
01-17 21:30:48.149 28256 28256 E ArmVmp : Match on catch block at 0xc3 in for 0x151
01-17 21:30:48.151 28256 28256 E ArmVmp : Match on catch block at 0xc3 in for 0x14d
01-17 21:30:48.156 28256 28256 E ArmVmp : Match on catch block at 0xc3 in for 0x141
01-17 21:30:48.158 28256 28256 E ArmVmp : Match on catch block at 0xc3 in for 0x159
01-17 21:30:48.170 28256 28256 E ArmVmp : Match on catch block at 0xc3 in for 0x14d
01-17 21:30:48.173 28256 28256 E ArmVmp : Match on catch block at 0xc3 in for 0x149
01-17 21:30:48.187 28256 28256 E ArmVmp : Match on catch block at 0xc3 in for 0x159
01-17 21:30:48.189 28256 28256 E ArmVmp : Match on catch block at 0xc3 in for 0x155
01-17 21:30:48.203 28256 28256 E ArmVmp : Match on catch block at 0xc3 in for 0x149
01-17 21:30:48.206 28256 28256 E ArmVmp : Match on catch block at 0xc3 in f01-17 21:30:47.824 28256 28256 E ArmVmp : Match on catch block at 0xc3 in for 0x149
01-17 21:30:47.829 28256 28256 E ArmVmp : Match on catch block at 0xc3 in for 0x145
01-17 21:30:47.841 28256 28256 E ArmVmp : Match on catch block at 0xc3 in for 0x145
01-17 21:30:47.846 28256 28256 E ArmVmp : Match on catch block at 0xc3 in for 0x141
01-17 21:30:47.857 28256 28256 E ArmVmp : Match on catch block at 0xc3 in for 0x141
01-17 21:30:47.862 28256 28256 E ArmVmp : Match on catch block at 0xc3 in for 0x159
01-17 21:30:47.874 28256 28256 E ArmVmp : Match on catch block at 0xc3 in for 0x159
01-17 21:30:47.880 28256 28256 E ArmVmp : Match on catch block at 0xc3 in for 0x155
01-17 21:30:47.890 28256 28256 E ArmVmp : Match on catch block at 0xc3 in for 0x155
01-17 21:30:47.896 28256 28256 E ArmVmp : Match on catch block at 0xc3 in for 0x151
01-17 21:30:47.907 28256 28256 E ArmVmp : Match on catch block at 0xc3 in for 0x151
01-17 21:30:47.911 28256 28256 E ArmVmp : Match on catch block at 0xc3 in for 0x14d
01-17 21:30:47.922 28256 28256 E ArmVmp : Match on catch block at 0xc3 in for 0x14d
01-17 21:30:47.926 28256 28256 E ArmVmp : Match on catch block at 0xc3 in for 0x149
01-17 21:30:47.939 28256 28256 E ArmVmp : Match on catch block at 0xc3 in for 0x149
01-17 21:30:47.943 28256 28256 E ArmVmp : Match on catch block at 0xc3 in for 0x145
01-17 21:30:47.956 28256 28256 E ArmVmp : Match on catch block at 0xc3 in for 0x145
01-17 21:30:47.959 28256 28256 E ArmVmp : Match on catch block at 0xc3 in for 0x141
01-17 21:30:47.972 28256 28256 E ArmVmp : Match on catch block at 0xc3 in for 0x141
01-17 21:30:47.975 28256 28256 E ArmVmp : Match on catch block at 0xc3 in for 0x159
01-17 21:30:47.991 28256 28256 E ArmVmp : Match on catch block at 0xc3 in for 0x14d
01-17 21:30:47.995 28256 28256 E ArmVmp : Match on catch block at 0xc3 in for 0x149
01-17 21:30:48.005 28256 28256 E ArmVmp : Match on catch block at 0xc3 in for 0x149
01-17 21:30:48.008 28256 28256 E ArmVmp : Match on catch block at 0xc3 in for 0x145
01-17 21:30:48.022 28256 28256 E ArmVmp : Match on catch block at 0xc3 in for 0x145
01-17 21:30:48.025 28256 28256 E ArmVmp : Match on catch block at 0xc3 in for 0x141
01-17 21:30:48.039 28256 28256 E ArmVmp : Match on catch block at 0xc3 in for 0x141
01-17 21:30:48.042 28256 28256 E ArmVmp : Match on catch block at 0xc3 in for 0x159
01-17 21:30:48.055 28256 28256 E ArmVmp : Match on catch block at 0xc3 in for 0x159
01-17 21:30:48.059 28256 28256 E ArmVmp : Match on catch block at 0xc3 in for 0x155
01-17 21:30:48.072 28256 28256 E ArmVmp : Match on catch block at 0xc3 in for 0x155
01-17 21:30:48.075 28256 28256 E ArmVmp : Match on catch block at 0xc3 in for 0x151
01-17 21:30:48.088 28256 28256 E ArmVmp : Match on catch block at 0xc3 in for 0x151
01-17 21:30:48.093 28256 28256 E ArmVmp : Match on catch block at 0xc3 in for 0x14d
01-17 21:30:48.105 28256 28256 E ArmVmp : Match on catch block at 0xc3 in for 0x14d
01-17 21:30:48.107 28256 28256 E ArmVmp : Match on catch block at 0xc3 in for 0x149
01-17 21:30:48.131 28256 28256 E ArmVmp : Match on catch block at 0xc3 in for 0x151
01-17 21:30:48.133 28256 28256 E ArmVmp : Match on catch block at 0xc3 in for 0x14d
01-17 21:30:48.149 28256 28256 E ArmVmp : Match on catch block at 0xc3 in for 0x151
01-17 21:30:48.151 28256 28256 E ArmVmp : Match on catch block at 0xc3 in for 0x14d
01-17 21:30:48.156 28256 28256 E ArmVmp : Match on catch block at 0xc3 in for 0x141
01-17 21:30:48.158 28256 28256 E ArmVmp : Match on catch block at 0xc3 in for 0x159
01-17 21:30:48.170 28256 28256 E ArmVmp : Match on catch block at 0xc3 in for 0x14d
01-17 21:30:48.173 28256 28256 E ArmVmp : Match on catch block at 0xc3 in for 0x149
01-17 21:30:48.187 28256 28256 E ArmVmp : Match on catch block at 0xc3 in for 0x159
01-17 21:30:48.189 28256 28256 E ArmVmp : Match on catch block at 0xc3 in for 0x155
01-17 21:30:48.203 28256 28256 E ArmVmp : Match on catch block at 0xc3 in for 0x149
01-17 21:30:48.206 28256 28256 E ArmVmp : Match on catch block at 0xc3 in for 0x145
01-17 21:30:48.220 28256 28256 E ArmVmp : Match on catch block at 0xc3 in for 0x155
01-17 21:30:48.223 28256 28256 E ArmVmp : Match on catch block at 0xc3 in for 0x151
01-17 21:30:48.236 28256 28256 E ArmVmp : Match on catch block at 0xc3 in for 0x145
01-17 21:30:48.242 28256 28256 E ArmVmp : Match on catch block at 0xc3 in for 0x141
01-17 21:30:48.253 28256 28256 E ArmVmp : Match on catch block at 0xc3 in for 0x151
01-17 21:30:48.256 28256 28256 E ArmVmp : Match on catch block at 0xc3 in for 0x14d
01-17 21:30:48.269 28256 28256 E ArmVmp : Match on catch block at 0xc3 in for 0x141
01-17 21:30:48.272 28256 28256 E ArmVmp : Match on catch block at 0xc3 in for 0x159
01-17 21:30:48.286 28256 28256 E ArmVmp : Match on catch block at 0xc3 in for 0x14d
01-17 21:30:48.289 28256 28256 E ArmVmp : Match on catch block at 0xc3 in for 0x149
01-17 21:30:48.303 28256 28256 E ArmVmp : Match on catch block at 0xc3 in for 0x159
01-17 21:30:48.307 28256 28256 E ArmVmp : Match on catch block at 0xc3 in for 0x155
01-17 21:30:48.319 28256 28256 E ArmVmp : Match on catch block at 0xc3 in for 0x149
01-17 21:30:48.322 28256 28256 E ArmVmp : Match on catch block at 0xc3 in for 0x145
01-17 21:30:48.336 28256 28256 E ArmVmp : Match on catch block at 0xc3 in for 0x145
01-17 21:30:48.338 28256 28256 E ArmVmp : Match on catch block at 0xc3 in for 0x141
01-17 21:30:48.353 28256 28256 E ArmVmp : Match on catch block at 0xc3 in for 0x151
01-17 21:30:48.357 28256 28256 E ArmVmp : Match on catch block at 0xc3 in for 0x14d
01-17 21:30:48.369 28256 28256 E ArmVmp : Match on catch block at 0xc3 in for 0x141
01-17 21:30:48.373 28256 28256 E ArmVmp : Match on catch block at 0xc3 in for 0x159
01-17 21:30:48.386 28256 28256 E ArmVmp : Match on catch block at 0xc3 in for 0x14d
01-17 21:30:48.389 28256 28256 E ArmVmp : Match on catch block at 0xc3 in for 0x149
01-17 21:30:48.415 28256 28256 E ArmVmp : Match on catch block at 0xc3 in for 0x159
01-17 21:30:48.418 28256 28256 E ArmVmp : Match on catch block at 0xc3 in for 0x155
01-17 21:30:48.424 28256 28256 E ArmVmp : Match on catch block at 0xc3 in for 0x149
01-17 21:30:48.427 28256 28256 E ArmVmp : Match on catch block at 0xc3 in for 0x145
01-17 21:30:48.601 28256 28256 E ArmVmp : Match on catch block at 0xc3 in for 0x155
01-17 21:30:48.604 28256 28256 E ArmVmp : Match on catch block at 0xc3 in for 0x151
01-17 21:30:48.888 28256 28256 E ArmVmp : Match on catch block at 0xc3 in for 0x155
01-17 21:30:48.892 28256 28256 E ArmVmp : Match on catch block at 0xc3 in for 0x151
01-17 21:30:48.938 28256 28322 W Parcel : Expecting binder but got null!
01-17 21:30:48.958 28256 28322 W Parcel : Expecting binder but got null!
01-17 21:30:48.975 28256 28322 W Parcel : Expecting binder but got null!
01-17 21:30:48.983 28256 28256 E ArmVmp : Match on catch block at 0xc3 in for 0x151
01-17 21:30:48.986 28256 28256 E ArmVmp : Match on catch block at 0xc3 in for 0x14d
01-17 21:30:49.099 28256 28256 E ArmVmp : Match on catch block at 0xc3 in for 0x141
01-17 21:30:49.103 28256 28256 E ArmVmp : Match on catch block at 0xc3 in for 0x159
01-17 21:30:49.501 28256 28256 E ArmVmp : Match on catch block at 0xc3 in for 0x159
01-17 21:30:49.504 28256 28256 E ArmVmp : Match on catch block at 0xc3 in for 0x155
01-17 21:30:49.523 28256 28256 E ArmVmp : Match on catch block at 0xc3 in for 0x141
01-17 21:30:49.526 28256 28256 E ArmVmp : Match on catch block at 0xc3 in for 0x159
01-17 21:30:49.537 28256 28256 E ArmVmp : Match on catch block at 0xc3 in for 0x14d
01-17 21:30:49.540 28256 28256 E ArmVmp : Match on catch block at 0xc3 in for 0x149
01-17 21:30:49.549 28256 28256 E ArmVmp : Match on catch block at 0xc3 in for 0x159
01-17 21:30:49.555 28256 28256 E ArmVmp : Match on catch block at 0xc3 in for 0x155
01-17 21:30:49.563 28256 28256 E ArmVmp : Match on catch block at 0xc3 in for 0x149
01-17 21:30:49.566 28256 28256 E ArmVmp : Match on catch block at 0xc3 in for 0x145
01-17 21:30:49.581 28256 28256 E ArmVmp : Match on catch block at 0xc3 in for 0x155
01-17 21:30:49.588 28256 28256 E ArmVmp : Match on catch block aor 0x145
01-17 21:30:48.220 28256 28256 E ArmVmp : Match on catch block at 0xc3 in for 0x155
01-17 21:30:48.223 28256 28256 E ArmVmp : Match on catch block at 0xc3 in for 0x151
01-17 21:30:48.236 28256 28256 E ArmVmp : Match on catch block at 0xc3 in for 0x145
01-17 21:30:48.242 28256 28256 E ArmVmp : Match on catch block at 0xc3 in for 0x141
01-17 21:30:48.253 28256 28256 E ArmVmp : Match on catch block at 0xc3 in for 0x151
01-17 21:30:48.256 28256 28256 E ArmVmp : Match on catch block at 0xc3 in for 0x14d
01-17 21:30:48.269 28256 28256 E ArmVmp : Match on catch block at 0xc3 in for 0x141
01-17 21:30:48.272 28256 28256 E ArmVmp : Match on catch block at 0xc3 in for 0x159
01-17 21:30:48.286 28256 28256 E ArmVmp : Match on catch block at 0xc3 in for 0x14d
01-17 21:30:48.289 28256 28256 E ArmVmp : Match on catch block at 0xc3 in for 0x149
01-17 21:30:48.303 28256 28256 E ArmVmp : Match on catch block at 0xc3 in for 0x159
01-17 21:30:48.307 28256 28256 E ArmVmp : Match on catch block at 0xc3 in for 0x155
01-17 21:30:48.319 28256 28256 E ArmVmp : Match on catch block at 0xc3 in for 0x149
01-17 21:30:48.322 28256 28256 E ArmVmp : Match on catch block at 0xc3 in for 0x145
01-17 21:30:48.336 28256 28256 E ArmVmp : Match on catch block at 0xc3 in for 0x145
01-17 21:30:48.338 28256 28256 E ArmVmp : Match on catch block at 0xc3 in for 0x141
01-17 21:30:48.353 28256 28256 E ArmVmp : Match on catch block at 0xc3 in for 0x151
01-17 21:30:48.357 28256 28256 E ArmVmp : Match on catch block at 0xc3 in for 0x14d
01-17 21:30:48.369 28256 28256 E ArmVmp : Match on catch block at 0xc3 in for 0x141
01-17 21:30:48.373 28256 28256 E ArmVmp : Match on catch block at 0xc3 in for 0x159
01-17 21:30:48.386 28256 28256 E ArmVmp : Match on catch block at 0xc3 in for 0x14d
01-17 21:30:48.389 28256 28256 E ArmVmp : Match on catch block at 0xc3 in for 0x149
01-17 21:30:48.415 28256 28256 E ArmVmp : Match on catch block at 0xc3 in for 0x159
01-17 21:30:48.418 28256 28256 E ArmVmp : Match on catch block at 0xc3 in for 0x155
01-17 21:30:48.424 28256 28256 E ArmVmp : Match on catch block at 0xc3 in for 0x149
01-17 21:30:48.427 28256 28256 E ArmVmp : Match on catch block at 0xc3 in for 0x145
01-17 21:30:48.601 28256 28256 E ArmVmp : Match on catch block at 0xc3 in for 0x155
01-17 21:30:48.604 28256 28256 E ArmVmp : Match on catch block at 0xc3 in for 0x151
01-17 21:30:48.888 28256 28256 E ArmVmp : Match on catch block at 0xc3 in for 0x155
01-17 21:30:48.892 28256 28256 E ArmVmp : Match on catch block at 0xc3 in for 0x151
01-17 21:30:48.938 28256 28322 W Parcel : Expecting binder but got null!
01-17 21:30:48.958 28256 28322 W Parcel : Expecting binder but got null!
01-17 21:30:48.975 28256 28322 W Parcel : Expecting binder but got null!
01-17 21:30:48.983 28256 28256 E ArmVmp : Match on catch block at 0xc3 in for 0x151
01-17 21:30:48.986 28256 28256 E ArmVmp : Match on catch block at 0xc3 in for 0x14d
01-17 21:30:49.099 28256 28256 E ArmVmp : Match on catch block at 0xc3 in for 0x141
01-17 21:30:49.103 28256 28256 E ArmVmp : Match on catch block at 0xc3 in for 0x159
01-17 21:30:49.501 28256 28256 E ArmVmp : Match on catch block at 0xc3 in for 0x159
01-17 21:30:49.504 28256 28256 E ArmVmp : Match on catch block at 0xc3 in for 0x155
01-17 21:30:49.523 28256 28256 E ArmVmp : Match on catch block at 0xc3 in for 0x141
01-17 21:30:49.526 28256 28256 E ArmVmp : Match on catch block at 0xc3 in for 0x159
01-17 21:30:49.537 28256 28256 E ArmVmp : Match on catch block at 0xc3 in for 0x14d
01-17 21:30:49.540 28256 28256 E ArmVmp : Match on catch block at 0xc3 in for 0x149
01-17 21:30:49.549 28256 28256 E ArmVmp : Match on catch block at 0xc3 in for 0x159
01-17 21:30:49.555 28256 28256 E ArmVmp : Match on catch block at 0xc3 in for 0x155
01-17 21:30:49.563 28256 28256 E ArmVmp : Match on catch block at 0xc3 in for 0x149
01-17 21:30:49.566 28256 28256 E ArmVmp : Match on catch block at 0xc3 in for 0x145
01-17 21:30:49.581 28256 28256 E ArmVmp : Match on catch block at 0xc3 in for 0x155
01-17 21:30:49.588 28256 28256 E ArmVmp : Match on catch block at 0xc3 in for 0x151
01-17 21:30:49.598 28256 28256 E ArmVmp : Match on catch block at 0xc3 in for 0x145
01-17 21:30:49.601 28256 28256 E ArmVmp : Match on catch block at 0xc3 in for 0x141
01-17 21:30:49.638 28256 28256 E ArmVmp : Match on catch block at 0xc3 in for 0x151
01-17 21:30:49.642 28256 28256 E ArmVmp : Match on catch block at 0xc3 in for 0x14d
01-17 21:30:49.649 28256 28256 E ArmVmp : Match on catch block at 0xc3 in for 0x141
01-17 21:30:49.651 28256 28256 E ArmVmp : Match on catch block at 0xc3 in for 0x159
01-17 21:30:49.662 28256 28256 E ArmVmp : Match on catch block at 0xc3 in for 0x14d
01-17 21:30:49.664 28256 28256 E ArmVmp : Match on catch block at 0xc3 in for 0x149
01-17 21:30:49.678 28256 28256 E ArmVmp : Match on catch block at 0xc3 in for 0x159
01-17 21:30:49.681 28256 28256 E ArmVmp : Match on catch block at 0xc3 in for 0x155
01-17 21:30:49.695 28256 28256 E ArmVmp : Match on catch block at 0xc3 in for 0x149
01-17 21:30:49.698 28256 28256 E ArmVmp : Match on catch block at 0xc3 in for 0x145
01-17 21:30:49.779 28256 28256 E ArmVmp : Match on catch block at 0xc3 in for 0x151
01-17 21:30:49.784 28256 28256 E ArmVmp : Match on catch block at 0xc3 in for 0x14d
01-17 21:30:49.944 28256 28256 E ArmVmp : Match on catch block at 0xc3 in for 0x145
01-17 21:30:49.948 28256 28256 E ArmVmp : Match on catch block at 0xc3 in for 0x141
01-17 21:30:50.392 28256 28256 E ArmVmp : Match on catch block at 0xc3 in for 0x155
01-17 21:30:50.397 28256 28256 E ArmVmp : Match on catch block at 0xc3 in for 0x151
01-17 21:30:50.773 28256 28256 E ArmVmp : Match on catch block at 0xc3 in for 0x155
01-17 21:30:50.779 28256 28256 E ArmVmp : Match on catch block at 0xc3 in for 0x151
01-17 21:30:51.270 28256 28256 E ArmVmp : Match on catch block at 0xc3 in for 0x145
01-17 21:30:51.278 28256 28256 E ArmVmp : Match on catch block at 0xc3 in for 0x141
01-17 21:30:51.387 28256 28256 E ArmVmp : Match on catch block at 0xc3 in for 0x159
01-17 21:30:51.392 28256 28256 E ArmVmp : Match on catch block at 0xc3 in for 0x155
01-17 21:30:51.602 28256 28256 E ArmVmp : Match on catch block at 0xc3 in for 0x14d
01-17 21:30:51.609 28256 28256 E ArmVmp : Match on catch block at 0xc3 in for 0x149
01-17 21:30:51.817 28256 28256 E ArmVmp : Match on catch block at 0xc3 in for 0x145
01-17 21:30:51.823 28256 28256 E ArmVmp : Match on catch block at 0xc3 in for 0x141
01-17 21:30:51.933 28256 28256 E ArmVmp : Match on catch block at 0xc3 in for 0x155
01-17 21:30:51.938 28256 28256 E ArmVmp : Match on catch block at 0xc3 in for 0x151
01-17 21:30:52.166 28256 28256 E ArmVmp : Match on catch block at 0xc3 in for 0x14d
01-17 21:30:52.172 28256 28256 E ArmVmp : Match on catch block at 0xc3 in for 0x149
01-17 21:30:52.331 28256 28256 E ArmVmp : Match on catch block at 0xc3 in for 0x145
01-17 21:30:52.337 28256 28256 E ArmVmp : Match on catch block at 0xc3 in for 0x141
01-17 21:30:52.530 28256 28256 E ArmVmp : Match on catch block at 0xc3 in for 0x159
01-17 21:30:52.535 28256 28256 E ArmVmp : Match on catch block at 0xc3 in for 0x155
01-17 21:30:52.779 28256 28256 E ArmVmp : Match on catch block at 0xc3 in for 0x151
01-17 21:30:52.786 28256 28256 E ArmVmp : Match on catch block at 0xc3 in for 0x14d
01-17 21:30:52.977 28256 28256 E ArmVmp : Match on catch block at 0xc3 in for 0x145
01-17 21:30:52.982 28256 28256 E ArmVmp : Match on catch block at 0xc3 in for 0x141
01-17 21:30:53.127 28256 28256 E ArmVmp : Match on catch block at 0xc3 in for 0x155
01-17 21:30:53.131 28256 28256 E ArmVmp : Match on catch block at 0xc3 in for 0x151
01-17 21:30:53.292 28256 28256 E ArmVmp : Match on catch block at 0xc3 in for 0x149
01-17 21:30:53.296 28256 28256 E ArmVmp : Match on catch block at 0xc3 in for 0x145
01-17 21:30:53.327 28256 28256 E ArmVmp : Match on catch block at 0xc3 in for 0x145
01-17 21:30:53.331 28256 28256 E ArmVmp : Match on catch block at 0xc3 in for 0x141
01-17 21:30:53.822 28256 28256 E ArmVmp : Match on catch block at 0xc3 in for 0x149
01-17 21:30:53.829 28256 28256 E ArmVmp : Match on catct 0xc3 in for 0x151
01-17 21:30:49.598 28256 28256 E ArmVmp : Match on catch block at 0xc3 in for 0x145
01-17 21:30:49.601 28256 28256 E ArmVmp : Match on catch block at 0xc3 in for 0x141
01-17 21:30:49.638 28256 28256 E ArmVmp : Match on catch block at 0xc3 in for 0x151
01-17 21:30:49.642 28256 28256 E ArmVmp : Match on catch block at 0xc3 in for 0x14d
01-17 21:30:49.649 28256 28256 E ArmVmp : Match on catch block at 0xc3 in for 0x141
01-17 21:30:49.651 28256 28256 E ArmVmp : Match on catch block at 0xc3 in for 0x159
01-17 21:30:49.662 28256 28256 E ArmVmp : Match on catch block at 0xc3 in for 0x14d
01-17 21:30:49.664 28256 28256 E ArmVmp : Match on catch block at 0xc3 in for 0x149
01-17 21:30:49.678 28256 28256 E ArmVmp : Match on catch block at 0xc3 in for 0x159
01-17 21:30:49.681 28256 28256 E ArmVmp : Match on catch block at 0xc3 in for 0x155
01-17 21:30:49.695 28256 28256 E ArmVmp : Match on catch block at 0xc3 in for 0x149
01-17 21:30:49.698 28256 28256 E ArmVmp : Match on catch block at 0xc3 in for 0x145
01-17 21:30:49.779 28256 28256 E ArmVmp : Match on catch block at 0xc3 in for 0x151
01-17 21:30:49.784 28256 28256 E ArmVmp : Match on catch block at 0xc3 in for 0x14d
01-17 21:30:49.944 28256 28256 E ArmVmp : Match on catch block at 0xc3 in for 0x145
01-17 21:30:49.948 28256 28256 E ArmVmp : Match on catch block at 0xc3 in for 0x141
01-17 21:30:50.392 28256 28256 E ArmVmp : Match on catch block at 0xc3 in for 0x155
01-17 21:30:50.397 28256 28256 E ArmVmp : Match on catch block at 0xc3 in for 0x151
01-17 21:30:50.773 28256 28256 E ArmVmp : Match on catch block at 0xc3 in for 0x155
01-17 21:30:50.779 28256 28256 E ArmVmp : Match on catch block at 0xc3 in for 0x151
01-17 21:30:51.270 28256 28256 E ArmVmp : Match on catch block at 0xc3 in for 0x145
01-17 21:30:51.278 28256 28256 E ArmVmp : Match on catch block at 0xc3 in for 0x141
01-17 21:30:51.387 28256 28256 E ArmVmp : Match on catch block at 0xc3 in for 0x159
01-17 21:30:51.392 28256 28256 E ArmVmp : Match on catch block at 0xc3 in for 0x155
01-17 21:30:51.602 28256 28256 E ArmVmp : Match on catch block at 0xc3 in for 0x14d
01-17 21:30:51.609 28256 28256 E ArmVmp : Match on catch block at 0xc3 in for 0x149
01-17 21:30:51.817 28256 28256 E ArmVmp : Match on catch block at 0xc3 in for 0x145
01-17 21:30:51.823 28256 28256 E ArmVmp : Match on catch block at 0xc3 in for 0x141
01-17 21:30:51.933 28256 28256 E ArmVmp : Match on catch block at 0xc3 in for 0x155
01-17 21:30:51.938 28256 28256 E ArmVmp : Match on catch block at 0xc3 in for 0x151
01-17 21:30:52.166 28256 28256 E ArmVmp : Match on catch block at 0xc3 in for 0x14d
01-17 21:30:52.172 28256 28256 E ArmVmp : Match on catch block at 0xc3 in for 0x149
01-17 21:30:52.331 28256 28256 E ArmVmp : Match on catch block at 0xc3 in for 0x145
01-17 21:30:52.337 28256 28256 E ArmVmp : Match on catch block at 0xc3 in for 0x141
01-17 21:30:52.530 28256 28256 E ArmVmp : Match on catch block at 0xc3 in for 0x159
01-17 21:30:52.535 28256 28256 E ArmVmp : Match on catch block at 0xc3 in for 0x155
01-17 21:30:52.779 28256 28256 E ArmVmp : Match on catch block at 0xc3 in for 0x151
01-17 21:30:52.786 28256 28256 E ArmVmp : Match on catch block at 0xc3 in for 0x14d
01-17 21:30:52.977 28256 28256 E ArmVmp : Match on catch block at 0xc3 in for 0x145
01-17 21:30:52.982 28256 28256 E ArmVmp : Match on catch block at 0xc3 in for 0x141
01-17 21:30:53.127 28256 28256 E ArmVmp : Match on catch block at 0xc3 in for 0x155
01-17 21:30:53.131 28256 28256 E ArmVmp : Match on catch block at 0xc3 in for 0x151
01-17 21:30:53.292 28256 28256 E ArmVmp : Match on catch block at 0xc3 in for 0x149
01-17 21:30:53.296 28256 28256 E ArmVmp : Match on catch block at 0xc3 in for 0x145
01-17 21:30:53.327 28256 28256 E ArmVmp : Match on catch block at 0xc3 in for 0x145
01-17 21:30:53.331 28256 28256 E ArmVmp : Match on catch block at 0xc3 in for 0x141
01-17 21:30:53.822 28256 28256 E ArmVmp : Match on catch block at 0xc3 in for 0x149
01-17 21:30:53.829 28256 28256 E ArmVmp : Match on catch block at 0xc3 in for 0xh block at 0xc3 in for 0x145
01-17 21:30:53.890 28256 28256 E ArmVmp : Match on catch block at 0xc3 in for 0x141
01-17 21:30:53.894 28256 28256 E ArmVmp : Match on catch block at 0xc3 in for 0x159
01-17 21:30:54.403 28256 28256 E ArmVmp : Match on catch block at 0xc3 in for 0x159
01-17 21:30:54.408 28256 28256 E ArmVmp : Match on catch block at 0xc3 in for 0x155
01-17 21:30:54.486 28256 28256 E ArmVmp : Match on catch block at 0xc3 in for 0x14d
01-17 21:30:54.491 28256 28256 E ArmVmp : Match on catch block at 0xc3 in for 0x149
01-17 21:30:54.519 28256 28256 E ArmVmp : Match on catch block at 0xc3 in for 0x151
01-17 21:30:54.523 28256 28256 E ArmVmp : Match on catch block at 0xc3 in for 0x14d
01-17 21:30:54.544 28256 28256 E ArmVmp : Match on catch block at 0xc3 in for 0x145
01-17 21:30:54.551 28256 28256 E ArmVmp : Match on catch block at 0xc3 in for 0x141
01-17 21:30:54.556 28256 28256 E ArmVmp : Match on catch block at 0xc3 in for 0x151
01-17 21:30:54.560 28256 28256 E ArmVmp : Match on catch block at 0xc3 in for 0x14d
01-17 21:30:54.567 28256 28256 E ArmVmp : Match on catch block at 0xc3 in for 0x141
01-17 21:30:54.571 28256 28256 E ArmVmp : Match on catch block at 0xc3 in for 0x159
01-17 21:30:54.584 28256 28256 E ArmVmp : Match on catch block at 0xc3 in for 0x14d
01-17 21:30:54.587 28256 28256 E ArmVmp : Match on catch block at 0xc3 in for 0x149
01-17 21:30:54.601 28256 28256 E ArmVmp : Match on catch block at 0xc3 in for 0x159
01-17 21:30:54.603 28256 28256 E ArmVmp : Match on catch block at 0xc3 in for 0x155
01-17 21:30:54.639 28256 28256 E ArmVmp : Match on catch block at 0xc3 in for 0x155
01-17 21:30:54.641 28256 28256 E ArmVmp : Match on catch block at 0xc3 in for 0x151
01-17 21:30:54.656 28256 28256 E ArmVmp : Match on catch block at 0xc3 in for 0x141
01-17 21:30:54.658 28256 28256 E ArmVmp : Match on catch block at 0xc3 in for 0x159
01-17 21:30:54.667 28256 28256 E ArmVmp : Match on catch block at 0xc3 in for 0x149
01-17 21:30:54.670 28256 28256 E ArmVmp : Match on catch block at 0xc3 in for 0x145
01-17 21:30:54.683 28256 28256 E ArmVmp : Match on catch block at 0xc3 in for 0x155
01-17 21:30:54.688 28256 28256 E ArmVmp : Match on catch block at 0xc3 in for 0x151
01-17 21:30:54.700 28256 28256 E ArmVmp : Match on catch block at 0xc3 in for 0x145
01-17 21:30:54.702 28256 28256 E ArmVmp : Match on catch block at 0xc3 in for 0x141
01-17 21:30:55.016 28256 28256 E ArmVmp : Match on catch block at 0xc3 in for 0x145
01-17 21:30:55.021 28256 28256 E ArmVmp : Match on catch block at 0xc3 in for 0x141
01-17 21:30:55.453 28256 28256 E ArmVmp : Match on catch block at 0xc3 in for 0x145
01-17 21:30:55.455 28256 28256 E ArmVmp : Match on catch block at 0xc3 in for 0x141
01-17 21:30:55.512 28256 28256 E ArmVmp : Match on catch block at 0xc3 in for 0x141
01-17 21:30:55.515 28256 28256 E ArmVmp : Match on catch block at 0xc3 in for 0x159
01-17 21:30:55.587 28256 28256 E ArmVmp : Match on catch block at 0xc3 in for 0x145
01-17 21:30:55.591 28256 28256 E ArmVmp : Match on catch block at 0xc3 in for 0x141
01-17 21:30:55.601 28256 28256 E ArmVmp : Match on catch block at 0xc3 in for 0x151
01-17 21:30:55.604 28256 28256 E ArmVmp : Match on catch block at 0xc3 in for 0x14d
01-17 21:30:56.009 28256 28256 E ArmVmp : Match on catch block at 0xc3 in for 0x151
01-17 21:30:56.015 28256 28256 E ArmVmp : Match on catch block at 0xc3 in for 0x14d
01-17 21:30:56.508 28256 28256 E ArmVmp : Match on catch block at 0xc3 in for 0x141
01-17 21:30:56.513 28256 28256 E ArmVmp : Match on catch block at 0xc3 in for 0x159
01-17 21:30:56.583 28256 28256 E ArmVmp : Match on catch block at 0xc3 in for 0x155
01-17 21:30:56.588 28256 28256 E ArmVmp : Match on catch block at 0xc3 in for 0x151
01-17 21:30:56.743 28256 28256 E ArmVmp : Match on catch block at 0xc3 in for 0x159
01-17 21:30:56.746 28256 28256 E ArmVmp : Match on catch block at 0xc3 in for 0x155
01-17 21:30:57.131 28256 28256 E ArmVmp : Match on catch block at 0xc3 in for 0x14d
01-17 21:30:57.134 28256 28256 E ArmVmp : Match on catch block at 0xc3 145
01-17 21:30:53.890 28256 28256 E ArmVmp : Match on catch block at 0xc3 in for 0x141
01-17 21:30:53.894 28256 28256 E ArmVmp : Match on catch block at 0xc3 in for 0x159
01-17 21:30:54.403 28256 28256 E ArmVmp : Match on catch block at 0xc3 in for 0x159
01-17 21:30:54.408 28256 28256 E ArmVmp : Match on catch block at 0xc3 in for 0x155
01-17 21:30:54.486 28256 28256 E ArmVmp : Match on catch block at 0xc3 in for 0x14d
01-17 21:30:54.491 28256 28256 E ArmVmp : Match on catch block at 0xc3 in for 0x149
01-17 21:30:54.519 28256 28256 E ArmVmp : Match on catch block at 0xc3 in for 0x151
01-17 21:30:54.523 28256 28256 E ArmVmp : Match on catch block at 0xc3 in for 0x14d
01-17 21:30:54.544 28256 28256 E ArmVmp : Match on catch block at 0xc3 in for 0x145
01-17 21:30:54.551 28256 28256 E ArmVmp : Match on catch block at 0xc3 in for 0x141
01-17 21:30:54.556 28256 28256 E ArmVmp : Match on catch block at 0xc3 in for 0x151
01-17 21:30:54.560 28256 28256 E ArmVmp : Match on catch block at 0xc3 in for 0x14d
01-17 21:30:54.567 28256 28256 E ArmVmp : Match on catch block at 0xc3 in for 0x141
01-17 21:30:54.571 28256 28256 E ArmVmp : Match on catch block at 0xc3 in for 0x159
01-17 21:30:54.584 28256 28256 E ArmVmp : Match on catch block at 0xc3 in for 0x14d
01-17 21:30:54.587 28256 28256 E ArmVmp : Match on catch block at 0xc3 in for 0x149
01-17 21:30:54.601 28256 28256 E ArmVmp : Match on catch block at 0xc3 in for 0x159
01-17 21:30:54.603 28256 28256 E ArmVmp : Match on catch block at 0xc3 in for 0x155
01-17 21:30:54.639 28256 28256 E ArmVmp : Match on catch block at 0xc3 in for 0x155
01-17 21:30:54.641 28256 28256 E ArmVmp : Match on catch block at 0xc3 in for 0x151
01-17 21:30:54.656 28256 28256 E ArmVmp : Match on catch block at 0xc3 in for 0x141
01-17 21:30:54.658 28256 28256 E ArmVmp : Match on catch block at 0xc3 in for 0x159
01-17 21:30:54.667 28256 28256 E ArmVmp : Match on catch block at 0xc3 in for 0x149
01-17 21:30:54.670 28256 28256 E ArmVmp : Match on catch block at 0xc3 in for 0x145
01-17 21:30:54.683 28256 28256 E ArmVmp : Match on catch block at 0xc3 in for 0x155
01-17 21:30:54.688 28256 28256 E ArmVmp : Match on catch block at 0xc3 in for 0x151
01-17 21:30:54.700 28256 28256 E ArmVmp : Match on catch block at 0xc3 in for 0x145
01-17 21:30:54.702 28256 28256 E ArmVmp : Match on catch block at 0xc3 in for 0x141
01-17 21:30:55.016 28256 28256 E ArmVmp : Match on catch block at 0xc3 in for 0x145
01-17 21:30:55.021 28256 28256 E ArmVmp : Match on catch block at 0xc3 in for 0x141
01-17 21:30:55.453 28256 28256 E ArmVmp : Match on catch block at 0xc3 in for 0x145
01-17 21:30:55.455 28256 28256 E ArmVmp : Match on catch block at 0xc3 in for 0x141
01-17 21:30:55.512 28256 28256 E ArmVmp : Match on catch block at 0xc3 in for 0x141
01-17 21:30:55.515 28256 28256 E ArmVmp : Match on catch block at 0xc3 in for 0x159
01-17 21:30:55.587 28256 28256 E ArmVmp : Match on catch block at 0xc3 in for 0x145
01-17 21:30:55.591 28256 28256 E ArmVmp : Match on catch block at 0xc3 in for 0x141
01-17 21:30:55.601 28256 28256 E ArmVmp : Match on catch block at 0xc3 in for 0x151
01-17 21:30:55.604 28256 28256 E ArmVmp : Match on catch block at 0xc3 in for 0x14d
01-17 21:30:56.009 28256 28256 E ArmVmp : Match on catch block at 0xc3 in for 0x151
01-17 21:30:56.015 28256 28256 E ArmVmp : Match on catch block at 0xc3 in for 0x14d
01-17 21:30:56.508 28256 28256 E ArmVmp : Match on catch block at 0xc3 in for 0x141
01-17 21:30:56.513 28256 28256 E ArmVmp : Match on catch block at 0xc3 in for 0x159
01-17 21:30:56.583 28256 28256 E ArmVmp : Match on catch block at 0xc3 in for 0x155
01-17 21:30:56.588 28256 28256 E ArmVmp : Match on catch block at 0xc3 in for 0x151
01-17 21:30:56.743 28256 28256 E ArmVmp : Match on catch block at 0xc3 in for 0x159
01-17 21:30:56.746 28256 28256 E ArmVmp : Match on catch block at 0xc3 in for 0x155
01-17 21:30:57.131 28256 28256 E ArmVmp : Match on catch block at 0xc3 in for 0x14d
01-17 21:30:57.134 28256 28256 E ArmVmp : Match on catch block at 0xc3 in for 0x149 01-17 21:31:in for 0x149
01-17 21:31:23.951 28256 28383 W SQLiteLog: (28) double-quoted string literal: ""
01-17 21:31:24.697 28256 28256 E ArmVmp : Match on catch block at 0x0a in for 0x185
01-17 21:31:24.702 28256 28256 E ArmVmp : Match on catch block at 0x0a in for 0x199
01-17 21:31:24.944 28256 28256 E ArmVmp : Match on catch block at 0xc3 in for 0x175
01-17 21:31:24.947 28256 28256 E ArmVmp : Match on catch block at 0xc3 in for 0x16d
01-17 21:31:24.949 28256 28256 E ArmVmp : Match on catch block at 0xc3 in for 0x165
01-17 21:31:24.976 28256 28322 W Parcel : Expecting binder but got null!
01-17 21:31:24.990 28256 28256 E ArmVmp : Match on catch block at 0xc3 in for 0x14d
01-17 21:31:24.993 28256 28256 E ArmVmp : Match on catch block at 0xc3 in for 0x149
01-17 21:31:24.995 28256 28256 E ArmVmp : Match on catch block at 0xc3 in for 0x14d
01-17 21:31:25.016 28256 28256 E ArmVmp : Match on catch block at 0xc3 in for 0x149
01-17 21:31:25.019 28256 28256 E ArmVmp : Match on catch block at 0xc3 in for 0x145
01-17 21:31:25.020 28256 28256 E ArmVmp : Match on catch block at 0xc3 in for 0x149
01-17 21:31:25.029 28256 28256 E ArmVmp : Match on catch block at 0xc3 in for 0x14d
01-17 21:31:25.033 28256 28256 E ArmVmp : Match on catch block at 0xc3 in for 0x149
01-17 21:31:25.035 28256 28256 E ArmVmp : Match on catch block at 0xc3 in for 0x14d
01-17 21:31:25.089 28256 28256 E ArmVmp : Match on catch block at 0xc3 in for 0x14d
01-17 21:31:25.091 28256 28256 E ArmVmp : Match on catch block at 0xc3 in for 0x149
01-17 21:31:25.093 28256 28256 E ArmVmp : Match on catch block at 0xc3 in for 0x14d
01-17 21:31:25.578 28256 28256 E ArmVmp : Match on catch block at 0xc3 in for 0x145
01-17 21:31:25.583 28256 28256 E ArmVmp : Match on catch block at 0xc3 in for 0x141
01-17 21:31:25.586 28256 28256 E ArmVmp : Match on catch block at 0xc3 in for 0x145
01-17 21:31:26.075 28256 28256 E ArmVmp : Match on catch block at 0xc3 in for 0x155
01-17 21:31:26.081 28256 28256 E ArmVmp : Match on catch block at 0xc3 in for 0x151
01-17 21:31:26.084 28256 28256 E ArmVmp : Match on catch block at 0xc3 in for 0x155
01-17 21:31:26.588 28256 28256 E ArmVmp : Match on catch block at 0xc3 in for 0x155
01-17 21:31:26.595 28256 28256 E ArmVmp : Match on catch block at 0xc3 in for 0x151
01-17 21:31:26.598 28256 28256 E ArmVmp : Match on catch block at 0xc3 in for 0x155
01-17 21:31:27.085 28256 28256 E ArmVmp : Match on catch block at 0xc3 in for 0x155
01-17 21:31:27.090 28256 28256 E ArmVmp : Match on catch block at 0xc3 in for 0x151
01-17 21:31:27.093 28256 28256 E ArmVmp : Match on catch block at 0xc3 in for 0x155
01-17 21:31:27.574 28256 28256 E ArmVmp : Match on catch block at 0xc3 in for 0x149
01-17 21:31:27.579 28256 28256 E ArmVmp : Match on catch block at 0xc3 in for 0x145
01-17 21:31:27.583 28256 28256 E ArmVmp : Match on catch block at 0xc3 in for 0x149
01-17 21:31:27.594 28256 28256 E ArmVmp : Match on catch block at 0xc3 in for 0x155
01-17 21:31:27.598 28256 28256 E ArmVmp : Match on catch block at 0xc3 in for 0x151
01-17 21:31:27.601 28256 28256 E ArmVmp : Match on catch block at 0xc3 in for 0x155
01-17 21:31:27.609 28256 28256 E ArmVmp : Match on catch block at 0xc3 in for 0x145
01-17 21:31:27.612 28256 28256 E ArmVmp : Match on catch block at 0xc3 in for 0x141
01-17 21:31:27.614 28256 28256 E ArmVmp : Match on catch block at 0xc3 in for 0x145
01-17 21:31:27.620 28256 28256 E ArmVmp : Match on catch block at 0xc3 in for 0x151
01-17 21:31:27.624 28256 28256 E ArmVmp : Match on catch block at 0xc3 in for 0x14d
01-17 21:31:27.626 28256 28256 E ArmVmp : Match on catch block at 0xc3 in for 0x151
01-17 21:31:27.632 28256 28256 E ArmVmp : Match on catch block at 0xc3 in for 0x141
01-17 21:31:27.635 28256 28256 E ArmVmp : Match on catch block at 0xc3 in for 0x159
01-17 21:31:27.638 28256 28256 E ArmVmp : Match on catch block at 0xc3 in for 0x141
01-17 21:31:27.649 28256 28256 E ArmVmp : Match on catch block at 0xc3 in for 0x14d
01-17 21:31:27.652 28256 28256 E ArmVmp : Match on catch block at 0xc3 in for 0x149
01-17 21:31:27.6523.951 28256 28383 W SQLiteLog: (28) double-quoted string literal: ""
01-17 21:31:24.697 28256 28256 E ArmVmp : Match on catch block at 0x0a in for 0x185
01-17 21:31:24.702 28256 28256 E ArmVmp : Match on catch block at 0x0a in for 0x199
01-17 21:31:24.944 28256 28256 E ArmVmp : Match on catch block at 0xc3 in for 0x175
01-17 21:31:24.947 28256 28256 E ArmVmp : Match on catch block at 0xc3 in for 0x16d
01-17 21:31:24.949 28256 28256 E ArmVmp : Match on catch block at 0xc3 in for 0x165
01-17 21:31:24.976 28256 28322 W Parcel : Expecting binder but got null!
01-17 21:31:24.990 28256 28256 E ArmVmp : Match on catch block at 0xc3 in for 0x14d
01-17 21:31:24.993 28256 28256 E ArmVmp : Match on catch block at 0xc3 in for 0x149
01-17 21:31:24.995 28256 28256 E ArmVmp : Match on catch block at 0xc3 in for 0x14d
01-17 21:31:25.016 28256 28256 E ArmVmp : Match on catch block at 0xc3 in for 0x149
01-17 21:31:25.019 28256 28256 E ArmVmp : Match on catch block at 0xc3 in for 0x145
01-17 21:31:25.020 28256 28256 E ArmVmp : Match on catch block at 0xc3 in for 0x149
01-17 21:31:25.029 28256 28256 E ArmVmp : Match on catch block at 0xc3 in for 0x14d
