02-14 18:42:21.713 16444 16444 E ArmVmp : Match on catch block at 0xc3 in for 0xa1
02-14 18:42:22.218 16444 16444 E ArmVmp : Match on catch block at 0xc3 in for 0xa5
02-14 18:42:22.225 16444 16444 E ArmVmp : Match on catch block at 0xc3 in for 0xa9
02-14 18:42:22.229 16444 16444 E ArmVmp : Match on catch block at 0xc3 in for 0xa9
02-14 18:42:22.711 16444 16444 E ArmVmp : Match on catch block at 0xc3 in for 0xa1
02-14 18:42:22.718 16444 16444 E ArmVmp : Match on catch block at 0xc3 in for 0xa5
02-14 18:42:22.722 16444 16444 E ArmVmp : Match on catch block at 0xc3 in for 0xa5
02-14 18:42:23.211 16444 16444 E ArmVmp : Match on catch block at 0xc3 in for 0xa9
02-14 18:42:23.217 16444 16444 E ArmVmp : Match on catch block at 0xc3 in for 0xa1
02-14 18:42:23.221 16444 16444 E ArmVmp : Match on catch block at 0xc3 in for 0xa1
02-14 18:42:23.709 16444 16444 E ArmVmp : Match on catch block at 0xc3 in for 0xa5
02-14 18:42:23.716 16444 16444 E ArmVmp : Match on catch block at 0xc3 in for 0xa9
02-14 18:42:23.721 16444 16444 E ArmVmp : Match on catch block at 0xc3 in for 0xa9
02-14 18:42:24.208 16444 16444 E ArmVmp : Match on catch block at 0xc3 in for 0xa1
02-14 18:42:24.215 16444 16444 E ArmVmp : Match on catch block at 0xc3 in for 0xa5
02-14 18:42:24.221 16444 16444 E ArmVmp : Match on catch block at 0xc3 in for 0xa5
02-14 18:42:24.723 16444 16444 E ArmVmp : Match on catch block at 0xc3 in for 0xa9
02-14 18:42:24.730 16444 16444 E ArmVmp : Match on catch block at 0xc3 in for 0xa1
02-14 18:42:24.736 16444 16444 E ArmVmp : Match on catch block at 0xc3 in for 0xa1
02-14 18:42:25.221 16444 16444 E ArmVmp : Match on catch block at 0xc3 in for 0xa5
02-14 18:42:25.228 16444 16444 E ArmVmp : Match on catch block at 0xc3 in for 0xa9
02-14 18:42:25.233 16444 16444 E ArmVmp : Match on catch block at 0xc3 in for 0xa9
02-14 18:42:25.535 16444 16444 E ArmVmp : Match on catch block at 0xc3 in for 0xa5
02-14 18:42:25.538 16444 16444 E ArmVmp : Match on catch block at 0xc3 in for 0xa9
02-14 18:42:25.571 16444 16444 E ArmVmp : Match on catch block at 0xc3 in for 0xa9
02-14 18:42:25.575 16444 16444 E ArmVmp : Match on catch block at 0xc3 in for 0xa1
02-14 18:42:25.577 16444 16444 E ArmVmp : Match on catch block at 0xc3 in for 0xa1
02-14 18:42:25.751 16444 16444 E ArmVmp : Match on catch block at 0xc3 in for 0xa1
02-14 18:42:25.753 16444 16444 E ArmVmp : Match on catch block at 0xc3 in for 0xa5
02-14 18:42:25.755 16444 16444 E ArmVmp : Match on catch block at 0xc3 in for 0xa5
02-14 18:42:25.875 16444 16444 E ArmVmp : Match on catch block at 0xc3 in for 0xa9
02-14 18:42:25.878 16444 16444 E ArmVmp : Match on catch block at 0xc3 in for 0xa1
02-14 18:42:25.879 16444 16444 E ArmVmp : Match on catch block at 0xc3 in for 0xa1
02-14 18:42:25.886 16444 16444 W IInputConnectionWrapper: requestCursorAnchorInfo
on inactive InputConnection
02-14 18:42:25.887 16444 16444 E ArmVmp : Match on catch block at 0xc3 in for 0xa5
02-14 18:42:25.890 16444 16444 E ArmVmp : Match on catch block at 0xc3 in for 0xa9
02-14 18:42:25.891 16444 16444 E ArmVmp : Match on catch block at 0xc3 in for 0xa9
02-14 18:42:26.193 16444 16444 E ArmVmp : Match on catch block at 0xc3 in for 0xa5
02-14 18:42:26.196 16444 16444 E ArmVmp : Match on catch block at 0xc3 in for 0xa9
02-14 18:42:26.198 16444 16444 E ArmVmp : Match on catch block at 0xc3 in for 0xa9
02-14 18:42:27.037 16444 16444 E ArmVmp : Match on catch block at 0x0a in for 0xc1
02-14 18:42:27.039 16444 16444 E ArmVmp : Match on catch block at 0x0a in for 0xc9
02-14 18:42:27.247 16444 16444 E ArmVmp : Match on catch block at 0xc3 in for 0xb5
02-14 18:42:27.250 16444 16444 E ArmVmp : Match on catch block at 0xc3 in for 0xb5
02-14 18:42:27.296 16444 16444 E ArmVmp : Match on catch block at 0xc3 in for 0xa1
02-14 18:42:27.299 16444 16444 E ArmVmp : Match on catch block at 0xc3 in for 0xa5
02-14 18:42:27.318 16444 16444 E ArmVmp : Match on catch block at 0xc3 in for 0xa9
02-14 18:42:27.320 16444 16444 E ArmVmp : Match on catch block at 0xc3 in for 0xa1
02-14 18:42:27.343 16444 16444 E ArmVmp : Match on catch block at 0xc3 in for 0xa1
02-14 18:42:27.345 16444 16444 E ArmVmp : Match on catch block at 0xc3 in for 0xa5
02-14 18:42:27.844 16444 16444 E ArmVmp : Match on catch block at 0xc3 in for 0xa5
02-14 18:42:27.848 16444 16444 E ArmVmp : Match on catch block at 0xc3 in for 0xa9
02-14 18:42:27.888 16444 16444 E ArmVmp : Match on catch block at 0xc3 in for 0xa5
02-14 18:42:27.890 16444 16444 E ArmVmp : Match on catch block at 0xc3 in for 0xa9
02-14 18:42:27.906 16444 16444 E ArmVmp : Match on catch block at 0xc3 in for 0xa9
02-14 18:42:27.908 16444 16444 E ArmVmp : Match on catch block at 0xc3 in for 0xa1
02-14 18:42:27.930 16444 16444 E ArmVmp : Match on catch block at 0xc3 in for 0xa1
02-14 18:42:27.932 16444 16444 E ArmVmp : Match on catch block at 0xc3 in for 0xa5
02-14 18:42:27.968 16444 16444 E ArmVmp : Match on catch block at 0xc3 in for 0xa1
02-14 18:42:27.970 16444 16444 E ArmVmp : Match on catch block at 0xc3 in for 0xa5
02-14 18:42:28.001 16444 16444 E ArmVmp : Match on catch block at 0xc3 in for 0xa1
02-14 18:42:28.003 16444 16444 E ArmVmp : Match on catch block at 0xc3 in for 0xa5
02-14 18:42:28.020 16444 16444 E ArmVmp : Match on catch block at 0xc3 in for 0xa5
02-14 18:42:28.022 16444 16444 E ArmVmp : Match on catch block at 0xc3 in for 0xa9
02-14 18:42:28.030 16444 16444 E ArmVmp : Match on catch block at 0xc3 in for 0xa9
02-14 18:42:28.033 16444 16444 E ArmVmp : Match on catch block at 0xc3 in for 0xa1
02-14 18:42:28.043 16444 16444 E ArmVmp : Match on catch block at 0xc3 in for 0xa9
02-14 18:42:28.046 16444 16444 E ArmVmp : Match on catch block at 0xc3 in for 0xa1
02-14 18:42:28.060 16444 16444 E ArmVmp : Match on catch block at 0xc3 in for 0xa1
02-14 18:42:28.062 16444 16444 E ArmVmp : Match on catch block at 0xc3 in for 0xa5
02-14 18:42:28.078 16444 16444 E ArmVmp : Match on catch block at 0xc3 in for 0xa5
02-14 18:42:28.080 16444 16444 E ArmVmp : Match on catch block at 0xc3 in for 0xa9
02-14 18:42:28.093 16444 16444 E ArmVmp : Match on catch block at 0xc3 in for 0xa9
02-14 18:42:28.096 16444 16444 E ArmVmp : Match on catch block at 0xc3 in for 0xa1
02-14 18:42:28.110 16444 16444 E ArmVmp : Match on catch block at 0xc3 in for 0xa1
02-14 18:42:28.113 16444 16444 E ArmVmp : Match on catch block at 0xc3 in for 0xa5
02-14 18:42:28.127 16444 16444 E ArmVmp : Match on catch block at 0xc3 in for 0xa5
02-14 18:42:28.130 16444 16444 E ArmVmp : Match on catch block at 0xc3 in for 0xa9
02-14 18:42:28.144 16444 16444 E ArmVmp : Match on catch block at 0xc3 in for 0xa9
02-14 18:42:28.146 16444 16444 E ArmVmp : Match on catch block at 0xc3 in for 0xa1
02-14 18:42:28.161 16444 16444 E ArmVmp : Match on catch block at 0xc3 in for 0xa1
02-14 18:42:28.163 16444 16444 E ArmVmp : Match on catch block at 0xc3 in for 0xa5
02-14 18:42:28.178 16444 16444 E ArmVmp : Match on catch block at 0xc3 in for 0xa5
02-14 18:42:28.180 16444 16444 E ArmVmp : Match on catch block at 0xc3 in for 0xa9
02-14 18:42:28.406 16444 16444 E ArmVmp : Match on catch block at 0xc3 in for 0xa5
02-14 18:42:28.408 16444 16444 E ArmVmp : Match on catch block at 0xc3 in for 0xa9
02-14 18:42:28.623 16444 16444 E ArmVmp : Match on catch block at 0x0a in for 0xc1
02-14 18:42:28.625 16444 16444 E ArmVmp : Match on catch block at 0x0a in for 0xc9
02-14 18:42:28.779 16444 16444 E ArmVmp : Match on catch block at 0xc3 in for 0xb1
02-14 18:42:28.782 16444 16444 E ArmVmp : Match on catch block at 0xc3 in for 0xb1
02-14 18:42:28.816 16444 16444 E ArmVmp : Match on catch block at 0xc3 in for 0xa1
02-14 18:42:28.817 16444 16444 E ArmVmp : Match on catch block at 0xc3 in for 0xa5
02-14 18:42:28.818 16444 16444 E ArmVmp : Match on catch block at 0xc3 in for 0xa5
02-14 18:42:28.851 16444 16444 E ArmVmp : Match on catch block at 0xc3 in for 0xa9
02-14 18:42:28.852 16444 16444 E ArmVmp : Match on catch block at 0xc3 in for 0xa1
02-14 18:42:28.869 16444 16444 E ArmVmp : Match on catch block at 0xc3 in for 0xa1
02-14 18:42:28.871 16444 16444 E ArmVmp : Match on catch block at 0xc3 in for 0xa5
02-14 18:42:28.873 16444 16444 E ArmVmp : Match on catch block at 0xc3 in for 0xa5
02-14 18:42:29.357 16444 16444 E ArmVmp : Match on catch block at 0xc3 in for 0xa9
02-14 18:42:29.358 16444 16444 E ArmVmp : Match on catch block at 0xc3 in for 0xa1
02-14 18:42:29.360 16444 16444 E ArmVmp : Match on catch block at 0xc3 in for 0xa1
02-14 18:42:29.456 16444 16444 E ArmVmp : Match on catch block at 0xc3 in for 0xa9
02-14 18:42:29.458 16444 16444 E ArmVmp : Match on catch block at 0xc3 in for 0xa1
02-14 18:42:29.460 16444 16444 E ArmVmp : Match on catch block at 0xc3 in for 0xa1
02-14 18:42:29.473 16444 16444 E ArmVmp : Match on catch block at 0xc3 in for 0xa5
02-14 18:42:29.475 16444 16444 E ArmVmp : Match on catch block at 0xc3 in for 0xa9
02-14 18:42:29.476 16444 16444 E ArmVmp : Match on catch block at 0xc3 in for 0xa9
02-14 18:42:29.490 16444 16444 E ArmVmp : Match on catch block at 0xc3 in for 0xa1
02-14 18:42:29.491 16444 16444 E ArmVmp : Match on catch block at 0xc3 in for 0xa5
02-14 18:42:29.493 16444 16444 E ArmVmp : Match on catch block at 0xc3 in for 0xa5
02-14 18:42:29.506 16444 16444 E ArmVmp : Match on catch block at 0xc3 in for 0xa9
02-14 18:42:29.509 16444 16444 E ArmVmp : Match on catch block at 0xc3 in for 0xa1
02-14 18:42:29.512 16444 16444 E ArmVmp : Match on catch block at 0xc3 in for 0xa1
02-14 18:42:29.523 16444 16444 E ArmVmp : Match on catch block at 0xc3 in for 0xa5
02-14 18:42:29.525 16444 16444 E ArmVmp : Match on catch block at 0xc3 in for 0xa9
02-14 18:42:29.526 16444 16444 E ArmVmp : Match on catch block at 0xc3 in for 0xa9
02-14 18:42:29.539 16444 16444 E ArmVmp : Match on catch block at 0xc3 in for 0xa1
02-14 18:42:29.541 16444 16444 E ArmVmp : Match on catch block at 0xc3 in for 0xa5
02-14 18:42:29.543 16444 16444 E ArmVmp : Match on catch block at 0xc3 in for 0xa5
02-14 18:42:29.556 16444 16444 E ArmVmp : Match on catch block at 0xc3 in for 0xa9
02-14 18:42:29.558 16444 16444 E ArmVmp : Match on catch block at 0xc3 in for 0xa1
02-14 18:42:29.560 16444 16444 E ArmVmp : Match on catch block at 0xc3 in for 0xa1
02-14 18:42:29.573 16444 16444 E ArmVmp : Match on catch block at 0xc3 in for 0xa5
02-14 18:42:29.574 16444 16444 E ArmVmp : Match on catch block at 0xc3 in for 0xa9
02-14 18:42:29.576 16444 16444 E ArmVmp : Match on catch block at 0xc3 in for 0xa9
02-14 18:42:29.589 16444 16444 E ArmVmp : Match on catch block at 0xc3 in for 0xa1
02-14 18:42:29.591 16444 16444 E ArmVmp : Match on catch block at 0xc3 in for 0xa5
02-14 18:42:29.593 16444 16444 E ArmVmp : Match on catch block at 0xc3 in for 0xa5
02-14 18:42:29.606 16444 16444 E ArmVmp : Match on catch block at 0xc3 in for 0xa9
02-14 18:42:29.609 16444 16444 E ArmVmp : Match on catch block at 0xc3 in for 0xa1
02-14 18:42:29.622 16444 16444 E ArmVmp : Match on catch block at 0xc3 in for 0xa1
02-14 18:42:29.624 16444 16444 E ArmVmp : Match on catch block at 0xc3 in for 0xa5
02-14 18:42:29.626 16444 16444 E ArmVmp : Match on catch block at 0xc3 in for 0xa5
02-14 18:42:29.641 16444 16444 E ArmVmp : Match on catch block at 0xc3 in for 0xa9
02-14 18:42:29.642 16444 16444 E ArmVmp : Match on catch block at 0xc3 in for 0xa1
02-14 18:42:29.644 16444 16444 E ArmVmp : Match on catch block at 0xc3 in for 0xa1
02-14 18:42:29.656 16444 16444 E ArmVmp : Match on catch block at 0xc3 in for 0xa5
02-14 18:42:29.658 16444 16444 E ArmVmp : Match on catch block at 0xc3 in for 0xa9
02-14 18:42:29.673 16444 16444 E ArmVmp : Match on catch block at 0xc3 in for 0xa9
02-14 18:42:29.675 16444 16444 E ArmVmp : Match on catch block at 0xc3 in for 0xa1
02-14 18:42:29.690 16444 16444 E ArmVmp : Match on catch block at 0xc3 in for 0xa1
02-14 18:42:29.692 16444 16444 E ArmVmp : Match on catch block at 0xc3 in for 0xa5
02-14 18:42:29.707 16444 16444 E ArmVmp : Match on catch block at 0xc3 in for 0xa5
02-14 18:42:29.708 16444 16444 E ArmVmp : Match on catch block at 0xc3 in for 0xa9
02-14 18:42:29.710 16444 16444 E ArmVmp : Match on catch block at 0xc3 in for 0xa9
02-14 18:42:29.722 16444 16444 E ArmVmp : Match on catch block at 0xc3 in for 0xa5
02-14 18:42:29.724 16444 16444 E ArmVmp : Match on catch block at 0xc3 in for 0xa9
02-14 18:42:29.726 16444 16444 E ArmVmp : Match on catch block at 0xc3 in for 0xa9
02-14 18:42:29.739 16444 16444 E ArmVmp : Match on catch block at 0xc3 in for 0xa1
02-14 18:42:29.741 16444 16444 E ArmVmp : Match on catch block at 0xc3 in for 0xa5
02-14 18:42:29.743 16444 16444 E ArmVmp : Match on catch block at 0xc3 in for 0xa5
02-14 18:42:29.755 16444 16444 E ArmVmp : Match on catch block at 0xc3 in for 0xa9
02-14 18:42:29.757 16444 16444 E ArmVmp : Match on catch block at 0xc3 in for 0xa1
02-14 18:42:29.759 16444 16444 E ArmVmp : Match on catch block at 0xc3 in for 0xa1
02-14 18:42:29.857 16444 16444 E ArmVmp : Match on catch block at 0xc3 in for 0xa5
02-14 18:42:29.859 16444 16444 E ArmVmp : Match on catch block at 0xc3 in for 0xa9
02-14 18:42:29.861 16444 16444 E ArmVmp : Match on catch block at 0xc3 in for 0xa9
02-14 18:42:29.881 16444 16444 E ArmVmp : Match on catch block at 0xc3 in for 0xa1
02-14 18:42:29.883 16444 16444 E ArmVmp : Match on catch block at 0xc3 in for 0xa5
02-14 18:42:29.886 16444 16444 E ArmVmp : Match on catch block at 0xc3 in for 0xa5
02-14 18:42:29.946 16444 16444 E ArmVmp : Match on catch block at 0xc3 in for 0xa5
02-14 18:42:29.947 16444 16444 E ArmVmp : Match on catch block at 0xc3 in for 0xa9
02-14 18:42:29.949 16444 16444 E ArmVmp : Match on catch block at 0xc3 in for 0xa9
02-14 18:42:30.398 16444 16444 E ArmVmp : Match on catch block at 0xc3 in for 0xa9
02-14 18:42:30.400 16444 16444 E ArmVmp : Match on catch block at 0xc3 in for 0xa1
02-14 18:42:30.402 16444 16444 E ArmVmp : Match on catch block at 0xc3 in for 0xa1
02-14 18:42:35.345 16444 17328 W com.whatsapp: Accessing hidden method
Lcom/android/org/conscrypt/ConscryptEngineSocket;->setUseSessionTickets(Z)V
(greylist-max-q,test-api, reflection, denied)
02-14 18:42:35.345 16444 17328 W com.whatsapp: Accessing hidden method
Lcom/android/org/conscrypt/OpenSSLSocketImpl;->setUseSessionTickets(Z)V (greylist-
max-q,test-api, reflection, denied)
02-14 18:42:35.345 16444 17328 W com.whatsapp: Accessing hidden method
Lcom/android/org/conscrypt/AbstractConscryptSocket;->setUseSessionTickets(Z)V
(greylist-max-q, reflection, denied)
02-14 18:42:35.345 16444 17328 W com.whatsapp: Accessing hidden method
Lcom/android/org/conscrypt/ConscryptEngineSocket;->setHostname(Ljava/lang/String;)V
(greylist-max-q,test-api, reflection, denied)
02-14 18:42:35.345 16444 17328 W com.whatsapp: Accessing hidden method
Lcom/android/org/conscrypt/OpenSSLSocketImpl;->setHostname(Ljava/lang/String;)V
(greylist-max-q,test-api, reflection, denied)
02-14 18:42:35.345 16444 17328 W com.whatsapp: Accessing hidden method
Lcom/android/org/conscrypt/AbstractConscryptSocket;->setHostname(Ljava/lang/
String;)V (greylist-max-q, reflection, denied)
02-14 18:42:35.345 16444 17328 W com.whatsapp: Accessing hidden method
Lcom/android/org/conscrypt/OpenSSLSocketImpl;->setAlpnProtocols([B)V (greylist-max-
q,test-api, reflection, denied)
02-14 18:42:35.345 16444 17328 W com.whatsapp: Accessing hidden method
Lcom/android/org/conscrypt/AbstractConscryptSocket;->setAlpnProtocols([B)V
(greylist-max-q, reflection, denied)
02-14 18:42:43.028 16444 16444 W com.whatsapp: type=1400 audit(0.0:12559): avc:
granted { execute } for comm=566F4950205369676E616C696E6720
path="/data/data/com.whatsapp/files/decompressed/libs.spk.zst/libaom.so"
dev="mmcblk0p78" ino=248912 scontext=u:r:untrusted_app:s0:c103,c257,c512,c768
tcontext=u:object_r:app_data_file:s0:c103,c257,c512,c768 tclass=file
app=com.whatsapp
02-14 18:42:43.058 16444 16444 W com.whatsapp: type=1400 audit(0.0:12560): avc:
granted { execute } for comm=576861747341707020576F726B6572
path="/data/data/com.whatsapp/files/decompressed/libs.spk.zst/libfbjni.so"
dev="mmcblk0p78" ino=75512 scontext=u:r:untrusted_app:s0:c103,c257,c512,c768
tcontext=u:object_r:app_data_file:s0:c103,c257,c512,c768 tclass=file
app=com.whatsapp
02-14 18:42:43.075 16444 16444 W com.whatsapp: type=1400 audit(0.0:12561): avc:
granted { execute } for comm=576861747341707020576F726B6572
path="/data/data/com.whatsapp/files/decompressed/libs.spk.zst/libglog.so"
dev="mmcblk0p78" ino=43700 scontext=u:r:untrusted_app:s0:c103,c257,c512,c768
tcontext=u:object_r:app_data_file:s0:c103,c257,c512,c768 tclass=file
app=com.whatsapp
02-14 18:42:43.085 16444 16444 W com.whatsapp: type=1400 audit(0.0:12562): avc:
granted { execute } for comm=576861747341707020576F726B6572
path="/data/data/com.whatsapp/files/decompressed/libs.spk.zst/libar-bundle3.so"
dev="mmcblk0p78" ino=43818 scontext=u:r:untrusted_app:s0:c103,c257,c512,c768
tcontext=u:object_r:app_data_file:s0:c103,c257,c512,c768 tclass=file
app=com.whatsapp
02-14 18:42:43.093 16444 18014 W AudioManager: Use of stream types is deprecated
for operations other than volume control
02-14 18:42:43.093 16444 18014 W AudioManager: See the documentation of
requestAudioFocus() for what to use instead with android.media.AudioAttributes to
qualify your playback use case
02-14 18:42:43.101 16444 16444 W com.whatsapp: type=1400 audit(0.0:12563): avc:
granted { execute } for comm=576861747341707020576F726B6572
path="/data/data/com.whatsapp/files/decompressed/libs.spk.zst/libpytorch.so"
dev="mmcblk0p78" ino=31716 scontext=u:r:untrusted_app:s0:c103,c257,c512,c768
tcontext=u:object_r:app_data_file:s0:c103,c257,c512,c768 tclass=file
app=com.whatsapp
02-14 18:42:43.135 16444 16444 W com.whatsapp: type=1400 audit(0.0:12564): avc:
granted { execute } for comm=576861747341707020576F726B6572
path="/data/data/com.whatsapp/files/decompressed/libs.spk.zst/libtorch-code-gen.so"
dev="mmcblk0p78" ino=44064 scontext=u:r:untrusted_app:s0:c103,c257,c512,c768
tcontext=u:object_r:app_data_file:s0:c103,c257,c512,c768 tclass=file
app=com.whatsapp
02-14 18:42:43.194 16444 16444 W SoundPool: Use of stream types is deprecated for
operations other than volume control
02-14 18:42:43.194 16444 16444 W SoundPool: See the documentation of SoundPool()
for what to use instead with android.media.AudioAttributes to qualify your playback
use case
02-14 18:42:43.237 16444 18111 W Codec2Client: query -- param skipped: index =
1107298332.
02-14 18:42:43.239 16444 18111 W Codec2Client: query -- param skipped: index =
1342179345.
02-14 18:42:43.239 16444 18111 W Codec2Client: query -- param skipped: index =
2415921170.
02-14 18:42:43.239 16444 18111 E FMQ : grantorIdx must be less than 3
02-14 18:42:43.239 16444 18111 E FMQ : grantorIdx must be less than 3
02-14 18:42:43.243 16444 18111 E FMQ : grantorIdx must be less than 3
02-14 18:42:43.250 16444 18110 W Codec2Client: query -- param skipped: index =
1107298332.
02-14 18:42:43.251 16444 18110 W Codec2Client: query -- param skipped: index =
1342179345.
02-14 18:42:43.251 16444 18110 W Codec2Client: query -- param skipped: index =
2415921170.
02-14 18:42:43.251 16444 18110 E FMQ : grantorIdx must be less than 3
02-14 18:42:43.251 16444 18110 E FMQ : grantorIdx must be less than 3
02-14 18:42:43.254 16444 18110 E FMQ : grantorIdx must be less than 3
02-14 18:42:43.256 16444 16957 E FMQ : grantorIdx must be less than 3
02-14 18:42:43.265 16444 16957 E FMQ : grantorIdx must be less than 3
02-14 18:42:43.329 16444 18123 W Codec2Client: query -- param skipped: index =
1107298332.
02-14 18:42:43.330 16444 18123 W Codec2Client: query -- param skipped: index =
1342179345.
02-14 18:42:43.331 16444 18123 W Codec2Client: query -- param skipped: index =
2415921170.
02-14 18:42:43.331 16444 18123 E FMQ : grantorIdx must be less than 3
02-14 18:42:43.331 16444 18123 E FMQ : grantorIdx must be less than 3
02-14 18:42:43.336 16444 18123 E FMQ : grantorIdx must be less than 3
02-14 18:42:43.343 16444 16957 E FMQ : grantorIdx must be less than 3
02-14 18:42:43.356 16444 18126 W Codec2Client: query -- param skipped: index =
1107298332.
02-14 18:42:43.357 16444 18126 W Codec2Client: query -- param skipped: index =
1342179345.
02-14 18:42:43.357 16444 18126 W Codec2Client: query -- param skipped: index =
2415921170.
02-14 18:42:43.357 16444 18126 E FMQ : grantorIdx must be less than 3
02-14 18:42:43.357 16444 18126 E FMQ : grantorIdx must be less than 3
02-14 18:42:43.360 16444 18126 E FMQ : grantorIdx must be less than 3
02-14 18:42:43.368 16444 16957 E FMQ : grantorIdx must be less than 3
02-14 18:42:43.393 16444 18130 W Codec2Client: query -- param skipped: index =
1107298332.
02-14 18:42:43.394 16444 18130 W Codec2Client: query -- param skipped: index =
1342179345.
02-14 18:42:43.394 16444 18130 W Codec2Client: query -- param skipped: index =
2415921170.
02-14 18:42:43.395 16444 18130 E FMQ : grantorIdx must be less than 3
02-14 18:42:43.395 16444 18130 E FMQ : grantorIdx must be less than 3
02-14 18:42:43.398 16444 18130 E FMQ : grantorIdx must be less than 3
02-14 18:42:43.405 16444 16957 E FMQ : grantorIdx must be less than 3
02-14 18:42:47.164 16444 16444 E ArmVmp : Match on catch block at 0x0a in for 0xc5
02-14 18:42:47.166 16444 16444 E ArmVmp : Match on catch block at 0x0a in for 0xc1
02-14 18:42:47.390 16444 16444 E ArmVmp : Match on catch block at 0xc3 in for 0xb1
02-14 18:42:47.395 16444 16444 E ArmVmp : Match on catch block at 0xc3 in for 0xb1
02-14 18:42:47.454 16444 16444 E ArmVmp : Match on catch block at 0xc3 in for 0xa9
02-14 18:42:47.459 16444 16444 E ArmVmp : Match on catch block at 0xc3 in for 0xa1
02-14 18:42:47.493 16444 16444 E ArmVmp : Match on catch block at 0xc3 in for 0xa1
02-14 18:42:47.496 16444 16444 E ArmVmp : Match on catch block at 0xc3 in for 0xa5
02-14 18:42:47.505 16444 16444 E ArmVmp : Match on catch block at 0xc3 in for 0xa1
02-14 18:42:47.510 16444 16444 E ArmVmp : Match on catch block at 0xc3 in for 0xa5
02-14 18:42:47.989 16444 16444 E ArmVmp : Match on catch block at 0xc3 in for 0xa5
02-14 18:42:47.992 16444 16444 E ArmVmp : Match on catch block at 0xc3 in for 0xa9
02-14 18:42:48.007 16444 16444 E ArmVmp : Match on catch block at 0xc3 in for 0xa9
02-14 18:42:48.009 16444 16444 E ArmVmp : Match on catch block at 0xc3 in for 0xa1
02-14 18:42:48.023 16444 16444 E ArmVmp : Match on catch block at 0xc3 in for 0xa1
02-14 18:42:48.026 16444 16444 E ArmVmp : Match on catch block at 0xc3 in for 0xa5
02-14 18:42:48.039 16444 16444 E ArmVmp : Match on catch block at 0xc3 in for 0xa5
02-14 18:42:48.042 16444 16444 E ArmVmp : Match on catch block at 0xc3 in for 0xa9
02-14 18:42:48.056 16444 16444 E ArmVmp : Match on catch block at 0xc3 in for 0xa9
02-14 18:42:48.059 16444 16444 E ArmVmp : Match on catch block at 0xc3 in for 0xa1
02-14 18:42:48.073 16444 16444 E ArmVmp : Match on catch block at 0xc3 in for 0xa1
02-14 18:42:48.076 16444 16444 E ArmVmp : Match on catch block at 0xc3 in for 0xa5
02-14 18:42:48.090 16444 16444 E ArmVmp : Match on catch block at 0xc3 in for 0xa5
02-14 18:42:48.093 16444 16444 E ArmVmp : Match on catch block at 0xc3 in for 0xa9
02-14 18:42:48.106 16444 16444 E ArmVmp : Match on catch block at 0xc3 in for 0xa9
02-14 18:42:48.109 16444 16444 E ArmVmp : Match on catch block at 0xc3 in for 0xa1
02-14 18:42:48.123 16444 16444 E ArmVmp : Match on catch block at 0xc3 in for 0xa1
02-14 18:42:48.127 16444 16444 E ArmVmp : Match on catch block at 0xc3 in for 0xa5
02-14 18:42:48.140 16444 16444 E ArmVmp : Match on catch block at 0xc3 in for 0xa5
02-14 18:42:48.142 16444 16444 E ArmVmp : Match on catch block at 0xc3 in for 0xa9
02-14 18:42:48.156 16444 16444 E ArmVmp : Match on catch block at 0xc3 in for 0xa9
02-14 18:42:48.159 16444 16444 E ArmVmp : Match on catch block at 0xc3 in for 0xa1
02-14 18:42:48.172 16444 16444 E ArmVmp : Match on catch block at 0xc3 in for 0xa1
02-14 18:42:48.175 16444 16444 E ArmVmp : Match on catch block at 0xc3 in for 0xa5
02-14 18:42:48.190 16444 16444 E ArmVmp : Match on catch block at 0xc3 in for 0xa5
02-14 18:42:48.192 16444 16444 E ArmVmp : Match on catch block at 0xc3 in for 0xa9
02-14 18:42:48.206 16444 16444 E ArmVmp : Match on catch block at 0xc3 in for 0xa9
02-14 18:42:48.208 16444 16444 E ArmVmp : Match on catch block at 0xc3 in for 0xa1
02-14 18:42:48.223 16444 16444 E ArmVmp : Match on catch block at 0xc3 in for 0xa1
02-14 18:42:48.226 16444 16444 E ArmVmp : Match on catch block at 0xc3 in for 0xa5
02-14 18:42:48.239 16444 16444 E ArmVmp : Match on catch block at 0xc3 in for 0xa5
02-14 18:42:48.242 16444 16444 E ArmVmp : Match on catch block at 0xc3 in for 0xa9
02-14 18:42:48.255 16444 16444 E ArmVmp : Match on catch block at 0xc3 in for 0xa9
02-14 18:42:48.258 16444 16444 E ArmVmp : Match on catch block at 0xc3 in for 0xa1
02-14 18:42:48.272 16444 16444 E ArmVmp : Match on catch block at 0xc3 in for 0xa1
02-14 18:42:48.275 16444 16444 E ArmVmp : Match on catch block at 0xc3 in for 0xa5
02-14 18:42:48.289 16444 16444 E ArmVmp : Match on catch block at 0xc3 in for 0xa5
02-14 18:42:48.292 16444 16444 E ArmVmp : Match on catch block at 0xc3 in for 0xa9
02-14 18:42:48.305 16444 16444 E ArmVmp : Match on catch block at 0xc3 in for 0xa9
02-14 18:42:48.308 16444 16444 E ArmVmp : Match on catch block at 0xc3 in for 0xa1
02-14 18:42:48.322 16444 16444 E ArmVmp : Match on catch block at 0xc3 in for 0xa1
02-14 18:42:48.324 16444 16444 E ArmVmp : Match on catch block at 0xc3 in for 0xa5
02-14 18:42:48.488 16444 16444 E ArmVmp : Match on catch block at 0xc3 in for 0xa9
02-14 18:42:48.491 16444 16444 E ArmVmp : Match on catch block at 0xc3 in for 0xa1
02-14 18:42:48.987 16444 16444 E ArmVmp : Match on catch block at 0xc3 in for 0xa1
02-14 18:42:48.989 16444 16444 E ArmVmp : Match on catch block at 0xc3 in for 0xa5
02-14 18:42:49.087 16444 16444 E ArmVmp : Match on catch block at 0xc3 in for 0xa5
02-14 18:42:49.089 16444 16444 E ArmVmp : Match on catch block at 0xc3 in for 0xa9
02-14 18:42:49.103 16444 16444 E ArmVmp : Match on catch block at 0xc3 in for 0xa9
02-14 18:42:49.106 16444 16444 E ArmVmp : Match on catch block at 0xc3 in for 0xa1
02-14 18:42:49.119 16444 16444 E ArmVmp : Match on catch block at 0xc3 in for 0xa1
02-14 18:42:49.124 16444 16444 E ArmVmp : Match on catch block at 0xc3 in for 0xa5
02-14 18:42:49.137 16444 16444 E ArmVmp : Match on catch block at 0xc3 in for 0xa5
02-14 18:42:49.140 16444 16444 E ArmVmp : Match on catch block at 0xc3 in for 0xa9
02-14 18:42:49.154 16444 16444 E ArmVmp : Match on catch block at 0xc3 in for 0xa9
02-14 18:42:49.157 16444 16444 E ArmVmp : Match on catch block at 0xc3 in for 0xa1
02-14 18:42:49.170 16444 16444 E ArmVmp : Match on catch block at 0xc3 in for 0xa1
02-14 18:42:49.173 16444 16444 E ArmVmp : Match on catch block at 0xc3 in for 0xa5
02-14 18:42:49.187 16444 16444 E ArmVmp : Match on catch block at 0xc3 in for 0xa5
02-14 18:42:49.190 16444 16444 E ArmVmp : Match on catch block at 0xc3 in for 0xa9
02-14 18:42:49.203 16444 16444 E ArmVmp : Match on catch block at 0xc3 in for 0xa9
02-14 18:42:49.206 16444 16444 E ArmVmp : Match on catch block at 0xc3 in for 0xa1
02-14 18:42:49.219 16444 16444 E ArmVmp : Match on catch block at 0xc3 in for 0xa1
02-14 18:42:49.222 16444 16444 E ArmVmp : Match on catch block at 0xc3 in for 0xa5
02-14 18:42:49.236 16444 16444 E ArmVmp : Match on catch block at 0xc3 in for 0xa5
02-14 18:42:49.240 16444 16444 E ArmVmp : Match on catch block at 0xc3 in for 0xa9
02-14 18:42:49.253 16444 16444 E ArmVmp : Match on catch block at 0xc3 in for 0xa9
02-14 18:42:49.256 16444 16444 E ArmVmp : Match on catch block at 0xc3 in for 0xa1
02-14 18:42:49.270 16444 16444 E ArmVmp : Match on catch block at 0xc3 in for 0xa1
02-14 18:42:49.273 16444 16444 E ArmVmp : Match on catch block at 0xc3 in for 0xa5
02-14 18:42:49.286 16444 16444 E ArmVmp : Match on catch block at 0xc3 in for 0xa5
02-14 18:42:49.289 16444 16444 E ArmVmp : Match on catch block at 0xc3 in for 0xa9
02-14 18:42:49.303 16444 16444 E ArmVmp : Match on catch block at 0xc3 in for 0xa9
02-14 18:42:49.306 16444 16444 E ArmVmp : Match on catch block at 0xc3 in for 0xa1
02-14 18:42:49.320 16444 16444 E ArmVmp : Match on catch block at 0xc3 in for 0xa1
02-14 18:42:49.323 16444 16444 E ArmVmp : Match on catch block at 0xc3 in for 0xa5
02-14 18:42:49.336 16444 16444 E ArmVmp : Match on catch block at 0xc3 in for 0xa5
02-14 18:42:49.339 16444 16444 E ArmVmp : Match on catch block at 0xc3 in for 0xa9
02-14 18:42:49.485 16444 16444 E ArmVmp : Match on catch block at 0xc3 in for 0xa1
02-14 18:42:49.488 16444 16444 E ArmVmp : Match on catch block at 0xc3 in for 0xa5
02-14 18:42:49.984 16444 16444 E ArmVmp : Match on catch block at 0xc3 in for 0xa5
02-14 18:42:49.987 16444 16444 E ArmVmp : Match on catch block at 0xc3 in for 0xa9
02-14 18:42:50.503 16444 16444 E ArmVmp : Match on catch block at 0xc3 in for 0xa9
02-14 18:42:50.510 16444 16444 E ArmVmp : Match on catch block at 0xc3 in for 0xa1
02-14 18:42:50.999 16444 16444 E ArmVmp : Match on catch block at 0xc3 in for 0xa1
02-14 18:42:51.002 16444 16444 E ArmVmp : Match on catch block at 0xc3 in for 0xa5
02-14 18:42:51.497 16444 16444 E ArmVmp : Match on catch block at 0xc3 in for 0xa9
02-14 18:42:51.500 16444 16444 E ArmVmp : Match on catch block at 0xc3 in for 0xa1
02-14 18:42:51.999 16444 16444 E ArmVmp : Match on catch block at 0xc3 in for 0xa1
02-14 18:42:52.007 16444 16444 E ArmVmp : Match on catch block at 0xc3 in for 0xa5
02-14 18:42:52.498 16444 16444 E ArmVmp : Match on catch block at 0xc3 in for 0xa9
02-14 18:42:52.506 16444 16444 E ArmVmp : Match on catch block at 0xc3 in for 0xa1
02-14 18:42:52.993 16444 16444 E ArmVmp : Match on catch block at 0xc3 in for 0xa1
02-14 18:42:52.996 16444 16444 E ArmVmp : Match on catch block at 0xc3 in for 0xa5
02-14 18:42:53.510 16444 16444 E ArmVmp : Match on catch block at 0xc3 in for 0xa9
02-14 18:42:53.516 16444 16444 E ArmVmp : Match on catch block at 0xc3 in for 0xa1
02-14 18:42:54.010 16444 16444 E ArmVmp : Match on catch block at 0xc3 in for 0xa1
02-14 18:42:54.015 16444 16444 E ArmVmp : Match on catch block at 0xc3 in for 0xa5
02-14 18:42:54.508 16444 16444 E ArmVmp : Match on catch block at 0xc3 in for 0xa9
02-14 18:42:54.514 16444 16444 E ArmVmp : Match on catch block at 0xc3 in for 0xa1
02-14 18:42:55.007 16444 16444 E ArmVmp : Match on catch block at 0xc3 in for 0xa1
02-14 18:42:55.012 16444 16444 E ArmVmp : Match on catch block at 0xc3 in for 0xa5
02-14 18:42:55.485 16444 16444 E ArmVmp : Match on catch block at 0xc3 in for 0xa5
02-14 18:42:55.489 16444 16444 E ArmVmp : Match on catch block at 0xc3 in for 0xa9
02-14 18:42:55.494 16444 16444 E ArmVmp : Match on catch block at 0xc3 in for 0xa9
02-14 18:42:55.497 16444 16444 E ArmVmp : Match on catch block at 0xc3 in for 0xa1
02-14 18:42:55.506 16444 16444 E ArmVmp : Match on catch block at 0xc3 in for 0xa5
02-14 18:42:55.509 16444 16444 E ArmVmp : Match on catch block at 0xc3 in for 0xa9
02-14 18:42:55.604 16444 16444 E ArmVmp : Match on catch block at 0xc3 in for 0xa5
02-14 18:42:55.608 16444 16444 E ArmVmp : Match on catch block at 0xc3 in for 0xa9
02-14 18:42:56.020 16444 16444 E ArmVmp : Match on catch block at 0xc3 in for 0xa9
02-14 18:42:56.022 16444 16444 E ArmVmp : Match on catch block at 0xc3 in for 0xa1
02-14 18:42:56.135 16444 16444 E ArmVmp : Match on catch block at 0xc3 in for 0xa9
02-14 18:42:56.138 16444 16444 E ArmVmp : Match on catch block at 0xc3 in for 0xa1
02-14 18:42:56.284 16444 16444 E ArmVmp : Match on catch block at 0xc3 in for 0xa9
02-14 18:42:56.288 16444 16444 E ArmVmp : Match on catch block at 0xc3 in for 0xa1
02-14 18:42:56.517 16444 16444 E ArmVmp : Match on catch block at 0xc3 in for 0xa5
02-14 18:42:56.520 16444 16444 E ArmVmp : Match on catch block at 0xc3 in for 0xa9
02-14 18:42:57.017 16444 16444 E ArmVmp : Match on catch block at 0xc3 in for 0xa9
02-14 18:42:57.023 16444 16444 E ArmVmp : Match on catch block at 0xc3 in for 0xa1
02-14 18:42:57.084 16444 16444 E ArmVmp : Match on catch block at 0xc3 in for 0xa1
02-14 18:42:57.091 16444 16444 E ArmVmp : Match on catch block at 0xc3 in for 0xa5
02-14 18:42:57.100 16444 16444 E ArmVmp : Match on catch block at 0xc3 in for 0xa5
02-14 18:42:57.109 16444 16444 E ArmVmp : Match on catch block at 0xc3 in for 0xa9
02-14 18:42:57.117 16444 16444 E ArmVmp : Match on catch block at 0xc3 in for 0xa9
02-14 18:42:57.124 16444 16444 E ArmVmp : Match on catch block at 0xc3 in for 0xa1
02-14 18:42:57.132 16444 16444 E ArmVmp : Match on catch block at 0xc3 in for 0xa1
02-14 18:42:57.136 16444 16444 E ArmVmp : Match on catch block at 0xc3 in for 0xa5
02-14 18:42:57.149 16444 16444 E ArmVmp : Match on catch block at 0xc3 in for 0xa5
02-14 18:42:57.152 16444 16444 E ArmVmp : Match on catch block at 0xc3 in for 0xa9
02-14 18:42:57.166 16444 16444 E ArmVmp : Match on catch block at 0xc3 in for 0xa9
02-14 18:42:57.171 16444 16444 E ArmVmp : Match on catch block at 0xc3 in for 0xa1
02-14 18:42:57.182 16444 16444 E ArmVmp : Match on catch block at 0xc3 in for 0xa1
02-14 18:42:57.187 16444 16444 E ArmVmp : Match on catch block at 0xc3 in for 0xa5
02-14 18:42:57.199 16444 16444 E ArmVmp : Match on catch block at 0xc3 in for 0xa5
02-14 18:42:57.203 16444 16444 E ArmVmp : Match on catch block at 0xc3 in for 0xa9
02-14 18:42:57.216 16444 16444 E ArmVmp : Match on catch block at 0xc3 in for 0xa9
02-14 18:42:57.220 16444 16444 E ArmVmp : Match on catch block at 0xc3 in for 0xa1
02-14 18:42:57.232 16444 16444 E ArmVmp : Match on catch block at 0xc3 in for 0xa1
02-14 18:42:57.237 16444 16444 E ArmVmp : Match on catch block at 0xc3 in for 0xa5
02-14 18:42:57.249 16444 16444 E ArmVmp : Match on catch block at 0xc3 in for 0xa5
02-14 18:42:57.252 16444 16444 E ArmVmp : Match on catch block at 0xc3 in for 0xa9
02-14 18:42:57.266 16444 16444 E ArmVmp : Match on catch block at 0xc3 in for 0xa9
02-14 18:42:57.270 16444 16444 E ArmVmp : Match on catch block at 0xc3 in for 0xa1
02-14 18:42:57.283 16444 16444 E ArmVmp : Match on catch block at 0xc3 in for 0xa1
02-14 18:42:57.288 16444 16444 E ArmVmp : Match on catch block at 0xc3 in for 0xa5
02-14 18:42:57.298 16444 16444 E ArmVmp : Match on catch block at 0xc3 in for 0xa5
02-14 18:42:57.304 16444 16444 E ArmVmp : Match on catch block at 0xc3 in for 0xa9
02-14 18:42:57.315 16444 16444 E ArmVmp : Match on catch block at 0xc3 in for 0xa9
02-14 18:42:57.319 16444 16444 E ArmVmp : Match on catch block at 0xc3 in for 0xa1
02-14 18:42:57.332 16444 16444 E ArmVmp : Match on catch block at 0xc3 in for 0xa1
02-14 18:42:57.336 16444 16444 E ArmVmp : Match on catch block at 0xc3 in for 0xa5
02-14 18:42:57.516 16444 16444 E ArmVmp : Match on catch block at 0xc3 in for 0xa9
02-14 18:42:57.521 16444 16444 E ArmVmp : Match on catch block at 0xc3 in for 0xa1
02-14 18:42:58.015 16444 16444 E ArmVmp : Match on catch block at 0xc3 in for 0xa1
02-14 18:42:58.021 16444 16444 E ArmVmp : Match on catch block at 0xc3 in for 0xa5
02-14 18:42:58.531 16444 16444 E ArmVmp : Match on catch block at 0xc3 in for 0xa9
02-14 18:42:58.537 16444 16444 E ArmVmp : Match on catch block at 0xc3 in for 0xa1
02-14 18:42:59.028 16444 16444 E ArmVmp : Match on catch block at 0xc3 in for 0xa1
02-14 18:42:59.033 16444 16444 E ArmVmp : Match on catch block at 0xc3 in for 0xa5
02-14 18:42:59.177 16444 16444 E ArmVmp : Match on catch block at 0xc3 in for 0xa1
02-14 18:42:59.180 16444 16444 E ArmVmp : Match on catch block at 0xc3 in for 0xa5
02-14 18:42:59.426 16444 16444 E ArmVmp : Match on catch block at 0xc3 in for 0xa1
02-14 18:42:59.429 16444 16444 E ArmVmp : Match on catch block at 0xc3 in for 0xa5
02-14 18:42:59.476 16444 16444 E ArmVmp : Match on catch block at 0xc3 in for 0xa1
02-14 18:42:59.480 16444 16444 E ArmVmp : Match on catch block at 0xc3 in for 0xa5
02-14 18:42:59.525 16444 16444 E ArmVmp : Match on catch block at 0xc3 in for 0xa1
02-14 18:42:59.527 16444 16444 E ArmVmp : Match on catch block at 0xc3 in for 0xa5
02-14 18:42:59.575 16444 16444 E ArmVmp : Match on catch block at 0xc3 in for 0xa1
02-14 18:42:59.578 16444 16444 E ArmVmp : Match on catch block at 0xc3 in for 0xa5
02-14 18:42:59.625 16444 16444 E ArmVmp : Match on catch block at 0xc3 in for 0xa1
02-14 18:42:59.628 16444 16444 E ArmVmp : Match on catch block at 0xc3 in for 0xa5
02-14 18:42:59.675 16444 16444 E ArmVmp : Match on catch block at 0xc3 in for 0xa1
02-14 18:42:59.678 16444 16444 E ArmVmp : Match on catch block at 0xc3 in for 0xa5
02-14 18:42:59.741 16444 16444 E ArmVmp : Match on catch block at 0xc3 in for 0xa1
02-14 18:42:59.743 16444 16444 E ArmVmp : Match on catch block at 0xc3 in for 0xa5
02-14 18:42:59.774 16444 16444 E ArmVmp : Match on catch block at 0xc3 in for 0xa1
02-14 18:42:59.776 16444 16444 E ArmVmp : Match on catch block at 0xc3 in for 0xa5
02-14 18:42:59.807 16444 16444 E ArmVmp : Match on catch block at 0xc3 in for 0xa1
02-14 18:42:59.810 16444 16444 E ArmVmp : Match on catch block at 0xc3 in for 0xa5
02-14 18:43:00.024 16444 16444 E ArmVmp : Match on catch block at 0xc3 in for 0xa5
02-14 18:43:00.028 16444 16444 E ArmVmp : Match on catch block at 0xc3 in for 0xa9
02-14 18:43:00.446 16444 17328 W com.whatsapp: Accessing hidden method
Lcom/android/org/conscrypt/ConscryptEngineSocket;->setUseSessionTickets(Z)V
(greylist-max-q,test-api, reflection, denied)
02-14 18:43:00.447 16444 17328 W com.whatsapp: Accessing hidden method
Lcom/android/org/conscrypt/OpenSSLSocketImpl;->setUseSessionTickets(Z)V (greylist-
max-q,test-api, reflection, denied)
02-14 18:43:00.447 16444 17328 W com.whatsapp: Accessing hidden method
Lcom/android/org/conscrypt/AbstractConscryptSocket;->setUseSessionTickets(Z)V
(greylist-max-q, reflection, denied)
02-14 18:43:00.447 16444 17328 W com.whatsapp: Accessing hidden method
Lcom/android/org/conscrypt/ConscryptEngineSocket;->setHostname(Ljava/lang/String;)V
(greylist-max-q,test-api, reflection, denied)
02-14 18:43:00.448 16444 17328 W com.whatsapp: Accessing hidden method
Lcom/android/org/conscrypt/OpenSSLSocketImpl;->setHostname(Ljava/lang/String;)V
(greylist-max-q,test-api, reflection, denied)
02-14 18:43:00.448 16444 17328 W com.whatsapp: Accessing hidden method
Lcom/android/org/conscrypt/AbstractConscryptSocket;->setHostname(Ljava/lang/
String;)V (greylist-max-q, reflection, denied)
02-14 18:43:00.448 16444 17328 W com.whatsapp: Accessing hidden method
Lcom/android/org/conscrypt/OpenSSLSocketImpl;->setAlpnProtocols([B)V (greylist-max-
q,test-api, reflection, denied)
02-14 18:43:00.448 16444 17328 W com.whatsapp: Accessing hidden method
Lcom/android/org/conscrypt/AbstractConscryptSocket;->setAlpnProtocols([B)V
(greylist-max-q, reflection, denied)
02-14 18:43:00.525 16444 16444 E ArmVmp : Match on catch block at 0xc3 in for 0xa1
02-14 18:43:00.531 16444 16444 E ArmVmp : Match on catch block at 0xc3 in for 0xa5
02-14 18:43:01.023 16444 16444 E ArmVmp : Match on catch block at 0xc3 in for 0xa5
02-14 18:43:01.030 16444 16444 E ArmVmp : Match on catch block at 0xc3 in for 0xa9
02-14 18:43:01.538 16444 16444 E ArmVmp : Match on catch block at 0xc3 in for 0xa1
02-14 18:43:01.546 16444 16444 E ArmVmp : Match on catch block at 0xc3 in for 0xa5
02-14 18:43:02.039 16444 16444 E ArmVmp : Match on catch block at 0xc3 in for 0xa5
02-14 18:43:02.050 16444 16444 E ArmVmp : Match on catch block at 0xc3 in for 0xa9
02-14 18:43:02.535 16444 16444 E ArmVmp : Match on catch block at 0xc3 in for 0xa9
02-14 18:43:02.541 16444 16444 E ArmVmp : Match on catch block at 0xc3 in for 0xa1
02-14 18:43:03.034 16444 16444 E ArmVmp : Match on catch block at 0xc3 in for 0xa9
02-14 18:43:03.037 16444 16444 E ArmVmp : Match on catch block at 0xc3 in for 0xa1
02-14 18:43:03.535 16444 16444 E ArmVmp : Match on catch block at 0xc3 in for 0xa5
02-14 18:43:03.542 16444 16444 E ArmVmp : Match on catch block at 0xc3 in for 0xa9
02-14 18:43:04.051 16444 16444 E ArmVmp : Match on catch block at 0xc3 in for 0xa9
02-14 18:43:04.057 16444 16444 E ArmVmp : Match on catch block at 0xc3 in for 0xa1
02-14 18:43:04.547 16444 16444 E ArmVmp : Match on catch block at 0xc3 in for 0xa5
02-14 18:43:04.556 16444 16444 E ArmVmp : Match on catch block at 0xc3 in for 0xa9
02-14 18:43:04.857 16444 16444 E ArmVmp : Match on catch block at 0xc3 in for 0xa5
02-14 18:43:04.859 16444 16444 E ArmVmp : Match on catch block at 0xc3 in for 0xa9
02-14 18:43:04.869 16444 16444 E ArmVmp : Match on catch block at 0xc3 in for 0xa1
02-14 18:43:04.871 16444 16444 E ArmVmp : Match on catch block at 0xc3 in for 0xa5
02-14 18:43:05.043 16444 16444 E ArmVmp : Match on catch block at 0xc3 in for 0xa1
02-14 18:43:05.049 16444 16444 E ArmVmp : Match on catch block at 0xc3 in for 0xa5
02-14 18:43:05.544 16444 16444 E ArmVmp : Match on catch block at 0xc3 in for 0xa1
02-14 18:43:05.549 16444 16444 E ArmVmp : Match on catch block at 0xc3 in for 0xa5
02-14 18:43:06.045 16444 16444 E ArmVmp : Match on catch block at 0xc3 in for 0xa5
02-14 18:43:06.053 16444 16444 E ArmVmp : Match on catch block at 0xc3 in for 0xa9
02-14 18:43:06.443 16444 16444 E ArmVmp : Match on catch block at 0xc3 in for 0xa9
02-14 18:43:06.452 16444 16444 E ArmVmp : Match on catch block at 0xc3 in for 0xa1
02-14 18:43:06.468 16444 16444 E ArmVmp : Match on catch block at 0xc3 in for 0xa9
02-14 18:43:06.471 16444 16444 E ArmVmp : Match on catch block at 0xc3 in for 0xa1
02-14 18:43:06.491 16444 16444 E ArmVmp : Match on catch block at 0xc3 in for 0xa5
02-14 18:43:06.494 16444 16444 E ArmVmp : Match on catch block at 0xc3 in for 0xa9
02-14 18:43:06.507 16444 16444 E ArmVmp : Match on catch block at 0xc3 in for 0xa9
02-14 18:43:06.510 16444 16444 E ArmVmp : Match on catch block at 0xc3 in for 0xa1
02-14 18:43:06.523 16444 16444 E ArmVmp : Match on catch block at 0xc3 in for 0xa1
02-14 18:43:06.527 16444 16444 E ArmVmp : Match on catch block at 0xc3 in for 0xa5
02-14 18:43:06.540 16444 16444 E ArmVmp : Match on catch block at 0xc3 in for 0xa5
02-14 18:43:06.543 16444 16444 E ArmVmp : Match on catch block at 0xc3 in for 0xa9
02-14 18:43:06.557 16444 16444 E ArmVmp : Match on catch block at 0xc3 in for 0xa9
02-14 18:43:06.560 16444 16444 E ArmVmp : Match on catch block at 0xc3 in for 0xa1
02-14 18:43:06.572 16444 16444 E ArmVmp : Match on catch block at 0xc3 in for 0xa1
02-14 18:43:06.576 16444 16444 E ArmVmp : Match on catch block at 0xc3 in for 0xa5
02-14 18:43:06.589 16444 16444 E ArmVmp : Match on catch block at 0xc3 in for 0xa5
02-14 18:43:06.593 16444 16444 E ArmVmp : Match on catch block at 0xc3 in for 0xa9
02-14 18:43:06.605 16444 16444 E ArmVmp : Match on catch block at 0xc3 in for 0xa1
02-14 18:43:06.609 16444 16444 E ArmVmp : Match on catch block at 0xc3 in for 0xa5
02-14 18:43:06.622 16444 16444 E ArmVmp : Match on catch block at 0xc3 in for 0xa9
02-14 18:43:06.625 16444 16444 E ArmVmp : Match on catch block at 0xc3 in for 0xa1
02-14 18:43:06.650 16444 16444 E ArmVmp : Match on catch block at 0xc3 in for 0xa9
02-14 18:43:06.653 16444 16444 E ArmVmp : Match on catch block at 0xc3 in for 0xa1
02-14 18:43:06.658 16444 16444 E ArmVmp : Match on catch block at 0xc3 in for 0xa1
02-14 18:43:06.661 16444 16444 E ArmVmp : Match on catch block at 0xc3 in for 0xa5
02-14 18:43:06.728 16444 16444 E ArmVmp : Match on catch block at 0xc3 in for 0xa9
02-14 18:43:06.731 16444 16444 E ArmVmp : Match on catch block at 0xc3 in for 0xa1
02-14 18:43:06.745 16444 16444 E ArmVmp : Match on catch block at 0xc3 in for 0xa1
02-14 18:43:06.748 16444 16444 E ArmVmp : Match on catch block at 0xc3 in for 0xa5
02-14 18:43:07.055 16444 16444 E ArmVmp : Match on catch block at 0xc3 in for 0xa5
02-14 18:43:07.058 16444 16444 E ArmVmp : Match on catch block at 0xc3 in for 0xa9
02-14 18:43:07.555 16444 16444 E ArmVmp : Match on catch block at 0xc3 in for 0xa5
02-14 18:43:07.560 16444 16444 E ArmVmp : Match on catch block at 0xc3 in for 0xa9
02-14 18:43:07.606 16444 16444 E ArmVmp : Match on catch block at 0xc3 in for 0xa9
02-14 18:43:07.609 16444 16444 E ArmVmp : Match on catch block at 0xc3 in for 0xa1
02-14 18:43:07.620 16444 16444 E ArmVmp : Match on catch block at 0xc3 in for 0xa1
02-14 18:43:07.623 16444 16444 E ArmVmp : Match on catch block at 0xc3 in for 0xa5
02-14 18:43:07.640 16444 16444 E ArmVmp : Match on catch block at 0xc3 in for 0xa5
02-14 18:43:07.643 16444 16444 E ArmVmp : Match on catch block at 0xc3 in for 0xa9
02-14 18:43:07.653 16444 16444 E ArmVmp : Match on catch block at 0xc3 in for 0xa9
02-14 18:43:07.656 16444 16444 E ArmVmp : Match on catch block at 0xc3 in for 0xa1
02-14 18:43:07.672 16444 16444 E ArmVmp : Match on catch block at 0xc3 in for 0xa1
02-14 18:43:07.676 16444 16444 E ArmVmp : Match on catch block at 0xc3 in for 0xa5
02-14 18:43:07.686 16444 16444 E ArmVmp : Match on catch block at 0xc3 in for 0xa5
02-14 18:43:07.689 16444 16444 E ArmVmp : Match on catch block at 0xc3 in for 0xa9
02-14 18:43:07.720 16444 16444 E ArmVmp : Match on catch block at 0xc3 in for 0xa9
02-14 18:43:07.722 16444 16444 E ArmVmp : Match on catch block at 0xc3 in for 0xa1
02-14 18:43:07.751 16444 16444 E ArmVmp : Match on catch block at 0xc3 in for 0xa9
02-14 18:43:07.752 16444 16444 E ArmVmp : Match on catch block at 0xc3 in for 0xa1
02-14 18:43:07.764 16444 16444 E ArmVmp : Match on catch block at 0xc3 in for 0xa9
02-14 18:43:07.766 16444 16444 E ArmVmp : Match on catch block at 0xc3 in for 0xa1
02-14 18:43:07.788 16444 16444 E ArmVmp : Match on catch block at 0xc3 in for 0xa1
02-14 18:43:07.790 16444 16444 E ArmVmp : Match on catch block at 0xc3 in for 0xa5
02-14 18:43:07.803 16444 18063 W AudioManager: Use of stream types is deprecated
for operations other than volume control
02-14 18:43:07.803 16444 18063 W AudioManager: See the documentation of
requestAudioFocus() for what to use instead with android.media.AudioAttributes to
qualify your playback use case
02-14 18:43:07.848 16444 16444 W SoundPool: Use of stream types is deprecated for
operations other than volume control
02-14 18:43:07.848 16444 16444 W SoundPool: See the documentation of SoundPool()
for what to use instead with android.media.AudioAttributes to qualify your playback
use case
02-14 18:43:07.867 16444 16444 E ArmVmp : Match on catch block at 0xc3 in for 0xa9
02-14 18:43:07.869 16444 16444 E ArmVmp : Match on catch block at 0xc3 in for 0xa1
02-14 18:43:07.878 16444 18200 W Codec2Client: query -- param skipped: index =
1107298332.
02-14 18:43:07.878 16444 18199 W Codec2Client: query -- param skipped: index =
1107298332.
02-14 18:43:07.879 16444 18200 W Codec2Client: query -- param skipped: index =
1342179345.
02-14 18:43:07.879 16444 18200 W Codec2Client: query -- param skipped: index =
2415921170.
02-14 18:43:07.879 16444 18199 W Codec2Client: query -- param skipped: index =
1342179345.
02-14 18:43:07.879 16444 18199 W Codec2Client: query -- param skipped: index =
2415921170.
02-14 18:43:07.880 16444 18199 E FMQ : grantorIdx must be less than 3
02-14 18:43:07.880 16444 18199 E FMQ : grantorIdx must be less than 3
02-14 18:43:07.882 16444 18200 E FMQ : grantorIdx must be less than 3
02-14 18:43:07.882 16444 18200 E FMQ : grantorIdx must be less than 3
02-14 18:43:07.883 16444 16444 E ArmVmp : Match on catch block at 0xc3 in for 0xa1
02-14 18:43:07.885 16444 18199 E FMQ : grantorIdx must be less than 3
02-14 18:43:07.886 16444 16444 E ArmVmp : Match on catch block at 0xc3 in for 0xa5
02-14 18:43:07.887 16444 18200 E FMQ : grantorIdx must be less than 3
02-14 18:43:07.893 16444 16957 E FMQ : grantorIdx must be less than 3
02-14 18:43:07.895 16444 16444 E ArmVmp : Match on catch block at 0xc3 in for 0xa5
02-14 18:43:07.898 16444 16444 E ArmVmp : Match on catch block at 0xc3 in for 0xa9
02-14 18:43:07.900 16444 16957 E FMQ : grantorIdx must be less than 3
02-14 18:43:07.909 16444 16444 E ArmVmp : Match on catch block at 0xc3 in for 0xa5
02-14 18:43:07.915 16444 16444 E ArmVmp : Match on catch block at 0xc3 in for 0xa9
02-14 18:43:07.921 16444 16444 E ArmVmp : Match on catch block at 0xc3 in for 0xa9
02-14 18:43:07.926 16444 16444 E ArmVmp : Match on catch block at 0xc3 in for 0xa1
02-14 18:43:07.935 16444 16444 E ArmVmp : Match on catch block at 0xc3 in for 0xa1
02-14 18:43:07.938 16444 16444 E ArmVmp : Match on catch block at 0xc3 in for 0xa5
02-14 18:43:07.952 16444 16444 E ArmVmp : Match on catch block at 0xc3 in for 0xa5
02-14 18:43:07.955 16444 16444 E ArmVmp : Match on catch block at 0xc3 in for 0xa9
02-14 18:43:07.969 16444 16444 E ArmVmp : Match on catch block at 0xc3 in for 0xa9
02-14 18:43:07.973 16444 16444 E ArmVmp : Match on catch block at 0xc3 in for 0xa1
02-14 18:43:07.974 16444 18213 W Codec2Client: query -- param skipped: index =
1107298332.
02-14 18:43:07.975 16444 18213 W Codec2Client: query -- param skipped: index =
1342179345.
02-14 18:43:07.975 16444 18213 W Codec2Client: query -- param skipped: index =
2415921170.
02-14 18:43:07.975 16444 18213 E FMQ : grantorIdx must be less than 3
02-14 18:43:07.975 16444 18213 E FMQ : grantorIdx must be less than 3
02-14 18:43:07.979 16444 18213 E FMQ : grantorIdx must be less than 3
02-14 18:43:07.985 16444 16444 E ArmVmp : Match on catch block at 0xc3 in for 0xa1
02-14 18:43:07.985 16444 16957 E FMQ : grantorIdx must be less than 3
02-14 18:43:07.988 16444 16444 E ArmVmp : Match on catch block at 0xc3 in for 0xa5
02-14 18:43:08.000 16444 18219 W Codec2Client: query -- param skipped: index =
1107298332.
02-14 18:43:08.003 16444 18219 W Codec2Client: query -- param skipped: index =
1342179345.
02-14 18:43:08.003 16444 18219 W Codec2Client: query -- param skipped: index =
2415921170.
02-14 18:43:08.003 16444 18219 E FMQ : grantorIdx must be less than 3
02-14 18:43:08.003 16444 18219 E FMQ : grantorIdx must be less than 3
02-14 18:43:08.006 16444 18219 E FMQ : grantorIdx must be less than 3
02-14 18:43:08.015 16444 16957 E FMQ : grantorIdx must be less than 3
02-14 18:43:08.018 16444 16444 E ArmVmp : Match on catch block at 0xc3 in for 0xa5
02-14 18:43:08.021 16444 16444 E ArmVmp : Match on catch block at 0xc3 in for 0xa9
02-14 18:43:08.028 16444 16444 E ArmVmp : Match on catch block at 0xc3 in for 0xa9
02-14 18:43:08.031 16444 16444 E ArmVmp : Match on catch block at 0xc3 in for 0xa1
02-14 18:43:08.044 16444 18222 W Codec2Client: query -- param skipped: index =
1107298332.
